/*
SQLyog Ultimate v11.27 (32 bit)
MySQL - 5.7.22-log : Database - swgk_wl
*********************************************************************
*/


/*!40101 SET NAMES utf8 */;

/*!40101 SET SQL_MODE=''*/;

/*!40014 SET @OLD_UNIQUE_CHECKS=@@UNIQUE_CHECKS, UNIQUE_CHECKS=0 */;
/*!40014 SET @OLD_FOREIGN_KEY_CHECKS=@@FOREIGN_KEY_CHECKS, FOREIGN_KEY_CHECKS=0 */;
/*!40101 SET @OLD_SQL_MODE=@@SQL_MODE, SQL_MODE='NO_AUTO_VALUE_ON_ZERO' */;
/*!40111 SET @OLD_SQL_NOTES=@@SQL_NOTES, SQL_NOTES=0 */;
CREATE DATABASE /*!32312 IF NOT EXISTS*/`swgk_wl` /*!40100 DEFAULT CHARACTER SET utf8 */;

USE `swgk_wl`;

/*Table structure for table `party_documents` */

DROP TABLE IF EXISTS `party_documents`;

CREATE TABLE `party_documents` (
  `id` int(10) unsigned NOT NULL AUTO_INCREMENT,
  `name` varchar(50) NOT NULL COMMENT '原始文件名',
  `encode_name` varchar(100) NOT NULL COMMENT '转散列文件名',
  `orig_path` varchar(100) NOT NULL COMMENT '原始文件存储路径',
  `pdf_path` varchar(100) NOT NULL DEFAULT '' COMMENT '转PDF文件存储路径',
  `documents_category_id` mediumint(8) unsigned NOT NULL COMMENT '文件分类ID',
  `extension` varchar(20) NOT NULL COMMENT '文件格式(后缀)',
  `size` int(10) unsigned NOT NULL COMMENT '文件大小',
  `operator_uuid` char(32) NOT NULL COMMENT '上传人UUID',
  `ctime` int(10) unsigned NOT NULL COMMENT '上传时间',
  `modifier_uuid` char(32) NOT NULL DEFAULT '' COMMENT '更新人UUID',
  `mtime` int(10) NOT NULL DEFAULT '0' COMMENT '最后更新时间',
  `version` int(10) unsigned NOT NULL DEFAULT '1' COMMENT '当前文件版本',
  PRIMARY KEY (`id`)
) ENGINE=InnoDB AUTO_INCREMENT=12 DEFAULT CHARSET=utf8mb4 COMMENT='文档表';

/*Data for the table `party_documents` */

insert  into `party_documents`(`id`,`name`,`encode_name`,`orig_path`,`pdf_path`,`documents_category_id`,`extension`,`size`,`operator_uuid`,`ctime`,`modifier_uuid`,`mtime`,`version`) values (19,'区域调整','','/区域调整.xlsx','',1,'xlsx',43345,'30e9ff83d6b0490fa84c0c160f47e2bf',1602225116,'30e9ff83d6b0490fa84c0c160f47e2bf',1606815094,23),(20,'标题123','','/标题.docx','',1,'docx',315622,'30e9ff83d6b0490fa84c0c160f47e2bf',1602225116,'f27ab3f10c2e44319abdd4c80b36089f',1606805543,9);

/*Table structure for table `party_documents_access` */

DROP TABLE IF EXISTS `party_documents_access`;

CREATE TABLE `party_documents_access` (
  `id` int(10) unsigned NOT NULL AUTO_INCREMENT COMMENT '表ID',
  `documents_id` int(10) unsigned NOT NULL COMMENT '文件ID',
  `uuid` char(32) NOT NULL COMMENT '用户UUID',
  `permission` enum('read','write','none') NOT NULL DEFAULT 'read' COMMENT '权限',
  `expire` int(10) unsigned NOT NULL COMMENT '有效期（整型），0表示永远有效',
  `ctime` int(10) unsigned NOT NULL COMMENT '创建时间',
  PRIMARY KEY (`id`)
) ENGINE=InnoDB AUTO_INCREMENT=5 DEFAULT CHARSET=utf8mb4 COMMENT='文档权限表';

/*Data for the table `party_documents_access` */

insert  into `party_documents_access`(`id`,`documents_id`,`uuid`,`permission`,`expire`,`ctime`) values (1,19,'30e9ff83d6b0490fa84c0c160f47e2bf','write',0,1234567890),(2,19,'f27ab3f10c2e44319abdd4c80b36089f','write',0,1234567890),(3,20,'f27ab3f10c2e44319abdd4c80b36089f','write',0,1234567890),(4,20,'30e9ff83d6b0490fa84c0c160f47e2bf','write',0,1234567890);

/*Table structure for table `party_documents_category` */

DROP TABLE IF EXISTS `party_documents_category`;

CREATE TABLE `party_documents_category` (
  `id` int(10) unsigned NOT NULL AUTO_INCREMENT COMMENT '表ID',
  `name` varchar(100) NOT NULL COMMENT '分类名称',
  `desc` varchar(100) NOT NULL COMMENT '分类描述',
  `operator_uuid` char(32) NOT NULL COMMENT '添加操作员UUID',
  `ctime` int(10) unsigned NOT NULL COMMENT '添加时间',
  PRIMARY KEY (`id`)
) ENGINE=InnoDB DEFAULT CHARSET=utf8mb4 COMMENT='文档分类表';

/*Data for the table `party_documents_category` */

/*Table structure for table `party_documents_notify` */

DROP TABLE IF EXISTS `party_documents_notify`;

CREATE TABLE `party_documents_notify` (
  `id` int(10) unsigned NOT NULL AUTO_INCREMENT COMMENT '表ID',
  `documents_id` int(10) unsigned NOT NULL COMMENT '文件ID',
  `header` varchar(2000) NOT NULL COMMENT '请求头信息',
  `cmd` varchar(2000) NOT NULL COMMENT '操作标识',
  `body` varchar(2000) NOT NULL COMMENT '具体内容',
  `ctime` int(10) unsigned NOT NULL COMMENT '创建时间',
  PRIMARY KEY (`id`)
) ENGINE=InnoDB AUTO_INCREMENT=10 DEFAULT CHARSET=utf8mb4 COMMENT='文档wps通知表';

/*Data for the table `party_documents_notify` */

insert  into `party_documents_notify`(`id`,`documents_id`,`header`,`cmd`,`body`,`ctime`) values (1,20,'{\"Host\":\"swgk.hzyltx.com\",\"User-Agent\":\"weboffice-httpclient\",\"Content-Length\":\"186\",\"Content-Type\":\"application\\/json; charset=UTF-8\",\"X-Request-Id\":\"\",\"X-User-Agent\":\"Mozilla\\/5.0 (Windows NT 6.1; Win64; x64) AppleWebKit\\/537.36 (KHTML, like Gecko) Chrome\\/83.0.4103.116 Safari\\/537.36\",\"X-Weboffice-File-Id\":\"20\",\"X-Weboffice-Referer\":\"https:\\/\\/wwo.wps.cn\\/office\\/w\\/20?_w_appid=80832c01de084ea8ae025bdd04786955&_w_userid=30e9ff83d6b0490fa84c0c160f47e2bf&_w_signature=7dJa2JV9ntvn3LjB0F2MOxN%2B2E4%3D&user=%E9%99%88%E5%88%A9%E5%8D%8E\",\"X-Weboffice-Token\":\"none\",\"X-Weboffice-Useragent\":\"Mozilla\\/5.0 (Windows NT 6.1; Win64; x64) AppleWebKit\\/537.36 (KHTML, like Gecko) Chrome\\/83.0.4103.116 Safari\\/537.36\",\"X-Wps-Weboffice-Token\":\"none\",\"Accept-Encoding\":\"gzip\",\"Connection\":\"close\"}','UserQuit','{\"active\":\"887\",\"file_id\":\"20\",\"filesize\":\"315503\",\"filetype\":\"w\",\"operated_time\":\"1606803591\",\"permission\":\"read\",\"userid\":\"30e9ff83d6b0490fa84c0c160f47e2bf\"}',1606803591),(2,20,'{\"Host\":\"swgk.hzyltx.com\",\"User-Agent\":\"weboffice-httpclient\",\"Content-Length\":\"187\",\"Content-Type\":\"application\\/json; charset=UTF-8\",\"X-Request-Id\":\"\",\"X-User-Agent\":\"Mozilla\\/5.0 (Windows NT 6.1; Win64; x64) AppleWebKit\\/537.36 (KHTML, like Gecko) Chrome\\/83.0.4103.116 Safari\\/537.36\",\"X-Weboffice-File-Id\":\"20\",\"X-Weboffice-Referer\":\"https:\\/\\/wwo.wps.cn\\/office\\/w\\/20?_w_appid=80832c01de084ea8ae025bdd04786955&_w_userid=30e9ff83d6b0490fa84c0c160f47e2bf&_w_signature=7dJa2JV9ntvn3LjB0F2MOxN%2B2E4%3D&user=%E9%99%88%E5%88%A9%E5%8D%8E\",\"X-Weboffice-Token\":\"none\",\"X-Weboffice-Useragent\":\"Mozilla\\/5.0 (Windows NT 6.1; Win64; x64) AppleWebKit\\/537.36 (KHTML, like Gecko) Chrome\\/83.0.4103.116 Safari\\/537.36\",\"X-Wps-Weboffice-Token\":\"none\",\"Accept-Encoding\":\"gzip\",\"Connection\":\"close\"}','UserQuit','{\"active\":\"1028\",\"file_id\":\"20\",\"filesize\":\"315503\",\"filetype\":\"w\",\"operated_time\":\"1606803593\",\"permission\":\"read\",\"userid\":\"30e9ff83d6b0490fa84c0c160f47e2bf\"}',1606803593),(3,19,'{\"Host\":\"swgk.hzyltx.com\",\"User-Agent\":\"weboffice-httpclient\",\"Content-Length\":\"101\",\"Content-Type\":\"application\\/json; charset=UTF-8\",\"X-Request-Id\":\"\",\"X-User-Agent\":\"Mozilla\\/5.0 (Windows NT 6.1; Win64; x64) AppleWebKit\\/537.36 (KHTML, like Gecko) Chrome\\/83.0.4103.116 Safari\\/537.36\",\"X-Weboffice-File-Id\":\"19\",\"X-Weboffice-Referer\":\"https:\\/\\/wwo.wps.cn\\/office\\/s\\/19?_w_appid=80832c01de084ea8ae025bdd04786955&_w_userid=30e9ff83d6b0490fa84c0c160f47e2bf&_w_signature=7dJa2JV9ntvn3LjB0F2MOxN%2B2E4%3D&user=%E9%99%88%E5%88%A9%E5%8D%8E\",\"X-Weboffice-Token\":\"none\",\"X-Weboffice-Useragent\":\"Mozilla\\/5.0 (Windows NT 6.1; Win64; x64) AppleWebKit\\/537.36 (KHTML, like Gecko) Chrome\\/83.0.4103.116 Safari\\/537.36\",\"X-Wps-Weboffice-Token\":\"none\",\"Accept-Encoding\":\"gzip\",\"Connection\":\"close\"}','OpenPageCmd','{\"detail\":\"\",\"file_id\":\"19\",\"operated_time\":\"1606803636\",\"result\":\"OK\"}',1606803636),(4,20,'{\"Host\":\"swgk.hzyltx.com\",\"User-Agent\":\"weboffice-httpclient\",\"Content-Length\":\"156\",\"Content-Type\":\"application\\/json; charset=UTF-8\",\"X-Request-Id\":\"\",\"X-User-Agent\":\"Mozilla\\/5.0 (Windows NT 6.1; Win64; x64) AppleWebKit\\/537.36 (KHTML, like Gecko) Chrome\\/83.0.4103.116 Safari\\/537.36\",\"X-Weboffice-File-Id\":\"20\",\"X-Weboffice-Referer\":\"https:\\/\\/wwo.wps.cn\\/office\\/w\\/20?_w_appid=80832c01de084ea8ae025bdd04786955&_w_userid=f27ab3f10c2e44319abdd4c80b36089f&_w_signature=SN9bPXm01YTMFo6stndB7iOWbQE%3D\",\"X-Weboffice-Token\":\"\",\"X-Weboffice-Useragent\":\"Mozilla\\/5.0 (Windows NT 6.1; Win64; x64) AppleWebKit\\/537.36 (KHTML, like Gecko) Chrome\\/83.0.4103.116 Safari\\/537.36\",\"X-Wps-Weboffice-Token\":\"\",\"Accept-Encoding\":\"gzip\",\"Connection\":\"close\"}','OnlineFileCountCmd','{\"counts\":\"2\",\"file_id\":\"20\",\"maxcounts\":\"20\",\"operated_time\":\"1606804586\",\"userid\":\"f27ab3f10c2e44319abdd4c80b36089f\"}',1606804587),(5,20,'{\"Host\":\"swgk.hzyltx.com\",\"User-Agent\":\"weboffice-httpclient\",\"Content-Length\":\"101\",\"Content-Type\":\"application\\/json; charset=UTF-8\",\"X-Request-Id\":\"\",\"X-User-Agent\":\"Mozilla\\/5.0 (Linux; Android 10; PCLM10 Build\\/QKQ1.191021.002; wv) AppleWebKit\\/537.36 (KHTML, like Gecko) Version\\/4.0 Chrome\\/77.0.3865.120 MQQBrowser\\/6.2 TBS\\/045415 Mobile Safari\\/537.36 MMWEBID\\/7175 MicroMessenger\\/7.0.20.1781(0x2700143F) Process\\/tools WeChat\\/arm64 NetType\\/WIFI Language\\/zh_CN ABI\\/arm64\",\"X-Weboffice-File-Id\":\"20\",\"X-Weboffice-Referer\":\"https:\\/\\/wwo.wps.cn\\/office\\/w\\/20?_w_appid=80832c01de084ea8ae025bdd04786955&_w_userid=30e9ff83d6b0490fa84c0c160f47e2bf&_w_signature=7dJa2JV9ntvn3LjB0F2MOxN%2B2E4%3D\",\"X-Weboffice-Token\":\"none\",\"X-Weboffice-Useragent\":\"Mozilla\\/5.0 (Linux; Android 10; PCLM10 Build\\/QKQ1.191021.002; wv) AppleWebKit\\/537.36 (KHTML, like Gecko) Version\\/4.0 Chrome\\/77.0.3865.120 MQQBrowser\\/6.2 TBS\\/045415 Mobile Safari\\/537.36 MMWEBID\\/7175 MicroMessenger\\/7.0.20.1781(0x2700143F) Process\\/tools WeChat\\/arm64 NetType\\/WIFI Language\\/zh_CN ABI\\/arm64\",\"X-Wps-Weboffice-Token\":\"none\",\"Accept-Encoding\":\"gzip\",\"Connection\":\"close\"}','OpenPageCmd','{\"detail\":\"\",\"file_id\":\"20\",\"operated_time\":\"1606804615\",\"result\":\"OK\"}',1606804615),(6,20,'{\"Host\":\"swgk.hzyltx.com\",\"User-Agent\":\"weboffice-httpclient\",\"Content-Length\":\"137\",\"Content-Type\":\"application\\/json; charset=UTF-8\",\"X-Request-Id\":\"\",\"X-User-Agent\":\"Mozilla\\/5.0 (Linux; Android 10; PCLM10 Build\\/QKQ1.191021.002; wv) AppleWebKit\\/537.36 (KHTML, like Gecko) Version\\/4.0 Chrome\\/77.0.3865.120 MQQBrowser\\/6.2 TBS\\/045415 Mobile Safari\\/537.36 MMWEBID\\/7175 MicroMessenger\\/7.0.20.1781(0x2700143F) Process\\/tools WeChat\\/arm64 NetType\\/WIFI Language\\/zh_CN ABI\\/arm64\",\"X-Weboffice-File-Id\":\"20\",\"X-Weboffice-Referer\":\"https:\\/\\/wwo.wps.cn\\/office\\/w\\/20?_w_appid=80832c01de084ea8ae025bdd04786955&_w_userid=30e9ff83d6b0490fa84c0c160f47e2bf&_w_signature=7dJa2JV9ntvn3LjB0F2MOxN%2B2E4%3D\",\"X-Weboffice-Token\":\"none\",\"X-Weboffice-Useragent\":\"Mozilla\\/5.0 (Linux; Android 10; PCLM10 Build\\/QKQ1.191021.002; wv) AppleWebKit\\/537.36 (KHTML, like Gecko) Version\\/4.0 Chrome\\/77.0.3865.120 MQQBrowser\\/6.2 TBS\\/045415 Mobile Safari\\/537.36 MMWEBID\\/7175 MicroMessenger\\/7.0.20.1781(0x2700143F) Process\\/tools WeChat\\/arm64 NetType\\/WIFI Language\\/zh_CN ABI\\/arm64\",\"X-Wps-Weboffice-Token\":\"none\",\"Accept-Encoding\":\"gzip\",\"Connection\":\"close\"}','UserJoin','{\"file_id\":\"20\",\"operated_time\":\"1606804652\",\"permission\":\"write\",\"userid\":\"30e9ff83d6b0490fa84c0c160f47e2bf\"}',1606804653),(7,20,'{\"Host\":\"swgk.hzyltx.com\",\"User-Agent\":\"weboffice-httpclient\",\"Content-Length\":\"137\",\"Content-Type\":\"application\\/json; charset=UTF-8\",\"X-Request-Id\":\"\",\"X-User-Agent\":\"Mozilla\\/5.0 (Windows NT 6.1; Win64; x64) AppleWebKit\\/537.36 (KHTML, like Gecko) Chrome\\/83.0.4103.116 Safari\\/537.36\",\"X-Weboffice-File-Id\":\"20\",\"X-Weboffice-Referer\":\"https:\\/\\/wwo.wps.cn\\/office\\/w\\/20?_w_appid=80832c01de084ea8ae025bdd04786955&_w_userid=f27ab3f10c2e44319abdd4c80b36089f&_w_signature=SN9bPXm01YTMFo6stndB7iOWbQE%3D\",\"X-Weboffice-Token\":\"none\",\"X-Weboffice-Useragent\":\"Mozilla\\/5.0 (Windows NT 6.1; Win64; x64) AppleWebKit\\/537.36 (KHTML, like Gecko) Chrome\\/83.0.4103.116 Safari\\/537.36\",\"X-Wps-Weboffice-Token\":\"none\",\"Accept-Encoding\":\"gzip\",\"Connection\":\"close\"}','UserJoin','{\"file_id\":\"20\",\"operated_time\":\"1606806692\",\"permission\":\"write\",\"userid\":\"f27ab3f10c2e44319abdd4c80b36089f\"}',1606806692),(8,19,'{\"Host\":\"swgk.hzyltx.com\",\"User-Agent\":\"weboffice-httpclient\",\"Content-Length\":\"156\",\"Content-Type\":\"application\\/json; charset=UTF-8\",\"X-Request-Id\":\"\",\"X-User-Agent\":\"Mozilla\\/5.0 (Windows NT 6.1; Win64; x64) AppleWebKit\\/537.36 (KHTML, like Gecko) Chrome\\/83.0.4103.116 Safari\\/537.36\",\"X-Weboffice-File-Id\":\"19\",\"X-Weboffice-Referer\":\"https:\\/\\/wwo.wps.cn\\/office\\/s\\/19?_w_appid=80832c01de084ea8ae025bdd04786955&_w_userid=30e9ff83d6b0490fa84c0c160f47e2bf&_w_signature=7dJa2JV9ntvn3LjB0F2MOxN%2B2E4%3D\",\"X-Weboffice-Token\":\"\",\"X-Weboffice-Useragent\":\"Mozilla\\/5.0 (Windows NT 6.1; Win64; x64) AppleWebKit\\/537.36 (KHTML, like Gecko) Chrome\\/83.0.4103.116 Safari\\/537.36\",\"X-Wps-Weboffice-Token\":\"\",\"Accept-Encoding\":\"gzip\",\"Connection\":\"close\"}','OnlineFileCountCmd','{\"counts\":\"1\",\"file_id\":\"19\",\"maxcounts\":\"20\",\"operated_time\":\"1606814943\",\"userid\":\"30e9ff83d6b0490fa84c0c160f47e2bf\"}',1606814944),(9,19,'{\"Host\":\"swgk.hzyltx.com\",\"User-Agent\":\"weboffice-httpclient\",\"Content-Length\":\"101\",\"Content-Type\":\"application\\/json; charset=UTF-8\",\"X-Request-Id\":\"\",\"X-User-Agent\":\"Mozilla\\/5.0 (Windows NT 6.1; Win64; x64) AppleWebKit\\/537.36 (KHTML, like Gecko) Chrome\\/83.0.4103.116 Safari\\/537.36\",\"X-Weboffice-File-Id\":\"19\",\"X-Weboffice-Referer\":\"https:\\/\\/wwo.wps.cn\\/office\\/s\\/19?_w_appid=80832c01de084ea8ae025bdd04786955&_w_userid=30e9ff83d6b0490fa84c0c160f47e2bf&_w_signature=7dJa2JV9ntvn3LjB0F2MOxN%2B2E4%3D\",\"X-Weboffice-Token\":\"none\",\"X-Weboffice-Useragent\":\"Mozilla\\/5.0 (Windows NT 6.1; Win64; x64) AppleWebKit\\/537.36 (KHTML, like Gecko) Chrome\\/83.0.4103.116 Safari\\/537.36\",\"X-Wps-Weboffice-Token\":\"none\",\"Accept-Encoding\":\"gzip\",\"Connection\":\"close\"}','OpenPageCmd','{\"detail\":\"\",\"file_id\":\"19\",\"operated_time\":\"1606815098\",\"result\":\"OK\"}',1606815098);

/*Table structure for table `party_documents_version` */

DROP TABLE IF EXISTS `party_documents_version`;

CREATE TABLE `party_documents_version` (
  `id` int(10) unsigned NOT NULL AUTO_INCREMENT COMMENT '表ID',
  `documents_id` int(10) unsigned NOT NULL COMMENT '文件ID',
  `version` int(10) unsigned NOT NULL COMMENT '版本号',
  `name` varchar(50) NOT NULL COMMENT '文件名',
  `size` int(10) unsigned NOT NULL COMMENT '文件大小',
  `path` char(100) NOT NULL COMMENT '文件路径',
  `ctime` int(10) unsigned NOT NULL COMMENT '版本创建时间',
  `creator_uuid` char(32) NOT NULL DEFAULT '' COMMENT '版本创建用户',
  `extension` varchar(20) NOT NULL COMMENT '文件格式(后缀)',
  `remark` varchar(200) NOT NULL COMMENT '备注',
  PRIMARY KEY (`id`)
) ENGINE=InnoDB AUTO_INCREMENT=44 DEFAULT CHARSET=utf8mb4 COMMENT='文档历史表';

/*Data for the table `party_documents_version` */

insert  into `party_documents_version`(`id`,`documents_id`,`version`,`name`,`size`,`path`,`ctime`,`creator_uuid`,`extension`,`remark`) values (12,19,1,'区域调整',43379,'/区域调整.xlsx',1602225116,'30e9ff83d6b0490fa84c0c160f47e2bf','xlsx','新建文件:文档《区域调整.xlsx》'),(13,19,2,'区域调整',43366,'/wps/19/2/20201201/2a997b5497792b4f6a5b50288ab8f32b.xlsx',1606795580,'30e9ff83d6b0490fa84c0c160f47e2bf','xlsx','保存修改:文档《区域调整.xlsx》建立新版本：2'),(14,19,3,'区域调整',43390,'/wps/19/3/20201201/6e1a4406499e580d2ed246fab5494d2b.xlsx',1606795777,'f27ab3f10c2e44319abdd4c80b36089f','xlsx','保存修改:文档《区域调整.xlsx》建立新版本：3'),(15,19,4,'区域调整',43403,'/wps/19/4/20201201/4b20156a9a32af993a46fd8413d5bf9d.xlsx',1606796329,'30e9ff83d6b0490fa84c0c160f47e2bf','xlsx','保存修改:文档《区域调整.xlsx》建立新版本：4'),(16,19,5,'区域调整123',43403,'/wps/19/4/20201201/4b20156a9a32af993a46fd8413d5bf9d.xlsx',1606797210,'30e9ff83d6b0490fa84c0c160f47e2bf','xlsx','文档《区域调整.xlsx》重命名为：区域调整123.xlsx。版本：5'),(17,19,6,'区域调整',43403,'/wps/19/4/20201201/4b20156a9a32af993a46fd8413d5bf9d.xlsx',1606797299,'30e9ff83d6b0490fa84c0c160f47e2bf','xlsx','文档《区域调整123.xlsx》重命名为：区域调整.xlsx。版本：6'),(18,19,7,'区域调整',43373,'/wps/19/7/20201201/c8686aaf17b968dbe6d784b32c50bb2c.xlsx',1606797306,'30e9ff83d6b0490fa84c0c160f47e2bf','xlsx','保存修改:文档《区域调整.xlsx》建立新版本：7'),(19,20,1,'标题',306838,'/标题.docx',1602225116,'30e9ff83d6b0490fa84c0c160f47e2bf','docx','新建文件:文档《标题.docx》'),(20,20,2,'标题123',306838,'/标题.docx',1606797846,'f27ab3f10c2e44319abdd4c80b36089f','docx','文档《标题.docx》重命名为：标题123.docx。版本：2'),(21,20,3,'标题123',4096,'',1606798254,'f27ab3f10c2e44319abdd4c80b36089f','docx','保存修改:文档《标题123.docx》建立新版本：3'),(22,20,4,'标题123',4096,'',1606798299,'f27ab3f10c2e44319abdd4c80b36089f','docx','保存修改:文档《标题123.docx》建立新版本：4'),(23,20,5,'标题123',315511,'/wps/20/5/20201201/a0b930b376e04e9eb13db66c4b69df4a.docx',1606798492,'f27ab3f10c2e44319abdd4c80b36089f','docx','保存修改:文档《标题123.docx》建立新版本：5'),(24,20,6,'标题123',315503,'/wps/20/6/20201201/a3c41f2434dae74c353f8272a4bfbb1f.docx',1606798514,'f27ab3f10c2e44319abdd4c80b36089f','docx','保存修改:文档《标题123.docx》建立新版本：6'),(25,19,8,'区域调整',43359,'/wps/19/8/20201201/fb06ce0d70c3a4b87d8948824784b408.xlsx',1606803310,'30e9ff83d6b0490fa84c0c160f47e2bf','xlsx','保存修改:文档《区域调整.xlsx》建立新版本：8'),(26,19,9,'区域调整',43345,'/wps/19/9/20201201/03338f87e8ba236dde5675fe7fc049f8.xlsx',1606803337,'30e9ff83d6b0490fa84c0c160f47e2bf','xlsx','保存修改:文档《区域调整.xlsx》建立新版本：9'),(27,19,10,'区域调整',43375,'/wps/19/10/20201201/e526678eeafec895d6e3c58c5fe44d13.xlsx',1606803367,'30e9ff83d6b0490fa84c0c160f47e2bf','xlsx','保存修改:文档《区域调整.xlsx》建立新版本：10'),(28,19,11,'区域调整',43372,'/wps/19/11/20201201/cfce34181b424ee0591873ab47505c72.xlsx',1606803414,'30e9ff83d6b0490fa84c0c160f47e2bf','xlsx','保存修改:文档《区域调整.xlsx》建立新版本：11'),(29,19,12,'区域调整',43371,'/wps/19/12/20201201/b437dbe74462deb6e9f849aec0010cc1.xlsx',1606803481,'30e9ff83d6b0490fa84c0c160f47e2bf','xlsx','保存修改:文档《区域调整.xlsx》建立新版本：12'),(30,19,13,'区域调整',43345,'/wps/19/13/20201201/06e52d439dbb2aaa72e160967f95ae72.xlsx',1606803522,'30e9ff83d6b0490fa84c0c160f47e2bf','xlsx','保存修改:文档《区域调整.xlsx》建立新版本：13'),(31,19,14,'区域调整',43290,'/wps/19/14/20201201/eafaf0bc1a0088420f5343d284e5b87c.xlsx',1606803538,'30e9ff83d6b0490fa84c0c160f47e2bf','xlsx','保存修改:文档《区域调整.xlsx》建立新版本：14'),(32,19,15,'区域调整',43345,'/wps/19/15/20201201/668185ab3487f0148d4ce0b366cb0ca0.xlsx',1606803632,'30e9ff83d6b0490fa84c0c160f47e2bf','xlsx','保存修改:文档《区域调整.xlsx》建立新版本：15'),(33,19,16,'区域调整',43338,'/wps/19/16/20201201/57d05b68ebff6b6b7f33d03ced6a5b61.xlsx',1606804532,'f27ab3f10c2e44319abdd4c80b36089f','xlsx','保存修改:文档《区域调整.xlsx》建立新版本：16'),(34,20,7,'标题123',315586,'/wps/20/7/20201201/f710a0cf2b8c431a409130da4d77fc8d.docx',1606804729,'30e9ff83d6b0490fa84c0c160f47e2bf','docx','保存修改:文档《标题123.docx》建立新版本：7'),(35,19,17,'区域调整999',43338,'/wps/19/16/20201201/57d05b68ebff6b6b7f33d03ced6a5b61.xlsx',1606804795,'f27ab3f10c2e44319abdd4c80b36089f','xlsx','文档《区域调整.xlsx》重命名为：区域调整999.xlsx。版本：17'),(36,20,8,'标题123',315613,'/wps/20/8/20201201/40cf552a8c0b199347e8b0f8543f8168.docx',1606805193,'f27ab3f10c2e44319abdd4c80b36089f','docx','保存修改:文档《标题123.docx》建立新版本：8'),(37,20,9,'标题123',315622,'/wps/20/9/20201201/764e63b7be0e11ec23e03df943b6e223.docx',1606805543,'f27ab3f10c2e44319abdd4c80b36089f','docx','保存修改:文档《标题123.docx》建立新版本：9'),(38,19,18,'区域调整999',43373,'/wps/19/18/20201201/5d2e1b200df1d6db99036f63d9dcd452.xlsx',1606807035,'f27ab3f10c2e44319abdd4c80b36089f','xlsx','保存修改:文档《区域调整999.xlsx》建立新版本：18'),(39,19,19,'区域调整',43373,'/wps/19/18/20201201/5d2e1b200df1d6db99036f63d9dcd452.xlsx',1606807163,'f27ab3f10c2e44319abdd4c80b36089f','xlsx','文档《区域调整999.xlsx》重命名为：区域调整.xlsx。版本：19'),(40,19,20,'区域调整',43345,'/wps/19_20/区域调整.xlsx',1606814956,'30e9ff83d6b0490fa84c0c160f47e2bf','xlsx','保存修改:文档《区域调整.xlsx》建立新版本：20'),(41,19,21,'区域调整',43345,'/wps/19_21/区域调整.xlsx',1606814977,'30e9ff83d6b0490fa84c0c160f47e2bf','xlsx','保存修改:文档《区域调整.xlsx》建立新版本：21'),(42,19,22,'区域调整',43343,'/wps/19_22/区域调整.xlsx',1606815000,'30e9ff83d6b0490fa84c0c160f47e2bf','xlsx','保存修改:文档《区域调整.xlsx》建立新版本：22'),(43,19,23,'区域调整',43345,'/wps/19_23/区域调整.xlsx',1606815094,'30e9ff83d6b0490fa84c0c160f47e2bf','xlsx','保存修改:文档《区域调整.xlsx》建立新版本：23');

/*!40101 SET SQL_MODE=@OLD_SQL_MODE */;
/*!40014 SET FOREIGN_KEY_CHECKS=@OLD_FOREIGN_KEY_CHECKS */;
/*!40014 SET UNIQUE_CHECKS=@OLD_UNIQUE_CHECKS */;
/*!40111 SET SQL_NOTES=@OLD_SQL_NOTES */;
