-- Table structure for table `ya02wmsj_cecoe_service_order`
--

CREATE TABLE `ya02wmsj_cecoe_service_order` (
  `id` int(10) unsigned NOT NULL AUTO_INCREMENT COMMENT '表ID',
  `pid` int(10) unsigned NOT NULL DEFAULT '0' COMMENT '父ID',
  `name` varchar(51) CHARACTER SET utf8 NOT NULL DEFAULT '' COMMENT '服务分类名称',
  `desc` varchar(1002) CHARACTER SET utf8 NOT NULL DEFAULT '' COMMENT '服务分类描述',
  `type` enum('分类','服务') NOT NULL DEFAULT '分类' COMMENT '节点类型',
  `full_value` smallint(5) unsigned NOT NULL DEFAULT '0' COMMENT '服务点单阈值',
  `cur_value` smallint(5) unsigned NOT NULL DEFAULT '0' COMMENT '服务点单累计值',
  `service_time` varchar(101) NOT NULL DEFAULT '' COMMENT '服务时间',
  `service_scope` varchar(101) NOT NULL DEFAULT '' COMMENT '服务范围',
  `sort` int(11) DEFAULT '0' COMMENT '排序',
  `ctime` timestamp NOT NULL DEFAULT CURRENT_TIMESTAMP COMMENT '添加时间',
  `level` tinyint(3) unsigned NOT NULL DEFAULT '1' COMMENT '节点层级',
  `icon` varchar(101) NOT NULL DEFAULT '' COMMENT '服务分类图标',
  PRIMARY KEY (`id`)
) ENGINE=InnoDB AUTO_INCREMENT=136 DEFAULT CHARSET=utf8mb4;

--
-- Dumping data for table `ya02wmsj_cecoe_service_order`
--

INSERT INTO `ya02wmsj_cecoe_service_order` VALUES (1,0,'理论宣讲服务','','分类',0,0,'','',10,'2019-06-05 18:13:39',1,'/uploads/ya02wmsj_cecoe/pic/20200415/18018166233e3d5a896df7cbbe61a746.png'),(2,0,'教育志愿服务','','分类',0,0,'','',20,'2019-06-05 18:18:39',1,'/uploads/ya02wmsj_cecoe/pic/20200415/6cea1133b364920747e18d94648e732c.png'),(3,0,'文化服务','','分类',0,0,'','',30,'2019-06-13 14:35:38',1,'/uploads/ya02wmsj_cecoe/pic/20200415/e795cebeb280cc7ad175c3de87ae044d.png'),(4,0,'科技与科普服务','','分类',0,0,'','',40,'2019-06-13 14:36:13',1,'/uploads/ya02wmsj_cecoe/pic/20200415/0790b32d5fb4d4295cfb6699bad5b3f7.png'),(5,0,'健身体育服务','','分类',0,0,'','',50,'2019-06-13 14:38:53',1,'/uploads/ya02wmsj_cecoe/pic/20200415/76f3e8a2306763b41928af77953c7831.png'),(6,0,'网络惠民服务','','分类',0,0,'','',60,'2019-07-08 18:48:28',1,'/uploads/ya02wmsj_cecoe/pic/20200415/cfef7dcdd94c5df2e8d779f451ae4c10.png'),(11,0,'政策宣讲服务','','分类',0,0,'','',80,'2019-07-09 16:37:41',2,'/uploads/ya02wmsj_cecoe/pic/20200415/5d85b04bfba61de95786a37ebaf75194.png'),(12,0,'法治宣讲服务','','分类',0,0,'','',90,'2019-07-09 16:37:54',2,'/uploads/ya02wmsj_cecoe/pic/20200415/b148ab9117b336b36c815bc6e513bd73.png'),(13,0,'百行知识宣讲服务','','分类',0,0,'','',100,'2019-07-09 16:38:24',2,'/uploads/ya02wmsj_cecoe/pic/20200415/0a97b22b90a0c34839c3d268aa78bced.png'),(14,0,'特色公益服务','','分类',0,0,'','',70,'2019-07-09 16:39:14',2,'/uploads/ya02wmsj_cecoe/pic/20200415/7742630c98240df16fbdc68c183d45f0.png'),(15,1,'廉政文化、基层反腐宣讲','1. 《从廉政文化说起》（1 人）\r\n2. 《新时期基层“微腐败”现象的成因及治理 对策》（1 人）\r\n3. 《村级职务犯罪预防》（1 人）\r\n','服务',0,0,'','',99,'2019-07-09 16:41:42',2,''),(17,11,'“最多跑一次”政策宣讲','1、开展“最多跑一次”政策宣讲及理论培训（5人）','服务',20,0,'8、9月份开展集中宣讲','全体市民',99,'2019-07-09 16:43:44',3,''),(18,11,'阳光政务服务','1、行政服务中心导办、咨询（20人）\r\n2、企业投资项目涉及事项服务（20人）\r\n3、审批过程监督、效能、服务提升等（20人）','服务',100,0,'','',99,'2019-07-09 16:46:06',3,''),(23,3,'送书法活动','1、开展送书法下乡活动（20人）','服务',0,0,'春节等传统节日','全体市民',99,'2019-07-09 19:02:57',2,''),(24,5,'联络服务','1、提供休闲运动、益智健身等联系联络（20人）','服务',0,0,'全年','全体市民',99,'2019-07-09 19:06:17',2,''),(25,4,'科技特派员下乡','1、进行农业实用技术知道，对杨梅栽培、桔子除虫等进行培训或实地指导（5人）','服务',0,0,'','',99,'2019-07-10 23:04:18',2,''),(26,2,'政策咨询','1、开展升学就学教育政策咨询（10人）\r\n2、中高考志愿咨询（20人）','服务',0,0,'','',99,'2019-07-10 23:06:11',2,''),(27,2,'公益宣讲','1、家庭教育宣讲（5人）\r\n2、心理健康宣讲（5人）','服务',0,0,'','',99,'2019-07-10 23:07:19',2,''),(28,6,'进村入户服务','1、为广大数字电视用户提供新房装修线路规划、为行为不便、身患重病老人提供上门服务，上门指导用户使用在线缴费业务（27人）','服务',0,0,'','',99,'2019-07-10 23:11:46',2,''),(29,14,'就业帮扶、职业技能培训','1、开展残疾人就业帮扶、职业技能培训等活动，鼓励残疾人自立自强（45人）','服务',0,0,'','',99,'2019-07-10 23:13:51',3,''),(30,12,'反邪教','1、反邪宣传（10人）','服务',0,0,'','',99,'2019-07-10 23:15:28',3,''),(31,12,'扫黑除恶','1、开展“扫黑除恶攻坚年”宣传（10人）','服务',0,0,'','',99,'2019-07-10 23:16:22',3,''),(32,13,'职工职业道德','1、开展职工职业道德讲座（2人）','服务',0,0,'','',99,'2019-07-10 23:17:33',3,''),(33,13,'劳动保护','1、开展劳动保护讲座（2人）\r\n2、开展劳动争议预防与调解讲座（1人）\r\n3、开展构建和谐劳动关系职工子女家庭教育讲座（1人）','服务',0,0,'','',99,'2019-07-10 23:18:55',3,''),(34,5,'体质监测','1、国民体质监测（20人）','服务',0,0,'','',99,'2019-07-10 23:25:11',2,''),(41,14,'山地救援知识宣讲','1.向热爱户外运动的网友们宣传运动的风险性 及一些常规的自我保护和自我救援工作，介\r\n绍野外用火的注意以及扎营的必备条件等一 些户外必须要防范的知识 （2 人）\r\n','服务',0,0,'','',99,'2020-04-09 05:59:41',3,''),(42,14,'山地救援行动','1.对在山林中迷路、被困的人开展无偿救援帮 助，随叫随到 （100 人）','服务',0,0,'','',99,'2020-04-09 06:34:06',3,''),(44,11,'“唱好治水好声音”','1.开展“唱好治水好声音”演讲 （10 人）','服务',0,0,'','',99,'2020-04-09 11:11:47',3,''),(45,11,'“水情讲堂”讲座','1. 《老赵讲水情》 讲座 （1 人）','服务',0,0,'','',99,'2020-04-09 11:12:07',3,''),(46,3,'茶文化与健康','1.开展茶文化与健康讲座 （3 人）','服务',0,0,'','',99,'2020-04-09 11:39:22',2,''),(47,3,'古典音乐欣赏','1.开展古典音乐欣赏讲座 （5 人）','服务',0,0,'','',99,'2020-04-09 11:39:41',2,''),(48,3,'摄影知识','1.开展摄影知识讲座 （10 人）','服务',0,0,'','',99,'2020-04-09 11:39:59',2,''),(49,13,'百行知识讲座','  1.开展汽车维修基础知识讲座 （1 人）\r\n开展汽车驾驶及维修知识讲座 （1 人）\r\n2.开展电焊工基础知识讲座 （2 人）\r\n3.钳工基础知识 （2 人）\r\n4.开展办公自动化软件应用讲座 （1 人）\r\n','服务',0,0,'','',99,'2020-04-09 11:41:20',3,''),(50,1,'习近平新时代中国特色社会主义思想、十九 大精神宣讲等','1.习近平新时代中国特色社会主义思想、十九 大精神宣讲等 （1 人）\r\n2.十九大精神、中国税务精神等 （1 人）\r\n3.十九大精神、社会主义核心价值观等 （1 人）\r\n','服务',0,0,'','',99,'2020-04-12 08:00:28',2,''),(51,1,'历史文化宣讲','1.临海历史文化、历代文物等 （1 人）\r\n2.临海地方历史文化、文化遗产保护、金石研 究等 （1 人）\r\n3.临海历史文化、临海人文精神、重要历史人 物事迹等 （1 人）\r\n4.临海历史文化名镇名村、历史建筑、传统村 落保护和利用等 （1 人）','服务',0,0,'','',99,'2020-04-12 08:01:25',2,''),(52,1,'党史宣讲','1.中共党史、 临海地方党史、 临海历史文化 等 （1 人）\r\n2.弘扬垦荒精神等 （1 人）\r\n3.弘扬老知青垦荒精神、社会主义核心价值观 等 （1 人）\r\n','服务',0,0,'','',99,'2020-04-12 08:01:52',2,''),(53,1,'弘扬中华民族的传统文化，提升临海的演讲与 朗诵氛围','1.《七一“党在我心中”朗诵会》（6 人）\r\n2. 《建国 70 周年朗诵会》（6 人）\r\n3.亲子诵读会进校园活动 （10 人）','服务',0,0,'','',99,'2020-04-12 08:02:33',2,''),(54,1,'道德宣讲、乡风文明','1.《生如朝晖	永刻忠诚》（1 人）\r\n2.《基层乡风文明》（1 人）\r\n3.《二十三年如一日守护河道》（1 人）\r\n','服务',0,0,'','',99,'2020-04-12 08:02:54',2,''),(55,1,'红色理论宣讲','1.乡村振兴战略与临海发展 （1 人）<br>2.只有共产党才能救中国 （中共党史）（1 人）<br>3.如何做一名合格的共产党员 （1 人）<br>4.树立法治信仰全面推进依法治国 （1 人）<br>5.习近平生态文明思想及其实践 （1 人）<br>6.不忘初心重温党史 （1 人）<br>7.我国实体经济脱实向虚现象解析 （1 人）<br>8.弘扬传统文化树立文化自信 （1 人）<br>9.习近平新时代中国特色社会主义思想下的乡 村振兴之路 （1 人）<br>10.坚定信念增强党性 （1 人）<br>11.新思想新要求话担当新做法新经验强责任  （1人）<br>12.礼仪文化 （1 人）<br>13.党史 （1 人）','服务',0,0,'','',99,'2020-04-12 08:03:22',2,''),(56,1,'历史文化、人文社科类讲座','1.历史文化讲座 （4 人）\r\n2.传统文化与幸福人生讲座 （2 人）\r\n3.卫生健康讲座 （2 人）\r\n4.传统中医文化讲座 （1 人）\r\n5.幸福人生讲座“感恩与孝道”（2  人）\r\n6.临海党史讲座 （2 人）\r\n','服务',0,0,'','',99,'2020-04-12 08:04:11',2,''),(57,2,'师德宣讲','1. 《把爱融入每个孩子的心田》（1 人）\r\n2. 《点燃学生心中的火种》（1 人）\r\n3.《你若盛开	蝴蝶自来》（1 人）\r\n4. 《甘为绿叶	感恩美好》（1 人）\r\n5. 《三尺讲台展风采》（1 人）\r\n6.《倾心教育热土	共铸不朽师魂》（1 人）\r\n7.《远方有诗意	眼前不苟且》（1 人）\r\n8. 《不忘初心	守护童年》（1 人）\r\n','服务',0,0,'','',99,'2020-04-12 08:04:57',2,''),(58,2,'普善幸福','1.博爱奉献之家庭幸福从礼开始讲座 （1 人）\r\n2.博爱奉献之幸福人生从礼开始讲座 （1 人）\r\n3.勤俭与励志 （1 人）\r\n4.亲子阅读 （1 人）\r\n','服务',0,0,'','',99,'2020-04-12 08:05:18',2,''),(59,2,'感恩与孝道','1.博爱奉献之感恩与孝道讲座 （3 人）','服务',0,0,'','',99,'2020-04-12 08:05:39',2,''),(60,2,'就业宣讲','1.技能人才政策宣讲、不定时及综合计时等行 政审批事项办理与咨询 （5 人）','服务',0,0,'','',99,'2020-04-12 08:06:07',2,''),(61,2,'人才宣讲','1.技能人才政策宣讲、不定时及综合计时等行 政审批事项办理与咨询 （5 人）','服务',0,0,'','',99,'2020-04-12 08:06:21',2,''),(62,2,'毕业生宣讲','1.高校毕业生人事代理宣讲 （5 人）','服务',0,0,'','',99,'2020-04-12 08:06:42',2,''),(63,2,'绿卡政策宣讲','1.绿卡、英才卡代办服务，人才政策宣传 （2 人）','服务',0,0,'','',99,'2020-04-12 08:07:05',2,''),(64,2,'劳动人事争议宣讲','1.劳动人事争议预防和调解宣讲，发生劳资纠 纷可以通过哪些途径来处理 （4 人）','服务',0,0,'','',99,'2020-04-12 08:07:29',2,''),(65,2,'“三进三服务”社保政策宣讲','1.“进社区、进企业、进乡村，服务企业、服 务群众、服务基层”社保政策宣讲 （6 人）','服务',0,0,'','',99,'2020-04-12 08:07:48',2,''),(66,2,'防溺水安全教育','1.开展防溺水安全教育宣讲 （5 人）\r\n2.普及救生知识 （5 人）\r\n3.开展重大游泳赛事志愿服务工作 （20 人）\r\n','服务',0,0,'','',99,'2020-04-12 08:08:13',2,''),(67,2,'女童保护讲座','1.青愿同行——女童保护讲座 （5 人）','服务',0,0,'','',99,'2020-04-12 08:08:41',2,''),(68,2,'慰问重点青少年','1.“成长青轨线”慰问重点青少年，针对留守儿 童等开展慰问，举行公益课堂讲座等 （35 人）','服务',0,0,'','',99,'2020-04-12 08:08:56',2,''),(69,2,'守护心田社会工作心理服务中心活动','1.守护心田社会工作心理服务中心 （20 人）\r\n2.留守儿童防性侵知识讲座 （2 人）\r\n3.儿童注意力训练营 （5 人）\r\n4.心理健康与家庭教育大讲堂 （3 人）\r\n5.魅力女性成长营 （15 人）\r\n6.“亲亲我的宝贝”亲子工作坊 （10 人）\r\n7.婚姻家庭关系调解 （20 人）\r\n8.护心田微课堂 （10 人）\r\n','服务',0,0,'','',99,'2020-04-12 08:09:22',2,''),(70,2,'心理健康知识宣讲','1.防止校园欺凌系列讲座 （5 人）\r\n2.“我的人生我作主”人生规划系列讲座 （5 人）\r\n3.青少年自信心训练营 （20 人）\r\n4.“家范家规”建设沙龙 （10 人）\r\n','服务',0,0,'','',99,'2020-04-12 08:09:48',2,''),(72,2,'春泥计划','1.组织引导农村未成年人开展各类实践体验 活动 （20 人）','服务',0,0,'','',99,'2020-04-12 08:11:09',2,''),(73,3,'送书画送文艺下乡','1.送书画下乡（30 人）\r\n2.送文艺下乡（30 人）\r\n','服务',0,0,'','',99,'2020-04-12 08:11:57',2,''),(74,3,'讴歌新时代，文明乡村行','1.文艺骨干培训 （5 人）\r\n2.综艺演出 （40 人）\r\n3.排舞培训 （3 人）\r\n4.歌唱培训 （3 人）\r\n5.合唱培训 （3 人）\r\n6.戏曲票友培训 （3 人）\r\n7.器乐培训 （2 人）\r\n','服务',0,0,'','',99,'2020-04-12 08:12:17',2,''),(75,3,'歌曲类讲座','1.《学习视唱练耳到底有多重要》（1 人）','服务',0,0,'','',99,'2020-04-12 08:12:39',2,''),(76,3,'摄影类讲座','1.  《人物的捕捉与塑造及对作品产生的影响》\r\n（1 人）\r\n2. 《数码摄影入门》（1 人）\r\n','服务',0,0,'','',99,'2020-04-12 08:12:52',2,''),(77,3,'曲艺类讲座','1.《小品的坐排与组织》（1 人）','服务',0,0,'','',99,'2020-04-12 08:13:25',2,''),(78,3,'舞蹈类讲座','1.《民族民间舞》（1 人）','服务',0,0,'','',99,'2020-04-12 08:13:53',2,''),(79,3,'器乐类讲座','1.《乐理知识——看谱学歌》（1  人）\r\n2.《大提琴乐器的发展》（1 人）\r\n','服务',0,0,'','',99,'2020-04-12 08:14:12',2,''),(80,3,'美术类讲座','1.《画画，就和说话一样简单》（1  人）','服务',0,0,'','',99,'2020-04-12 08:14:24',2,''),(81,3,'历史文物展板展览','内容及志愿队人数：1.开展历史文物展板展览活动 （20 人）\r\n','服务',0,0,'','',99,'2020-04-12 08:14:43',2,''),(82,3,'葫芦丝知识','1.开展葫芦丝知识讲座 （2 人）','服务',0,0,'','',99,'2020-04-12 08:15:43',2,''),(83,3,'中西方美术赏析','1.开展西方美术赏析讲座中 （2 人）','服务',0,0,'','',99,'2020-04-12 08:16:01',2,''),(84,3,'礼行天下','1.开展礼行天下讲座 （5 人）','服务',0,0,'','',99,'2020-04-12 08:16:17',2,''),(85,3,'插花艺术','1.开展插花艺术讲座 （4 人）','服务',0,0,'','',99,'2020-04-12 08:16:32',2,''),(86,3,'文学进礼堂','1.开展文学讲座、  辅导和送文学作品进礼堂\r\n（10 人）\r\n','服务',0,0,'','',99,'2020-04-12 08:16:51',2,''),(87,3,'书法进礼堂','1.为村民写春联、书法辅导的传承 （10 人）','服务',0,0,'','',99,'2020-04-12 08:17:11',2,''),(88,3,'美术进礼堂','1.为村模范人物、好党员、好家庭画人物肖像， 为村庄人文景观创作美术作品 （10 人）','服务',0,0,'','',99,'2020-04-12 08:17:27',2,''),(89,3,'戏曲进礼堂','1.送戏曲下乡演出 （10 人）','服务',0,0,'','',99,'2020-04-12 08:17:42',2,''),(90,3,'舞蹈进礼堂','1.送舞蹈节目下乡演出，  为村培训排舞节目\r\n（30 人）\r\n','服务',0,0,'','',99,'2020-04-12 08:17:57',2,''),(91,3,'音乐进礼堂','1.送音乐节目下乡演出，为村创作村歌 （10 人）','服务',0,0,'','',99,'2020-04-12 08:18:13',2,''),(92,3,'根艺进礼堂','1.开展根艺美术采风创作交流与传承活动，展 示要艺作品 （3 人）','服务',0,0,'','',99,'2020-04-12 08:18:37',2,''),(93,3,'民间文艺进礼堂','1.挖掘和保护农村民间文艺资源，组织民间文 艺交流研讨 （10 人）','服务',0,0,'','',99,'2020-04-12 08:18:55',2,''),(94,3,'诗词楹联进礼堂','1.组织诗词楹联会员走进乡村，开展采风和创 作活动 （20 人）','服务',0,0,'','',99,'2020-04-12 08:19:10',2,''),(95,3,'摄影进礼堂','1.组织开展“拍摄全家福活动”，开展美丽乡村 摄影大赛 （10 人）','服务',0,0,'','',99,'2020-04-12 08:19:32',2,''),(96,4,'农产品质量安全宣传','1.开展农产品质量安全宣传活动（30  人）','服务',0,0,'','',99,'2020-04-12 08:20:13',2,''),(97,4,'农业技术宣讲','1.《现代农药知识与三新使用技术》讲座（1  人）\r\n2.《杨梅栽培管理技术》讲座（1 人）\r\n3.《丰产型有机农业发展》讲座（1  人）\r\n','服务',0,0,'','',99,'2020-04-12 08:20:28',2,''),(98,4,'生态文明宣传','1.召开生态文明宣传讲座，向群众发放生态文明 倡议书等资料，普及生态文明知识（30  人）','服务',0,0,'','',99,'2020-04-12 08:20:53',2,''),(99,4,'气象科普志愿服务','1.开展气象科普知识宣传 （20 人）','服务',0,0,'','',99,'2020-04-12 08:21:10',2,''),(100,4,'农产品栽种','1.杨梅培育 （2 人）\r\n2.柑橘培育 （2 人）\r\n3.小浆果培育 （2 人）\r\n4.水稻培育 （2 人）\r\n5.猕猴桃培育 （2 人）\r\n6.茶叶种植技术 （2 人）\r\n7.西兰花种植技术 （3 人）\r\n8.蓝莓种植技术 （1 人）\r\n','服务',0,0,'','',99,'2020-04-12 08:21:31',2,''),(101,4,'水产品养殖','1.水产品养殖知识讲解 （2 人）','服务',0,0,'','',99,'2020-04-12 08:21:49',2,''),(102,4,'健康讲堂','1.中医护理 （3 人）\r\n2.儿科知识讲解 （3 人）\r\n3.高血压、糖尿病患者健康教育 （2 人）\r\n4.妇科知识讲解 （2 人）\r\n5.养成健康生活方式，远离慢性疾病 （1 人）\r\n6.烟草危害 （1 人）\r\n7.老年人心理健康教育 （1 人）\r\n8.新版居民膳食指南 （2 人）\r\n','服务',0,0,'','',99,'2020-04-12 08:22:04',2,''),(103,4,'消防','1.消防知识宣讲 （6 人）','服务',0,0,'','',99,'2020-04-12 08:22:20',2,''),(104,5,'青春健康大讲堂','1.开展健康讲座，内容主要有人生职业生涯规\r\n划、预防意外怀孕、同伴如何结交、沟通、 远离毒品等宣传活动 （20 人）\r\n','服务',0,0,'','',99,'2020-04-12 08:23:01',2,''),(105,5,'健康知识宣传','1.饮用水安全知识宣传，艾滋病、结核病等各 种传染病防护知识宣传，职业健康卫生知识\r\n宣传等健康知识宣传 （20 人）\r\n2.开展急救知识及技能下企业、急救知识下学 校培训培训 （20 人）\r\n3.开展国际标准洗手法培训活动 （20 人）\r\n','服务',0,0,'','',99,'2020-04-12 08:23:17',2,''),(106,5,'送医下乡','1.组织基层卫生院人员上村居进行免费检查， 开展糖尿病人义诊日等义诊活动，并就健康\r\n知识开展宣传 （60 人）\r\n','服务',0,0,'','',99,'2020-04-12 08:23:38',2,''),(107,6,'“每日一助”','1.设有“每日一助”专项，帮助农民推送水果 上市等内容 （2 人）','服务',0,0,'','',99,'2020-04-12 08:24:13',2,''),(108,6,'“农民信箱”','1.开设“农民信箱”网站，包含政策信息发布、\r\n农业技术推广等，农民可以将农资买卖信息 等进行发布 （3 人）\r\n','服务',0,0,'','',99,'2020-04-12 08:24:28',2,''),(109,6,'网络便民咨询服务','1.开设专题页面，设有“社保答疑”“科技普 及”“最多跑一次”等项目，方便群众通过网\r\n络咨询各项政府服务的审批办理流程或是注 意事项 （3 人）\r\n2.开设“在线法律咨询”项目，由专业律师为\r\n网友解答各类日常法律疑惑，帮助处理一些 民事纠纷 （10 人）\r\n','服务',0,0,'','',99,'2020-04-12 08:24:49',2,''),(110,14,'送医上门、送康复上门','1.组织专业康复医生，开展送医上门、送康复\r\n上门活动 （15 人）\r\n','服务',0,0,'','',99,'2020-04-12 08:25:29',3,''),(111,14,'社工结对帮扶','1.采用结对形式，组织社工开展菜单式志愿助 残活动 （60 人）','服务',0,0,'','',99,'2020-04-12 08:25:51',3,''),(112,14,'送教上门、助学助教活动','1.开展送教上门、助学助教等志愿服务 （30 人）','服务',0,0,'','',99,'2020-04-12 08:40:40',3,''),(113,14,'巡回理发','1.长期巡回农村文化礼堂，照料中心、城镇社 区，公共广场、敬老院等地，为困难群众上\r\n门免费理发。（60 人）\r\n','服务',0,0,'','',99,'2020-04-12 08:41:00',3,''),(114,14,'衣循环	爱循环','1.将回收的旧衣服进行整理消毒后，送给国内\r\n西部贫困地区以及临海当地贫困山区困难群 众过冬，让旧衣服再次循环利用。（3  人）\r\n','服务',0,0,'','',99,'2020-04-12 08:41:19',3,''),(115,14,'银丝情缘','1.结合公益理发项目，长期巡回农村山区、社\r\n区，广场、敬老院等地，为困难群众上门开展 义诊、剪指甲、谈心、拍摄笑脸墙等。（60  人）\r\n','服务',0,0,'','',99,'2020-04-12 08:41:35',3,''),(116,14,'春泥巧手进百村','1.利用周末和寒暑假期间，进村文化礼堂，为 当地留守儿童开展手工课等趣味活动。（30  人）','服务',0,0,'','',99,'2020-04-12 08:42:08',3,''),(117,11,'“妈妈式”暖心“上门服务”','1.公安窗口上门办理身份证 （10 人）\r\n2.不动产窗口上门办理房屋产权过户等 （6 人）\r\n','服务',0,0,'','',99,'2020-04-12 08:45:45',3,''),(118,11,'政策宣传','1.“最多跑一次”改革宣传讲座、现场会  （20人）\r\n2.行政审批事项政策宣传、咨询、答疑等  （20人）\r\n','服务',0,0,'','',99,'2020-04-12 08:46:10',3,''),(119,11,'金融服务','1.金融知识普及 （20 人）\r\n2.处非知识宣传 （2 人）\r\n3.融资需求分析 （20 人）\r\n4.普惠金融产品对接 （20 人）\r\n','服务',0,0,'','',99,'2020-04-12 08:46:33',3,''),(120,11,'税收相关政策宣讲','1.开展纳税服务 （1 人）\r\n2.开展个人所得税、非税例如社保费等税收政 策解读 （1 人）\r\n3.一对一为企业定制税收服务清单 （1 人）\r\n4.开展专业化税收相关培训会 （2 人）\r\n','服务',0,0,'','',99,'2020-04-12 08:46:56',3,''),(121,11,'政策宣讲','1.税务、健康、教育政策等宣讲服务 （10 人）\r\n2.法律、财会、税务等咨询、宣讲服务 （20 人）\r\n','服务',0,0,'','',99,'2020-04-12 08:48:22',3,''),(122,11,'“四好农村路”宣讲','1.开展农村公路爱路、护路宣传活动，指导农 村公路开展标准化、制度化养护管理 （20 人）','服务',0,0,'','',99,'2020-04-12 08:48:45',3,''),(123,11,'文明城市创建知识宣传','1.开展文明城市创建知识抢答活动 （10 人）\r\n2.文明城市创建标准解读 （2 人）\r\n','服务',0,0,'','',99,'2020-04-12 08:49:06',3,''),(124,11,'五水共治小品','1.《喂，您好！》 满意度测评小品表演 （10 人）','服务',0,0,'','',99,'2020-04-12 08:51:05',3,''),(125,11,'治水业务培训','1.“五水共治”、“污水零直排区”建设等业务 培训 （10 人）','服务',0,0,'','',99,'2020-04-12 08:51:17',3,''),(126,11,'“污水零直排区”建设讲座','1.《您身边的污水零直排了吗》 讲座 （1 人）','服务',0,0,'','',99,'2020-04-12 08:51:41',3,''),(127,12,'法治宣传教育','1.“宪法进两新组织”主题宣讲 （5 人）\r\n2.法律服务护航小微企业发展宣讲 （5 人）\r\n3.妇女儿童权益保护宣讲 （2 人）\r\n4.法律服务打造最佳营商环境宣讲 （3 人）\r\n5.劳动争议、法律援助典型案例等 （1 人）\r\n6.青少年法治意识培养、老年人权益保障法、 涉农法律法规等 （1 人）\r\n','服务',0,0,'','',99,'2020-04-12 08:56:27',3,''),(128,12,'针对青少年开展法治宣讲','1.未成年人不良行为的预防 （2 人）\r\n2.对校园欺凌说“不”（2 人）\r\n3.杜绝不良行为 （2 人）\r\n4.预防校园暴力 （2 人）\r\n5.守法乃“孝”（2 人）\r\n6.做一个守法的好少年 （2 人）\r\n','服务',0,0,'','',99,'2020-04-12 08:56:48',3,''),(129,13,'安全知识讲座','1.开展交通安全知识讲座 （2 人）\r\n2.开展安全生产管理、事故案例分析讲座 （2 人）\r\n','服务',0,0,'','',99,'2020-04-12 08:57:32',3,''),(130,13,'健康知识讲座','1.开展职业病防治法律、法规讲座 （4 人）\r\n2.开展理健康、心理压力讲座心 （4 人）\r\n3.开展带你认识肿瘤君讲座 （2 人）\r\n','服务',0,0,'','',99,'2020-04-12 08:58:05',3,''),(131,5,'暖心工程','1.到养老院开展特殊家庭暖心关爱行动、关爱 留守儿童、孤寡老人等活动 （40 人）','服务',0,0,'','',99,'2020-04-14 11:06:48',2,''),(132,11,'舞蹈类宣讲','1.开展舞蹈类宣讲 （20 人）','服务',0,0,'','',99,'2020-04-14 11:23:43',3,''),(133,11,'金融服务（1）','1.开展“送金融知识下乡”“金融直通车•微讲 堂”活动，宣传惠农支付、反假币、反洗钱\r\n等金融知识 （300 人）\r\n','服务',0,0,'','',99,'2020-04-14 11:31:41',3,''),(134,13,'政策咨询（百行知识）','1.开展科技政策与高新技术、企业申报相关政 策咨询讲座 （2 人）','服务',0,0,'','',99,'2020-04-14 11:39:07',3,'');

--
-- Table structure for table `ya02wmsj_cecoe_solicit_articles`
--

CREATE TABLE `ya02wmsj_cecoe_solicit_articles` (
  `id` int(10) unsigned NOT NULL AUTO_INCREMENT COMMENT '表ID',
  `activity_id` int(10) unsigned NOT NULL DEFAULT '0' COMMENT '活动ID，对应activity表ID',
  `title` varchar(101) NOT NULL DEFAULT '' COMMENT '征文标题',
  `contents` text COMMENT '征文内容',
  `doc_path` varchar(1001) NOT NULL DEFAULT '' COMMENT '文档附件路径',
  `pic_path` varchar(1001) NOT NULL DEFAULT '' COMMENT '图片附件路径',
  `voice_path` varchar(1001) NOT NULL DEFAULT '' COMMENT '音频附件路径',
  `video_path` varchar(1001) NOT NULL DEFAULT '' COMMENT '视频附件路径',
  `uuid` int(10) unsigned NOT NULL DEFAULT '0' COMMENT '投稿人uuid,关联base_ppl表uuid',
  `ctime` datetime NOT NULL DEFAULT '1970-01-01 00:00:00' COMMENT '创建时间',
  PRIMARY KEY (`id`)
) ENGINE=MyISAM DEFAULT CHARSET=utf8 COMMENT='征文-线上活动表';

--
-- Dumping data for table `ya02wmsj_cecoe_solicit_articles`
--


--
-- Table structure for table `ya02wmsj_cecoe_special_info`
--

CREATE TABLE `ya02wmsj_cecoe_special_info` (
  `id` int(10) unsigned NOT NULL AUTO_INCREMENT COMMENT '表ID',
  `uuid` char(32) NOT NULL DEFAULT '' COMMENT '用户uuid',
  `type_id` int(10) unsigned NOT NULL COMMENT '特殊人群分类id',
  `desc` text NOT NULL COMMENT '简介',
  `region_id` char(12) NOT NULL DEFAULT '' COMMENT '关联region的code',
  `ctime` timestamp NOT NULL DEFAULT CURRENT_TIMESTAMP COMMENT '添加时间',
  PRIMARY KEY (`id`)
) ENGINE=InnoDB DEFAULT CHARSET=utf8mb4 COMMENT='特殊人群扩展表';

--
-- Dumping data for table `ya02wmsj_cecoe_special_info`
--


--
-- Table structure for table `ya02wmsj_cecoe_stadia`
--

CREATE TABLE `ya02wmsj_cecoe_stadia` (
  `id` int(10) unsigned NOT NULL AUTO_INCREMENT COMMENT '表ID',
  `name` varchar(51) NOT NULL DEFAULT '' COMMENT '场馆名称',
  `desc` varchar(1002) CHARACTER SET utf8 NOT NULL DEFAULT '' COMMENT '描述',
  `region_code` char(13) NOT NULL DEFAULT '' COMMENT '区域编码，关联region表code',
  `latitude` float(10,7) NOT NULL DEFAULT '0.0000000' COMMENT 'GIS地理点位纬度',
  `longitude` float(10,7) NOT NULL DEFAULT '0.0000000' COMMENT 'GIS地理点位经度',
  `address` varchar(201) NOT NULL DEFAULT '' COMMENT '详细地址',
  `charge_name` varchar(21) NOT NULL DEFAULT '' COMMENT '负责人',
  `phone` varchar(51) NOT NULL DEFAULT '' COMMENT '联系方式,多个用","隔开,最填写多3个',
  `ctime` timestamp NOT NULL DEFAULT CURRENT_TIMESTAMP COMMENT '添加时间',
  PRIMARY KEY (`id`)
) ENGINE=InnoDB AUTO_INCREMENT=6 DEFAULT CHARSET=utf8mb4 COMMENT='场馆列表';

--
-- Dumping data for table `ya02wmsj_cecoe_stadia`
--

INSERT INTO `ya02wmsj_cecoe_stadia` VALUES (1,'临海体育馆','描述内容','331082002003',0.0000000,0.0000000,'开发大道与临海大道交叉口','6','9','2019-07-15 19:49:41'),(2,'冶水休闲体育公园','9','331082001001',0.0000000,0.0000000,'江滨东路347号','5','8','2019-07-15 19:53:39'),(3,'东湖游泳馆','','331082001011',0.0000000,0.0000000,'台州市临海市鲤山路36号','','13757695586','2019-08-19 17:56:03'),(5,'测试场馆','测试地图的','331082002001',0.0000000,0.0000000,'临海政府','陈某','123','2019-08-22 00:06:47');

--
-- Table structure for table `ya02wmsj_cecoe_talent`
--

CREATE TABLE `ya02wmsj_cecoe_talent` (
  `id` int(10) unsigned NOT NULL AUTO_INCREMENT COMMENT '表ID',
  `uuid` char(32) NOT NULL COMMENT '关联base_ppl表uuid',
  `name` varchar(51) NOT NULL DEFAULT '' COMMENT '姓名',
  `desc` varchar(1002) NOT NULL DEFAULT '' COMMENT '特长描述',
  `team_id` int(10) unsigned NOT NULL COMMENT '人才队伍ID, 关联talent_team表id',
  `ctime` timestamp NOT NULL DEFAULT CURRENT_TIMESTAMP COMMENT '添加时间',
  `region_id` char(12) NOT NULL DEFAULT '' COMMENT '区域关联ya02wmsj_cecoe_reigon的code',
  `sex` char(1) NOT NULL DEFAULT '1' COMMENT '性别，编码应符合gb/t 2261.1',
  `pic_url` varchar(201) NOT NULL DEFAULT '' COMMENT '用户头像',
  PRIMARY KEY (`id`)
) ENGINE=InnoDB AUTO_INCREMENT=26 DEFAULT CHARSET=utf8 COMMENT='人才表';

--
-- Dumping data for table `ya02wmsj_cecoe_talent`
--

INSERT INTO `ya02wmsj_cecoe_talent` VALUES (1,'','陈春阳','习近平新时代中国特色社会主义思想、十九大精神宣讲等',6,'2020-04-07 02:32:01','331082000000','1','/uploads/ya02wmsj_cecoe/pic/20200416/99b47f1a1e74ed85d568198401a7adb8.png'),(2,'','徐波波','乡村振兴、依法治国等',6,'2020-04-07 02:32:35','331082000000','1','/uploads/ya02wmsj_cecoe/pic/20200416/fa97cf62eaed06a483ade855913e7ccc.jpg'),(3,'','郭莹莹','习近平文化思想与传统文化、礼仪文化、政务利益、商务礼仪、服务礼仪等',6,'2020-04-07 02:33:00','331082000000','2',''),(4,'','胡薇薇','社会主义核心价值观、家庭教育理念等',6,'2020-04-07 02:33:25','331082000000','2','/uploads/ya02wmsj_cecoe/pic/20200416/2f5512d2bcac31cc66acc6be1cd4b8bb.jpg'),(5,'','金莎莎','十九大精神、中国税务精神等',6,'2020-04-07 02:33:50','331082000000','2',''),(6,'','潘轶','十九大精神、社会主义核心价值观等',6,'2020-04-07 02:34:11','331082000000','1',''),(7,'','陈引奭','临海历史文化、历代文物等',7,'2020-04-07 02:34:36','331082000000','1',''),(8,'','彭连生','临海地方历史文化、文化遗产保护、金石研究等',7,'2020-04-07 02:35:00','331082000000','1',''),(9,'','林大岳','临海历史文化、临海人文精神、重要历史人物事迹等',7,'2020-04-07 02:35:23','331082000000','1',''),(10,'','胡正权','临海历史文化名镇名村、历史建筑、传统村落保护和利用等',7,'2020-04-07 02:35:46','331082000000','1',''),(11,'','詹维强','中共党史、临海地方党史、临海历史文化等',8,'2020-04-07 02:36:13','331082000000','1',''),(12,'','叶奕','中共党史、临海地方党史、临海历史文化等',8,'2020-04-07 02:36:36','331082000000','1',''),(13,'','王鸣','弘扬垦荒精神等',8,'2020-04-07 02:36:58','331082000000','1',''),(14,'','金玲华','弘扬老知青垦荒精神、社会主义核心价值观等',8,'2020-04-07 02:37:25','331082000000','2',''),(15,'','方言兵','劳动争议、法律援助典型案例等',9,'2020-04-07 02:37:47','331082000000','1',''),(16,'','冯春贵','青少年法治意识培养、老年人权益保障法、涉农法律法规等',9,'2020-04-07 02:38:10','331082000000','1',''),(17,'','施杨浩','小微企业发展、知识产权保护等',9,'2020-04-07 02:38:33','331082000000','1',''),(18,'','吴卫星','妇女儿童权益保护等',9,'2020-04-07 02:38:56','331082000000','2',''),(19,'','陈霞','法律服务打造最佳营商环境等',9,'2020-04-07 02:39:20','331082000000','2','');

--
-- Table structure for table `ya02wmsj_cecoe_talent_team`
--

CREATE TABLE `ya02wmsj_cecoe_talent_team` (
  `id` int(10) unsigned NOT NULL AUTO_INCREMENT COMMENT '表ID',
  `name` varchar(51) NOT NULL DEFAULT '' COMMENT '队伍名称',
  `desc` varchar(1002) NOT NULL DEFAULT '' COMMENT '队伍描述',
  `sort` int(11) DEFAULT '0' COMMENT '排序',
  `ctime` timestamp NOT NULL DEFAULT CURRENT_TIMESTAMP COMMENT '添加时间',
  PRIMARY KEY (`id`)
) ENGINE=InnoDB AUTO_INCREMENT=30 DEFAULT CHARSET=utf8 COMMENT='人才队伍表';

--
-- Dumping data for table `ya02wmsj_cecoe_talent_team`
--

INSERT INTO `ya02wmsj_cecoe_talent_team` VALUES (1,'艺术人才队伍','绘画，书法，葫芦丝等',99,'2019-06-10 21:04:33'),(2,'消防救援人才','消防，护士，医生等',99,'2019-06-10 21:08:08'),(3,'建筑人才队伍','工程师，建筑师等',99,'2019-06-10 21:09:07'),(4,'教育人才队伍','老师，幼教等',99,'2019-06-20 14:40:20'),(5,'测试队伍1','',99,'2020-04-07 02:14:14'),(6,'陈春阳理论达人团队','',99,'2020-04-07 02:17:03'),(7,'陈引奭乡土达人团队','',99,'2020-04-07 02:20:49'),(8,'“崇文观澜”党史达人团队','',99,'2020-04-07 02:21:06'),(9,'“问法说事”法治达人团队','',99,'2020-04-07 02:21:23'),(10,'临海山地救援','',99,'2020-04-09 02:10:46'),(11,'“春风化雨”志愿服务队','',99,'2020-04-09 02:11:03'),(12,'健康卫士志愿服务队','',99,'2020-04-09 02:11:15'),(13,'“问法说事” 法律达人宣讲团','',99,'2020-04-09 02:11:32'),(14,'“水秀临海”志愿服务队','',99,'2020-04-09 02:11:47'),(15,'临海市“劳模匠心”志愿服务队','',99,'2020-04-09 02:11:56'),(16,'百花逐梦志愿服务队','',99,'2020-04-09 02:12:08'),(17,'96345党员志愿服务队','',99,'2020-04-09 02:12:17'),(18,'临海清风志愿服务队','',99,'2020-04-09 02:12:29'),(19,'临海农商银行“有为”志愿服务队','',99,'2020-04-09 02:12:43'),(20,'多城联创志愿服务队','',99,'2020-04-09 02:12:53'),(21,'临海市根艺美术家协会','',99,'2020-04-09 02:13:04'),(22,'台州市生态环境局临海分局志愿者服务队','',99,'2020-04-09 02:13:14'),(23,'书法家惠民服务队','',99,'2020-04-09 02:13:26'),(24,'临海市志愿者协会','',99,'2020-04-09 02:13:39'),(25,'临海市乡村振兴志愿服务队','',99,'2020-04-09 02:13:51'),(26,'临海市博乐社会服务中心','',99,'2020-04-09 02:14:05'),(27,'党校红色理论宣讲团','',99,'2020-04-09 02:14:20'),(28,'临海市人社局志愿服务队','',99,'2020-04-09 02:14:29'),(29,'健身健美队伍','我开始锻炼身体，增强自信。我不断进取，设定新的目标，这就是我开始竞争的方式。我实际上是从模特开始，然后开始健身',99,'2020-04-14 06:32:33');

--
-- Table structure for table `ya02wmsj_cecoe_tiny_wish`
--

CREATE TABLE `ya02wmsj_cecoe_tiny_wish` (
  `id` int(10) unsigned NOT NULL AUTO_INCREMENT COMMENT '表ID',
  `title` varchar(201) NOT NULL DEFAULT '' COMMENT '心愿标题',
  `desc` text COMMENT '心愿描述',
  `path` varchar(1002) NOT NULL DEFAULT '' COMMENT '内容资源（图片）路径',
  `name` varchar(21) NOT NULL DEFAULT '' COMMENT '申请人姓名',
  `phone` varchar(21) NOT NULL DEFAULT '' COMMENT '申请人联系方式',
  `address` varchar(101) NOT NULL DEFAULT '' COMMENT '申请人详细地址',
  `story` varchar(1001) NOT NULL DEFAULT '' COMMENT '申请人的故事描述',
  `icon_path` varchar(302) NOT NULL DEFAULT '' COMMENT '封面图片',
  `status` enum('待审核','驳回','待认领','已认领','已实现') NOT NULL DEFAULT '待审核' COMMENT '心愿状态',
  `review_msg` varchar(201) NOT NULL DEFAULT '' COMMENT '驳回意见',
  `audit_user_id` char(32) NOT NULL DEFAULT '' COMMENT '审核人uuid，关联user表uuid',
  `audit_time` timestamp NOT NULL DEFAULT '0000-00-00 00:00:00' COMMENT '审核时间',
  `sort` int(10) unsigned NOT NULL DEFAULT '99' COMMENT '排序',
  `source` enum('pc','phone') NOT NULL DEFAULT 'pc' COMMENT '来源',
  `region_code` char(13) NOT NULL DEFAULT '' COMMENT '区域编码，关联region表code',
  `user_id` char(32) NOT NULL DEFAULT '' COMMENT '录入人uuid，关联user表uuid',
  `ctime` timestamp NOT NULL DEFAULT CURRENT_TIMESTAMP COMMENT '录入时间',
  PRIMARY KEY (`id`)
) ENGINE=InnoDB AUTO_INCREMENT=11 DEFAULT CHARSET=utf8 COMMENT='微心愿表';

--
-- Dumping data for table `ya02wmsj_cecoe_tiny_wish`
--

INSERT INTO `ya02wmsj_cecoe_tiny_wish` VALUES (7,'希望有一个篮球','很喜欢篮球，但是买不起，希望有人能完成我的心愿','/uploads/ya02wmsj_cecoe/pic/20200412/8bea0af11b5c2799cd712517289bc404.jpg','李小明','18364459328','滨海街道','','/uploads/ya02wmsj_cecoe/pic/20200412/8bea0af11b5c2799cd712517289bc404.jpg','已认领','','4d92a971360243b0bab91e2ffc6740e3','2020-04-12 02:44:25',99,'phone','331082001001','e6d47f5f00a14e9fbb1188a51b8659e7','2020-04-12 02:44:09'),(8,'我需要一包口罩','开学了','/uploads/ya02wmsj_cecoe/pic/20200413/497d0d5bfcaad539e82a2bbf3d543a39.jpg','张三','13566688888','江边','','/uploads/ya02wmsj_cecoe/pic/20200413/497d0d5bfcaad539e82a2bbf3d543a39.jpg','已认领','','4d92a971360243b0bab91e2ffc6740e3','2020-04-13 07:41:39',99,'phone','331082001001','e6d47f5f00a14e9fbb1188a51b8659e7','2020-04-13 07:40:49'),(9,'需要一本格林童话','为了增强阅读','/uploads/ya02wmsj_cecoe/pic/20200415/4f5e68266d4c7ac3c5787d37a6133639.png','张武','13626588999','临海市文化站','','/uploads/ya02wmsj_cecoe/pic/20200415/4f5e68266d4c7ac3c5787d37a6133639.png','待审核','','','0000-00-00 00:00:00',99,'phone','331082001003','e6d47f5f00a14e9fbb1188a51b8659e7','2020-04-15 01:57:40'),(10,'旧的智能手机','只要是能用的','/uploads/ya02wmsj_cecoe/pic/20200425/30eab2e2e7ccd6cbbb7aef0d08c86631.JPEG','张成良','13605816591','118号','','/uploads/ya02wmsj_cecoe/pic/20200425/30eab2e2e7ccd6cbbb7aef0d08c86631.JPEG','待审核','','','0000-00-00 00:00:00',99,'phone','331082002206','67b2a9dace124a849c7168747cf1619c','2020-04-25 05:30:02');

--
-- Table structure for table `ya02wmsj_cecoe_tiny_wish_claim`
--

CREATE TABLE `ya02wmsj_cecoe_tiny_wish_claim` (
  `id` int(10) unsigned NOT NULL AUTO_INCREMENT COMMENT '表ID',
  `wish_id` int(10) NOT NULL COMMENT '心愿表id，关联tiny_wish表id',
  `user_id` char(32) NOT NULL DEFAULT '' COMMENT '认领人uuid，关联user表uuid',
  `name` varchar(21) NOT NULL DEFAULT '' COMMENT '认领人姓名',
  `phone` varchar(21) NOT NULL DEFAULT '' COMMENT '认领人联系方式',
  `address` varchar(101) NOT NULL DEFAULT '' COMMENT '认领人详细地址',
  `region_code` char(13) NOT NULL DEFAULT '' COMMENT '区域编码，关联region表code',
  `path` varchar(1002) NOT NULL DEFAULT '' COMMENT '内容资源（图片）路径',
  `tell` varchar(1001) NOT NULL DEFAULT '' COMMENT '认领人的感想描述',
  `status` enum('待审核','驳回','待实现','待确认','已实现','未实现') NOT NULL DEFAULT '待审核' COMMENT '状态',
  `review_msg` varchar(201) NOT NULL DEFAULT '' COMMENT '驳回说明',
  `audit_time` timestamp NOT NULL DEFAULT '0000-00-00 00:00:00' COMMENT '审核时间',
  `ctime` timestamp NOT NULL DEFAULT CURRENT_TIMESTAMP COMMENT '录入时间',
  `audit_user_id` char(32) NOT NULL DEFAULT '' COMMENT '审核人uuid，关联user表uuid',
  `confirm_user_id` char(32) NOT NULL DEFAULT '' COMMENT '办结确认人uuid，关联user表uuid',
  `confirm_time` timestamp NOT NULL DEFAULT '0000-00-00 00:00:00' COMMENT '办结确认时间',
  PRIMARY KEY (`id`)
) ENGINE=InnoDB AUTO_INCREMENT=8 DEFAULT CHARSET=utf8 COMMENT='微心愿-心愿认领表';

--
-- Dumping data for table `ya02wmsj_cecoe_tiny_wish_claim`
--

INSERT INTO `ya02wmsj_cecoe_tiny_wish_claim` VALUES (4,7,'74a1ef21f9b74696b6bc8da1b6b995f9','李小冉','13566677888','张晓陈','331082001202','','','待实现','','2020-04-15 02:28:39','2020-04-15 02:27:21','4d92a971360243b0bab91e2ffc6740e3','','0000-00-00 00:00:00'),(5,8,'90ee2060f62e419c9dec9355ecef9231','沈俊','15397017519','临海紫阳街','331082001001','','','驳回','心愿已被其他用户认领，感谢您的热心参与！','0000-00-00 00:00:00','2020-04-20 01:15:32','','','0000-00-00 00:00:00'),(6,8,'840e52afdd284ab5a248a9054cdf8f00','潘晓琴','13958551085','市政府','331082101203','','','驳回','心愿已被其他用户认领，感谢您的热心参与！','0000-00-00 00:00:00','2020-04-28 08:37:51','','','0000-00-00 00:00:00'),(7,8,'5e7e3675e9da4b87aa949419a477bd87','陈先生','11111111111','1111','331082002006','','','待实现','','2020-05-05 05:05:26','2020-05-05 05:04:42','4d92a971360243b0bab91e2ffc6740e3','','0000-00-00 00:00:00');

--
-- Table structure for table `ya02wmsj_cecoe_user`
--

CREATE TABLE `ya02wmsj_cecoe_user` (
  `id` int(10) unsigned NOT NULL AUTO_INCREMENT COMMENT '表ID',
  `uuid` char(32) CHARACTER SET utf8 NOT NULL COMMENT '关联base_ppl表uuid',
  `serialnumber` varchar(50) CHARACTER SET utf8 NOT NULL DEFAULT '' COMMENT '手机绑定唯一码',
  `name` varchar(31) CHARACTER SET utf8 NOT NULL DEFAULT '' COMMENT '用户真实姓名',
  `nickname` varchar(51) NOT NULL DEFAULT '' COMMENT '用户昵称',
  `account` varchar(31) CHARACTER SET utf8 NOT NULL DEFAULT '' COMMENT '登录账户名,英文数字下划线组成，可用于登录',
  `sex` char(1) CHARACTER SET utf8 NOT NULL DEFAULT '1' COMMENT '性别，编码应符合gb/t 2261.1',
  `phone` char(11) CHARACTER SET utf8 NOT NULL DEFAULT '' COMMENT '手机号码,可用于登录',
  `pic_url` varchar(201) CHARACTER SET utf8 NOT NULL DEFAULT '' COMMENT '用户头像',
  `region_code` char(12) CHARACTER SET utf8 NOT NULL DEFAULT '' COMMENT '管理员所属区域的区域编码',
  `ca_id` int(10) unsigned NOT NULL DEFAULT '0' COMMENT '文化礼堂id，管理ya02wmsj_cecoe_cultural_auditorium表id',
  `region_id` char(12) CHARACTER SET utf8 NOT NULL DEFAULT '' COMMENT '用户管辖区域的区域编码',
  `passwd` char(32) CHARACTER SET utf8 NOT NULL DEFAULT '' COMMENT '密码',
  `pwd_salt` char(32) CHARACTER SET utf8 NOT NULL DEFAULT '' COMMENT '盐值, 为32位的安全随即数',
  `first_login` enum('n','y') CHARACTER SET utf8 NOT NULL DEFAULT 'y' COMMENT '是否初次登录',
  `pay_passwd` char(32) CHARACTER SET utf8 NOT NULL DEFAULT '' COMMENT '支付密码',
  `errtime` int(10) unsigned NOT NULL DEFAULT '0' COMMENT '最后一次错误时间戳，成功之后置空，最大支持到2038-01-19 04:14:07',
  `errtimes` tinyint(3) unsigned NOT NULL DEFAULT '0' COMMENT '错误次数, 配置次之后锁定账户，成功登陆之后置0',
  `lockstatus` enum('ip','un','no','check','reject') CHARACTER SET utf8 NOT NULL DEFAULT 'no' COMMENT '锁定状态, ip-IP锁定 un-用户名锁定 no-未锁定 check-注册审核 reject-注册审核被驳回 ',
  `sign_ip` int(10) unsigned NOT NULL DEFAULT '0' COMMENT '最后一次登录IP地址',
  `enter_man_uuid` char(32) CHARACTER SET utf8 NOT NULL DEFAULT '' COMMENT '录入人uuid，关联当前表uuid',
  `modify_man_uuid` char(32) CHARACTER SET utf8 NOT NULL DEFAULT '' COMMENT '修改人uuid，关联当前表uuid',
  `special_people_id` int(11) NOT NULL DEFAULT '0' COMMENT '特殊人群id关联people_type表id',
  `porgan_id` varchar(101) CHARACTER SET utf8 NOT NULL DEFAULT '' COMMENT '实践组织机构id列表, 关联organ_practice表id',
  `vorgan_id` varchar(101) CHARACTER SET utf8 NOT NULL DEFAULT '' COMMENT '管辖志愿者组织id列表, 关联organ_volunteer表id',
  `plat_id` int(10) unsigned NOT NULL DEFAULT '0' COMMENT '六大平台ID，只针对于六大平台管理员',
  `team_id` int(11) DEFAULT '0' COMMENT '人才队伍id',
  `is_on` enum('ip','un','no','time','ever') CHARACTER SET utf8 NOT NULL DEFAULT 'no' COMMENT '账号是否启用',
  `ban_time` int(10) unsigned NOT NULL DEFAULT '0' COMMENT '账号禁用时长',
  `reason` varchar(51) CHARACTER SET utf8 NOT NULL DEFAULT '' COMMENT '封禁原因描述',
  `points` mediumint(8) NOT NULL DEFAULT '0' COMMENT '用户总积分',
  `user_src` enum('pc','phone') CHARACTER SET utf8 NOT NULL DEFAULT 'phone' COMMENT '用户来源,PC录入或手机端注册',
  `ctime` timestamp NOT NULL DEFAULT CURRENT_TIMESTAMP COMMENT '添加时间',
  `qq_openid` varchar(101) CHARACTER SET utf8 NOT NULL DEFAULT '' COMMENT 'QQ授权登陆openID',
  `wechat_openid` varchar(101) CHARACTER SET utf8 NOT NULL DEFAULT '' COMMENT '微信授权登陆openID',
  `sina_openid` varchar(101) CHARACTER SET utf8 NOT NULL DEFAULT '' COMMENT '新浪授权登陆openID',
  `qq_pic` varchar(201) CHARACTER SET utf8 NOT NULL DEFAULT '' COMMENT 'QQ头像',
  `wechat_pic` varchar(201) CHARACTER SET utf8 NOT NULL DEFAULT '' COMMENT '微信头像',
  `sina_pic` varchar(201) CHARACTER SET utf8 NOT NULL DEFAULT '' COMMENT '新浪微博头像',
  `qq_nickname` varchar(101) NOT NULL DEFAULT '' COMMENT 'QQ昵称',
  `wechat_nickname` varchar(101) CHARACTER SET utf8 NOT NULL DEFAULT '' COMMENT '微信昵称',
  `sina_nickname` varchar(101) CHARACTER SET utf8 NOT NULL DEFAULT '' COMMENT '新浪微博昵称',
  PRIMARY KEY (`id`),
  UNIQUE KEY `u_idx_1` (`uuid`)
) ENGINE=InnoDB AUTO_INCREMENT=849 DEFAULT CHARSET=utf8mb4 COMMENT='用户表';

--
-- Dumping data for table `ya02wmsj_cecoe_user`
--

INSERT INTO `ya02wmsj_cecoe_user` VALUES (1,'4d92a971360243b0bab91e2ffc6740e3','','系统管理员','系统管理员','admin','1','','http://47.99.86.101:8030//uploads/ya02wmsj_cecoe/pic/20200413/137cadd087de9d8bbb60fa22c125338f.png','',0,'','2e47fe3615b6f60c653263707ddcebed','e5c23c121d1806be52445eac6439e555','y','',0,0,'no',1909901826,'','',0,'','',0,0,'no',0,'',1,'phone','2019-05-29 15:46:23','','','','','','','','',''),(318,'ff2f9e265bab43a98231ed487d6cd69b','','陈本义','157****5989','15706805989','1','15706805989','http://review.360tianma.com//uploads/default/head.jpg','331082001202',0,'331082001202','043671f82452812010d4ab1fd63fbc42','f94a30859856156e7f518f26632ab19b','y','',0,0,'no',1942075236,'','',0,'','',0,0,'no',0,'',40,'pc','2020-03-20 08:54:10','','','','','','','','',''),(324,'2b10d51f38144edcbef13f1c96b4414d','','150****0305','150****0305','15068750305','0','15068750305','http://review.360tianma.com/uploads/default/head.jpg','331082001001',0,'','65591151b91cee98a43bc71ee09e0ef8','958f0288fbb9e48c5b7a22a8d0436c85','y','',0,0,'no',1942075236,'','',0,'','',0,0,'no',0,'',3,'phone','2020-03-23 02:03:13','','','','','','','','',''),(327,'982d8a09db9b4c79b1b100e3071fb920','','','','15258843993','0','15258843993','/uploads/default/head.jpg','',0,'','9d227458d5f1fac9fdd4a30fac710f1c','a8a805e3964ee38013786cf23d91f0e7','y','',0,0,'no',2104975918,'','',0,'','',0,0,'no',0,'',0,'phone','2020-03-23 02:18:35','','','','','','','','',''),(334,'f62b055d90d64875b26b2b6d39a59138','','李毅','李毅','lhs_sjzx_1','1','15269365869','','331082000000',0,'331082000000','d5ec08528ccc02e8c344a6e2fafdc7f2','751821f95598d0ce58d2a5d2fb242eae','y','',0,0,'no',1909901826,'','',0,'18','',0,0,'no',0,'',0,'pc','2020-03-23 03:05:43','','','','','','','','',''),(335,'aea302ff0a894b129266a5fcac2a3743','','蒋义城','蒋义城','gcjd_sjs_1','1','15356892547','http://47.99.86.101:8030/uploads/ya02wmsj_cecoe/pic/20200430/701bf2182586679e8a2febb9748aa992.jpg','331082001001',0,'331082001000','ab4d84aaf62b82a811e75cefcac03491','16730890827f1bf233663d84320efadd','y','',0,0,'no',1909901826,'','',0,'19','',0,0,'no',0,'',0,'pc','2020-03-23 03:06:48','','','','','','','','',''),(336,'068a1d3dad2842a7b046a58bd798cfa6','','赵丽伟','赵丽伟','dyjd_sjs_1','1','15356329854','','331082002001',0,'331082002000','a4868c04fa78c779641ee88d4e951b98','6bfa1ac22b9463ca35c437da65301a42','y','',0,0,'no',1909901826,'','',0,'20','',0,0,'no',0,'',0,'pc','2020-03-23 03:07:35','','','','','','','','',''),(337,'57108ee3e5d4408eb104551d179b2657','','韩健辉','韩健辉','whsq_sjz_1','1','15385692364','','331082001001',0,'331082001001','8016c74bfcee5e81f61a3f2f8902cfb5','9c7a946fbf8438826bf13386a47f7325','y','',0,0,'no',0,'','',0,'21','',0,0,'no',0,'',0,'pc','2020-03-23 03:08:58','','','','','','','','',''),(338,'e933e3f04c85424b807adf7e5c0e4b48','','李春光','李春光','fdsq_sjz_1','2','15325693568','','331082002001',0,'331082002001','7f86a10e9908ac00ce43107611941725','aeb54c8eecb2357a0af1f1bc6871ecb6','y','',0,0,'no',1909901826,'','',0,'23','',0,0,'no',0,'',0,'pc','2020-03-23 03:09:46','','','','','','','','',''),(340,'37f316ca06494d059cfd0bafe1ab5e8f','','严安','151****1512','15161531512','0','15161531512','http://review.360tianma.com//uploads/default/head.jpg','331082005200',0,'331082001202','7c5072b7119802752eeccf01eaa7c2e6','e6831e636e4188b81052f016ba9e6964','y','',0,0,'no',2062158613,'','',0,'','',0,0,'no',0,'',48,'pc','2020-03-23 05:34:22','','','','','','','','',''),(341,'bb146100ace649a4aac3f27aa1f09b9c','','','138****1585','13858671585','0','13858671585','http://review.360tianma.com//uploads/default/head.jpg','331082002003',0,'','5e01107fce0e8e9153a76f29d7434df1','829b41c0b3c43fa9814d70322c7dffb7','y','',0,0,'no',1909901826,'','',0,'','',0,0,'no',0,'',67,'phone','2020-03-23 06:26:12','E695B6B7B842B2AD93C13F127F964E37','','','/uploads/default/head.jpg','','','','',''),(342,'8abbec18ddc84f2c9156834c85bd5df5','','杨珂阳','杨珂阳','xqz_sjs_1','2','15269356369','','331082100200',0,'331082100000','3362217eaf54d38174f8fbe02c390438','b0107a4937bbcb68f05acac7d1126477','y','',0,0,'no',1909901826,'','',0,'25','',0,0,'no',0,'',0,'pc','2020-03-23 06:44:58','','','','','','','','',''),(343,'d3a543037ce6446994e236af44c7a752','','许子文','许子文','lfc_sjz_1','2','15258962365','http://47.99.86.101:8030/uploads/ya02wmsj_cecoe/pic/20200430/6ed0f6e8cf8e102a65140832bbe4f165.jpg','331082100200',0,'331082100200','0f5bf5d170031618345013f8dd9568a6','4db6244a0ed3efae1173ffd342b2be12','y','',0,0,'no',3080468310,'','',0,'30','',0,0,'no',0,'',0,'pc','2020-03-23 06:45:50','','','','','','','','',''),(344,'f6c059f7dccc49c4a6416b756fdc40b2','','吕安邦','吕安邦','xqz_qn_1','1','15269359653','/uploads/ya02wmsj_cecoe/pic/20200506/24e5ffd899352a769be9a5a81fc83552.jpg','331082001001',0,'331082000000','cf9d0b876d8ce0e01c78254dad28b1e8','9ee349b8cd3373b32bf1c54010521ac9','y','',0,0,'no',1909901826,'','',0,'','3',0,0,'no',0,'',0,'pc','2020-03-23 07:07:38','','','','','','','','',''),(345,'e5dd0d27b0fe41ff959d0804761b6671','','赵斌','赵斌','dyjd_qnzy_1','1','15252639856','/uploads/ya02wmsj_cecoe/pic/20200506/bd845f3a28d62adb98ccf5e2f58db494.jpeg','331082001001',0,'331082000000','ab7eb13ae297259ed103b73bb1933fc4','edc31fd9def2cd74811443d6ecc29099','y','',0,0,'no',1909901826,'','',0,'','2',0,0,'no',0,'',0,'pc','2020-03-23 07:08:36','','','','','','','','',''),(346,'bab5bed5198249b5b3001e73ea879eda','','马俊一','马俊一','lhs_dermyy_1','1','15258693265','','331082001001',0,'331082000000','b695a34596a52a1217dc75fd30f2f893','0961753e91319d66296d244ee59325e2','y','',0,0,'no',0,'','',0,'','12',0,0,'no',0,'',0,'pc','2020-03-23 07:09:25','','','','','','','','',''),(347,'c1c0b56a155748a2b75fff29db091c81','','李明','李明','lhs_sjzx_2','1','15252636987','','331082001001',0,'331082000000','1d2d0b44ce6edb5558fe909b286098a3','f33f34af2566a2f30b2c69ab9c928ced','y','',1588904348,1,'no',1909901826,'','',0,'18','1',0,0,'no',0,'',0,'pc','2020-03-23 07:10:23','','','','','','','','',''),(348,'a1b5c20ba0c949869298133d3fe5d169','','libra','173****4678','17326044678','1','17326044678','http://review.360tianma.com//uploads/default/head.jpg','',0,'331082101000','8c0cf75b8e43cdca33b00920eb9d160c','6cc4938d9a3185fc03fd4cb7a963827f','y','',0,0,'no',1942075236,'','',0,'','',0,0,'no',0,'',1,'pc','2020-03-23 09:20:51','','','','','','','','',''),(349,'97dab42630364208b93443bbe7b60f81','','','','18337126748','0','18337126748','/uploads/default/head.jpg','331082001001',0,'','a143dd09ed9c76031ddb34046264f697','d7506b307863dda66f76c7262879fe39','y','',0,0,'no',1942010296,'','',0,'','',0,0,'no',0,'',14,'phone','2020-03-23 09:45:33','','','','','','','','',''),(350,'5e7e3675e9da4b87aa949419a477bd87','','','158****8517','15888608517','0','15888608517','http://review.360tianma.com//uploads/default/head.jpg','331082002006',0,'','bbca9d34a742ea5f18a4848809595c77','766601f06afe4698bd293a20a4677ef9','y','',0,0,'no',1880224108,'','',0,'','',0,0,'no',0,'',15,'phone','2020-03-24 00:19:07','','','','','','','','',''),(351,'7eba9d5845994ee8bed952cc4c9bc177','','','郭八','15988945288','0','15988945288','http://thirdwx.qlogo.cn/mmopen/vi_32/Q0j4TwGTfTKExRPG3HkR4DI0VibvmQZ80uehH21PApQ0q9Qzb15QlP1ukMHV5IP8vzIPiauYevicDTNeDBx4Lia0yw/132','331082002002',0,'','f7bc3a4b65362c3a392c14a93a921178','5a5cc3dac20b65d9ac10810d5cf63429','y','',0,0,'no',3670882130,'','',0,'','',0,0,'no',0,'',14,'phone','2020-03-24 01:06:28','','','','','','','','',''),(352,'a2a6938f5be34857ab06b0fda2040f40','','Tina','130****1897','13083981897','2','13083981897','http://review.360tianma.com//uploads/default/head.jpg','331082001001',0,'','dee4b1a132be49dd8232dd2a9dba1f10','91cec05d5003a16651cce0b28302fee6','y','',0,0,'no',1942075236,'','',0,'','',0,0,'no',0,'',4,'pc','2020-03-24 01:26:51','','','','','','','','',''),(353,'74a1ef21f9b74696b6bc8da1b6b995f9','','张晓敏','137****6442','13758246442','1','13758246442','http://review.360tianma.com/uploads/default/head.jpg','331082001202',0,'331082001202','59f9e83df4e9f1ab19a8a7634bdba55d','91c59dc3c209526db01018e7064f17c2','y','',0,0,'no',3670882303,'','',0,'','',0,0,'no',0,'',19,'pc','2020-03-24 02:08:22','','','','','','','','',''),(354,'0911b213274c44f08104432c0d5680a4','','','178****9880','17858409880','0','17858409880','http://review.360tianma.com//uploads/default/head.jpg','331082001002',0,'','35c9af7e2905fbf05765028be006a8f6','37c1cf218246510dc912f764f786b7be','y','',0,0,'no',2104975918,'','',0,'','',0,0,'no',0,'',28,'phone','2020-03-24 09:14:18','','','','','','','','',''),(355,'f145f8936c0a4cba8d6adf2bcc410d25','','','189****9021','18967659021','0','18967659021','http://review.360tianma.com//uploads/default/head.jpg','',0,'','ca6458435ac58828e2cdc9dcea38f7dd','0d82473dd61f48c7067fa83caa61a8d2','y','',0,0,'no',605251962,'','',0,'','',0,0,'no',0,'',5,'phone','2020-03-25 03:02:08','','','','','','','','',''),(358,'0fb56a51cd124b90b7796885abdeb932','','','彭于晏','18267839955','0','18267839955','http://thirdwx.qlogo.cn/mmopen/vi_32/PiajxSqBRaEJoykHJQDHtf5yuTRPy09lc7S9v28HAxYwXV9lBCrHmbYoiatib2a6suFOU6yxLZOicib39Lb9H04Y6Rw/132','331082001001',0,'','c8d51b8cba416394d2033993f2d2b510','f4adda32e86f9ebc38308a2ad761041e','y','',0,0,'no',1942075236,'','',0,'','',0,0,'no',0,'',63,'phone','2020-03-25 03:51:31','170797D78913EE794DC3522EA12ECE80','','','http://thirdqq.qlogo.cn/g?b=oidb&k=aXvjSTn4dVCWH7YJFvY2ZA&s=100&t=1584021461','','','','',''),(359,'04e68979aba44c338f0be5f969f67df2','','','','18372177240','0','18372177240','/uploads/default/head.jpg','',0,'','9b4d7c58ed1869084993c5c392baf546','f7088b977db9ffc1e57ac5fdd7aed9a0','y','',0,0,'no',736332717,'','',0,'','',0,0,'no',0,'',0,'phone','2020-03-25 06:43:18','','','','','','','','',''),(360,'602b8da281ba480d8a4c638eabc6de04','','','182****9670','18258039670','0','18258039670','http://review.360tianma.com//uploads/default/head.jpg','',0,'','d9282632ac3cc78e9bd2c67968438fd7','6893e8b13d748eec919397adf17f4f37','y','',0,0,'no',3703564743,'','',0,'','',0,0,'no',0,'',0,'phone','2020-03-25 07:51:57','','','','','','','','',''),(361,'dcedc69a57ce4d72b2320de00d19c3d2','','','','13665770370','0','13665770370','/uploads/default/head.jpg','',0,'','38977337b33ef724e38cf47c54c92da3','3fe8bfd82351c9296beca2fc4557d4db','y','',0,0,'no',3703564744,'','',0,'','',0,0,'no',0,'',0,'phone','2020-03-25 08:11:14','','','','','','','','',''),(362,'bfa140d0c9754c478bacffe60114037b','','','','13958583522','0','13958583522','/uploads/default/head.jpg','',0,'','72a7a958df972e582a6a800462cd3156','2e7a5c69a1ce550a5a544017b36b0ddd','y','',0,0,'no',2090916152,'','',0,'','',0,0,'no',0,'',0,'phone','2020-03-25 08:11:54','','','','','','','','',''),(363,'605914f4822c4e18943168c940d81060','','','','13806560653','0','13806560653','/uploads/default/head.jpg','',0,'','2a17c6d96ece85d83365cf42e788a773','356b07cc0f95136d3130d36bcb911461','y','',0,0,'no',1880224125,'','',0,'','',0,0,'no',0,'',0,'phone','2020-03-25 08:15:49','','','','','','','','',''),(364,'584275b26f874a7ead320dd94c8be323','','','159****4579','15937274579','0','15937274579','http://review.360tianma.com//uploads/default/head.jpg','',0,'','67a56338fac90c25a86c405e7772a03f','1526eeb42866063ab213c0bb6f24ab5c','y','',0,0,'no',1880223334,'','',0,'','',0,0,'no',0,'',0,'phone','2020-03-25 08:16:21','','','','','','','','',''),(365,'e22ddd68090847faa7ad0ade8e5cd50b','','','','13958561009','0','13958561009','/uploads/default/head.jpg','',0,'','fe9c085f340fac952b987e4ee3284a55','41cecb76c9945651342fd69573d5ed86','y','',0,0,'no',605238078,'','',0,'','',0,0,'no',0,'',0,'phone','2020-03-25 08:23:09','','','','','','','','',''),(366,'fd91163d217642aeb179077476735a09','','','','13586100637','0','13586100637','/uploads/default/head.jpg','',0,'','1e270f4737d1992f9a7636a77962867a','8bb309d37a7a4af8ba0158b79f3cc5fc','y','',0,0,'no',3549066347,'','',0,'','',0,0,'no',0,'',0,'phone','2020-03-25 08:52:50','','','','','','','','',''),(367,'54d4fe8835b14d6694061861c2a1fa2c','','','','13666895533','0','13666895533','/uploads/default/head.jpg','',0,'','b931a7745abe6bbd0a283a94b4cf119a','45452e981fa59e677e95e78a4e1889e8','y','',0,0,'no',3670882097,'','',0,'','',0,0,'no',0,'',0,'phone','2020-03-25 12:22:11','','','','','','','','',''),(368,'5a84eebdd6fc47589de65d15ebb2de8d','','','','13606767555','0','13606767555','/uploads/default/head.jpg','',0,'','e14998509d99345e07b90c0e0aa62b4a','08f2e0ae24ced91555b7a5ca3a48e43f','y','',0,0,'no',666294740,'','',0,'','',0,0,'no',0,'',0,'phone','2020-03-25 12:35:52','','','','','','','','',''),(369,'c1b5160c1cc245139b1991abc2cabc18','','','139****6600','13958556600','0','13958556600','http://review.360tianma.com//uploads/default/head.jpg','331082001006',0,'','8411c8ad410242f5e7cb0b3e53488026','c83bdf2ae194aacf2d85bcc3de4d2a27','y','',0,0,'no',3670882131,'','',0,'','',0,0,'no',0,'',0,'phone','2020-03-25 13:07:39','','','','','','','','',''),(370,'13934aed9fea41058248f1c1b7045068','','','','13858608078','0','13858608078','/uploads/default/head.jpg','',0,'','20d5ca4c167d63705b484da68cca2388','b4fcc5a23f7b92cf757e4483ea34232b','y','',0,0,'no',3670882081,'','',0,'','',0,0,'no',0,'',0,'phone','2020-03-25 15:21:10','','','','','','','','',''),(371,'41dc02ef48704edfa7f273405143d9f8','','','178****6972','17826856972','0','17826856972','http://review.360tianma.com//uploads/default/head.jpg','331082002001',0,'','189030e606d649cc8dd69a7d06001420','58db0f6fe1c43eb8abe695ba179ee65a','y','',0,0,'no',2104975918,'','',0,'','',0,0,'no',0,'',5,'phone','2020-03-26 03:17:45','','','','','','','','',''),(375,'e6d47f5f00a14e9fbb1188a51b8659e7','','黄加棋','183****7058','18357747058','1','18357747058','http://review.360tianma.com/uploads/default/head.jpg','331082001202',0,'331082001202','5c747fb6620341bb30e6bab4c545b77f','079e845e45a0215e708030ad138147e0','y','',1587346308,1,'no',1942075900,'','',0,'','',0,0,'no',0,'',76,'pc','2020-03-26 03:43:03','','','','','','','','',''),(376,'b212060217984a6581c5b484997e0a17','','','','13958523556','0','13958523556','/uploads/default/head.jpg','',0,'','459b4d6ef6ba06ac899be91cc1b1b642','ae41b84a8bbd9b945c881200c1b0be7b','y','',0,0,'no',605202331,'','',0,'','',0,0,'no',0,'',0,'phone','2020-03-27 01:14:20','','','','','','','','',''),(377,'087211183e98402fae79b49f2e1e6392','','','','13958596510','0','13958596510','/uploads/default/head.jpg','',0,'','55471102d77ec6ca6b0bbae1fe241206','badb758e55d08d87f966836eeec92a59','y','',0,0,'no',1909901826,'','',0,'','',0,0,'no',0,'',0,'phone','2020-03-27 01:50:48','','','','','','','','',''),(378,'9369c0de31f3404fbe40f445056bbd64','','墨初@','墨初@','operate_001','2','15200000001','','331082000000',0,'','5577110ef071e966966050bfedbd9f10','2752f1e279c75794ce9dc59124a5e837','y','',0,0,'no',2104975918,'','',0,'','',0,0,'no',0,'',0,'pc','2020-03-28 06:00:25','','','','','','','','',''),(379,'28f169fa39fe4e09bd5469be6c60532f','','树深时见鹿','树深时见鹿','operate_002','1','15200000002','','331082000000',0,'','9c6f84358fd8d759d747ced3d6646b5d','7fb431aed980f47fe3ecc213032d62ec','y','',0,0,'no',1909901826,'','',0,'','',0,0,'no',0,'',0,'pc','2020-03-28 07:32:24','','','','','','','','',''),(380,'5aba4b3dc2bc4fc49b3228dae028e972','','指间轻纱°','指间轻纱°','operate_003','2','15200000003','','331082000000',0,'','2e1d4c675d3aaaa67e2fa0658054fc09','de154df604e4dbe1da55050aa2416920','y','',1585708304,1,'no',1909901826,'','',0,'','',0,0,'no',0,'',0,'pc','2020-03-28 07:33:36','','','','','','','','',''),(381,'5af3f4cb4f484ba887481f6c4a657f95','','流星划过sky','流星划过sky','operate_004','1','15200000004','','331082000000',0,'','9e062d261fcdcfd8970aa7205841db6f','83dd948060dd1d4a91e063a076c27c66','y','',0,0,'no',1909901826,'','',0,'','',0,0,'no',0,'',0,'pc','2020-03-28 07:35:51','','','','','','','','',''),(382,'6111946965dd4de2acfae55a9e774877','','智慧科协发布','智慧科协发布','operate_005','1','15200000005','','331082000000',0,'','b78bf1fcf49345709288a2ed425a85e4','fca1c6fbfcd9c7d2c5ce977d8e9c95fa','y','',0,0,'no',3703565026,'','',0,'','',0,0,'no',0,'',0,'pc','2020-03-28 07:36:16','','','','','','','','',''),(383,'27b10bdbb553432eb467be8469bb632f','','教育局发布','教育局发布','operate_006','1','15200000006','','331082000000',0,'','bb27db3d9d8aa1ee072cb169d2883700','9afea36c5825c41085d06f8b313564f3','y','',0,0,'no',3703565026,'','',0,'','',0,0,'no',0,'',0,'pc','2020-03-28 07:36:36','','','','','','','','',''),(384,'1a9c4977a5fb468f9f87cc73510301b2','','凝眸う','凝眸う','operate_007','2','15200000007','','331082000000',0,'','d3a871e04a4b8838905c6291ea60f4ee','0e65419150e63d98d041862ebdd66eec','y','',0,0,'no',1909901826,'','',0,'','',0,0,'no',0,'',0,'pc','2020-03-28 07:36:56','','','','','','','','',''),(385,'35f0f30a755e488e956232f058c69a05','','半窗疏影','半窗疏影','operate_008','2','15200000008','','331082000000',0,'','2ae2cbf0dc6ea226660150e52d09ce9a','e52ad370e51e8ed451ac2c0f8cc40708','y','',0,0,'no',0,'','',0,'','',0,0,'no',0,'',0,'pc','2020-03-28 07:37:19','','','','','','','','',''),(386,'17268df82e0948a0b8f52955a1670fb8','','斜阳下° 微笑 ╮','斜阳下° 微笑 ╮','operate_009','2','15200000009','','331082000000',0,'','0dc0d06bd61e188619991b9d68d552e2','11e272d3b5921aac3f4126e81aeb18e2','y','',0,0,'no',1909901826,'','',0,'','',0,0,'no',0,'',0,'pc','2020-03-28 07:38:03','','','','','','','','',''),(387,'e69d7d241af64e76817639410d1e6cf6','','初雪','初雪','operate_010','2','15200000010','','331082000000',0,'','95c0539d66c425eac34a07a36bf0c698','a4bc91905a8a065531af5c929818de71','y','',0,0,'no',3078662132,'','',0,'','',0,0,'no',0,'',0,'pc','2020-03-28 07:38:25','','','','','','','','',''),(388,'9bd8e281a8aa41868b90b65ac3acccf3','','临海发布','临海发布','operate_011','1','15200000011','','331082000000',0,'','0865322bf63716818fcc9106a98119a5','9efe0642b31e308919c93b96db905f14','y','',0,0,'no',3078661249,'','',0,'','',0,0,'no',0,'',0,'pc','2020-03-28 07:38:53','','','','','','','','',''),(389,'60b0129aa4e64097b11c7f1bce63fd6c','','文明实践中心','文明实践中心','operate_012','1','15200000012','','331082000000',0,'','c49d33c78e05bbe4fe1b398bdd871305','7a1c498c980c6c3ecf457a2e2466beec','y','',0,0,'no',0,'','',0,'','',0,0,'no',0,'',0,'pc','2020-03-28 07:51:16','','','','','','','','',''),(390,'c5c90ef932ac43e282ce62b20a9df0b4','','','','13736208308','0','13736208308','/uploads/default/head.jpg','',0,'','4280daae56757d22fe385f5354436c80','e187c0453ca6baa28484d282179c4917','y','',0,0,'no',3670882153,'','',0,'','',0,0,'no',0,'',0,'phone','2020-03-30 01:48:26','','','','','','','','',''),(391,'fd10d6b89cec4a4cb59f423d3acb2485','','','志军','13736204342','0','13736204342','http://thirdwx.qlogo.cn/mmopen/vi_32/Q0j4TwGTfTLsblvibO6Mnnd8omu0RVxZ235YDeAibwCicySnszYNMMW9ibdSgdbrlODiaX5x9en17w580fecWT9O1Jw/132','331082002003',0,'','77e302ce34cd635b258dafd39318d5dd','620d8f144b8119da569afe2335329232','y','',0,0,'no',3549066255,'','',0,'','',0,0,'no',0,'',2,'phone','2020-03-30 02:29:17','','','','','','','','',''),(392,'a2c82daefb4a478c951410412616d207','','','135****2695','13575822695','0','13575822695','http://review.360tianma.com//uploads/default/head.jpg','',0,'','e75fed9a18bee8e1708ce54470b4aed6','951e00cd89540ad8350cf75e24270cbd','y','',0,0,'no',1909901826,'','',0,'','',0,0,'no',0,'',0,'phone','2020-03-30 02:35:16','','','','','','','','',''),(393,'42f6aa997f16466193ab684d7727dce1','','方德友','方德友','wandeyou','1','13706768881','/ya02lhwhlt_wdhaw/','331082001202',0,'331082001202','01bf4aab87e3b22adf3e5829b875b770','507d36a557ed9ec3473aa0d49a05ee57','y','',0,0,'no',0,'','',0,'','',0,0,'no',0,'',0,'pc','2020-03-30 02:46:42','','','','','','','','',''),(394,'67b2a9dace124a849c7168747cf1619c','','张老师','136****6591','13605816591','1','13605816591','http://review.360tianma.com//uploads/default/head.jpg','',0,'331082108278','bf310daf550750d5f3078d3832182133','7918c6ef5edca7ca0b7f150a849adb69','y','',0,0,'no',1942075236,'','',0,'','',0,0,'no',0,'',17,'pc','2020-03-30 05:00:30','','','','','','','','',''),(395,'99cbb083d75c477ca4054781e3b1d102','','未知用户','未知用户','13857131128','0','13857131128','','',0,'331082110204','b9babd501281e15dc3bd6e04b3379527','881faf6685311bcb060058534c5f14bf','y','',0,0,'no',3748175784,'','',0,'','',0,0,'no',0,'',0,'pc','2020-03-31 05:37:08','','','','','','','','',''),(396,'4ac2e51c84ae4884ac1bb55c2af2c3cf','','','158****5227','15868105227','0','15868105227','http://review.360tianma.com//uploads/default/head.jpg','',0,'','7f715b19ea768336fbbf8d5bc244bfb7','e8b0f213b667be7d17cc83caa47a3a43','y','',0,0,'no',0,'','',0,'','',0,0,'no',0,'',0,'phone','2020-04-20 06:07:11','','','','','','','','',''),(397,'0bda64c16a66440e86cd5b5e5e442c0e','','章来泉','182****8664','18258188664','1','18258188664','http://review.360tianma.com//uploads/default/head.jpg','',0,'331082107200','ff85b78f6613ab8b41abd839d5f3d1cc','1c96f176f3824eff0d584993d8c9aa08','y','',0,0,'no',1879716590,'','',0,'','',0,0,'no',0,'',0,'pc','2020-04-01 07:55:41','','','','','','','','',''),(398,'9346ce6505034a558311de0101c209ff','','文化社区采编','文化社区采编','operate_whsq','1','15269658456','','331082000000',0,'331082001001','e235d6efc78cd5d55613e85396b81eec','b0df3552d6cb7cd49c9573d21cd36c65','y','',0,0,'no',3078662132,'','',0,'','',0,0,'no',0,'',0,'pc','2020-04-01 11:47:12','','','','','','','','',''),(399,'840e52afdd284ab5a248a9054cdf8f00','','','139****1085','13958551085','0','13958551085','http://review.360tianma.com//uploads/default/head.jpg','331082101203',0,'','f3f1dd789e3386b2ada72022815866a7','eda6fe02f269c4c98c86511943d99b6d','y','',0,0,'no',666219692,'','',0,'','',0,0,'no',0,'',7,'phone','2020-04-02 08:38:26','','','','','','','','',''),(400,'d529638c8efa4f79857d76bcdb3c7d67','','','','18958576633','0','18958576633','/uploads/default/head.jpg','',0,'','c82c282bba03bafdcb42e57ed5fd8d0e','b648bdaa515cdc7b634e3e7942479e9e','y','',0,0,'no',1018954040,'','',0,'','',0,0,'no',0,'',0,'phone','2020-04-03 00:35:45','','','','','','','','',''),(401,'e349684d83b146f99c9a951758a2bf84','','anson_yan','anson_yan','o_18999999999','1','18999999999','','331082001001',0,'331082001001','cb725f3a575d1d856cabf573cbe6a457','bb7cc698910e08f045410610387d05a3','y','',0,0,'no',666223089,'','',0,'','',0,0,'no',0,'',0,'pc','2020-04-03 07:43:55','','','','','','','','',''),(402,'c39419700a19470581640027f7d6dbca','','139****8713','139****8713','13982268713','0','13982268713','http://review.360tianma.com//uploads/default/head.jpg','331082001001',0,'','d536668665a958983a247fc115a81a2c','776fe973c9232e701214446faf810a0e','y','',0,0,'no',2101703379,'','',0,'','',0,0,'no',0,'',2,'phone','2020-04-03 15:44:25','','','1801806580','','','/uploads/member/D9CD5D3DC598B26879C5262B5F7DA6AB/15857924493236.jpeg','','',''),(403,'c13d6595fe1c4edcaadc2f146c21f26e','','','','13018955800','0','13018955800','/uploads/default/head.jpg','331082001001',0,'','184c88c455f25a118f3a8df566c1acdf','769bf5ef5357578654e053a63ae71d1f','y','',0,0,'no',2104975918,'','',0,'','',0,0,'no',0,'',0,'phone','2020-04-07 08:12:57','','','','','','','','',''),(404,'3b87c499a9f54806ac7ecee744a1446e','','','152****6861','15215826861','0','15215826861','http://review.360tianma.com//uploads/default/head.jpg','',0,'','d50e890a8193ede0cdd10452af2e14e9','b79111bddf68b1d5fe6cc70f850b3193','y','',0,0,'no',0,'','',0,'','',0,0,'no',0,'',10,'phone','2020-04-22 06:37:37','','','','','','','','',''),(405,'90ee2060f62e419c9dec9355ecef9231','','沈俊','探索者','15397017519','1','15397017519','http://thirdwx.qlogo.cn/mmopen/vi_32/Q0j4TwGTfTKGKKZJsD7uyciauEs4vzgaGzichstOea41ERsmTTlVsBWRiaT0g0XLoV6sl5P7HWavY1hv9cjkhEuBw/132','',0,'331082001000','fffae5b19123d2eddc53164aebeebdec','51bd388582a20470b7d8b22b4bacc49e','y','',0,0,'no',3670882303,'','',0,'','',0,0,'no',0,'',75,'pc','2020-04-08 06:10:25','','o6DTI1aSIlaw3bHg8D3DgPA6YWjU','','','http://thirdwx.qlogo.cn/mmopen/vi_32/Q0j4TwGTfTKGKKZJsD7uyciauEs4vzgaGzichstOea41ERsmTTlVsBWRiaT0g0XLoV6sl5P7HWavY1hv9cjkhEuBw/132','','','',''),(406,'60a39148807e42a4abade7937eeec8d8','','张副总','那时飞雪','15068882217','1','15068882217','http://review.360tianma.com//uploads/default/head.jpg','331082005205',0,'331082101225','e5edd4bf860d6e2d3c71389998695618','01decf7b3e32ba5f3ae80270b70ec32e','y','',0,0,'no',3703079100,'','',0,'','',0,0,'no',0,'',28,'pc','2020-04-10 02:14:38','','','','','','','','',''),(407,'f0a1d97672b540cf81df09e553762556','','','克里斯Sss','13157190917','0','13157190917','http://thirdwx.qlogo.cn/mmopen/vi_32/JNSJld6FVQPSYXR1icnR2ztjxkGnNLSLCa9TEu7VPiaGuqesAHHLiaiaXZz4h5RhbRgicCb34TTK5l8xPIgyCS2uocw/132','331082001001',0,'','b687a03d5c3b67d0b700a996cece9f29','a991dd34fe8bc8b80987364c57ea3c10','y','',0,0,'no',2090915455,'','',0,'','',0,0,'no',0,'',5,'phone','2020-04-12 04:41:45','','','','','','','','',''),(408,'9a616424837a4a62b3aa819e2adf718b','','','136****2022','13626602022','0','13626602022','http://review.360tianma.com//uploads/default/head.jpg','',0,'','19520ee458c4826ee0d1df44ebe3fa06','ea4da23c77447e48a031e172ae5a2eae','y','',0,0,'no',0,'','',0,'','',0,0,'no',0,'',0,'phone','2020-04-13 04:34:11','','','','','','','','',''),(409,'68acfe75b37c49baacefd4a350395cef','','','侯启源','13736528291','0','13736528291','http://thirdwx.qlogo.cn/mmopen/vi_32/Q0j4TwGTfTIYwU1a3Af6hcPy0rjIkYKWtibiczguNficWhbq6kA2bAf21BLxzrKYHwsM4dJaSGzMm7dsCFT7QEB0Q/132','',0,'','f0d975166c532fed112dc515bf801754','84d55f1d902f630956c9ebd633225243','y','',0,0,'no',0,'','',0,'','',0,0,'no',0,'',1,'phone','2020-04-18 02:20:04','','','','','','','','',''),(410,'2b55589801464d169dbba755acd27827','','','158****4648','15867784648','0','15867784648','http://review.360tianma.com//uploads/default/head.jpg','',0,'','e08a475be7be73f0038ffe794776bef0','94a9801292d7701a6881246769ebf0c0','y','',0,0,'no',0,'','',0,'','',0,0,'no',0,'',0,'phone','2020-04-19 08:33:16','','','','','','','','',''),(411,'71a843a0ab4149b28f5d99aaa082dab1','','','182****2205','18221042205','0','18221042205','http://review.360tianma.com//uploads/default/head.jpg','',0,'','352ed2f750346d79878a85fc4e01101e','070dcc9bccff0f181c7f4cef64b815b8','y','',0,0,'no',0,'','',0,'','',0,0,'no',0,'',2,'phone','2020-04-23 06:40:18','','','','','','','','',''),(412,'899c1208b5cc4a968b4d3c80dc9c6c67','','','“活着”就好','13586158500','0','13586158500','http://thirdqq.qlogo.cn/g?b=oidb&k=eibDjfhCTg2v6YwTiaOUBfwQ&s=100','',0,'','f5ce95657b390edfb1feddc85f760a8f','4c0abaace33a18345ad87631b68a4583','y','',0,0,'no',0,'','',0,'','',0,0,'no',0,'',2,'phone','2020-04-21 00:38:01','','','','','','','','',''),(413,'77d6d91928674829a8dc7c182bf8329c','','','139****6633','13958576633','0','13958576633','http://review.360tianma.com//uploads/default/head.jpg','',0,'','359c4b32678dace867f9a93779209f89','abe751fe7002dcf6ead92f1721b64764','y','',0,0,'no',0,'','',0,'','',0,0,'no',0,'',0,'phone','2020-04-22 01:29:06','','','','','','','','',''),(414,'ecac20c516e14a7992e23a515abac3f3','','','139****5664','13958565664','0','13958565664','http://review.360tianma.com//uploads/default/head.jpg','',0,'','6a044ad3fd12e8289f71a579f2474f61','9c92034c6a7f53b6d2083dab120a2425','y','',0,0,'no',0,'','',0,'','',0,0,'no',0,'',10,'phone','2020-04-22 01:39:27','','','','','','','','',''),(416,'7c3e9c4426c84c83a48a8a6b32ca4c8b','','','135****0371','13560770371','0','13560770371','http://review.360tianma.com//uploads/default/head.jpg','',0,'','acdda10f3c0f843675c6655dea379412','a9a356af70facda1e1cb10a0db217ffe','y','',0,0,'no',0,'','',0,'','',0,0,'no',0,'',0,'phone','2020-04-22 08:40:52','','','','','','','','',''),(418,'b2eb2d340f214f61958e0740bee42e43','','','156****9991','15601859991','0','15601859991','http://review.360tianma.com//uploads/default/head.jpg','',0,'','923be953a053a0189638e6139e29d530','1682f761727caf9cf2fdbd553a9682c1','y','',0,0,'no',0,'','',0,'','',0,0,'no',0,'',0,'phone','2020-04-26 04:31:22','','','','','','','','',''),(419,'6afeb9d24e994f8b9e021663050e772e','','','134****3732','13402023732','0','13402023732','http://review.360tianma.com//uploads/default/head.jpg','',0,'','d4087909ae49c5becf129a6937c52b63','914a1c82bb0b09d92526490cb50c5b55','y','',0,0,'no',0,'','',0,'','',0,0,'no',0,'',0,'phone','2020-04-27 06:51:52','','','','','','','','',''),(421,'b9af275cdcff475e8f7b3f11784859fa','','李梦楠','','xqz_lm_1','2','15200000013','/uploads/ya02wmsj_cecoe/pic/20200506/592249c96053aec58f59be9519dbb3fc.jpeg','331082000000',0,'331082000000','9be2629aab1fe983a8416cf5f7ee5dbe','47b789e822c1b6c20e35284d4b7682b6','y','',0,0,'no',3080468310,'','',0,'','26',0,0,'no',0,'',0,'pc','2020-04-30 12:42:10','','','','','','','','',''),(422,'a819d9bc03084818ae7745d267038c31','','李亚男','','xqz_yy_1','2','15200000014','/uploads/ya02wmsj_cecoe/pic/20200506/1542531ed933ac6e6948a9dada48c902.jpeg','331082000000',0,'331082000000','6c298d143abeaf4aa4a38f5dd6d0f67c','b46dc0b01cbccb7b3d4b4756fe361029','y','',0,0,'no',3080468310,'','',0,'','24',0,0,'no',0,'',0,'pc','2020-04-30 13:05:21','','','','','','','','',''),(424,'b8f3a6691d1d43799b7de2069e0ce361','','','136****9191','13666869191','0','13666869191','http://review.360tianma.com//uploads/default/head.jpg','331082001001',0,'','2d58cc235d7e956333d1148bbe91142b','255e43ba0dcca1a73b07c4483281c90a','y','',0,0,'no',0,'','',0,'','',0,0,'no',0,'',0,'phone','2020-05-01 08:11:09','','','','','','','','',''),(425,'e28b3eeb954d4ccaad5ed5d4a50da25b','','','O.T','15967652800','0','15967652800','http://thirdwx.qlogo.cn/mmopen/vi_32/DYAIOgq83eojIMEhuiaX20ucyic02L7gk1pI9dzuacO7h1VD2lItPF7ADF7J3ekq41ia7kmKbRCev4CMHAPTCf2Yg/132','',0,'','8aeb2481509ccc41bfbe8fc296cef9ae','396e2faf02970ba953799a2a110d1eb2','y','',0,0,'no',0,'','',0,'','',0,0,'no',0,'',0,'phone','2020-05-04 03:39:36','','','','','','','','',''),(427,'a4ecd68f217c43288978cfc2fbe55b74','','','133****9021','13386569021','0','13386569021','http://review.360tianma.com//uploads/default/head.jpg','331082002225',0,'','5e4a6f6be56988adf1870e7176b193af','3cb8eb85ed43c57dc95a4d3775e11a4f','y','',0,0,'no',0,'','',0,'','',0,0,'no',0,'',0,'phone','2020-05-06 01:16:15','','','','','','','','',''),(428,'7f0f1c8c91784c86b7afe5e57b685924','','李明宇','','xqz_xt_1','1','15200000015','/uploads/ya02wmsj_cecoe/pic/20200506/301f580dcc9bbd5a09ec86a38370fe1a.jpg','331082000000',0,'331082000000','cc00ea735bddd1dc6d03eb3e5fde0bbd','390610616b29df35a86e1517e787766e','y','',0,0,'no',1909901826,'','',0,'','14',0,0,'no',0,'',0,'pc','2020-05-06 02:26:34','','','','','','','','',''),(430,'233dbc2837f244869a27c6e6bfc1b1f8','','','180****1669','18019381669','0','18019381669','http://review.360tianma.com//uploads/default/head.jpg','331082001001',0,'','d59b0c056f9b488fef9aed90fa5b4407','2e286f1cc0568c3112f2fc07cd96ee88','y','',0,0,'no',0,'','',0,'','',0,0,'no',0,'',0,'phone','2020-05-06 02:57:45','','','','','','','','',''),(431,'ce08486e2f3f4a89986c10d8070a7132','','张强','','xqz_xt_2','1','15200000020','','331082002007',0,'331082000000','aef0d8246a752c7055b6c89a088bcec6','7c112bdfaa73b6632d2c0d657ec4e2cb','y','',0,0,'no',1909901826,'','',0,'','1',0,0,'no',0,'',0,'pc','2020-05-06 09:21:51','','','','','','','','',''),(432,'96e6453cc28e474899c30af1ff5d8754','','许玲娅','','','0','13819675310','','331082000000',0,'331082000000','fb3e85664ee0abbc034a5811a0d7cd70','def2ddbd81012f66995c98e4612e59d8','y','',1588988267,1,'no',1018957891,'','',0,'','44',0,0,'no',0,'',0,'pc','2020-05-07 03:03:09','','','','','','','','',''),(433,'1f69fc1f63ef47508117f3a42d480af2','','张荣伟','','','0','13586135015','','331082000000',0,'331082000000','c02b173c1268d7d4c39cb54b26da9f49','aeea60215bf3efdc21e3f18bf91438da','y','',1588988267,1,'no',1018957891,'','',0,'','48',0,0,'no',0,'',0,'pc','2020-05-07 03:03:09','','','','','','','','',''),(434,'01e1f04859c448e8a8ef43cc1fe84893','','王科','','','0','15888619119','','331082000000',0,'331082000000','f6a5969d7e6ff55f96d934c9ba0fc5c7','2b79d46c6695fac1523ba274d99a36bc','y','',1588988267,1,'no',1018957891,'','',0,'','10',0,0,'no',0,'',0,'pc','2020-05-07 03:03:09','','','','','','','','',''),(435,'87e7bdfec2d24b9eb787adb830500f70','','郑小华','','','0','13958566561','','331082000000',0,'331082000000','db08224bf3f90f2f4f0339c4e8f9bc88','dbe2038c184c9e302326c0be3e75dbd3','y','',1588988267,1,'no',1018957891,'','',0,'','9',0,0,'no',0,'',0,'pc','2020-05-07 03:03:10','','','','','','','','',''),(436,'895ca8d78fae4104b1ef24012a70c142','','冯伟涛','','','0','15990643963','','331082000000',0,'331082000000','7c5227a64af3f0cec23148599c26b925','b3e8a966a6d1a3efbf0afd4e686ea334','y','',1588988267,1,'no',1018957891,'','',0,'','52',0,0,'no',0,'',0,'pc','2020-05-07 03:03:10','','','','','','','','',''),(437,'b4ae2046a8204f70b40c5a3d5cd9029f','','叶波','','','0','13777675008','','331082000000',0,'331082000000','3b3c5fa54264a510c092f68e928babe3','539d83c806d4bf1c9a1545a518a01c70','y','',1588988267,1,'no',1018957891,'','',0,'','50',0,0,'no',0,'',0,'pc','2020-05-07 03:03:10','','','','','','','','',''),(438,'873ed7f9f0dc46de8ef850fca469f0ec','','金樱子','','','0','13566423331','','331082000000',0,'331082000000','b537478bca5f7b05746e789cd22a7e2a','b704f2d82551412374edf6862bb9ffb1','y','',1588988267,1,'no',1018957891,'','',0,'','47',0,0,'no',0,'',0,'pc','2020-05-07 03:03:10','','','','','','','','',''),(439,'e3bc9dab533442f79d9e626fe719fa8f','','褚肖凯','','','0','15057294197','','331082000000',0,'331082000000','66c31c62649f79298dfe21295eef74d9','d97ece865fb7431de06e7b12289cd8ec','y','',1588988267,1,'no',1018957891,'','',0,'','46',0,0,'no',0,'',0,'pc','2020-05-07 03:03:10','','','','','','','','',''),(440,'afaac448fc2647039289c5f21278f303','','干兢','','','0','18958598053','','331082000000',0,'331082000000','8fd8c33886d106ddbd04d1cac849ca6d','541516fc9faa648be69d402bc647d90a','y','',1588988267,1,'no',1018957891,'','',0,'','39',0,0,'no',0,'',0,'pc','2020-05-07 03:03:10','','','','','','','','',''),(441,'3d5a14b673694d03a963929540ac8038','','金爱青','','','0','13706762018','','331082000000',0,'331082000000','a9b54bc50cd383a506952c585f36132c','2e9708a78a122bf137f9271ea387d7f1','y','',1588988267,1,'no',1018957891,'','',0,'','12',0,0,'no',0,'',0,'pc','2020-05-07 03:03:11','','','','','','','','',''),(442,'4eb7afc99ceb4c7b8ed3eb03033287fd','','冯济峰','','','0','13958568525','','331082000000',0,'331082000000','ec2259ef29f66bafe27787c03607de5b','2b6828cb8cf63cf61863171dd17983d7','y','',1588988267,1,'no',1018957891,'','',0,'','26',0,0,'no',0,'',0,'pc','2020-05-07 03:03:11','','','','','','','','',''),(443,'780a042de78f474bb8a26a52a57ddc06','','史恩明','','','0','13665775938','','331082000000',0,'331082000000','6ca7ed2f3d457875b9bb812b4dfe4f02','811566704647b71a3176c77e768c787b','y','',1588988267,1,'no',1018957891,'','',0,'','27',0,0,'no',0,'',0,'pc','2020-05-07 03:03:11','','','','','','','','',''),(444,'a0f244323e9f496f89084b95d179d01c','','李亦晨','','','0','13626682035','','331082000000',0,'331082000000','b6428ae2d7890620020d305c6d638baa','c5b2d780969d0be629bb8ca4f473cc63','y','',1588988267,1,'no',1018957891,'','',0,'','35',0,0,'no',0,'',0,'pc','2020-05-07 03:03:11','','','','','','','','',''),(445,'9d040b985013449582da1ac154ed9a39','','祝若凡','','','0','13586281005','','331082000000',0,'331082000000','51d1e947e1c0393d927df9ae66dcc5fe','c5174c484a184b4030b6b826bab04001','y','',1588988267,1,'no',1018957891,'','',0,'','45',0,0,'no',0,'',0,'pc','2020-05-07 03:03:11','','','','','','','','',''),(446,'65f24016f1ab4150ac216a773d431d2b','','许勰','','','0','13968561861','','331082000000',0,'331082000000','f8255d64fb16de5219fcc3180404a55f','52a096a41557a6beb9c8622f2398672f','y','',1588988267,1,'no',1018957891,'','',0,'','13',0,0,'no',0,'',0,'pc','2020-05-07 03:03:11','','','','','','','','',''),(447,'99cc538f827343998fd993c899ca3111','','胡余好','','','0','13586121518','','331082000000',0,'331082000000','50246a76592190fee6eea7b057da9e4d','69b2c4e7b2a185cc2f8653257d271bd8','y','',1588988267,1,'no',1018957891,'','',0,'','18',0,0,'no',0,'',0,'pc','2020-05-07 03:03:12','','','','','','','','',''),(448,'e2e2174791724a9797b7c81e0f13d8f4','','潘葛真源','','','0','13626681232','','331082000000',0,'331082000000','742441333bde2b3b6d1123dc854b7ee3','b1f33c0585329b40c229d284dfd6311f','y','',1588988267,1,'no',1018957891,'','',0,'','33',0,0,'no',0,'',0,'pc','2020-05-07 03:03:12','','','','','','','','',''),(449,'4a87b9bbcca247998d8171f3ca61da23','','姜永','','','0','13586119370','','331082000000',0,'331082000000','9099ed8f765eed49df337ffdccb48351','8dc229945f1fd6475add26452c2b904e','y','',1588988267,1,'no',1018957891,'','',0,'','14',0,0,'no',0,'',0,'pc','2020-05-07 03:03:12','','','','','','','','',''),(450,'f7b3b0ed34eb463d9ec116540a2a65d7','','林萍','','','0','13958576071','','331082000000',0,'331082000000','ea8d947e3ee852dde3c125386da6563e','5357f7ece68e2028816cf18196a0dcf7','y','',1588988267,1,'no',1018957891,'','',0,'','19',0,0,'no',0,'',0,'pc','2020-05-07 03:03:12','','','','','','','','',''),(451,'22969a3950a54bb8977caf85a44f021e','','应豪','','','0','13706761388','','331082000000',0,'331082000000','0bd0c392c90427fcf8e8663d6ead5fd6','f4046df97df271d4fc3d053be0f2f20d','y','',1588988267,1,'no',1018957891,'','',0,'','20',0,0,'no',0,'',0,'pc','2020-05-07 03:03:12','','','','','','','','',''),(452,'9355b01ed5c0420bbdc7de63d4ec7eef','','尤田','','','0','13676659036','','331082000000',0,'331082000000','ae595850df5d4086d6db3061bfcdde0b','4a79dfe846faba46fe25acaac0935875','y','',1588988267,1,'no',1018957891,'','',0,'','21',0,0,'no',0,'',0,'pc','2020-05-07 03:03:13','','','','','','','','',''),(453,'00bf8622f2aa4a19a7c57bd5454809c0','','王海红','','','0','13088627881','','331082000000',0,'331082000000','a02742be52d7219d279e0fc812099abc','c4c17a859f207844578e3a1a04c661d4','y','',1588988267,1,'no',1018957891,'','',0,'','22',0,0,'no',0,'',0,'pc','2020-05-07 03:03:13','','','','','','','','',''),(454,'b714150340f643a4ad7860f8c3649ca0','','朱笑烨','','','0','15888671596','','331082000000',0,'331082000000','92aabf77b6d0b7f627d9563fc0375fb6','55a06939f8ef14b91506226c107180f7','y','',1588988267,1,'no',1018957891,'','',0,'','23',0,0,'no',0,'',0,'pc','2020-05-07 03:03:13','','','','','','','','',''),(455,'9b7b1632e9684df9958f4b1744c52c42','','屈骏伟','','','0','13819635368','','331082000000',0,'331082000000','65274d0abd13df2705f6f9012848ef32','df8243bed1d8b76609ed5c3eff559def','y','',1588988267,1,'no',1018957891,'','',0,'','3',0,0,'no',0,'',0,'pc','2020-05-07 03:03:13','','','','','','','','',''),(456,'70cb57497653463fb27c50911c8737a4','','王斌','','','0','18257666301','','331082000000',0,'331082000000','8ecc5dd84c7cf45334fad5956557333a','87e5f0e23e5ae1ced295fdeebce86d2b','y','',1588988267,1,'no',1018957891,'','',0,'','24',0,0,'no',0,'',0,'pc','2020-05-07 03:03:13','','','','','','','','',''),(457,'48732c2bf2a041808ae2cab68a492555','','林成','','','0','15214788483','','331082000000',0,'331082000000','bccb8d6a8e4cfb9021ed584790dbc07f','e26ca77ee83246f349cc9e055a03eac6','y','',1588988267,1,'no',1018957891,'','',0,'','25',0,0,'no',0,'',0,'pc','2020-05-07 03:03:13','','','','','','','','',''),(458,'82fb4b08e35449a485ab78aa23b9581b','','王永舟','','','0','13757603600','','331082000000',0,'331082000000','1f6ec0fd3ad37f79757b8bc6bcddfa64','c0d74f8818c3781e0e557ed81bbaee99','y','',1588988267,1,'no',1018957891,'','',0,'','28',0,0,'no',0,'',0,'pc','2020-05-07 03:03:14','','','','','','','','',''),(459,'2e95ad85289c4a4f8476aa1721915460','','郭巧慧','','','0','13738680048','','331082000000',0,'331082000000','d682df52c75bbf7b027a4046477132d0','9c74acd5c2c21cca1413e9129bfd3640','y','',1588988267,1,'no',1018957891,'','',0,'','30',0,0,'no',0,'',0,'pc','2020-05-07 03:03:14','','','','','','','','',''),(460,'dc94910d28e940518ef7aced62b33cce','','吕华','','','0','18858670321','','331082000000',0,'331082000000','f5766ca72b88280e1b7be0a8c7d1927b','088d568f5bdcae6cd602196bdcfe6f1e','y','',1588988267,1,'no',1018957891,'','',0,'','31',0,0,'no',0,'',0,'pc','2020-05-07 03:03:14','','','','','','','','',''),(461,'aca4269e7ecd47b3a148d2ea5243d1c8','','叶露','','','0','18968586703','','331082000000',0,'331082000000','29a646ffbbce870f5e34faa67c8d1362','24f7717b226a062b03815bb9643a1ee6','y','',1588988267,1,'no',1018957891,'','',0,'','32',0,0,'no',0,'',0,'pc','2020-05-07 03:03:14','','','','','','','','',''),(462,'d4f34461efe346dfbc7fdc4b4028c832','','王孝靖','','','0','13867665062','','331082000000',0,'331082000000','ff0b84916f786ffe64b38a8bf92f7d84','2c679f2bc81bd1650421de102a95beea','y','',1588988267,1,'no',1018957891,'','',0,'','2',0,0,'no',0,'',0,'pc','2020-05-07 03:03:14','','','','','','','','',''),(463,'99ddb4a47c714e66812a789f082f3f3e','','金志华','','','0','13777671228','','331082000000',0,'331082000000','a21db34a66395c6b815977c2990d8e39','fa20fb122a2dc71616a8a9cfad9a7f5b','y','',1588988267,1,'no',1018957891,'','',0,'','34',0,0,'no',0,'',0,'pc','2020-05-07 03:03:14','','','','','','','','',''),(464,'f96ae2c22a594ebf819c9a11d9598f94','','蔡凌坚','','','0','13757615385','','331082000000',0,'331082000000','616d9d9c2bb9e35e27699e509f990f7c','628c11b0351f4cf414b81371e3248029','y','',1588988267,1,'no',1018957891,'','',0,'','36',0,0,'no',0,'',0,'pc','2020-05-07 03:03:15','','','','','','','','',''),(465,'d461765f49e84f37bb1e0ad9e382877e','','林仙红','','','0','13757607661','','331082000000',0,'331082000000','cdf2a0266bd7a7e8a9a4c84f594d042e','5b498da69a284d8fad3058605492efaa','y','',1588988267,1,'no',1018957891,'','',0,'','38',0,0,'no',0,'',0,'pc','2020-05-07 03:03:15','','','','','','','','',''),(466,'62b1855743a347a29b05b52c9d650e31','','陈杰','','','0','13586159965','','331082000000',0,'331082000000','41b83a086c6c70b676f429e7c63f65a7','7b280e78784661534ee7949c12c3517c','y','',1588988267,1,'no',1018957891,'','',0,'','40',0,0,'no',0,'',0,'pc','2020-05-07 03:03:15','','','','','','','','',''),(467,'303119c65df8487495f359191b424bb0','','朱秀敏','','','0','18857630998','','331082000000',0,'331082000000','f76fd68e38885d205878f557cce6c860','544b0152f9bc15f6d987de50d6ffb0c8','y','',1588988267,1,'no',1018957891,'','',0,'','50',0,0,'no',0,'',0,'pc','2020-05-07 03:03:15','','','','','','','','',''),(468,'f8718b1e0b9b4797be8ad6bf0cba772f','','马洛','','','0','15214788792','','331082000000',0,'331082000000','4f92511d329344c94441af10736a4c03','1782ffc63f3b7ffadb4757d21324a342','y','',1588988267,1,'no',1018957891,'','',0,'','4',0,0,'no',0,'',0,'pc','2020-05-07 03:03:15','','','','','','','','',''),(469,'3eae5b503f1f4223a0fdf5c88d2b60c1','','朱晓兰','','','0','13326091158','','331082000000',0,'331082000000','dcc72c9c1d5ccc5f55e3e7fc6ba0a7b1','479e67cc8a986f1df95bbd1caa90a0b6','y','',1588988267,1,'no',1018957891,'','',0,'','1',0,0,'no',0,'',0,'pc','2020-05-07 03:03:15','','','','','','','','',''),(470,'3fd694c65b2546f7937dacecc5cf95b4','','李绍泰','','','0','13732328532','','331082000000',0,'331082000000','2d26528c95609aeac1977d67531846a4','3d8b3e14fa8caf2f8807cb55c25a91b1','y','',1588988267,1,'no',1018957891,'','',0,'','16',0,0,'no',0,'',0,'pc','2020-05-07 03:03:15','','','','','','','','',''),(472,'ab212a9c61f5491d90303c6f18627a98','','','186****0352','18601720352','0','18601720352','http://review.360tianma.com//uploads/default/head.jpg','',0,'','175bf7a629b3e4a511c92c3a22c380ef','7043bef534ecbcfba1ab0e83cc14d275','y','',0,0,'no',0,'','',0,'','',0,0,'no',0,'',0,'phone','2020-05-07 04:55:46','','','','','','','','',''),(473,'ff42c3e80b8842c4a89e0e4836992b53','','池晓明','','','1','13306768227','','331082000000',0,'331082000000','504353f6261f8e5f7178c76ca57a47d5','603eaa3b3a2ff789205ce6270d3bcc8f','y','',1588988267,1,'no',1018957891,'','',0,'','29',0,0,'no',0,'',0,'pc','2020-05-07 08:56:06','','','','','','','','',''),(474,'5443eaf43c244591b38c7c13629fa626','','王雨超','','','0','13989672188','','331082000000',0,'331082000000','5ef81b9115268fb88afc00b5f5c29444','fe54ccefd97e55aac02f9b2b11d6b986','y','',1588988267,1,'no',1018957891,'','',0,'','51',0,0,'no',0,'',0,'pc','2020-05-07 09:34:19','','','','','','','','',''),(475,'29dfe40ebccb4faebc5e33c228c1f907','','李诚','','tel_13750668837','0','13750668837','','1',0,'1','539652235a81f90808b8ed704ab84b4a','14a8273f95e157183a68713d4d4cf559','y','',0,0,'no',0,'','',0,'','',0,0,'no',0,'',0,'pc','2020-05-07 09:44:41','','','','','','','','',''),(476,'64679ed6a7d7414ca1a9a7085a70ad42','','叶冬兰','','tel_13511479808','0','13511479808','','1',0,'1','e58b9694408687d0a2f7630d2ef05d5f','75a8bd7db9a0452b9025cdc8e29b6e4f','y','',0,0,'no',0,'','',0,'','',0,0,'no',0,'',0,'pc','2020-05-07 09:44:44','','','','','','','','',''),(477,'8d5691fc0357450d95a4adc0a8276d97','','蒋秋仙','','tel_13575896029','0','13575896029','','1',0,'1','d6bf3573f909d8fbb94f2e7ad649ea63','d4122b4e4c8aa38412e11221dfcba968','y','',0,0,'no',0,'','',0,'','',0,0,'no',0,'',0,'pc','2020-05-07 09:44:46','','','','','','','','',''),(478,'88a5c463d6464813a2de94f7a61a9f18','','叶晓怡','','tel_18768129691','0','18768129691','','1',0,'1','93e1c0d5979f0e64b60b086cb4abde57','10205bbe77324e74fb6c0e22dea9eedc','y','',0,0,'no',0,'','',0,'','',0,0,'no',0,'',0,'pc','2020-05-07 09:44:49','','','','','','','','',''),(479,'6e36e9faed1e4d41956cdff08a0fee85','','华玲','','tel_13362631879','0','13362631879','','1',0,'1','c4013aedf24acc6cb79705e1de2ed029','34096418d56d564db7dede04582781a4','y','',0,0,'no',0,'','',0,'','',0,0,'no',0,'',0,'pc','2020-05-07 09:44:52','','','','','','','','',''),(480,'25c9a0ae6be94113a107a258df993bb3','','陈品','','tel_13606658269','0','13606658269','','1',0,'1','88def66f79bc712ef14773a5ccbfe534','4cffaadf4cb9f8fd401050c892bbdee6','y','',0,0,'no',0,'','',0,'','',0,0,'no',0,'',0,'pc','2020-05-07 09:44:55','','','','','','','','',''),(481,'e189fdd3db21451e9b4e8d37a2788093','','王玉琴','','tel_13357636556','0','13357636556','','1',0,'1','b2d3dcbc2261d4ee24a18af58211da87','bf6555caac9204ed9a3c87225e457f7f','y','',0,0,'no',0,'','',0,'','',0,0,'no',0,'',0,'pc','2020-05-07 09:44:59','','','','','','','','',''),(482,'cfddef351a4e4134a65265c853b8648b','','戴英妹','','tel_15988904018','0','15988904018','','1',0,'1','91e65b3146dd3e20d41dbded8fa90275','34297cd5aa56dfaecc321f47002852f9','y','',0,0,'no',0,'','',0,'','',0,0,'no',0,'',0,'pc','2020-05-07 09:45:03','','','','','','','','',''),(483,'d3ea4956fa3d4c63aa3f5476c2d44878','','邱士勇','','tel_13666432726','0','13666432726','','1',0,'1','5e1de141a0f7c85d2ab81e8d2c7e9a6c','5038b49c03ebcb68ec227341feb09dfa','y','',0,0,'no',0,'','',0,'','',0,0,'no',0,'',0,'pc','2020-05-07 09:45:07','','','','','','','','',''),(484,'2d7b2cce7c454efcaf15c757a39214cb','','邬彩燕','','tel_13757697951','0','13757697951','','1',0,'1','78df3f2cd44555e00b4ff766d68d1a8e','159a66e189361a8412cc15f48bb02346','y','',0,0,'no',0,'','',0,'','',0,0,'no',0,'',0,'pc','2020-05-07 09:45:11','','','','','','','','',''),(485,'e9e0c6f5a4e44ae99f6e7ea8d185e7a9','','应凤娇','','tel_18906559907','0','18906559907','','1',0,'1','df613c3028e1651b2b1a50916dc0c421','de8ae8e69e9d65ef660177e5f2600ca5','y','',0,0,'no',0,'','',0,'','',0,0,'no',0,'',0,'pc','2020-05-07 09:45:15','','','','','','','','',''),(486,'4b70a58b07cf4de39a40ece3e005385d','','朱玲琴','','tel_17757698921','0','17757698921','','1',0,'1','3f40baf82decc9f387139bbad051680e','e69d1f75007a673137121f3a1577261f','y','',0,0,'no',0,'','',0,'','',0,0,'no',0,'',0,'pc','2020-05-07 09:45:19','','','','','','','','',''),(487,'c71ad95aacb44bb69e34d11535874fc3','','金烈强','','tel_13905868189','0','13905868189','','1',0,'1','f2632d062ece0ce0a2a85e4e96468194','d12a79b137ff426e5b70ac70fb9ac750','y','',0,0,'no',0,'','',0,'','',0,0,'no',0,'',0,'pc','2020-05-07 09:45:24','','','','','','','','',''),(488,'e041ef43d639411fb2a56cc38bea1edc','','娄玲敏','','tel_13666861033','0','13666861033','','1',0,'1','b4eb985a081ae4037ba1f1fd94d52c47','d50a56183121fb489330db436cd7e0d1','y','',0,0,'no',0,'','',0,'','',0,0,'no',0,'',0,'pc','2020-05-07 09:45:28','','','','','','','','',''),(489,'38d528fbdb8e4e458cbd1feeeed31f3e','','朱慧珠','','tel_13858609891','0','13858609891','','1',0,'1','dcdc59bbb9e9a5daf566cc2cedc9c755','bccedd2fd7eaded57bbf32567c081b30','y','',0,0,'no',0,'','',0,'','',0,0,'no',0,'',0,'pc','2020-05-07 09:45:33','','','','','','','','',''),(490,'fdd8c47f719a445c8bd2fed45f93873b','','王 娟','','tel_13634089137','0','13634089137','','1',0,'1','0a59b870fb5b6e7ab931e000668dd36d','3724eb437a5ea6de7a2fb1346b529636','y','',0,0,'no',0,'','',0,'','',0,0,'no',0,'',0,'pc','2020-05-07 09:45:39','','','','','','','','',''),(491,'1c4d014c2b7e491f9550fcefe36eb583','','王巧巧','','tel_15268858320','0','15268858320','','1',0,'1','a0de2d9437fa329944d1f7412897ce6d','896d7c2dc2c1dead3e7dd3b0cee5232b','y','',0,0,'no',0,'','',0,'','',0,0,'no',0,'',0,'pc','2020-05-07 09:45:44','','','','','','','','',''),(492,'def4d6af9e5347a3a9689fc419f61a2a','','陈玉仙','','tel_15305761668','0','15305761668','','1',0,'1','57f7b663f0d54463fe019726f3d6033e','ef278e06c1de78c003cc8de15a5e17f2','y','',0,0,'no',0,'','',0,'','',0,0,'no',0,'',0,'pc','2020-05-07 09:56:53','','','','','','','','',''),(493,'e1dd4247f98b4e08a62ed42c4d2e2034','','沈晓仟','','tel_15857671711','0','15857671711','','1',0,'1','426d41267a21b058bb03107116cc6f73','17a8f00548720531c876fe93ae160909','y','',0,0,'no',0,'','',0,'','',0,0,'no',0,'',0,'pc','2020-05-07 09:56:59','','','','','','','','',''),(494,'d5b20a3e1fff434db397143bb0b9c236','','周涛','','tel_18858645116','0','18858645116','','1',0,'1','462cbd741713f6ee1449b28f2560c676','7ba02fd8a18fd222e8904d6b3aa7e398','y','',0,0,'no',0,'','',0,'','',0,0,'no',0,'',0,'pc','2020-05-07 09:57:05','','','','','','','','',''),(495,'5bb6d2873f154fdaaebecce4037b8946','','徐连正','','tel_13511448768','0','13511448768','','1',0,'1','b71136b7c8e19f7bd1dd52a46c3d2847','a321426ef39259d2337534cde44fbbd2','y','',0,0,'no',0,'','',0,'','',0,0,'no',0,'',0,'pc','2020-05-07 09:57:11','','','','','','','','',''),(496,'63860276691c45859c02268c13c5962e','','杨玲燕','','tel_15057666724','0','15057666724','','1',0,'1','292e23b0e04cf7cf289033666656cd8c','a73793d6b0035089244d4e156d1ce4d1','y','',0,0,'no',0,'','',0,'','',0,0,'no',0,'',0,'pc','2020-05-07 09:57:17','','','','','','','','',''),(497,'6ff018e70c374e5285e4a1e2c0dae034','','金利利','','tel_18858617341','0','18858617341','','1',0,'1','d203b83d6311545a1cbac498e5604cb2','108086ac47db8ea62445822c8fd225ea','y','',0,0,'no',0,'','',0,'','',0,0,'no',0,'',0,'pc','2020-05-07 09:57:24','','','','','','','','',''),(498,'5dde47ab6d7c4549992ff2fb0b4dfb55','','何方军','','tel_13968568447','0','13968568447','','1',0,'1','0ea6324747b5bb13cc5b5fdcbd8c9f62','5994c81cfadb680843de35ca16f33ddd','y','',0,0,'no',0,'','',0,'','',0,0,'no',0,'',0,'pc','2020-05-07 09:57:31','','','','','','','','',''),(499,'2fb408e96fd646258e01254bc8102b7e','','黄彩萍','','tel_13515868110','0','13515868110','','1',0,'1','a68bd517a6547737288fa8ffcbd36ba7','0ff90e11a63f66e07505e7ba164f9b19','y','',0,0,'no',0,'','',0,'','',0,0,'no',0,'',0,'pc','2020-05-07 09:57:37','','','','','','','','',''),(500,'6de787d9c08342529dc1ceeb26dbee94','','朱苓娟','','tel_13750679089','0','13750679089','','1',0,'1','974533e825a12928195a7c2ae108da1f','a3fd21a43fd276fa22ac1a2638c29a32','y','',0,0,'no',0,'','',0,'','',0,0,'no',0,'',0,'pc','2020-05-07 09:57:44','','','','','','','','',''),(501,'f72f50a8ebbe40c9aa03227020b5fb26','','黄桂芳','','tel_13676620455','0','13676620455','','1',0,'1','e2b6b4f9f6a62eba5c04c895fda16584','98c248bfb1261c0975423848d6fe0a51','y','',0,0,'no',0,'','',0,'','',0,0,'no',0,'',0,'pc','2020-05-07 09:57:52','','','','','','','','',''),(502,'fca5ca98131c4f78a2b88a49a637ad61','','张莉玲','','tel_15167673766','0','15167673766','','1',0,'1','51f3d57b5a5eb86edd0b8f3bf2204dbb','69bd3a1f549692dfd82493f8826d0a83','y','',0,0,'no',0,'','',0,'','',0,0,'no',0,'',0,'pc','2020-05-07 09:57:59','','','','','','','','',''),(503,'9498f4c68aa847cf8a93aa54740c3afd','','顾世通','','tel_13819675833','0','13819675833','','1',0,'1','bdda7976beee093ea50694a8e7656e48','9a96eb6a3413b875f742cb43545a069b','y','',0,0,'no',0,'','',0,'','',0,0,'no',0,'',0,'pc','2020-05-07 09:58:07','','','','','','','','',''),(504,'5fbcd3dadeaa4150b365c009b15d4696','','陈财玉','','tel_15967652393','0','15967652393','','1',0,'1','3c019d16d11eafec598e0717763c699b','102777a42e9f938a95f094df18878a62','y','',0,0,'no',0,'','',0,'','',0,0,'no',0,'',0,'pc','2020-05-07 09:58:14','','','','','','','','',''),(505,'1e23f25087054ce6a59dcf1e4480a540','','黄小燕','','tel_18906555596','0','18906555596','','1',0,'1','ca83a8e21c296d3e232926aeded309f9','297b4cd2ea02bf3b893dc9db0ac7ba47','y','',0,0,'no',0,'','',0,'','',0,0,'no',0,'',0,'pc','2020-05-07 09:58:22','','','','','','','','',''),(506,'9f10b724e9c64e35a5230183ba16bccb','','陈玲玲','','tel_15968626078','0','15968626078','','1',0,'1','43787c8281a8f8caaa4c875fb2a1d739','265e9c7bb11a387a9a041f5fc9e5bf63','y','',0,0,'no',0,'','',0,'','',0,0,'no',0,'',0,'pc','2020-05-07 09:58:30','','','','','','','','',''),(507,'08970c4e60c54c87981a5fab396c60d2','','梅妙林','','tel_13626675818','0','13626675818','','1',0,'1','a49f532c616350948abfe99ada8968bc','f17a020c4edd11b68baf2b3193c67aed','y','',0,0,'no',0,'','',0,'','',0,0,'no',0,'',0,'pc','2020-05-07 09:58:39','','','','','','','','',''),(508,'844b4a2b4b0d469b87a9e23e8275961f','','钱祖兴','','tel_15325651811','0','15325651811','','1',0,'1','8b4e287c70e64e310056582f573b1186','b34b111c3a7c2879e4814c801606f7d0','y','',0,0,'no',0,'','',0,'','',0,0,'no',0,'',0,'pc','2020-05-07 09:58:47','','','','','','','','',''),(509,'7d363c8b7fa14b2db647864c20ed4c20','','黄道福','','tel_15325568218','0','15325568218','','1',0,'1','7320e4fe705806f974ae40b2ee826fe6','d57988a9a8b23ba8a4634a2d09051d2e','y','',0,0,'no',0,'','',0,'','',0,0,'no',0,'',0,'pc','2020-05-07 09:58:56','','','','','','','','',''),(510,'cec50274977648d7a325c09222dd81ca','','钱光辉','','tel_15888671028','0','15888671028','','1',0,'1','bde4783ab991d9e995e33ee7564d7935','9165a505f0b3c8b1ccf1c139524ba9b2','y','',0,0,'no',0,'','',0,'','',0,0,'no',0,'',0,'pc','2020-05-07 09:59:05','','','','','','','','',''),(511,'e982441ad54f44718eec2cbe3c656024','','鲍冬芳','','tel_13058805285','0','13058805285','','1',0,'1','b928adf2856643c24e719b04de048c5a','a9ea7def3c3917469649d0079e36cd9f','y','',0,0,'no',0,'','',0,'','',0,0,'no',0,'',0,'pc','2020-05-07 09:59:14','','','','','','','','',''),(512,'4c4cd0c10ece48e5b97716b02f9b5315','','黄林华','','tel_15868692785','0','15868692785','','1',0,'1','0ea9e531e1398cfa0989c851a6077e65','765723ca70534fe525615cff2ad9b2fc','y','',0,0,'no',0,'','',0,'','',0,0,'no',0,'',0,'pc','2020-05-07 09:59:24','','','','','','','','',''),(513,'de7e164bbae94f2fbbcafe94ea2d96ac','','马利君','','tel_13184359396','0','13184359396','','1',0,'1','be9dfa7bc3e4e55f1127c3ab73131fff','66735ed6c47869f8c0b4c4ff00f115ec','y','',0,0,'no',0,'','',0,'','',0,0,'no',0,'',0,'pc','2020-05-07 09:59:33','','','','','','','','',''),(514,'b4e4ab4c6e754122bedea1142af804eb','','马勃','','tel_13634088711','0','13634088711','','1',0,'1','5ee3c7882aff964f969be87f8f9ba343','270ad19b9f9404c4525a5ab7a39d6241','y','',0,0,'no',0,'','',0,'','',0,0,'no',0,'',0,'pc','2020-05-07 09:59:42','','','','','','','','',''),(515,'67e01ed0b1454b50a05118066b0c3c1c','','钱光杰','','tel_13515869767','0','13515869767','','1',0,'1','3499edc9d7be566454c1869cc437e9f6','3230c37591932101a9390970d811bb8f','y','',0,0,'no',0,'','',0,'','',0,0,'no',0,'',0,'pc','2020-05-07 09:59:52','','','','','','','','',''),(516,'24eeaf21560141f38fa524f9adf75860','','邵先舟','','tel_18767685866','0','18767685866','','1',0,'1','9a1203416b1223a7eab4785835182c5d','6600e23720492e1e13ce4581c8a90f61','y','',0,0,'no',0,'','',0,'','',0,0,'no',0,'',0,'pc','2020-05-07 10:00:03','','','','','','','','',''),(517,'befbf626454543c391004bebe0c350a4','','金幼芬','','tel_13586158883','0','13586158883','','1',0,'1','2066f05bfa696e7f9e467ce598daee88','be12043262b4e2b88ad02b1d120a9103','y','',0,0,'no',0,'','',0,'','',0,0,'no',0,'',0,'pc','2020-05-07 10:00:13','','','','','','','','',''),(518,'e43fa04cd87b42478f32e0b5753c073f','','吴帮祥','','tel_15957626081','0','15957626081','','1',0,'1','decb69e0a2ef22e8c021aa443afefeed','83db2c13bc84d9ab27532401ecc9ac33','y','',0,0,'no',0,'','',0,'','',0,0,'no',0,'',0,'pc','2020-05-07 10:00:24','','','','','','','','',''),(519,'6826269bc58c48c29881b57c929d69d2','','邵惠玲','','tel_13757698508','0','13757698508','','1',0,'1','ddd57029b39b64f23c2319b50b2cb1a3','66478c5a3bbfd197437771664e2f8244','y','',0,0,'no',0,'','',0,'','',0,0,'no',0,'',0,'pc','2020-05-07 10:00:35','','','','','','','','',''),(520,'f3496c836f124002bf3be8e23b319fb8','','王鸯鸯','','tel_13819628171','0','13819628171','','1',0,'1','23055f7c371e8f152c8e5bc54ee47b1f','8e891ed31e80a1420c7961246472bbe7','y','',0,0,'no',0,'','',0,'','',0,0,'no',0,'',0,'pc','2020-05-07 10:00:46','','','','','','','','',''),(521,'ba3eb23a3ea74169aeb02ec53d652792','','吴彩从','','tel_13736512635','0','13736512635','','1',0,'1','e7f1927ae2d17de12b4cf5c45e8803c7','d7e0d49b151b26286ece0f0b7f4fc361','y','',0,0,'no',0,'','',0,'','',0,0,'no',0,'',0,'pc','2020-05-07 10:00:57','','','','','','','','',''),(522,'9db8fb33ab1c4be491b26c2c8f6d1808','','赵仙桃','','tel_15157608549','0','15157608549','','1',0,'1','437fedd27ad42555aadeec4bd5296dde','07d6bd88dfe72bc43524b95659c7b7de','y','',0,0,'no',0,'','',0,'','',0,0,'no',0,'',0,'pc','2020-05-07 10:01:09','','','','','','','','',''),(523,'50b43bb80c0d431dac6bc485a740a9d9','','周远跃','','tel_13750631117','0','13750631117','','1',0,'1','9abeb225a971636099cdb63adb7995b5','9ba0b5741ad39d2dd5ebac4ba69168e7','y','',0,0,'no',0,'','',0,'','',0,0,'no',0,'',0,'pc','2020-05-07 10:01:21','','','','','','','','',''),(524,'1a8f439633f24ce992314c336a19af74','','陈春莲','','tel_13586288587','0','13586288587','','1',0,'1','bd3d78a50deeda095191840507b55544','618e00fb0f3b887f8d6ef621d73c2335','y','',0,0,'no',0,'','',0,'','',0,0,'no',0,'',0,'pc','2020-05-07 10:01:33','','','','','','','','',''),(525,'d746691f6df549808509921a9284aec2','','董显掌','','tel_18968519290','0','18968519290','','1',0,'1','576aea56d2df11ecbcab88d530c2621e','a53a8d3f84d7280448b81eb9bd375fb7','y','',0,0,'no',0,'','',0,'','',0,0,'no',0,'',0,'pc','2020-05-07 10:01:45','','','','','','','','',''),(526,'beea135b8065441ca92bdfbdb580d0e8','','陈斌娜','','tel_15058358920','0','15058358920','','1',0,'1','69fb4718cd5e085bfded725c8bad40f7','5dce3f0e2d1fd460d2cb780a5b15fe6c','y','',0,0,'no',0,'','',0,'','',0,0,'no',0,'',0,'pc','2020-05-07 10:01:57','','','','','','','','',''),(527,'305110b3e3e143c18b75c46c2b8e6bb1','','冯花','','tel_13586133277','0','13586133277','','1',0,'1','395f0f3d6c27dddc6b33139393188bc3','cd417746936eb78a4f900076f311b0db','y','',0,0,'no',0,'','',0,'','',0,0,'no',0,'',0,'pc','2020-05-07 10:02:10','','','','','','','','',''),(528,'e0215f147d72447d9ac101b5d3c56e7b','','徐维强','','tel_13018871838','0','13018871838','','1',0,'1','6fd41d6d7f43318f65aff5c6043cad4d','e069a0a5616b3e7d1fe1c92f4b8b912c','y','',0,0,'no',0,'','',0,'','',0,0,'no',0,'',0,'pc','2020-05-07 10:02:23','','','','','','','','',''),(529,'2ab8da1e999a4f3cb653c720224da1b8','','王美丽','','tel_13968482740','0','13968482740','','1',0,'1','b51372b4c9ea131ac42509ae1455eb4a','152dbffa9129b458a72628493134c961','y','',0,0,'no',0,'','',0,'','',0,0,'no',0,'',0,'pc','2020-05-07 10:02:36','','','','','','','','',''),(530,'86b2a46c2c3e4cea93a550b64d29c7c9','','尹三河','','tel_18957671353','0','18957671353','','1',0,'1','1f44ef59c3b7191e778c3e76725d700a','e7768a967e7c650dbfb3f77192da8eb8','y','',0,0,'no',0,'','',0,'','',0,0,'no',0,'',0,'pc','2020-05-07 10:02:49','','','','','','','','',''),(531,'ea0354e6192e4e82963014a5443ab38f','','潘海英','','tel_13566866112','0','13566866112','','1',0,'1','43b406694251e22311226c97e7292ccb','69c6a99677e7204d945090613ec5ba0b','y','',0,0,'no',0,'','',0,'','',0,0,'no',0,'',0,'pc','2020-05-07 10:03:03','','','','','','','','',''),(532,'cf8353a75dbf4c1ebd1a27c9244ee47e','','李卫娇','','tel_15825475878','0','15825475878','','1',0,'1','8af9fe0b47f96ceb7b84c37eec54c969','a0095cffd89e6f01d7623d94dd727584','y','',0,0,'no',0,'','',0,'','',0,0,'no',0,'',0,'pc','2020-05-07 10:03:16','','','','','','','','',''),(533,'7f4c762818314f2f984ff11721bd6b97','','项道标','','tel_13566497490','0','13566497490','','1',0,'1','06631e17a78a2b5de776b149cbc6184d','f0095ac82e512cada959e3a127777a35','y','',0,0,'no',0,'','',0,'','',0,0,'no',0,'',0,'pc','2020-05-07 10:03:30','','','','','','','','',''),(534,'c5de89feb49f4f6585bf8b3555dddb62','','吴利平','','tel_15867061378','0','15867061378','','1',0,'1','9077fcdbfc35b98de113ee9184b96ca0','9a41002c93cb13ab2feb9a0048cefa44','y','',0,0,'no',0,'','',0,'','',0,0,'no',0,'',0,'pc','2020-05-07 10:03:43','','','','','','','','',''),(535,'2e64720482d04a31988b32b0115ad5a8','','蔡时林','','tel_13566891106','0','13566891106','','1',0,'1','9f8b977569779eae041279d75b796309','3902acc6f821532d36fab4cc6e1faca1','y','',0,0,'no',0,'','',0,'','',0,0,'no',0,'',0,'pc','2020-05-07 10:03:57','','','','','','','','',''),(536,'777216a683e445e6a237c6ddcc6b9c01','','杨花玉','','tel_15267280010','0','15267280010','','1',0,'1','f30f10402d5a74af0c1164d202455141','79d505760e3a075a97d9db25502d96ca','y','',0,0,'no',0,'','',0,'','',0,0,'no',0,'',0,'pc','2020-05-07 10:04:11','','','','','','','','',''),(537,'63f61c286cbe4e72b41cd985b8c20030','','严玲芳','','tel_13757602250','0','13757602250','','1',0,'1','27e64011f45c8c4d1628e807c87cb116','591ab0bee17dda0327b271e3ed8cc635','y','',0,0,'no',0,'','',0,'','',0,0,'no',0,'',0,'pc','2020-05-07 10:04:26','','','','','','','','',''),(538,'b8b58753d0a84a918b9a6032e43f8eaf','','项薇红','','tel_13575895105','0','13575895105','','1',0,'1','c4e5b4d9afce436c4c3b830e84989293','fe782744b7c7a75c39352b1b493dbeff','y','',0,0,'no',0,'','',0,'','',0,0,'no',0,'',0,'pc','2020-05-07 10:04:41','','','','','','','','',''),(539,'7ddec1a58d7f4484a3710c51bddb8e81','','徐华','','tel_15395768859','0','15395768859','','1',0,'1','aa7bfccf58bd11ac5b98dade8feac2c5','9c6d84f3f18af6486b6fad4346ad24b4','y','',0,0,'no',0,'','',0,'','',0,0,'no',0,'',0,'pc','2020-05-07 10:04:55','','','','','','','','',''),(540,'0f30df5c128b4a37944f8e85f5709402','','陈玲玲','','tel_15990610814','0','15990610814','','1',0,'1','f6b2537186c5523b1526722fe1022dd4','00f0e6159022c4a5d0153b058ffefd3a','y','',0,0,'no',0,'','',0,'','',0,0,'no',0,'',0,'pc','2020-05-07 10:05:10','','','','','','','','',''),(541,'719a2752327a4b4d853abd23fd3866be','','周荷仙','','tel_13216999153','0','13216999153','','1',0,'1','3c5c0e26e5224c121c027d5cfb69234f','db11b830cf295ac998661553254d6c14','y','',0,0,'no',0,'','',0,'','',0,0,'no',0,'',0,'pc','2020-05-07 10:05:25','','','','','','','','',''),(542,'b991ef5471ee4da9a13605cc72f059b0','','方慧玲','','tel_13777674530','0','13777674530','','1',0,'1','0020069fcdb59d3c22423be273fefb92','33f83f9930a51aa1d2d2aa910ba899cc','y','',0,0,'no',0,'','',0,'','',0,0,'no',0,'',0,'pc','2020-05-07 10:05:41','','','','','','','','',''),(543,'5320ba48a87a402e8c77501942d2b647','','林灵飞','','tel_13626684882','0','13626684882','','1',0,'1','6d497f0ca0c0e28ddd985d7f58c5a56d','984f92d60ef87c8b89f77cdb15a6fc9c','y','',0,0,'no',0,'','',0,'','',0,0,'no',0,'',0,'pc','2020-05-07 10:05:57','','','','','','','','',''),(544,'2704c572242040299ad67e2431ad0775','','金丽君','','tel_13634027298','0','13634027298','','1',0,'1','c077142da74ca50bcbc5cf72276ce686','31e6bb98cadfdcb82a0c3eb022803168','y','',0,0,'no',0,'','',0,'','',0,0,'no',0,'',0,'pc','2020-05-07 10:06:13','','','','','','','','',''),(545,'34c7c01225664b3ebdbdce0ce35cbebe','','项珊珊','','tel_15957627835','0','15957627835','','1',0,'1','7f719b3735d6b49a79926c6b5b072aa9','51709317c60b2e5125f75e63161ec486','y','',0,0,'no',0,'','',0,'','',0,0,'no',0,'',0,'pc','2020-05-07 10:06:29','','','','','','','','',''),(546,'9cbd8c04e1a94da8804b7214b56cb8d2','','陈彩琴','','tel_13566867327','0','13566867327','','1',0,'1','5cc42364df09ea0188715aa940ce9933','c5ab9df375f384a2a1735c9c6116e71a','y','',0,0,'no',0,'','',0,'','',0,0,'no',0,'',0,'pc','2020-05-07 10:06:45','','','','','','','','',''),(547,'09ec40e847884a8b8933e791cb5279a1','','林雪芳','','tel_15968618945','0','15968618945','','1',0,'1','d3a2fd173fe4c28ba3cc7cdd93303d62','9baf0b66067ac709ffb1f89764a78c0c','y','',0,0,'no',0,'','',0,'','',0,0,'no',0,'',0,'pc','2020-05-07 10:07:01','','','','','','','','',''),(548,'95535a20482a4210ac1360157b780dfa','','徐丽君','','tel_15867083912','0','15867083912','','1',0,'1','3696f38e25ae3fd52749c37f3bc9c1ac','446e3487a6968da1209f012ca272931a','y','',0,0,'no',0,'','',0,'','',0,0,'no',0,'',0,'pc','2020-05-07 10:07:18','','','','','','','','',''),(549,'6049f8ff2c10412ebdc21e35a11cce28','','葛会红','','tel_13575819659','0','13575819659','','1',0,'1','acb6ebb43ad0c1b536600b22ea4e805c','adc9274959518a68a42501f507f1daa6','y','',0,0,'no',0,'','',0,'','',0,0,'no',0,'',0,'pc','2020-05-07 10:07:34','','','','','','','','',''),(550,'e39c6b04faa245b78a1fef1c67a91a9a','','周崇玉','','tel_13757608052','0','13757608052','','1',0,'1','dda0bbba735ebafea8be438f82092f1e','0a49d934323bb83637a4ae47e82ed9b8','y','',0,0,'no',0,'','',0,'','',0,0,'no',0,'',0,'pc','2020-05-07 10:07:51','','','','','','','','',''),(551,'3e2b21eb083349d18de84a31a15bc448','','葛丹丹','','tel_15888673016','0','15888673016','','1',0,'1','4c4970ad8bfc6e2939f5f8dffcde1614','f4dd3291de1e92510cc7d07790c74675','y','',0,0,'no',0,'','',0,'','',0,0,'no',0,'',0,'pc','2020-05-07 10:08:08','','','','','','','','',''),(552,'d02bce8a23d8407d805e1ade6fe0b5da','','金绿燕','','tel_13757602402','0','13757602402','','1',0,'1','bd11d6668c2022f8923a31b32f5c7686','360c653c2d726c11de8dea3dde25e7c1','y','',0,0,'no',0,'','',0,'','',0,0,'no',0,'',0,'pc','2020-05-07 10:08:26','','','','','','','','',''),(553,'8a4cde9954d64310bd0e33639fbcb2c6','','郑昌法','','tel_18967653185','0','18967653185','','1',0,'1','cf1294c8beb22cbba3c4f7b4266a13b3','2a32d80e6e500d52b26745676d7828c2','y','',0,0,'no',0,'','',0,'','',0,0,'no',0,'',0,'pc','2020-05-07 10:08:43','','','','','','','','',''),(554,'47a6f8e55a8e452ea4b3d1cc308bbbea','','陶丹丹','','tel_18768130538','0','18768130538','','1',0,'1','ebaabcda367ab38f487b075b7f1f3b2c','830d093a64c9825821acc5b27b98a913','y','',0,0,'no',0,'','',0,'','',0,0,'no',0,'',0,'pc','2020-05-07 10:09:01','','','','','','','','',''),(555,'3e3ba112ed134d21a4e7c218f19fd9e5','','葛修香','','tel_13968431656','0','13968431656','','1',0,'1','def12d0c725db4f49533cc88ad6c859a','bb6ad245867ca77219334808503be9f5','y','',0,0,'no',0,'','',0,'','',0,0,'no',0,'',0,'pc','2020-05-07 10:09:19','','','','','','','','',''),(556,'2c22d8b83206455eab90fcb60aa03763','','李丽萍','','tel_13736549880','0','13736549880','','1',0,'1','21b5ca18e7a41396009cdc1ac223134c','f0f405db2a01a97bacdbbef001b7d937','y','',0,0,'no',0,'','',0,'','',0,0,'no',0,'',0,'pc','2020-05-07 10:09:37','','','','','','','','',''),(557,'73f07816cd874c0bae5dc8cb218f8e49','','陶小土','','tel_13665775138','0','13665775138','','1',0,'1','99086d63ff73f14342e31724afd0b9ce','5b2f0549c9dd045d23f0cd1244b86f2c','y','',0,0,'no',0,'','',0,'','',0,0,'no',0,'',0,'pc','2020-05-07 10:09:55','','','','','','','','',''),(558,'39d7987571aa4edebd4ca6127b999d69','','林伟贞','','tel_13586131318','0','13586131318','','1',0,'1','6a48a23ddec923f422a04c859e20ad61','00e5fe91e11debb0aca59210fad9e47e','y','',0,0,'no',0,'','',0,'','',0,0,'no',0,'',0,'pc','2020-05-07 10:10:14','','','','','','','','',''),(559,'8f5e487c42df40b698bb9c3a12bb94a3','','李灵鹰','','tel_13486228828','0','13486228828','','1',0,'1','921be4e002d73c18b416b0addcfd6270','0be871df6f60d3709e7ef6a97054aaab','y','',0,0,'no',0,'','',0,'','',0,0,'no',0,'',0,'pc','2020-05-07 10:10:32','','','','','','','','',''),(560,'9ecbe22bb5da4dd595eed09b7245f328','','李叔云','','tel_13018893615','0','13018893615','','1',0,'1','7c7e0958219d217e86b84b03eacc8fc3','2ed7aee075e2ec08a36a21a92b2a70fa','y','',0,0,'no',0,'','',0,'','',0,0,'no',0,'',0,'pc','2020-05-07 10:10:51','','','','','','','','',''),(561,'26c4f52f4631499ebafd48fce1500846','','黄玲敏','','tel_13575897924','0','13575897924','','1',0,'1','5179e602434f9c2464e7202e73da0591','e7773e7bd2108055fdf39054d0e5a153','y','',0,0,'no',0,'','',0,'','',0,0,'no',0,'',0,'pc','2020-05-07 10:11:11','','','','','','','','',''),(562,'7c9077caa63e491d8b1f8c50c69e518b','','金霞霞','','tel_15058606183','0','15058606183','','1',0,'1','fa83f6b352ec3cff1e1ff9016914cf74','56927cd19b108d8d2d9097ce82de4db5','y','',0,0,'no',0,'','',0,'','',0,0,'no',0,'',0,'pc','2020-05-07 10:11:30','','','','','','','','',''),(563,'81d2cf6c3f364b33ade63f4bb9b8b5e9','','葛宁芳','','tel_13906586813','0','13906586813','','1',0,'1','6e6b67d7f7cb88953d0e488052d1ecb5','4363a28307276a3be068017fa28d9297','y','',0,0,'no',0,'','',0,'','',0,0,'no',0,'',0,'pc','2020-05-07 10:11:50','','','','','','','','',''),(564,'31cfda3db2354bdba17fff17cacafb39','','陈希','','tel_15067689359','0','15067689359','','1',0,'1','a8f5af3b1cdbaf26be6ee28e2f3fa058','62a6330b8ae717e465b1de2a9d68bccf','y','',0,0,'no',0,'','',0,'','',0,0,'no',0,'',0,'pc','2020-05-07 10:12:10','','','','','','','','',''),(565,'7c8dea5749a24b4fb8aac12be2ca5a73','','陈丽芳','','tel_13073838599','0','13073838599','','1',0,'1','b396b9feb1f78b32bc8bd729e338f68b','9f52d586151b2d14ddd183ff712983bd','y','',0,0,'no',0,'','',0,'','',0,0,'no',0,'',0,'pc','2020-05-07 10:12:30','','','','','','','','',''),(566,'8e5acdd65b06483f96b61d25b6650786','','金爱青','','tel_13757609132','0','13757609132','','1',0,'1','cda5a4202d6fcc995d5d993cbfce7d84','6c65c6c6badd196cdaaffc46faeaa445','y','',0,0,'no',0,'','',0,'','',0,0,'no',0,'',0,'pc','2020-05-07 10:12:51','','','','','','','','',''),(567,'8ce76eeba77d4a1aaedddbd8f03e5fc8','','卢靖','','tel_15967650408','0','15967650408','','1',0,'1','a5d720d62910694327eeb75aac6e4b7b','024612860fe2a4d89bb47c828608733f','y','',0,0,'no',0,'','',0,'','',0,0,'no',0,'',0,'pc','2020-05-07 10:13:11','','','','','','','','',''),(568,'9017693e287349a8bfd101b3a590a139','','郑金','','tel_13867665399','0','13867665399','','1',0,'1','3b7afc309289eb2479658bde3ed3ff0a','a1ca630988ac49b1eef1ebbb6049f51f','y','',0,0,'no',0,'','',0,'','',0,0,'no',0,'',0,'pc','2020-05-07 10:13:31','','','','','','','','',''),(569,'f1d1b9a322c641f2b17969bd72355409','','王丽娟','','tel_15967695368','0','15967695368','','1',0,'1','dcd632c1aba1db57d3bf291919041b1b','7b6d46dbd7e04cd3f921671ec23796c4','y','',0,0,'no',0,'','',0,'','',0,0,'no',0,'',0,'pc','2020-05-07 10:13:51','','','','','','','','',''),(570,'62d5c8a7cd9e4f568761a44ca2932235','','卜金龙','','tel_13736624868','0','13736624868','','1',0,'1','4ca40c87f1141f585e9255775944ace9','f508ea7b3eea7bdc8fce26fe05cdce13','y','',0,0,'no',0,'','',0,'','',0,0,'no',0,'',0,'pc','2020-05-07 10:14:12','','','','','','','','',''),(571,'7204aec6d7fa4c749bfd3fedce5c5aa5','','项玲萍','','tel_13634089437','0','13634089437','','1',0,'1','22a40f329c89c48dd5051e51277ddc3e','05c6b57fd8b02306a9d1ecfbc3f4b1c8','y','',0,0,'no',0,'','',0,'','',0,0,'no',0,'',0,'pc','2020-05-07 10:14:33','','','','','','','','',''),(572,'c6278d2e19f144a4846153ff70104e98','','李均福','','tel_15858668307','0','15858668307','','1',0,'1','6de2b5eb854079610546ec20f8a8065b','de14b1a20555a0a8e8203cddd6a05bea','y','',0,0,'no',0,'','',0,'','',0,0,'no',0,'',0,'pc','2020-05-07 10:14:54','','','','','','','','',''),(573,'176ba412620749f0b84447058728fcf5','','金林国','','tel_13905869487','0','13905869487','','1',0,'1','94dd4ae428512b06286f9eccfd893c1a','2cfab936344b8fb02d1c66c6f34acba2','y','',0,0,'no',0,'','',0,'','',0,0,'no',0,'',0,'pc','2020-05-07 10:15:15','','','','','','','','',''),(574,'bd538c3640854779972787ea03e7b28c','','李恭清','','tel_13958593848','0','13958593848','','1',0,'1','56df605e2d36d9bfc1ce7065b8fb67c3','1bdbcb139b88e3e65ffc25c29f4e11a2','y','',0,0,'no',0,'','',0,'','',0,0,'no',0,'',0,'pc','2020-05-07 10:15:37','','','','','','','','',''),(575,'ed5b0f7a39484c609e7966228471eea1','','葛展鹏','','tel_15757591699','0','15757591699','','1',0,'1','71e07272f376bf94139b7f8c71845d86','3c7378f61f6e9b55fb2311d80f92232c','y','',0,0,'no',0,'','',0,'','',0,0,'no',0,'',0,'pc','2020-05-07 10:15:59','','','','','','','','',''),(576,'535cb0eacd97439c9aa345a4de65b19c','','金统朝','','tel_13058865586','0','13058865586','','1',0,'1','06c823f15914ad16cd9d330854f4c81e','124ca221b63578c3ac8007b60f553944','y','',0,0,'no',0,'','',0,'','',0,0,'no',0,'',0,'pc','2020-05-07 10:16:22','','','','','','','','',''),(577,'6a3ef1aca9364e939601ca2398e4fbbb','','王宇航','','tel_13819639635','0','13819639635','','1',0,'1','76ce43750bfc1e1d7ea1918385391769','4e956ac006a2f89b9500afff6f179c66','y','',0,0,'no',0,'','',0,'','',0,0,'no',0,'',0,'pc','2020-05-07 10:16:44','','','','','','','','',''),(578,'2d4c80798d6e47aea3de680c78ae69d3','','李娜','','tel_15267612366','0','15267612366','','1',0,'1','7cbab51fd99ac1cc6efba577b8ee49ee','6e3b3d55138c7c544ea340c61bf2f272','y','',0,0,'no',0,'','',0,'','',0,0,'no',0,'',0,'pc','2020-05-07 10:17:06','','','','','','','','',''),(579,'0285a5304af9498c8d53442daff7fa95','','项海娇','','tel_13819637169','0','13819637169','','1',0,'1','2e1d289de3624da99bf030f33b8b3905','9da54dccabce14d13a95cd6de618e76a','y','',0,0,'no',0,'','',0,'','',0,0,'no',0,'',0,'pc','2020-05-07 10:17:29','','','','','','','','',''),(580,'354cd4f0e6fc49cea0b27da4fd75f83c','','金崇考','','tel_13736620300','0','13736620300','','1',0,'1','ac626fcb37662be5cad5b38d3e0445d4','bc4969de1d66179300b1cefce173f127','y','',0,0,'no',0,'','',0,'','',0,0,'no',0,'',0,'pc','2020-05-07 10:17:52','','','','','','','','',''),(581,'a84ee961344e47d7878949a653e795fd','','徐雪青','','tel_15267605627','0','15267605627','','1',0,'1','f112003fbf253413c53b51c03ec49a9b','458b6cb4f57fb7da1862c80f2066fb9b','y','',0,0,'no',0,'','',0,'','',0,0,'no',0,'',0,'pc','2020-05-07 10:18:15','','','','','','','','',''),(582,'80462f9bd6d441ad90b0a8425df45b47','','陈教彪','','tel_13757698280','0','13757698280','','1',0,'1','e5b443a28ab7e03b3da8b1da0a3d7e55','8c4485b1789bc076f93e3f208ec0fc47','y','',0,0,'no',0,'','',0,'','',0,0,'no',0,'',0,'pc','2020-05-07 10:18:38','','','','','','','','',''),(583,'73e39dca80ac4e01b5d0b6cb82454c94','','李海清','','tel_13575897383','0','13575897383','','1',0,'1','8117deb19aa835fed20fdc99fe184bec','6e2d3b66fac12d6a7810da576e1002a3','y','',0,0,'no',0,'','',0,'','',0,0,'no',0,'',0,'pc','2020-05-07 10:19:02','','','','','','','','',''),(584,'32398e19c827476c9553463bc29d8b2e','','马玲芳','','tel_13958564559','0','13958564559','','1',0,'1','4eb222008dba5e9cc856d6b62d36bc0d','021b4b32d9da828366c15c8ad2b795c1','y','',0,0,'no',0,'','',0,'','',0,0,'no',0,'',0,'pc','2020-05-07 10:19:26','','','','','','','','',''),(585,'fa49df0af8774804baad24d704d43c6e','','林斌','','tel_15888666338','0','15888666338','','1',0,'1','669f2a0ff628c86dee5392e112c6777e','b56022d60c3029260d8b74ab2397bd2a','y','',0,0,'no',0,'','',0,'','',0,0,'no',0,'',0,'pc','2020-05-07 10:19:49','','','','','','','','',''),(586,'6dd1b432fb2a4fb99b235f96407abcaa','','李灵燕','','tel_15957689777','0','15957689777','','1',0,'1','eb00743df662bad3ffa2b18c2743600c','6cbc981e9283b8795e471ee1a86a5a72','y','',0,0,'no',0,'','',0,'','',0,0,'no',0,'',0,'pc','2020-05-07 10:20:14','','','','','','','','',''),(587,'e7f66d1c8bc84188bed0015a8c561267','','余米米','','tel_13738685442','0','13738685442','','1',0,'1','eb413390cb7d9b5731d6d5bb1df560e4','111105670348cc8cba896e4f344fcfa1','y','',0,0,'no',0,'','',0,'','',0,0,'no',0,'',0,'pc','2020-05-07 10:20:38','','','','','','','','',''),(588,'60fa73a347724920992efb055628d238','','叶娇','','tel_13757628077','0','13757628077','','1',0,'1','59bc12d2ff1b8c7cec87829e61b73dce','7437ef1a2942d0acdb86146ed6c8a02b','y','',0,0,'no',0,'','',0,'','',0,0,'no',0,'',0,'pc','2020-05-07 10:21:03','','','','','','','','',''),(589,'cdad4a8750404bf3b442b72bb1f0317e','','罗苏芽','','tel_13486251628','0','13486251628','','1',0,'1','fd30b054b85521df60656f025073da56','aa0849056fc357dfa604c2bec6e53024','y','',0,0,'no',0,'','',0,'','',0,0,'no',0,'',0,'pc','2020-05-07 10:21:27','','','','','','','','',''),(590,'9806242a1be145f698064fb252339c0f','','王加良','','tel_15867600383','0','15867600383','','1',0,'1','f8fc199bba736eda3aff7a1f6697d794','23bfd3842dce673ab0b1597ade162909','y','',0,0,'no',0,'','',0,'','',0,0,'no',0,'',0,'pc','2020-05-07 10:21:52','','','','','','','','',''),(591,'0cc430cbbdfd44a58e7602322c261ea1','','陈海仙','','tel_13566652192','0','13566652192','','1',0,'1','1bc5f695b32ce1fa0be42b64c985a803','1d10506baa4343b1fabcc49370cbaa3f','y','',0,0,'no',0,'','',0,'','',0,0,'no',0,'',0,'pc','2020-05-07 10:22:17','','','','','','','','',''),(592,'6a225acbf2f542159720c3ec7ceb7a04','','谢良湖','','tel_19957637129','0','19957637129','','1',0,'1','a6f8e3bd31e7b6dbc67095f25f42452d','1020c61e8fba4bffe35289b55dbfba56','y','',0,0,'no',0,'','',0,'','',0,0,'no',0,'',0,'pc','2020-05-07 10:22:43','','','','','','','','',''),(593,'f71d807ae1d9433d9c09163cef5baf78','','李湘','','tel_18267646257','0','18267646257','','1',0,'1','2b8b41f549c24fb2f04ae10efdb74efb','94d5f0f102cdd2d0ae52e13728e28cd8','y','',0,0,'no',0,'','',0,'','',0,0,'no',0,'',0,'pc','2020-05-07 10:23:09','','','','','','','','',''),(594,'d4737739626f4c018f133d306d4e49ab','','张海鹰','','tel_15858673889','0','15858673889','','1',0,'1','1eb0ddaa77028638c1d4aaab7c3ce3ea','fc143dcacceecf1479404c97f13dbe78','y','',0,0,'no',0,'','',0,'','',0,0,'no',0,'',0,'pc','2020-05-07 10:23:34','','','','','','','','',''),(595,'034e7a1e812745e194244d657b3d6b7a','','裘国强','','tel_13566408408','0','13566408408','','1',0,'1','abd887e0d01f472dae1d8a1bdfae156b','882db87cd4803a430377eecf44effc77','y','',0,0,'no',0,'','',0,'','',0,0,'no',0,'',0,'pc','2020-05-07 10:24:00','','','','','','','','',''),(596,'8808f467ac8d491b901312cb00005a8e','','朱炳照','','tel_15257617943','0','15257617943','','1',0,'1','e05440a5faf3639314c8715533a5fc1f','3033df55cff35bdc03d5973f9e38237e','y','',0,0,'no',0,'','',0,'','',0,0,'no',0,'',0,'pc','2020-05-07 10:24:26','','','','','','','','',''),(597,'71c4e6a323cb4a1a8c66504e8114313f','','李芬芳','','tel_13305863775','0','13305863775','','1',0,'1','e99ab1d5c75934dbed9c02401ffb06c2','55649c493eac41628638a67f3da4a153','y','',0,0,'no',0,'','',0,'','',0,0,'no',0,'',0,'pc','2020-05-07 10:24:52','','','','','','','','',''),(598,'71ebd73385644f919ec4d2a30424d5ac','','李方前','','tel_15057239188','0','15057239188','','1',0,'1','982d4f13123d8462340ed3a9fca6f451','581b0152cbd74db4f4e38b51f605b7c3','y','',0,0,'no',0,'','',0,'','',0,0,'no',0,'',0,'pc','2020-05-07 10:25:18','','','','','','','','',''),(599,'a56e698e8bbd4e08a1930e8bf131445d','','汤亚平','','tel_15068686844','0','15068686844','','1',0,'1','7d96f2a4b9ef60cb5500e334db1d3c1e','6228abe04c01b4333eb68163ea3908d2','y','',0,0,'no',0,'','',0,'','',0,0,'no',0,'',0,'pc','2020-05-07 10:25:45','','','','','','','','',''),(600,'9884fa82f8ee423790780a9e635f024e','','李佳佳','','tel_15168691613','0','15168691613','','1',0,'1','a73cbd734b64e2f3f04b9facaaff42ee','6a1b0bb8ce3f95bab4ab49a203f21116','y','',0,0,'no',0,'','',0,'','',0,0,'no',0,'',0,'pc','2020-05-07 10:26:11','','','','','','','','',''),(601,'e886184de8f141d5a65ce7c07649be6e','','陈金玉','','tel_13486251919','0','13486251919','','1',0,'1','7b65756ab0fc9129c22699fd95dff7ff','b42d534911b1eb140f9a85029db96b46','y','',0,0,'no',0,'','',0,'','',0,0,'no',0,'',0,'pc','2020-05-07 10:26:39','','','','','','','','',''),(602,'a96746cd20414f2d9fa649aaf94c5f84','','张益蒙','','tel_13616695926','0','13616695926','','1',0,'1','a9ecd716b995e564bfe9de4b1dc15feb','4437a8a0c03ac7332f9580806d04c1ed','y','',0,0,'no',0,'','',0,'','',0,0,'no',0,'',0,'pc','2020-05-07 10:27:06','','','','','','','','',''),(603,'e7c272039ea745c9933f0628e9d47b49','','李美玉','','tel_13706551448','0','13706551448','','1',0,'1','40f9aa6edeb4afb4c54c0ebb5a588da9','0689c7a887707afe3ade13f4809716e0','y','',0,0,'no',0,'','',0,'','',0,0,'no',0,'',0,'pc','2020-05-07 10:27:33','','','','','','','','',''),(604,'9ed5dcd9f0dc4417b890bdcd2df6ee8c','','李星月','','tel_13586117351','0','13586117351','','1',0,'1','1a9b7f7b23416539b3a0a4efa52e9028','8f0ac778cfb005d902b9760d8f989293','y','',0,0,'no',0,'','',0,'','',0,0,'no',0,'',0,'pc','2020-05-07 10:28:01','','','','','','','','',''),(605,'160c5ddf1bb2494aae02b3e1a67f94b0','','陈先锋','','tel_17757699262','0','17757699262','','1',0,'1','d2e77f03e673e3d95dc5c91e664a9ced','7008320b1e70dd1be2fe438ba28a1b77','y','',0,0,'no',0,'','',0,'','',0,0,'no',0,'',0,'pc','2020-05-07 10:28:29','','','','','','','','',''),(606,'4fc0f302653c446aa6124aea688de861','','章仁选','','tel_13857696625','0','13857696625','','1',0,'1','db01b1482580a77e9cbe03dc5edbde84','cab28ce8fca3465c78f275e406f3be5c','y','',0,0,'no',0,'','',0,'','',0,0,'no',0,'',0,'pc','2020-05-07 10:28:57','','','','','','','','',''),(607,'febddbfd4f0948f39e5625f59365acf6','','王晓琴','','tel_13757694880','0','13757694880','','1',0,'1','a99a81bdb8b53dc1d5acd66c8b097ffe','53f76617fc5695a160babe4344546ea7','y','',0,0,'no',0,'','',0,'','',0,0,'no',0,'',0,'pc','2020-05-07 10:29:25','','','','','','','','',''),(608,'46a4927d01cf488090e96d8ec58693d1','','李九妹','','tel_13706542853','0','13706542853','','1',0,'1','cf2f581a26494c53f41ae6db381a4464','1f52ad5881833b78877b418499eeaea6','y','',0,0,'no',0,'','',0,'','',0,0,'no',0,'',0,'pc','2020-05-07 10:29:53','','','','','','','','',''),(609,'832b091dab9348049afa61f07a5ca596','','詹良伟','','tel_13575820786','0','13575820786','','1',0,'1','fcb01c27f79d3a2e19378e2547f44d62','1387daaddef5d6241d29f9224586f6ea','y','',0,0,'no',0,'','',0,'','',0,0,'no',0,'',0,'pc','2020-05-07 10:30:22','','','','','','','','',''),(610,'e3cf3a3dce7548dc8600a09e3cf4956e','','王炜烽','','tel_13736523974','0','13736523974','','1',0,'1','ffbb8ec6ee663b4a3e240e9bb97834a4','70d56a37b1cf6e631f014ee8df2be628','y','',0,0,'no',0,'','',0,'','',0,0,'no',0,'',0,'pc','2020-05-07 10:30:51','','','','','','','','',''),(611,'03f0d9cbc51d42439a270649dc0dd3c7','','徐素青','','tel_13736522422','0','13736522422','','1',0,'1','d4c801e536f28a78f603335876724325','849d7eceb201fe7c599b097ead5025c5','y','',0,0,'no',0,'','',0,'','',0,0,'no',0,'',0,'pc','2020-05-07 10:31:20','','','','','','','','',''),(612,'67a48af8d86c4722bb748df6b50523ef','','朱怡','','tel_13666433381','0','13666433381','','1',0,'1','bb730eeda30b92d010d39bb9fbc84f73','399b28f624bc32dc0fb646964fd325af','y','',0,0,'no',0,'','',0,'','',0,0,'no',0,'',0,'pc','2020-05-07 10:31:50','','','','','','','','',''),(613,'67ef97e67e514114b7c7ff687b52761a','','余卫星','','tel_18006577612','0','18006577612','','1',0,'1','7b7f4e39e4cfdd130450eac37c98c966','b3392d357f8187c3e6674cbc70c438e2','y','',0,0,'no',0,'','',0,'','',0,0,'no',0,'',0,'pc','2020-05-07 10:32:20','','','','','','','','',''),(614,'4e86e480bc8d43569e65065d9204194f','','胡卫中','','tel_18667614550','0','18667614550','','1',0,'1','8391a7d0a7c2c2cb6f2a0f656d9354b2','2ac6454da46a7527a8b2e99178ecea7d','y','',0,0,'no',0,'','',0,'','',0,0,'no',0,'',0,'pc','2020-05-07 10:32:49','','','','','','','','',''),(615,'bef70f9a854e466fb7b2616e9a0fbdd6','','詹灵平','','tel_13736520841','0','13736520841','','1',0,'1','9b48681d67c38c74f999235de386bc0f','f0fa9cc1b490c289b24b515ba68378f7','y','',0,0,'no',0,'','',0,'','',0,0,'no',0,'',0,'pc','2020-05-07 10:33:19','','','','','','','','',''),(616,'50a5b645146348e6a0e8cf14acde275f','','金卫星','','tel_13676652088','0','13676652088','','1',0,'1','11d37af227adf7d02e22153a2a83f5a8','bb45430942ab5fa4444cf5e45fb46c92','y','',0,0,'no',0,'','',0,'','',0,0,'no',0,'',0,'pc','2020-05-07 10:33:49','','','','','','','','',''),(617,'1d2a7e7fa0a04f7285faffb098c05342','','胡林君','','tel_13968432688','0','13968432688','','1',0,'1','2260a5800351b66471dd99e2a9e0c0c3','b8e5d97986340facdf48cb6f19a21075','y','',0,0,'no',0,'','',0,'','',0,0,'no',0,'',0,'pc','2020-05-07 10:34:19','','','','','','','','',''),(618,'4810a0f6365d48519db7db58d2dab123','','蔡领燕','','tel_18967655773','0','18967655773','','1',0,'1','2cb2bfb4299d00145bacd12455377a38','7122cb8a382cc5a7f0df642ade419435','y','',0,0,'no',0,'','',0,'','',0,0,'no',0,'',0,'pc','2020-05-07 10:34:50','','','','','','','','',''),(619,'d97bed32f7694338bafd4fef3c6c1332','','蒋苹苹','','tel_13735826041','0','13735826041','','1',0,'1','b24ba26cc3eca81c3ee2a3737523408a','71ed19d50b9b67ace26d00d771881c81','y','',0,0,'no',0,'','',0,'','',0,0,'no',0,'',0,'pc','2020-05-07 10:35:20','','','','','','','','',''),(620,'43b14d4a42a54476a36cddc9bebad3a9','','吴冬娥','','tel_15257613109','0','15257613109','','1',0,'1','246ef8985115fb803833db5fd70a1df4','5b1be146e1539e32242a237aa3df51ea','y','',0,0,'no',0,'','',0,'','',0,0,'no',0,'',0,'pc','2020-05-07 10:35:51','','','','','','','','',''),(621,'eec4030c98d64e22bc31f7f6d9571678','','胡永卫','','tel_15867666825','0','15867666825','','1',0,'1','abd7289a215d36f301e6973550abe45b','0a00b8369beb26e7646f64db80598f51','y','',0,0,'no',0,'','',0,'','',0,0,'no',0,'',0,'pc','2020-05-07 10:36:23','','','','','','','','',''),(622,'0d06bfaca88e478e8e5a23ca4b376835','','张宏本','','tel_13454682233','0','13454682233','','1',0,'1','9c6acad5ff0ecc4d200702d112c95054','98cf39c1d1528d7bacefddff0bd0ef01','y','',0,0,'no',0,'','',0,'','',0,0,'no',0,'',0,'pc','2020-05-07 10:36:54','','','','','','','','',''),(623,'b27524dc5552463c89f3b520c890d8f3','','秦晓晓','','tel_18257669809','0','18257669809','','1',0,'1','f4274f702ad63507a9f924e04327aff2','65423ae7d9af28c19ea4cf7c81153b92','y','',0,0,'no',0,'','',0,'','',0,0,'no',0,'',0,'pc','2020-05-07 10:37:26','','','','','','','','',''),(624,'ff58e613ee69493b9b4d260e89c926e8','','罗桂春','','tel_13634085619','0','13634085619','','1',0,'1','e0fce653a5f4e3e39ccbb888eaea10b3','14ab2c30e31f5fe679b5894772435cb6','y','',0,0,'no',0,'','',0,'','',0,0,'no',0,'',0,'pc','2020-05-07 10:37:57','','','','','','','','',''),(625,'8206ea79f23241038b45d52b97ced26b','','金光联','','tel_13958540175','0','13958540175','','1',0,'1','651c7c97480083b30295ee024e1210d2','5a8246dd95f883a02c4cf0d1c4105bd8','y','',0,0,'no',0,'','',0,'','',0,0,'no',0,'',0,'pc','2020-05-07 10:38:29','','','','','','','','',''),(626,'f44f469d477947c9aeebd7140635a98e','','林群','','tel_13586137558','0','13586137558','','1',0,'1','be0d4bd4a35c45943dbc237180a8ca27','2b843d4ae4de059485fc455cd21d58c2','y','',0,0,'no',0,'','',0,'','',0,0,'no',0,'',0,'pc','2020-05-07 10:39:01','','','','','','','','',''),(627,'1a5b26fd55eb4d1a924fe776f7863a2b','','王伯淳','','tel_18906555359','0','18906555359','','1',0,'1','fe1d5b0c5562b92a9dd19171092281fd','a10a7f192a88aa939ecb3f612d3adf90','y','',0,0,'no',0,'','',0,'','',0,0,'no',0,'',0,'pc','2020-05-07 10:39:33','','','','','','','','',''),(628,'7128c6007372485789e12debcab2791e','','陈敏燕','','tel_13566895753','0','13566895753','','1',0,'1','d57a76171d69128b775ba2338414cb45','dfd1310b863a754131119a8f4c046e2a','y','',0,0,'no',0,'','',0,'','',0,0,'no',0,'',0,'pc','2020-05-07 10:40:06','','','','','','','','',''),(629,'597a9ff5a84b4f75ad2e221ea38a7be0','','上官秀芹','','tel_15988907668','0','15988907668','','1',0,'1','db6650a8108004f3839910b5a2cb8f4b','c7e55f6c825d2444cd7c0cda634b15df','y','',0,0,'no',0,'','',0,'','',0,0,'no',0,'',0,'pc','2020-05-07 10:40:39','','','','','','','','',''),(630,'303ed48ce11346bd98ac88215412f44d','','屈华荣','','tel_13566431263','0','13566431263','','1',0,'1','d00e3b635e8f6036cf0494a92c02a161','9befe3347649742c85ba1aa795981a3e','y','',0,0,'no',0,'','',0,'','',0,0,'no',0,'',0,'pc','2020-05-07 10:41:13','','','','','','','','',''),(631,'a481ffb992634254ba680ea70ca827c3','','单威','','tel_15858676787','0','15858676787','','1',0,'1','19f91f851ccf6abba673abb18c58975d','3b942af22bacda3791fbf65a7ee52865','y','',0,0,'no',0,'','',0,'','',0,0,'no',0,'',0,'pc','2020-05-07 10:41:46','','','','','','','','',''),(632,'110239072811476cb7bc0f0b4e251c6b','','金菊仙','','tel_13586149642','0','13586149642','','1',0,'1','0df4b55e2afd21706f81183997f94185','c950c0d6049d697730248093e95c0a9c','y','',0,0,'no',0,'','',0,'','',0,0,'no',0,'',0,'pc','2020-05-07 10:42:20','','','','','','','','',''),(633,'2a2285b3662f4d74b47256db99b78ba7','','屈巧燕','','tel_13750634861','0','13750634861','','1',0,'1','2b90a4638b0443b7c50b5e03598cb343','400b64d26c1283b800724c90351fc7b0','y','',0,0,'no',0,'','',0,'','',0,0,'no',0,'',0,'pc','2020-05-07 10:42:54','','','','','','','','',''),(634,'9c74012c6c3d4199b63b05af99bf8250','','侯孟超','','tel_15257643801','0','15257643801','','1',0,'1','34b8b39436cd4924e85244bf7cf199d7','3321ee80b72940d8bf05c00907b5923e','y','',0,0,'no',0,'','',0,'','',0,0,'no',0,'',0,'pc','2020-05-07 10:43:28','','','','','','','','',''),(635,'5f5b836faea046eab930d6b4c7150605','','李邦正','','tel_18815227189','0','18815227189','','1',0,'1','52589197d0a733e3cbb6caed077eefc0','318a0480ffc5a2fc6db6316fbbf6285a','y','',0,0,'no',0,'','',0,'','',0,0,'no',0,'',0,'pc','2020-05-07 10:44:02','','','','','','','','',''),(636,'7b63f87b1b214cc993dbc470b49dcdc0','','王建','','tel_15657699333','0','15657699333','','1',0,'1','f1cf3d6b6ff66fe619edc7fd51c581f3','731229bb18d13fda39cde05b7699570c','y','',0,0,'no',0,'','',0,'','',0,0,'no',0,'',0,'pc','2020-05-07 10:44:36','','','','','','','','',''),(637,'de1047495e514513a0a41852d8d2c0e8','','娄远多','','tel_13957635432','0','13957635432','','1',0,'1','8abdce6bc1c15eb8149030106c054741','a3eeaf54211bc5e849bf162b968bb16a','y','',0,0,'no',0,'','',0,'','',0,0,'no',0,'',0,'pc','2020-05-07 10:45:11','','','','','','','','',''),(638,'d73bcbfe0e2e4f7f966bec835610c58c','','屈羽祥','','tel_15257619536','0','15257619536','','1',0,'1','44491ebc5909647939b6d0841afb3053','9e9e1cceae5cf93e9364e5826393c327','y','',0,0,'no',0,'','',0,'','',0,0,'no',0,'',0,'pc','2020-05-07 10:45:46','','','','','','','','',''),(639,'47689c53219249e19dfe3a16c448146f','','梅金盛','','tel_13858609056','0','13858609056','','1',0,'1','7631e187afef8144c6aa0fa1af8b69ba','8a45748ed090621fb7f0bf5d82a7890a','y','',0,0,'no',0,'','',0,'','',0,0,'no',0,'',0,'pc','2020-05-07 10:46:21','','','','','','','','',''),(640,'cbf57339703f43378dd52b9b240b1170','','金龙掌','','tel_15757612955','0','15757612955','','1',0,'1','df0020e5bc73a05a2cf0849f735288be','605370c9f31fd54a2a09a060b159d991','y','',0,0,'no',0,'','',0,'','',0,0,'no',0,'',0,'pc','2020-05-07 10:46:56','','','','','','','','',''),(641,'686a249ca6b24efdbf294cc4ce060a91','','郭美芳','','tel_15824038051','0','15824038051','','1',0,'1','00c4976ba5f381718548ecb9111d92ab','c1444282b22c22b2f40fa11ae687f634','y','',0,0,'no',0,'','',0,'','',0,0,'no',0,'',0,'pc','2020-05-07 10:47:32','','','','','','','','',''),(642,'08ab0e823aed4006819a6c3b53468e5e','','杨勇军','','tel_13058732388','0','13058732388','','1',0,'1','1e6dc3654ecfe09a177e1564b0416d24','5ea497899bd4130b7a79f7d77f38bbad','y','',0,0,'no',0,'','',0,'','',0,0,'no',0,'',0,'pc','2020-05-07 10:48:07','','','','','','','','',''),(643,'313ffb3996144648b0ea284be884433e','','金士辉','','tel_13757606668','0','13757606668','','1',0,'1','eea1213cdb3293674c8286e44afe462e','3f100ea2ccb34b6b1c34db23feb6af91','y','',0,0,'no',0,'','',0,'','',0,0,'no',0,'',0,'pc','2020-05-07 10:48:43','','','','','','','','',''),(644,'a21e8f72cb284a2c8b63c5612436dc69','','郭佳佳','','tel_18605867867','0','18605867867','','1',0,'1','95c231554a716197b7afdda040ce0f52','87c264a6e2c6dabea17dd1c5be652730','y','',0,0,'no',0,'','',0,'','',0,0,'no',0,'',0,'pc','2020-05-07 10:49:18','','','','','','','','',''),(645,'a0e5c2de0fbc4bf2bd2b90cd8cfd8883','','屈玲香','','tel_13676654639','0','13676654639','','1',0,'1','a1be3eebfda87aa78e2f854e34a12473','30e58b37b3ec41e42ec57eaddb6054d4','y','',0,0,'no',0,'','',0,'','',0,0,'no',0,'',0,'pc','2020-05-07 10:49:55','','','','','','','','',''),(646,'1f7eae9d04844a7c97e60fe7c76abe48','','童亚玲','','tel_13665771566','0','13665771566','','1',0,'1','84c36a38c2c02aac060719538dd166bc','d2d254f6ead9757be679f73da69ae56c','y','',0,0,'no',0,'','',0,'','',0,0,'no',0,'',0,'pc','2020-05-07 10:50:32','','','','','','','','',''),(647,'6d78e89f264d4d71a6ac241fd74406b9','','洪慧单','','tel_13968606543','0','13968606543','','1',0,'1','b69bc21feb51a8c34585eaa9079a978c','986112431682f0fa45cd3112f380dd2b','y','',0,0,'no',0,'','',0,'','',0,0,'no',0,'',0,'pc','2020-05-07 10:51:08','','','','','','','','',''),(648,'ed5c6dae0f2847d7a95606e499892a84','','陈晶晶','','tel_15958628339','0','15958628339','','1',0,'1','07c27f6b0b626faaae424c3d52776952','4c9672894f10b8f3d2a23aecf7d94d73','y','',0,0,'no',0,'','',0,'','',0,0,'no',0,'',0,'pc','2020-05-07 10:51:45','','','','','','','','',''),(649,'2fee04f576b24b17b7aa514beb56088e','','吴文华','','tel_13706767208','0','13706767208','','1',0,'1','dbf0269bbcf7565163d9b76646629bed','06e57814f2824be03c45c659577bbff6','y','',0,0,'no',0,'','',0,'','',0,0,'no',0,'',0,'pc','2020-05-07 10:52:22','','','','','','','','',''),(650,'338074a017864a46a7bc412f42161cd3','','方卫刚','','tel_13586117783','0','13586117783','','1',0,'1','ff1e044fa18b0b85574e5036db2c6662','8112ec1f8d9a5a7f6d152c4056362a72','y','',0,0,'no',0,'','',0,'','',0,0,'no',0,'',0,'pc','2020-05-07 10:52:59','','','','','','','','',''),(651,'40b75cefd6594be9b2a574c05d5b66cc','','葛余多','','tel_13819675577','0','13819675577','','1',0,'1','d8b3c644c995d2f6fda0c7001170a202','65546bea57a504f1b36a860e74465f50','y','',0,0,'no',0,'','',0,'','',0,0,'no',0,'',0,'pc','2020-05-07 10:53:36','','','','','','','','',''),(652,'5a8d87e3154b40d9b7b2d169407c905c','','王茂春','','tel_13757606855','0','13757606855','','1',0,'1','8bcc29a3d98598fac34f4db8192a44ab','da804ed0862915c31425b83faa6cca0a','y','',0,0,'no',0,'','',0,'','',0,0,'no',0,'',0,'pc','2020-05-07 10:54:14','','','','','','','','',''),(653,'5f45b4e2059b4da9885cb464fc41cb44','','李林菊','','tel_13566892432','0','13566892432','','1',0,'1','37ce0b2adbaa6d169da7bbcd144fae7d','1ef37678d0707346ad48fdc3ad5d84e4','y','',0,0,'no',0,'','',0,'','',0,0,'no',0,'',0,'pc','2020-05-07 10:54:52','','','','','','','','',''),(654,'de0e0e1aaf4e46b49be331af91de0ee0','','虞定冬','','tel_18758636317','0','18758636317','','1',0,'1','661a259e897f4951ca261edc8c10cd2b','faaa7419343a6e9ce940c3d61aff3825','y','',0,0,'no',0,'','',0,'','',0,0,'no',0,'',0,'pc','2020-05-07 10:55:30','','','','','','','','',''),(655,'78e7eadfba0e454b8553f2678c9dfda5','','金崇敬','','tel_13606652138','0','13606652138','','1',0,'1','1eba3e3dbf11a2868e226464b3b7fdb2','a2a1426ea6ca69e88645c500834fd663','y','',0,0,'no',0,'','',0,'','',0,0,'no',0,'',0,'pc','2020-05-07 10:56:08','','','','','','','','',''),(656,'99c8fdb81ae64028938074fbbbf9b439','','刘观香','','tel_15958697836','0','15958697836','','1',0,'1','7ed008e19285995c2c23d54f66aad803','9d3ecf120541d100a4e9af8094ce3e00','y','',0,0,'no',0,'','',0,'','',0,0,'no',0,'',0,'pc','2020-05-07 10:56:46','','','','','','','','',''),(657,'91accc88189648b8a568137d45ec20bf','','吴娅丽','','tel_15168612852','0','15168612852','','1',0,'1','6505e5554692e3c75126f98af29b4a06','7cc97c8e00844f32c6950115a9448f9f','y','',0,0,'no',0,'','',0,'','',0,0,'no',0,'',0,'pc','2020-05-07 10:57:25','','','','','','','','',''),(658,'7fd865dd107c469d932ba9a0e5d94146','','朱先友','','tel_13515861086','0','13515861086','','1',0,'1','7eee4e756aa26a42cf177d74fc9c017d','6d93a075376e479495545623a11ca00a','y','',0,0,'no',0,'','',0,'','',0,0,'no',0,'',0,'pc','2020-05-07 10:58:04','','','','','','','','',''),(659,'231c187a80754a62b4d81cc5c56e8048','','张喜平','','tel_13706762298','0','13706762298','','1',0,'1','39d490dbfa18b5653369bd1fee5fc444','a08348bd835e660e63afe10dee72b8ea','y','',0,0,'no',0,'','',0,'','',0,0,'no',0,'',0,'pc','2020-05-07 10:58:43','','','','','','','','',''),(660,'619667a51da24a4a800d64cad95b0d56','','王云妹','','tel_18857641623','0','18857641623','','1',0,'1','47db8996bd374b2637577f89e996c760','af02422b359eb9950f8253b6863e1f4e','y','',0,0,'no',0,'','',0,'','',0,0,'no',0,'',0,'pc','2020-05-07 10:59:22','','','','','','','','',''),(661,'62221a3bab7341039e0d3e4ef4c73859','','李昌法','','tel_13454677599','0','13454677599','','1',0,'1','46e67f4ae73189016c87e9f03be81230','8e5ce081d41c9b831f0964859d47ceee','y','',0,0,'no',0,'','',0,'','',0,0,'no',0,'',0,'pc','2020-05-07 11:00:01','','','','','','','','',''),(662,'cb5fc532361d488299e802329e14f0e9','','罗道鲁','','tel_13750600725','0','13750600725','','1',0,'1','6146e7bf1da2385e90a8accbad02eb37','8f199687496040c8ab13b0ff7e9a2c33','y','',0,0,'no',0,'','',0,'','',0,0,'no',0,'',0,'pc','2020-05-07 11:00:43','','','','','','','','',''),(663,'fa54c04444094956b7b395c03094e861','','郑王芳','','tel_13867683075','0','13867683075','','1',0,'1','27611352842c9d1813950a847e3fc770','74b23600b802e5a62e7365fdeb38a1ad','y','',0,0,'no',0,'','',0,'','',0,0,'no',0,'',0,'pc','2020-05-07 11:01:23','','','','','','','','',''),(664,'5150f083a86141b694f99e1e88957f0e','','王萍','','tel_13655863106','0','13655863106','','1',0,'1','40a6b4766c37626ad030210768d2cd28','a017403466c597ba3dc9a099a39f581b','y','',0,0,'no',0,'','',0,'','',0,0,'no',0,'',0,'pc','2020-05-07 11:02:04','','','','','','','','',''),(665,'dbe08ca7f85e4c809fff3bc9c381a5da','','陈建芽','','tel_15057238608','0','15057238608','','1',0,'1','bfa47ee612f88e21561dfaeb33fb1daa','9656aaa35a6099b0330290b79629a690','y','',0,0,'no',0,'','',0,'','',0,0,'no',0,'',0,'pc','2020-05-07 11:02:45','','','','','','','','',''),(666,'fe3961c91b574fc2846936f2df5f8a5e','','宋万兵','','tel_13566433580','0','13566433580','','1',0,'1','85ff88ed30c0ccac7029615e1676a94b','cb7d6ad267bb8d56803a8810291021db','y','',0,0,'no',0,'','',0,'','',0,0,'no',0,'',0,'pc','2020-05-07 11:03:26','','','','','','','','',''),(667,'5279369d8ecc405fb4dd2c3bf7f7606e','','柳惠江','','tel_13566409478','0','13566409478','','1',0,'1','fe41a8f149ab574c010d97b1f8067c8a','4a475b5851c14488a074ae816d4ebbea','y','',0,0,'no',0,'','',0,'','',0,0,'no',0,'',0,'pc','2020-05-07 11:04:07','','','','','','','','',''),(668,'0c396727581d40b1b0d81ce82f9516c5','','陈先龙','','tel_13736201780','0','13736201780','','1',0,'1','00f5106ee7215b2375fa74117d6304ea','5080b40b9e7dd402a21b72350b684728','y','',0,0,'no',0,'','',0,'','',0,0,'no',0,'',0,'pc','2020-05-07 11:04:49','','','','','','','','',''),(669,'b360af980f30451d8e316dd04a2cdd82','','金礼高','','tel_13586112989','0','13586112989','','1',0,'1','b884c5148d669cb0e5d5b293f003cd6f','aff21c6ba30eeab9195b51d3e987dece','y','',0,0,'no',0,'','',0,'','',0,0,'no',0,'',0,'pc','2020-05-07 11:05:31','','','','','','','','',''),(670,'a95b946a9bd74e169d7e8149002d28e2','','王可平','','tel_13958582095','0','13958582095','','1',0,'1','e5ae8eb225784d4dbe4ce149af6b0651','c0e323dfd8389b166468ec4ab5299c4a','y','',0,0,'no',0,'','',0,'','',0,0,'no',0,'',0,'pc','2020-05-07 11:06:13','','','','','','','','',''),(671,'d59ef2739d28481d92d32aa2f51ef6e4','','项文静','','tel_15712655805','0','15712655805','','1',0,'1','252845db739a376b89a213dca2408025','927c60ead4cec2c374a0bf000e2f7efd','y','',0,0,'no',0,'','',0,'','',0,0,'no',0,'',0,'pc','2020-05-07 11:06:55','','','','','','','','',''),(672,'1c0ea6824eeb45e6af8bb1b1f622cbeb','','王梅芳','','tel_15067660767','0','15067660767','','1',0,'1','541ce1bad21768101bec5b70580bb6fb','9e64b0aa28f1a9899c0cd67cea1f543b','y','',0,0,'no',0,'','',0,'','',0,0,'no',0,'',0,'pc','2020-05-07 11:07:37','','','','','','','','',''),(673,'09dec81895e9408ab088190200fde78b','','俞慧芬','','tel_18304811188','0','18304811188','','1',0,'1','3f1b89209a47f20b5e4751a46a5c8b79','a9e60af7837f47edfa51a9f67ca67d56','y','',0,0,'no',0,'','',0,'','',0,0,'no',0,'',0,'pc','2020-05-07 11:08:19','','','','','','','','',''),(674,'199352c411d24bb1ac8cccaea83765c2','','王飞','','tel_13666400337','0','13666400337','','1',0,'1','0ad49b80fa88fef83e9242fde892969d','a5a80434b6ce75153dcaa4b74f75cf01','y','',0,0,'no',0,'','',0,'','',0,0,'no',0,'',0,'pc','2020-05-07 11:09:02','','','','','','','','',''),(675,'e3d2a05248db4280baa93e3287fc99c3','','林良青','','tel_13566868939','0','13566868939','','1',0,'1','0c75a970a57665b767949f798cd18f43','3bd7e91fafd1105b632d438e011f5479','y','',0,0,'no',0,'','',0,'','',0,0,'no',0,'',0,'pc','2020-05-07 11:09:45','','','','','','','','',''),(676,'78221d5c7cdb495386ee50b5828b996a','','王玲英','','tel_13566893786','0','13566893786','','1',0,'1','401a0b37b01e975fc66e6fdffb9a9219','e1636366804664431f9398c4ec7e4654','y','',0,0,'no',0,'','',0,'','',0,0,'no',0,'',0,'pc','2020-05-07 11:10:29','','','','','','','','',''),(677,'a1ae577aa3b94abc9fb232b3d811ee27','','娄光辉','','tel_13958548997','0','13958548997','','1',0,'1','371842238f88b2a3e1c2ca20efe68d61','d794d3b6ee3b5977b1ce37f778c28e5d','y','',0,0,'no',0,'','',0,'','',0,0,'no',0,'',0,'pc','2020-05-07 11:11:12','','','','','','','','',''),(678,'73d2fc64099647c99b1a7e5a9dc7368c','','王丽琴','','tel_13750638956','0','13750638956','','1',0,'1','ced46699d7fb66f5f947c894effb9254','6438cbb5e79f27cfe5d63d9d5b282a00','y','',0,0,'no',0,'','',0,'','',0,0,'no',0,'',0,'pc','2020-05-07 11:11:56','','','','','','','','',''),(679,'8a9af39095cc4ad1b0a3a5451fe58496','','娄双丹','','tel_13676650579','0','13676650579','','1',0,'1','7d9873a92e483ff2156174580991bed9','d3798b9e7bf4803cf705d3ef000baaca','y','',0,0,'no',0,'','',0,'','',0,0,'no',0,'',0,'pc','2020-05-07 11:12:39','','','','','','','','',''),(680,'b60855cd704541e6af0c9587694ea7e7','','金雪琴','','tel_13958583989','0','13958583989','','1',0,'1','20049377c7d7fc892971654f30236f6d','a83b70ccef18248d65b68fd77fb32cfa','y','',0,0,'no',0,'','',0,'','',0,0,'no',0,'',0,'pc','2020-05-07 11:13:23','','','','','','','','',''),(681,'bd1ed4d3d5b4437d9590c4d22f89f1e8','','王玲芬','','tel_18968580039','0','18968580039','','1',0,'1','09726eae44f45bfc2b72c65a07a68d53','d64ee3810dc0e3b3702dc130fa7b8cb8','y','',0,0,'no',0,'','',0,'','',0,0,'no',0,'',0,'pc','2020-05-07 11:14:07','','','','','','','','',''),(682,'7953b8fa195349bd814ed767656f24f4','','戴彩女','','tel_13566890695','0','13566890695','','1',0,'1','5a35763b984af07b74f07fc3d48028fd','67bc775d626ac992350df278b9fdc1ce','y','',0,0,'no',0,'','',0,'','',0,0,'no',0,'',0,'pc','2020-05-07 11:14:50','','','','','','','','',''),(683,'7808cbe402ae4c0a837f9c155dab79f9','','柯丽虹','','tel_13958590309','0','13958590309','','1',0,'1','0a1b3dd21d3a3a5e0232defc5696f2cb','4281b3767aa5a0ae7cf040032fbb72e6','y','',0,0,'no',0,'','',0,'','',0,0,'no',0,'',0,'pc','2020-05-07 11:15:36','','','','','','','','',''),(684,'febbed9efe9b4764b27999c9b34ed039','','戴克兵','','tel_13958593137','0','13958593137','','1',0,'1','f162033458c492e3cedf0ee3cf45ee29','f2e5d5a5845fb2652d160345f0c68e0f','y','',0,0,'no',0,'','',0,'','',0,0,'no',0,'',0,'pc','2020-05-07 11:16:20','','','','','','','','',''),(685,'79bbc2d82c7141c18f60910dccf6bf18','','张珍珍','','tel_18805864426','0','18805864426','','1',0,'1','03df7c7cf7bc7f29c94d2914f059b02d','8c106d4e7f9d3298e792f09d6cd007ff','y','',0,0,'no',0,'','',0,'','',0,0,'no',0,'',0,'pc','2020-05-07 11:17:05','','','','','','','','',''),(686,'ba286409b0ee408482d9235d497fdf63','','赖月琴','','tel_13515865277','0','13515865277','','1',0,'1','3b31a22dbcee60127e4e6deb64fe29b1','f3ab92c7600eeddc5ebe54ce776d06b3','y','',0,0,'no',0,'','',0,'','',0,0,'no',0,'',0,'pc','2020-05-07 11:17:50','','','','','','','','',''),(687,'e6b7067082094fb8867fcda55e616e06','','王先喜','','tel_13157605810','0','13157605810','','1',0,'1','aeb8de4d8296d10636f421053b7837c5','9a70211dea74b7ce693078692923e02b','y','',0,0,'no',0,'','',0,'','',0,0,'no',0,'',0,'pc','2020-05-07 11:18:36','','','','','','','','',''),(688,'41a5987061614de7af9f57aea3817166','','刘慧娣','','tel_15867658526','0','15867658526','','1',0,'1','ddc4806a6570c4987c28456e4deb08d9','b91bf9a5e8e2059032e76140867cbd3d','y','',0,0,'no',0,'','',0,'','',0,0,'no',0,'',0,'pc','2020-05-07 11:19:22','','','','','','','','',''),(689,'403d2332af6e4282a512966e334cf4ce','','徐香娥','','tel_13736523396','0','13736523396','','1',0,'1','5f8082a15cd4163c5b258bf2170303a3','dedd19cd445a07bb528439a20fb3bc37','y','',0,0,'no',0,'','',0,'','',0,0,'no',0,'',0,'pc','2020-05-07 11:20:09','','','','','','','','',''),(690,'6f789cbe131a45a399ef4257a9b52b8b','','陈敏华','','tel_13586131075','0','13586131075','','1',0,'1','90eb1fddc136e05169d46aff2e4d0923','1ffaea2a9c4f94a7892d84f69593df6d','y','',0,0,'no',0,'','',0,'','',0,0,'no',0,'',0,'pc','2020-05-07 11:20:55','','','','','','','','',''),(691,'90923b300a9949e3942ea95df59f06be','','周选芳','','tel_15958639846','0','15958639846','','1',0,'1','1d5e3940ae285532c5aa6c8456ab3dd1','02037ebe9c3d8e3785a6793c5108e70e','y','',0,0,'no',0,'','',0,'','',0,0,'no',0,'',0,'pc','2020-05-07 11:21:41','','','','','','','','',''),(692,'ebd1ce85c880468b80ba935c21808626','','张阳春','','tel_13058850733','0','13058850733','','1',0,'1','d5460b8ffd1c46a637437f40585bcab1','22d609e32549bf322539830639593907','y','',0,0,'no',0,'','',0,'','',0,0,'no',0,'',0,'pc','2020-05-07 11:22:28','','','','','','','','',''),(693,'40f6b9a4da8d4b57b06e8fb932035e5e','','陈小霞','','tel_13566888406','0','13566888406','','1',0,'1','e01476e23a1197c407a2ee689f6522d9','152e4af0f8dce22ab9bac6437cc5d9b7','y','',0,0,'no',0,'','',0,'','',0,0,'no',0,'',0,'pc','2020-05-07 11:23:14','','','','','','','','',''),(694,'73aaeb9263de4f508737ed63844629f5','','王飞','','tel_13184368878','0','13184368878','','1',0,'1','de963adc12bed37a153bbe7f14fc4f8e','06acbda02394a7ff3a1b8892d7523692','y','',0,0,'no',0,'','',0,'','',0,0,'no',0,'',0,'pc','2020-05-07 11:24:01','','','','','','','','',''),(695,'3c428c5fea0e4759a66f1e5ec6addb4e','','胡仁满','','tel_13750639212','0','13750639212','','1',0,'1','49fbd8ac1a684887caa6bb2d08131b63','3dea4f40be6fdaf224e1a5af4c7629d4','y','',0,0,'no',0,'','',0,'','',0,0,'no',0,'',0,'pc','2020-05-07 11:24:49','','','','','','','','',''),(696,'3f6fa71b2ebb41b4a1cac916439ed749','','林芳','','tel_15558517858','0','15558517858','','1',0,'1','520ede9f6da87e7d2432b0b21acd570c','0f15e4343809c8259962ad1696e06982','y','',0,0,'no',0,'','',0,'','',0,0,'no',0,'',0,'pc','2020-05-07 11:25:36','','','','','','','','',''),(697,'eed4b03ec66941a0bebf33a8419898af','','王飞','','tel_13586122085','0','13586122085','','1',0,'1','0cb7cfd4222fbc244c8ab0ad2a415bfe','84c2df304c2a268c6b69b4135137cd4d','y','',0,0,'no',0,'','',0,'','',0,0,'no',0,'',0,'pc','2020-05-07 11:26:23','','','','','','','','',''),(698,'ee87090eb600487fb77af57db59e0f16','','张灵灵','','tel_13666411957','0','13666411957','','1',0,'1','a55a078a9ba8b41ed68023fbf96500f6','b6feed7ac3be599399c51a85bcd2334d','y','',0,0,'no',0,'','',0,'','',0,0,'no',0,'',0,'pc','2020-05-07 11:27:11','','','','','','','','',''),(699,'d81b863dbd784893898a90d4082b3cf6','','杨彩君','','tel_18248698390','0','18248698390','','1',0,'1','05bcad482534f85715a578dd298bc5d3','af39ba614d4712c698f4cdb5b1fbb8f0','y','',0,0,'no',0,'','',0,'','',0,0,'no',0,'',0,'pc','2020-05-07 11:27:59','','','','','','','','',''),(700,'5fc4496e77994ccb904fe0b7c572a584','','赵世高','','tel_13486232829','0','13486232829','','1',0,'1','c04213df410ba218bf5f8cd4091fed00','0fc447669cb4fdce5308734788a37c30','y','',0,0,'no',0,'','',0,'','',0,0,'no',0,'',0,'pc','2020-05-07 11:28:47','','','','','','','','',''),(701,'a5ad66946a874e5eaa1e73b29691f651','','王正马','','tel_13575899170','0','13575899170','','1',0,'1','8cedbbfce534aead10ab5b4687aceebb','11c8c850e2d4401968debdc0f93980e7','y','',0,0,'no',0,'','',0,'','',0,0,'no',0,'',0,'pc','2020-05-07 11:29:36','','','','','','','','',''),(702,'76542045a7af4fb0825ce9629b47e85a','','朱红琴','','tel_13606654858','0','13606654858','','1',0,'1','1580370a4c21855ddc0c071d1ac196e1','5f00de7af26afc3e2e035fca9e9652cc','y','',0,0,'no',0,'','',0,'','',0,0,'no',0,'',0,'pc','2020-05-07 11:30:25','','','','','','','','',''),(703,'e99902dbb1034406801ef025422c1713','','蒋秀顺','','tel_13750669952','0','13750669952','','1',0,'1','c7cfc0a28f071f965fd2c68da1a71146','682b958970f1bf712ea3e9d995f27aa8','y','',0,0,'no',0,'','',0,'','',0,0,'no',0,'',0,'pc','2020-05-07 11:31:14','','','','','','','','',''),(704,'7bae0bb6188d41f683656ad83014aa8c','','李挥军','','tel_15068655655','0','15068655655','','1',0,'1','85992cf45c0c993168e51243374c2f70','73035f6091ac8bded84c70384d243038','y','',0,0,'no',0,'','',0,'','',0,0,'no',0,'',0,'pc','2020-05-07 11:32:03','','','','','','','','',''),(705,'e85c546fdc6b4de8a083a7fa31190253','','阮金春','','tel_13819679299','0','13819679299','','1',0,'1','7a8d9586f30a6d8e6cf158bf6e07fdff','dd6d6dd7b2505f0f510d3b6a02d1180b','y','',0,0,'no',0,'','',0,'','',0,0,'no',0,'',0,'pc','2020-05-07 11:32:52','','','','','','','','',''),(706,'c0c7da1863d34907b2d39ffbf1fffe8c','','冯瑛英','','tel_13666896537','0','13666896537','','1',0,'1','226b6299a03373e0b24fff589db4274e','30d1c14e233a5cd65c03fbad1405aeed','y','',0,0,'no',0,'','',0,'','',0,0,'no',0,'',0,'pc','2020-05-07 11:33:42','','','','','','','','',''),(707,'e28671c26cb8478ea4ed099457647ed2','','许心正','','tel_13634087772','0','13634087772','','1',0,'1','d52f139112a2b7004072731aaf8d089e','cd52507af495337df689133f5f0b6c7f','y','',0,0,'no',0,'','',0,'','',0,0,'no',0,'',0,'pc','2020-05-07 11:34:31','','','','','','','','',''),(708,'801d9afd54f14dabb51a96ee5cc49ff0','','王宝富','','tel_13567565421','0','13567565421','','1',0,'1','9c83f77f3f1ece87d3d413680d78a78f','4d59579be5b092ded6089f03d7a06ae5','y','',0,0,'no',0,'','',0,'','',0,0,'no',0,'',0,'pc','2020-05-07 11:35:21','','','','','','','','',''),(709,'a9eb39c0db1443a9aea139b3f114f736','','陈进军','','tel_13655863848','0','13655863848','','1',0,'1','4fe0bd99c558eec900ad6e50c5e5724b','100ef273e19ab264d3fcea4d3be421bc','y','',0,0,'no',0,'','',0,'','',0,0,'no',0,'',0,'pc','2020-05-07 11:36:10','','','','','','','','',''),(710,'b492a8c4da654aadaf82a5cbb5e1183c','','陈巧芬','','tel_13736622913','0','13736622913','','1',0,'1','ac0530b9b8363d3f3d300e1814d4f402','1db6bf60e1bc7fce6333c96801b6defe','y','',0,0,'no',0,'','',0,'','',0,0,'no',0,'',0,'pc','2020-05-07 11:37:00','','','','','','','','',''),(711,'04d8cabd73564d7c93ebfbdaa4235e11','','王志伟','','tel_13666473700','0','13666473700','','1',0,'1','34602ba9660f2a728e3d0c669537fbaf','29a7cdf7e8e84329c1ba999ada12f631','y','',0,0,'no',0,'','',0,'','',0,0,'no',0,'',0,'pc','2020-05-07 11:37:50','','','','','','','','',''),(712,'28cfc5c8cb8a4c2da6867f9dd9edaf90','','郑  统','','tel_18967697521','0','18967697521','','1',0,'1','9bbccc307d1ea4beefd862a9375f52b3','1e8595b3be94ef458719c823345e40e2','y','',0,0,'no',0,'','',0,'','',0,0,'no',0,'',0,'pc','2020-05-07 11:38:41','','','','','','','','',''),(713,'d102598a8a0742dfbab4a6103301bb95','','吴燕萍','','tel_18767685253','0','18767685253','','1',0,'1','5bd413e49bd4015141568f7f42b31c88','ebd8dc496113e51100907be277f77275','y','',0,0,'no',0,'','',0,'','',0,0,'no',0,'',0,'pc','2020-05-07 11:39:31','','','','','','','','',''),(714,'0305d92e53e44436b104127f04ad1f1b','','龚欠礼','','tel_13968500961','0','13968500961','','1',0,'1','f7d5fc2c94a776acfce778fd40bdffc6','eeb9920e25a4a22febfbcc01962b0173','y','',0,0,'no',0,'','',0,'','',0,0,'no',0,'',0,'pc','2020-05-07 11:40:27','','','','','','','','',''),(715,'88071520903f4256a6de45742d8e42c1','','毛志慧','','tel_13857639565','0','13857639565','','1',0,'1','c9b3265df2098e66d6dbe6f284688e5f','bc2dbd4a136a02f2e55c7dd9127d5bd9','y','',0,0,'no',0,'','',0,'','',0,0,'no',0,'',0,'pc','2020-05-07 11:41:20','','','','','','','','',''),(716,'e6cfabeb6cf848a9b5b1e90e36b179e7','','胡优飞','','tel_13586122499','0','13586122499','','1',0,'1','ef99bd1602e0c73829b91f06696e2954','4b398184f79c4c4321a988636727e049','y','',0,0,'no',0,'','',0,'','',0,0,'no',0,'',0,'pc','2020-05-07 11:42:11','','','','','','','','',''),(717,'fc93593c88db40cba2d59adff873542c','','汪维标','','tel_15267285932','0','15267285932','','1',0,'1','3751a9cd74f969644af7d6bb459223f7','9dba2d222296fca7fe76d0ebc9d8491e','y','',0,0,'no',0,'','',0,'','',0,0,'no',0,'',0,'pc','2020-05-07 11:43:03','','','','','','','','',''),(718,'0b37e8c3c3014c329311129f136c63ef','','黄勤福','','tel_13058850091','0','13058850091','','1',0,'1','caef999b4c9fb6bbf71bfaaf7cfa1da4','559d3da827f7db327842316bea2714cd','y','',0,0,'no',0,'','',0,'','',0,0,'no',0,'',0,'pc','2020-05-07 11:43:55','','','','','','','','',''),(719,'8f8e994035504b8686e79885c3b26f41','','汪锦新','','tel_13058828189','0','13058828189','','1',0,'1','4a84ecbc6566f826fc55a38173b94889','97a5deaf581347ac2639bbf6e453a4d8','y','',0,0,'no',0,'','',0,'','',0,0,'no',0,'',0,'pc','2020-05-07 11:44:47','','','','','','','','',''),(720,'aba14131695541d0857a51f2d1c49fe8','','章娟娟','','tel_13958579090','0','13958579090','','1',0,'1','d90facc98890788ca39539ab41c03461','c9e297a2679aad384ab3fd2e63c34f85','y','',0,0,'no',0,'','',0,'','',0,0,'no',0,'',0,'pc','2020-05-07 11:45:40','','','','','','','','',''),(721,'8393c60e40b14d8ca4b9cc02140060be','','池作改','','tel_13454686219','0','13454686219','','1',0,'1','0c753e34caca83ab29fb650f6920953d','268f28fcb9a10131fb1e593f474f6947','y','',0,0,'no',0,'','',0,'','',0,0,'no',0,'',0,'pc','2020-05-07 11:46:33','','','','','','','','',''),(722,'69be78b6a09e458e8745a690f8bcfb16','','章德化','','tel_18857673232','0','18857673232','','1',0,'1','7e476f3a419722b2512d12dd28f80f61','eef5e5710bee27ebcaad46c1e6ba4e0f','y','',0,0,'no',0,'','',0,'','',0,0,'no',0,'',0,'pc','2020-05-07 11:47:26','','','','','','','','',''),(723,'a29803c9b88e40a4a1b7e0f018b5448b','','金永水','','tel_15005862631','0','15005862631','','1',0,'1','31029a9e6bf041e420a2d71805b5e73a','2c292731465efcc89d3d31ee52ed0057','y','',0,0,'no',0,'','',0,'','',0,0,'no',0,'',0,'pc','2020-05-07 11:48:20','','','','','','','','',''),(724,'4b6354e0ee604c40848e744c74c2f648','','吴忠秀','','tel_15068629918','0','15068629918','','1',0,'1','a6a5cfd2bafb0fcf7157ea2207966a1b','bbe92cfdf358ab6916ae11571e872e9d','y','',0,0,'no',0,'','',0,'','',0,0,'no',0,'',0,'pc','2020-05-07 11:49:14','','','','','','','','',''),(725,'e12dc08430a3403d96fb9d5851c5c9ff','','林玉珍','','tel_13058619963','0','13058619963','','1',0,'1','df7a72a517de55e8c233cf3a75a4e14f','b1bf5d6df09cfac5373a7bb0fa880f22','y','',0,0,'no',0,'','',0,'','',0,0,'no',0,'',0,'pc','2020-05-07 11:50:08','','','','','','','','',''),(726,'dc447c79610741138ecb23a14beb077b','','金仁泽','','tel_13806562721','0','13806562721','','1',0,'1','4a498f9fdb62a714bc9dc2c5c2788155','b4706f45fc2188bee9c9f3adabc23288','y','',0,0,'no',0,'','',0,'','',0,0,'no',0,'',0,'pc','2020-05-07 11:51:03','','','','','','','','',''),(727,'5b916653141f400196b7244751b2f6f1','','章日能','','tel_13105633402','0','13105633402','','1',0,'1','83c3ceee140e0458a2db84cb3fb783da','2a215e36ba1ad8682246b562ef9ad6ec','y','',0,0,'no',0,'','',0,'','',0,0,'no',0,'',0,'pc','2020-05-07 11:51:58','','','','','','','','',''),(728,'131681a12c4049e4b7f588c6886737b8','','孙文兰','','tel_13116507515','0','13116507515','','1',0,'1','8ae97fa5bcdd865b21e78ac26462d25e','4bf39df3dfd0208d835d6961a93b9fca','y','',0,0,'no',0,'','',0,'','',0,0,'no',0,'',0,'pc','2020-05-07 11:52:53','','','','','','','','',''),(729,'63f4b7c867c8407a933d5cb4c71e2224','','虞选顶','','tel_13575816006','0','13575816006','','1',0,'1','46aff0abff6150407128cd0764daa7de','343836259ee21e7f059ce36ae67c8ff0','y','',0,0,'no',0,'','',0,'','',0,0,'no',0,'',0,'pc','2020-05-07 11:53:49','','','','','','','','',''),(730,'d4d91b6b306b4153a2565333ea119fe2','','郭功善','','tel_18857657808','0','18857657808','','1',0,'1','fceacf960071578064c5e704a5d886e1','cbcc41bac790619dccc49e5e8e54be55','y','',0,0,'no',0,'','',0,'','',0,0,'no',0,'',0,'pc','2020-05-07 11:54:45','','','','','','','','',''),(731,'9cd31f97184744ee8f29b7bcaab79d47','','虞彦裕','','tel_13336791600','0','13336791600','','1',0,'1','58a029fa333a96dd2ae608b9ad9e1b5a','319d2e4deff45620c577629b00c05c2c','y','',0,0,'no',0,'','',0,'','',0,0,'no',0,'',0,'pc','2020-05-07 11:55:41','','','','','','','','',''),(732,'7032a6139d3943498cb0fd9c0ac7226a','','何金庆','','tel_13806561272','0','13806561272','','1',0,'1','7a091da189f426a676ebcffff7e36d79','d782cee45d8c01dd055fadef0d28adbf','y','',0,0,'no',0,'','',0,'','',0,0,'no',0,'',0,'pc','2020-05-07 11:56:37','','','','','','','','',''),(733,'86544182467140f48a0b422d9cb93c88','','陈雨来','','tel_13093806470','0','13093806470','','1',0,'1','cda6da9d3adc15b3e2e9118b449116bd','afb6a71270f954c194accf70a940fdd4','y','',0,0,'no',0,'','',0,'','',0,0,'no',0,'',0,'pc','2020-05-07 11:57:34','','','','','','','','',''),(734,'9fccd39102974f56b172a4895f842697','','何方地','','tel_13666860927','0','13666860927','','1',0,'1','18e489457a677bb717e2579c58e59941','628c7f6dbde02bcbd26f82693c19a6ec','y','',0,0,'no',0,'','',0,'','',0,0,'no',0,'',0,'pc','2020-05-07 11:58:30','','','','','','','','',''),(735,'df9b56911ff944d8bb15f83d8c97f667','','林启明','','tel_15157265128','0','15157265128','','1',0,'1','2be0e0454d1223edd699e5e50034f4b6','a9526c6a49a4506cd0e7ac9dc180a079','y','',0,0,'no',0,'','',0,'','',0,0,'no',0,'',0,'pc','2020-05-07 11:59:27','','','','','','','','',''),(736,'472eb870e7c54362bd0b6e64bfdbc0b7','','胡方宝','','tel_13666861946','0','13666861946','','1',0,'1','eae0b487cfa5394a7e75c5612ad71b6a','2a3ff7fb52ad6ab16a4dc7b59564b6f0','y','',0,0,'no',0,'','',0,'','',0,0,'no',0,'',0,'pc','2020-05-07 12:00:26','','','','','','','','',''),(737,'762825eddd924d9abad7f69e9a1b5bd7','','包彦楚','','tel_13586131322','0','13586131322','','1',0,'1','67f1892610bb5f858c7e0ed70d4133bc','a93f19b1d2577967e2496633a7c4dcfc','y','',0,0,'no',0,'','',0,'','',0,0,'no',0,'',0,'pc','2020-05-07 12:01:24','','','','','','','','',''),(738,'6fb0083711d449e4a466bf5a719f7514','','毛国良','','tel_13706761849','0','13706761849','','1',0,'1','86c3945df450a396aae01b72a789c7de','5199919ff721781bd2776d61e233ef51','y','',0,0,'no',0,'','',0,'','',0,0,'no',0,'',0,'pc','2020-05-07 12:02:24','','','','','','','','',''),(739,'3793cb060c534eb6babaeb908ecff163','','包启蒋','','tel_13906769155','0','13906769155','','1',0,'1','7b2cde388baa74420ca5c1ace8a3b9ca','4b837b35b763e90d9d30de7589a07fc7','y','',0,0,'no',0,'','',0,'','',0,0,'no',0,'',0,'pc','2020-05-07 12:03:23','','','','','','','','',''),(740,'ba362641c70e468f939569240a50efff','','蔡财胜','','tel_13736620798','0','13736620798','','1',0,'1','69a8eac8dead06c8b0f0ce2b33c23bb7','b1567346474f86a472d86cef66f3647d','y','',0,0,'no',0,'','',0,'','',0,0,'no',0,'',0,'pc','2020-05-07 12:04:21','','','','','','','','',''),(741,'d08f645107ba4bc6b0cf26428c36e1e2','','吕继福','','tel_13757621623','0','13757621623','','1',0,'1','27278c76f8cd8920ce7a40056a958eed','4f06b9a371155bf1ab065f873fa25fdb','y','',0,0,'no',0,'','',0,'','',0,0,'no',0,'',0,'pc','2020-05-07 12:05:21','','','','','','','','',''),(742,'c12bb87617494c2ab78d38ec1ecdb7cf','','郑丹','','tel_15867693820','0','15867693820','','1',0,'1','9a4e3e6e792de6d8effcaa84fd0497e6','7202099912fbf14c3ae43ad1aa54588c','y','',0,0,'no',0,'','',0,'','',0,0,'no',0,'',0,'pc','2020-05-07 12:06:21','','','','','','','','',''),(743,'71e6a710452244ba89c317bd6a14f3c5','','周仲鲁','','tel_13757626465','0','13757626465','','1',0,'1','569ab1a4fd674707e3beb6dd7758ae4d','142c6a20b58bc21027de67a7a77f9bcd','y','',0,0,'no',0,'','',0,'','',0,0,'no',0,'',0,'pc','2020-05-07 12:07:20','','','','','','','','',''),(744,'859fae52c48543618234fb06ecf76fb4','','王玲','','tel_18268351105','0','18268351105','','1',0,'1','be16a424a87fde795539ffb263d1130d','b44b40414d053ed073d783083c7ab7d3','y','',0,0,'no',0,'','',0,'','',0,0,'no',0,'',0,'pc','2020-05-07 12:08:21','','','','','','','','',''),(745,'7681df88ea614dc7ab9ae71fa47cdec0','','陈大群','','tel_13706760669','0','13706760669','','1',0,'1','49173b13aae87367c8cbc7798bef6b40','2796110e2799952e5cbe7cf2dbfe2a13','y','',0,0,'no',0,'','',0,'','',0,0,'no',0,'',0,'pc','2020-05-07 12:09:21','','','','','','','','',''),(746,'69c8d7967b4e4d2bbd20eb2f27820d32','','王千','','tel_13958567923','0','13958567923','','1',0,'1','79888b4d95e56230aa86f34baf9a8d47','f77543372aa0c24fa8e664577a67e5ce','y','',0,0,'no',0,'','',0,'','',0,0,'no',0,'',0,'pc','2020-05-07 12:10:22','','','','','','','','',''),(747,'8d2729a871684a618b1aece3935686b6','','王晓菲','','tel_13566863276','0','13566863276','','1',0,'1','57187084c3a587feb94df58a661779c0','35ab11930bea731d7de6d9cd4ed3d8ad','y','',0,0,'no',0,'','',0,'','',0,0,'no',0,'',0,'pc','2020-05-07 12:11:23','','','','','','','','',''),(748,'0a73d898f18647aab8c69c245d78730e','','李昌金','','tel_13515863983','0','13515863983','','1',0,'1','2b46873cc1d93a11570d8835687f5acd','459c6e7bd4df2132c943ec0c94b78d54','y','',0,0,'no',0,'','',0,'','',0,0,'no',0,'',0,'pc','2020-05-07 12:12:24','','','','','','','','',''),(749,'430b68cacc604c3299de0ee05e9d3ce9','','徐红燕','','tel_18267672119','0','18267672119','','1',0,'1','5685d81069e006c638229ca47ffcdf34','026dbd697e6d72bb1e8145f3edd276c1','y','',0,0,'no',0,'','',0,'','',0,0,'no',0,'',0,'pc','2020-05-07 12:13:25','','','','','','','','',''),(750,'5e15a1f7a73e436fb61e945be13f87d8','','尤再武','','tel_13175469988','0','13175469988','','1',0,'1','fa4085734ed387b037ee1b8de0aae312','753d3c8927c42c76cb1b69b858a41c7f','y','',0,0,'no',0,'','',0,'','',0,0,'no',0,'',0,'pc','2020-05-07 12:14:27','','','','','','','','',''),(751,'f7562d7780d644768b89d67f214f33d7','','陈丽萍','','tel_15257615121','0','15257615121','','1',0,'1','d78cc5e47b789ae69246273811dea8eb','842e2700658e7789583d1419616cef19','y','',0,0,'no',0,'','',0,'','',0,0,'no',0,'',0,'pc','2020-05-07 12:15:29','','','','','','','','',''),(752,'7ae540531074485d8826ab5c63a2eb47','','王子燕','','tel_13757621582','0','13757621582','','1',0,'1','c5c28cc6fcd63beaae2802279c7f7eba','ea259dfe881e1febeb59861587dc01fc','y','',0,0,'no',0,'','',0,'','',0,0,'no',0,'',0,'pc','2020-05-07 12:16:31','','','','','','','','',''),(753,'e48963f6faba4157b8cfb4851bf71aa5','','金丹丹','','tel_13819627024','0','13819627024','','1',0,'1','778b4ed995ba9acc47c63bbffc813df7','9f217e3e05663f8e9984ff24155ef5e5','y','',0,0,'no',0,'','',0,'','',0,0,'no',0,'',0,'pc','2020-05-07 12:17:34','','','','','','','','',''),(754,'c8bf769fe9e9481baed6d7aeeab527d6','','徐敏','','tel_13757622502','0','13757622502','','1',0,'1','12283cedabd7ad173b7b2eceb6d37359','b817a16eade7ffdc12aebfc551e3df70','y','',0,0,'no',0,'','',0,'','',0,0,'no',0,'',0,'pc','2020-05-07 12:18:36','','','','','','','','',''),(755,'4dd3de912dbd49b08b64d0b73f1f897a','','王会明','','tel_13626643728','0','13626643728','','1',0,'1','e855ec1650eeee410fc4abc03843ee70','c5c68054f1420b58e08a0bcb9d99efc5','y','',0,0,'no',0,'','',0,'','',0,0,'no',0,'',0,'pc','2020-05-07 12:19:39','','','','','','','','',''),(756,'047fdb19691b44a9ae9519e6bfe82321','','尤彩玲','','tel_13586232370','0','13586232370','','1',0,'1','504e7c7a2d3ebb6d27231c5c2fd954b1','69d31ffc8f6f0392896682b0cfd947ba','y','',0,0,'no',0,'','',0,'','',0,0,'no',0,'',0,'pc','2020-05-07 12:20:42','','','','','','','','',''),(757,'533b6c8ce4ca4a4bad00c2adb1925a38','','周萍','','tel_15888649979','0','15888649979','','1',0,'1','61a4f2cdd39603c1614881d7d579650d','e8d0f2f1c94d93a5f9abed61235fe7e0','y','',0,0,'no',0,'','',0,'','',0,0,'no',0,'',0,'pc','2020-05-07 12:22:36','','','','','','','','',''),(758,'44a356dbd71f46e9bdd980aee4180ebc','','金彩燕','','tel_13566455071','0','13566455071','','1',0,'1','4519efe2b745be560c312e948399cd91','f56aeabf4e8f2848587fe3200148cb4a','y','',0,0,'no',0,'','',0,'','',0,0,'no',0,'',0,'pc','2020-05-07 12:23:39','','','','','','','','',''),(759,'75f2100a45ba4cadba0bdf95b367249c','','尤秋香','','tel_15968619073','0','15968619073','','1',0,'1','89f8e61098fa42c36aee5c9b02ee0657','d9f72b03f8d6d83fc2804b8eb74eddab','y','',0,0,'no',0,'','',0,'','',0,0,'no',0,'',0,'pc','2020-05-07 12:24:42','','','','','','','','',''),(760,'c1c925d0726d4d46a6f8fdcb46655dce','','金彩娟','','tel_13626675422','0','13626675422','','1',0,'1','5ab5d2eb3660e365bb0ee736dbe70d3a','f60abd9a0cd34d9702653c79b2aca420','y','',0,0,'no',0,'','',0,'','',0,0,'no',0,'',0,'pc','2020-05-07 12:25:45','','','','','','','','',''),(761,'b9cd68aaec894b92a92f478ece021ef4','','冯玲燕','','tel_15168661980','0','15168661980','','1',0,'1','5566a46681f1347b54cf92ae831020ca','1e099036a2973215ba2aa5994de75874','y','',0,0,'no',0,'','',0,'','',0,0,'no',0,'',0,'pc','2020-05-07 12:26:49','','','','','','','','',''),(762,'2513e06f5dca4e0890dc73d4414153eb','','冯言营','','tel_18767641159','0','18767641159','','1',0,'1','f0a5cdfaed96638a9932f272518dc011','d6acb8c906fa0bd6a377454bacf2c08f','y','',0,0,'no',0,'','',0,'','',0,0,'no',0,'',0,'pc','2020-05-07 12:27:53','','','','','','','','',''),(763,'d9548417e1ce49018846ddadbc743804','','周明','','tel_13857676836','0','13857676836','','1',0,'1','3162ce1ce8c4b2a9cb1f88c80a7ccdad','fbf6c3f9b337fe19066cfbe19a89e837','y','',0,0,'no',0,'','',0,'','',0,0,'no',0,'',0,'pc','2020-05-07 12:28:59','','','','','','','','',''),(764,'c549702f25f94d0ea3ad6718eed92008','','何凤娇','','tel_15968681708','0','15968681708','','1',0,'1','6d4c1529f192a73cc0f37a52e3bda80b','2389b63b4ae97ff9dbcefd71301070d0','y','',0,0,'no',0,'','',0,'','',0,0,'no',0,'',0,'pc','2020-05-07 12:30:05','','','','','','','','',''),(765,'c2057061fcd14cfba3775b7dbd6303b0','','陈云','','tel_13306589123','0','13306589123','','1',0,'1','aa825109795bd3f1fc389c07f3cd3093','7b907c8fc25a0cc960f6fc41e6fa2768','y','',0,0,'no',0,'','',0,'','',0,0,'no',0,'',0,'pc','2020-05-07 12:31:10','','','','','','','','',''),(766,'d9f9d24913a7405a8ee7bc62f8f66319','','侯崇勇','','tel_13675136633','0','13675136633','','1',0,'1','91464aafd6927e30ef585c6b2de1b5c1','41ff352b09803cb30fbdaf720d92bad9','y','',0,0,'no',0,'','',0,'','',0,0,'no',0,'',0,'pc','2020-05-07 12:32:16','','','','','','','','',''),(767,'fbe321e84adf4bce8ff0843eb1859b11','','蒋王德','','tel_13175352795','0','13175352795','','1',0,'1','485a80aae8742cc28d96654c3277bd04','a79b25556b14e2638c746d7a1f90bec7','y','',0,0,'no',0,'','',0,'','',0,0,'no',0,'',0,'pc','2020-05-07 12:33:23','','','','','','','','',''),(768,'4ad54092bd8a4764b84d4740ef3aa911','','汤雪琴','','tel_13867645805','0','13867645805','','1',0,'1','7dd49a5267c8497fe1fd7899e18c765c','9db85f978f8f85f8be5ff5e1ce49e659','y','',0,0,'no',0,'','',0,'','',0,0,'no',0,'',0,'pc','2020-05-07 12:34:29','','','','','','','','',''),(769,'6645a4a276fd4531a8d472a17c95155a','','冯珏','','tel_13666833065','0','13666833065','','1',0,'1','1656f6ffb35104387905780c8c3173ac','2c032511ce7d4a9e252fe5396dc60204','y','',0,0,'no',0,'','',0,'','',0,0,'no',0,'',0,'pc','2020-05-07 12:35:35','','','','','','','','',''),(770,'ddb7d03c4d1945a0a1499617c440a7df','','陈超','','tel_18857625055','0','18857625055','','1',0,'1','dc841005d18d4c5e73fb9194c9f2f682','0a347f68a51b234307f65ddb46d35cd1','y','',0,0,'no',0,'','',0,'','',0,0,'no',0,'',0,'pc','2020-05-07 12:36:42','','','','','','','','',''),(771,'410948e2ddf942d1a443b200a2cc3a3e','','张斌','','tel_15325632933','0','15325632933','','1',0,'1','0176a0c9e393d922ae35d6f8a41c7c20','9004dbe4d9a5f89640365c889b88af7b','y','',0,0,'no',0,'','',0,'','',0,0,'no',0,'',0,'pc','2020-05-07 12:37:49','','','','','','','','',''),(772,'c309343fcf0d475291f3c1af677f61d4','','陈海青','','tel_13185766809','0','13185766809','','1',0,'1','a005bd7162775244140780e5ddaf7b40','844d0b55b0bfdab152e672092f9d163a','y','',0,0,'no',0,'','',0,'','',0,0,'no',0,'',0,'pc','2020-05-07 12:38:56','','','','','','','','',''),(773,'5ada16a53c2546558ff293c648049b71','','陈信广','','tel_13958551672','0','13958551672','','1',0,'1','0d44c253d11d13ca1a4b8bb78d091d77','1fdf4dc68253b523ad697944abd94c3c','y','',0,0,'no',0,'','',0,'','',0,0,'no',0,'',0,'pc','2020-05-07 12:40:03','','','','','','','','',''),(774,'93614365b4c04619af910c84bb043375','','冯玲萍','','tel_13738508284','0','13738508284','','1',0,'1','ff02fa4173fb6218c088e3e01a0b61c4','274e520a677f39c32456445c2ad32bbc','y','',0,0,'no',0,'','',0,'','',0,0,'no',0,'',0,'pc','2020-05-07 12:41:11','','','','','','','','',''),(775,'997aaa39c12f4553a3618a2c40d72718','','冯虹','','tel_13736666512','0','13736666512','','1',0,'1','94e48a309662e8c1e210d47b9acf576d','7303cb4f462302e86d147dfb93ebfbd5','y','',0,0,'no',0,'','',0,'','',0,0,'no',0,'',0,'pc','2020-05-07 12:42:19','','','','','','','','',''),(776,'a0e4be41da8a42bab1e78b2c378ef084','','王珍珍','','tel_13566672922','0','13566672922','','1',0,'1','24e3b41e793e659d69d1d2c1ec604abb','38fe6828a25258879a5d879a50351016','y','',0,0,'no',0,'','',0,'','',0,0,'no',0,'',0,'pc','2020-05-07 12:43:27','','','','','','','','',''),(777,'e9bfaacaa0e94a729c87f9b5a938f4cd','','朱新兴','','tel_13738560333','0','13738560333','','1',0,'1','0c565190e5e470cca5a6b23a8ebe4e34','160634560acf209fa158cc7a5b2d0d66','y','',0,0,'no',0,'','',0,'','',0,0,'no',0,'',0,'pc','2020-05-07 12:44:36','','','','','','','','',''),(778,'dc6c26bd69e3439eb242f7afda9c2842','','周希洪','','tel_15868690468','0','15868690468','','1',0,'1','ad2fb6b50b853805180fa2b41be8560c','71924e8aa4df7c239f8bc67ab900ed95','y','',0,0,'no',0,'','',0,'','',0,0,'no',0,'',0,'pc','2020-05-07 12:45:45','','','','','','','','',''),(779,'40a60f92dfdb43a49e51edc2f7d80760','','洪晓珍','','tel_15257618277','0','15257618277','','1',0,'1','46a8d627fd11a970ec68b2673fa088cb','0ce3883c2c88c0bfacaea45b46d3c1cd','y','',0,0,'no',0,'','',0,'','',0,0,'no',0,'',0,'pc','2020-05-07 12:46:54','','','','','','','','',''),(780,'f14a2dea5edc47b38ea342a25ade01ae','','应玲吉','','tel_13989679754','0','13989679754','','1',0,'1','f80326c286bebc7cb9e5dd3ef0e039ab','5e62c6fe376725f6ef257ba25152946c','y','',0,0,'no',0,'','',0,'','',0,0,'no',0,'',0,'pc','2020-05-07 12:48:03','','','','','','','','',''),(781,'f0459a66959a4f00b3b7c4e44c233c38','','朱  红','','tel_15857699956','0','15857699956','','1',0,'1','4345fd54b778f874dac2223f4efb787a','4ec5d5788e0cef8ca51c52b18caf4457','y','',0,0,'no',0,'','',0,'','',0,0,'no',0,'',0,'pc','2020-05-07 12:49:13','','','','','','','','',''),(782,'15350100051b428da8f9ded27e120af7','','朱群飞','','tel_13738685376','0','13738685376','','1',0,'1','87ca1f4469b4fa13c4a8bed86b584a44','a0e5d439522627ed78241fb2827cd46f','y','',0,0,'no',0,'','',0,'','',0,0,'no',0,'',0,'pc','2020-05-07 12:50:24','','','','','','','','',''),(783,'a11b4aabd7af4f0aad86104d625498ab','','包荣德','','tel_13706550359','0','13706550359','','1',0,'1','1f42970011db5a8d84dfca7b133e06bf','9f2acbf4da487acbc7b21bbb1dd551e5','y','',0,0,'no',0,'','',0,'','',0,0,'no',0,'',0,'pc','2020-05-07 12:51:33','','','','','','','','',''),(784,'ada1d6090673434caf06527c2b879d1c','','马夏青','','tel_18067727197','0','18067727197','','1',0,'1','a7b5ff74d2a52ac6d02d225b44237146','98a30ad01300ab3669aee7624cd54721','y','',0,0,'no',0,'','',0,'','',0,0,'no',0,'',0,'pc','2020-05-07 12:52:43','','','','','','','','',''),(785,'867a8e2cd38f45afb5bbee107a5bd94d','','杨建秋','','tel_13073819358','0','13073819358','','1',0,'1','8d1102ba1c2b7644d25dba325cc7f6b8','3b587660e9789f161fcab284b6075994','y','',0,0,'no',0,'','',0,'','',0,0,'no',0,'',0,'pc','2020-05-07 12:53:53','','','','','','','','',''),(786,'9392d65a337e43ea8ac46f13c8eca316','','洪正富','','tel_13586118488','0','13586118488','','1',0,'1','cabf35bd2e49a7253146a604e28496a7','412637ca693c6bf2139f3a61fc0e6a6b','y','',0,0,'no',0,'','',0,'','',0,0,'no',0,'',0,'pc','2020-05-07 12:55:04','','','','','','','','',''),(787,'1dffdfb2064d401c82756ee6307ec6b3','','方德华','','tel_13655865496','0','13655865496','','1',0,'1','b3b476d0f4b02f2ce5040f357a6c067c','7dc63c84decc6185b500abae317dd4b9','y','',0,0,'no',0,'','',0,'','',0,0,'no',0,'',0,'pc','2020-05-07 12:56:14','','','','','','','','',''),(788,'3822da0dc188486097b29a3859ebcbb4','','毕广银','','tel_13566892318','0','13566892318','','1',0,'1','361cfba1bd7eaf7b7fe274a3b8ea8fe8','cfae59167c84aa6c120f9beba7184a7e','y','',0,0,'no',0,'','',0,'','',0,0,'no',0,'',0,'pc','2020-05-07 12:57:26','','','','','','','','',''),(789,'4b6e41b88e7a4326be1ef7a9390aa091','','胡赛华','','tel_13736625364','0','13736625364','','1',0,'1','75a0f378903b1685c7f48f88b5719ed6','9cb971e9b095c254b438d4797cfc2729','y','',0,0,'no',0,'','',0,'','',0,0,'no',0,'',0,'pc','2020-05-07 12:58:38','','','','','','','','',''),(790,'df18286873e44056a3652bc954f2f4cb','','郭杏芬','','tel_13905868504','0','13905868504','','1',0,'1','7a49693c3bdb88b28702285ae9ed9937','bd30f235fab8c487c87cde1455b5102f','y','',0,0,'no',0,'','',0,'','',0,0,'no',0,'',0,'pc','2020-05-07 12:59:50','','','','','','','','',''),(791,'62a7aebc821641a5974851b9e6453946','','鲍彩红','','tel_13738566786','0','13738566786','','1',0,'1','604bade5a89e75764c26a0ba5acfb742','fd166f944eb38a0d5d1b9f17d86fc99f','y','',0,0,'no',0,'','',0,'','',0,0,'no',0,'',0,'pc','2020-05-07 13:01:03','','','','','','','','',''),(792,'c805bfab4b2941e5b9b54b9438639f3e','','赵巧辉','','tel_13958576261','0','13958576261','','1',0,'1','3ca1a7f31dd6fc90fbaf3ac0708ef12c','2924a0f61b032aa0fc4dbc2b83c58eaf','y','',0,0,'no',0,'','',0,'','',0,0,'no',0,'',0,'pc','2020-05-07 13:02:18','','','','','','','','',''),(793,'473c9b2319074e2faf59ffd52bd232f9','','谢道正','','tel_13819622377','0','13819622377','','1',0,'1','a7c44b9a366af2ac0bd85dc3141de246','d06f9d5cf306e2a65a24e66ac3ee111c','y','',0,0,'no',0,'','',0,'','',0,0,'no',0,'',0,'pc','2020-05-07 13:03:31','','','','','','','','',''),(794,'f9fb0af275fd41fea95d1a604eb8dbd8','','徐志立','','tel_13968568786','0','13968568786','','1',0,'1','a04118a95cd0c95d39f91a0c4eb0e2dd','c87e9c5e4723181b16501fba9b5885e4','y','',0,0,'no',0,'','',0,'','',0,0,'no',0,'',0,'pc','2020-05-07 13:04:44','','','','','','','','',''),(795,'1162709a7e98457ca7450c79a04bf654','','沈敏德','','tel_13566867148','0','13566867148','','1',0,'1','eb4d3462ed4eaa775e5a19b66574112e','fa0a68627a49b0c47cd9a846b4b3e8a9','y','',0,0,'no',0,'','',0,'','',0,0,'no',0,'',0,'pc','2020-05-07 13:05:57','','','','','','','','',''),(796,'ef25dcda37ac431e87603a9b8b714eb4','','许小萍','','tel_13456692532','0','13456692532','','1',0,'1','7cec3720662d9fa49b79c0bff7cdddd5','78c527ccfd28546b5dab58d4e3085c01','y','',0,0,'no',0,'','',0,'','',0,0,'no',0,'',0,'pc','2020-05-07 13:07:12','','','','','','','','',''),(797,'f3204e672b984b64bf8f055616986d08','','郭于镯','','tel_13750684950','0','13750684950','','1',0,'1','e304faa7189df609dd869e8cd99b0864','3f8f6efd6301483c386b31e66b634da1','y','',0,0,'no',0,'','',0,'','',0,0,'no',0,'',0,'pc','2020-05-07 13:08:26','','','','','','','','',''),(798,'2d2970473c764a839f8136f235fc1839','','倪肖肖','','tel_13858608584','0','13858608584','','1',0,'1','fccd83d9fa1bba43ab464190941f92e9','27ebd399cfbec1182e0893a8436e0c3b','y','',0,0,'no',0,'','',0,'','',0,0,'no',0,'',0,'pc','2020-05-07 13:09:40','','','','','','','','',''),(799,'cfe79f6ff397465985ec382907c56f80','','王建波','','tel_13586109699','0','13586109699','','1',0,'1','edde5d65caa0375d9489fa8eca0f6c79','0581abaa5c7f7d68bb398735597b3e3b','y','',0,0,'no',0,'','',0,'','',0,0,'no',0,'',0,'pc','2020-05-07 13:10:54','','','','','','','','',''),(800,'fa6c9b257cfc4e39afece67a7850fdee','','陈佩瑜','','tel_13757628993','0','13757628993','','1',0,'1','af0ee32acfb0fe1dd9629661fbbf3208','525e2c979b8c39376f01dea4ef5e202d','y','',0,0,'no',0,'','',0,'','',0,0,'no',0,'',0,'pc','2020-05-07 13:12:09','','','','','','','','',''),(801,'7852201996b24e3892772a1775cb5d7f','','谢定富','','tel_13454698525','0','13454698525','','1',0,'1','cda5d49ecd5d32c25d533426e4978d23','197d1cb4b5161922863d278eeafb41fe','y','',0,0,'no',0,'','',0,'','',0,0,'no',0,'',0,'pc','2020-05-07 13:13:24','','','','','','','','',''),(802,'3f2e4644f8274d49bfb3d2f6a11fb2cf','','彭庆飞','','tel_13566435360','0','13566435360','','1',0,'1','afd9589eeeef5e0477b71d768b5c3db2','98c4fe29e5762f2cf014ec25346ced25','y','',0,0,'no',0,'','',0,'','',0,0,'no',0,'',0,'pc','2020-05-07 13:14:38','','','','','','','','',''),(803,'c83a47d5ce9e483c90a93ba6a2a6f54f','','方吉升','','tel_13676651086','0','13676651086','','1',0,'1','66c4d574e8a140e5c4843eda6388168c','c878bb2a937668c9ce34898cdd0b47b1','y','',0,0,'no',0,'','',0,'','',0,0,'no',0,'',0,'pc','2020-05-07 13:15:53','','','','','','','','',''),(804,'a099d64cf7e84b00b0de14f1d25d1404','','许从祺','','tel_13706766813','0','13706766813','','1',0,'1','b791a2077bb2cb993392bb3ddd770780','8e34fb5da2140b4637561423c9e755d3','y','',0,0,'no',0,'','',0,'','',0,0,'no',0,'',0,'pc','2020-05-07 13:17:09','','','','','','','','',''),(805,'b83f694b87d5481195025ba1164d5e8b','','何慧','','tel_13757618669','0','13757618669','','1',0,'1','c003aff64d8495a43c12b673097571b9','09d2fd05cf431105f1f3be30fd1a1f2a','y','',0,0,'no',0,'','',0,'','',0,0,'no',0,'',0,'pc','2020-05-07 13:18:24','','','','','','','','',''),(806,'6ecaa5ae04e04b31883147906051001b','','徐海兵','','tel_13586108745','0','13586108745','','1',0,'1','792c94b6029068e03e4d0a37d484bd0a','f0a654c78c8f90dea8ceb0d646ba1aba','y','',0,0,'no',0,'','',0,'','',0,0,'no',0,'',0,'pc','2020-05-07 13:19:39','','','','','','','','',''),(807,'c8eba2c12e4a408d8b9de35c0f669f1b','','程正志','','tel_13586109372','0','13586109372','','1',0,'1','e6de86f853c88ddf677499217b9dc8f5','afdae899eb7d155a4abd31293323fde1','y','',0,0,'no',0,'','',0,'','',0,0,'no',0,'',0,'pc','2020-05-07 13:20:56','','','','','','','','',''),(808,'e577d8e68bd74235a71194cb9b7a6989','','钱天波','','tel_13806564883','0','13806564883','','1',0,'1','250be7322e37e53c06dbd9b523a1065a','6e2f3d1e82499e7df784489b03e84fe0','y','',0,0,'no',0,'','',0,'','',0,0,'no',0,'',0,'pc','2020-05-07 13:22:11','','','','','','','','',''),(809,'a85bbb1b3fe54a6fbc5728de41441fc2','','单文娟','','tel_18357682751','0','18357682751','','1',0,'1','d34bffc17a1167a22a74fb7549dbf70b','ba625db759ed34ef060235ca811a96fa','y','',0,0,'no',0,'','',0,'','',0,0,'no',0,'',0,'pc','2020-05-07 13:23:27','','','','','','','','',''),(810,'e7e450feb2894d3b9cd1226969b9dc75','','程紫漪','','tel_13586138546','0','13586138546','','1',0,'1','e8306cf83cdb6982f8a2fde0e11884aa','b7f3074ded32e0dd131add8a5cd83a9a','y','',0,0,'no',0,'','',0,'','',0,0,'no',0,'',0,'pc','2020-05-07 13:24:44','','','','','','','','',''),(811,'21e7dfd4756f48c694810a2ba2a1210f','','林红辉','','tel_13958576989','0','13958576989','','1',0,'1','9272429e9713caa3ad0858c5185b6c4d','7a6f6ea967e2dd39431a60ee9d12cfc5','y','',0,0,'no',0,'','',0,'','',0,0,'no',0,'',0,'pc','2020-05-07 13:26:00','','','','','','','','',''),(812,'48fd99f771084be89b1710fcf25e8e88','','应凤娟','','tel_15325678789','0','15325678789','','1',0,'1','9baaeb6b4cd484f27877413144d55e27','c887a035245a86beba852a551ded060e','y','',0,0,'no',0,'','',0,'','',0,0,'no',0,'',0,'pc','2020-05-07 13:27:18','','','','','','','','',''),(813,'da6a64cd75aa4f2abfcc0c80243b7692','','叶文葵','','tel_13575820972','0','13575820972','','1',0,'1','acdc67df977bdae7518f0c8ea64719ca','b1e30efb55962d0b6b90fde81c562ff3','y','',0,0,'no',0,'','',0,'','',0,0,'no',0,'',0,'pc','2020-05-07 13:28:35','','','','','','','','',''),(814,'e2ae9bde6bf544cd846b6e1a6ed16144','','童利平','','tel_18158603140','0','18158603140','','1',0,'1','ac4bb01ad259e2549fa3039bf839dcb6','8b709b0ce0197acd2b0666563caaf77c','y','',0,0,'no',0,'','',0,'','',0,0,'no',0,'',0,'pc','2020-05-07 13:29:51','','','','','','','','',''),(815,'2c7b09b2c32641359b1b717de4d3ce71','','鲍正德','','tel_13606652418','0','13606652418','','1',0,'1','4af22a81fb8afc3688e8b1c8ce71a7da','9672c81290fde90a10dadb28f6927434','y','',0,0,'no',0,'','',0,'','',0,0,'no',0,'',0,'pc','2020-05-07 13:31:10','','','','','','','','',''),(816,'f897aadcd5344aea98d16bf85427016d','','鲍君浩','','tel_13958597113','0','13958597113','','1',0,'1','68fe396f62901a3f7b6cb5107b907245','9f126db3a39aaed1267ad61222534182','y','',0,0,'no',0,'','',0,'','',0,0,'no',0,'',0,'pc','2020-05-07 13:32:28','','','','','','','','',''),(817,'03db0949707b422ab74ca1d1eea9c9b0','','程慧超','','tel_15068666677','0','15068666677','','1',0,'1','e9c1c8ed5c5060e8abe62f3cc1416ac0','0a776e3603f85e46f0bfc0e95b94f884','y','',0,0,'no',0,'','',0,'','',0,0,'no',0,'',0,'pc','2020-05-07 13:33:46','','','','','','','','',''),(818,'8ba8a60cfa50422c9d5d93315f81292a','','陈如永','','tel_13511448534','0','13511448534','','1',0,'1','9ab74714357a237f5101ef6f1b45e5a5','3e9ebde38961c10453d0c329cb8bd901','y','',0,0,'no',0,'','',0,'','',0,0,'no',0,'',0,'pc','2020-05-07 13:35:04','','','','','','','','',''),(819,'73faf3b4db4046c0af5df1cc1a31ac8d','','孙向娥','','tel_18267622475','0','18267622475','','1',0,'1','e90af4c9f4fe6c621f118e080f84d710','1ad686fc7784ea803a48c4e181b00789','y','',0,0,'no',0,'','',0,'','',0,0,'no',0,'',0,'pc','2020-05-07 13:36:23','','','','','','','','',''),(820,'5cdd2e0928634f0f81dcab4a8b8d5748','','姚九利','','tel_15968613776','0','15968613776','','1',0,'1','5e8dba524a42538cf1c17c8cd9d3817d','d068adda65150126c5d34f059e0a41b1','y','',0,0,'no',0,'','',0,'','',0,0,'no',0,'',0,'pc','2020-05-07 13:37:42','','','','','','','','',''),(821,'787b077e41434d519145c9a6fd474340','','叶忠源','','tel_13357672215','0','13357672215','','1',0,'1','0e44bf4199ebafb6dde5096daa9a6b3a','6e947151a744b1d4d893b4328e1a428c','y','',0,0,'no',0,'','',0,'','',0,0,'no',0,'',0,'pc','2020-05-07 13:39:00','','','','','','','','',''),(822,'6d5250d75aa14a369773316c71c6dc46','','叶启生','','tel_13758629689','0','13758629689','','1',0,'1','7ed29219c6360d8a2176c642a7f2eab2','c313a89586d5add5fda0abbb60724181','y','',0,0,'no',0,'','',0,'','',0,0,'no',0,'',0,'pc','2020-05-07 13:40:20','','','','','','','','',''),(823,'87362f68b583420d99bb8182042143fb','','金国卫','','tel_13757698656','0','13757698656','','1',0,'1','e9e175bbc5923c1d0ec086384128a830','c9dc812c7019b8321f339229b1d0886a','y','',0,0,'no',0,'','',0,'','',0,0,'no',0,'',0,'pc','2020-05-07 13:41:39','','','','','','','','',''),(824,'575e67834f3f4d3a8890862e3bfcd971','','朱贵','','tel_15381801213','0','15381801213','','1',0,'1','18aa8d0d57ee17b17a10792c42970f62','9357e7041341a509ac8298ad5fa5756a','y','',0,0,'no',0,'','',0,'','',0,0,'no',0,'',0,'pc','2020-05-07 13:42:58','','','','','','','','',''),(825,'13681fdafc344135ba9b5b8c2a7abc36','','朱玲君','','tel_13736629087','0','13736629087','','1',0,'1','7f64e11f3b489cba72b76361c59731cc','8d1eaa671571f82c397ffbf851c2c162','y','',0,0,'no',0,'','',0,'','',0,0,'no',0,'',0,'pc','2020-05-07 13:44:16','','','','','','','','',''),(826,'66a740ff076a48a4b07992ecfeaaf737','','陈军','','tel_13736203599','0','13736203599','','1',0,'1','d8a33e1bcd86df1e125b0fc8dcb46bb9','fd135d978c805e084700dc1e339e460f','y','',0,0,'no',0,'','',0,'','',0,0,'no',0,'',0,'pc','2020-05-07 13:45:36','','','','','','','','',''),(827,'ab065f724c864053a80bf6d874680ff6','','金菊萍','','tel_13736510127','0','13736510127','','1',0,'1','e9a780bcbc480cf104d83f1bc4dce042','9912165928707094b222eba1c7bdb9d6','y','',0,0,'no',0,'','',0,'','',0,0,'no',0,'',0,'pc','2020-05-07 13:46:56','','','','','','','','',''),(828,'8d7b32bf98504a04a79a7d2e386d64a2','','朱明利','','tel_15867668371','0','15867668371','','1',0,'1','2d2aa8bba4d5cc0205e19497c76498c5','13591e20b278edbd2fbb145ce8bc04cd','y','',0,0,'no',0,'','',0,'','',0,0,'no',0,'',0,'pc','2020-05-07 13:48:16','','','','','','','','',''),(829,'a5e2949b59624f139e76cf85ee974714','','刘佩兰','','tel_13706551015','0','13706551015','','1',0,'1','ef0b696fc6ef3626f248900d81127b94','45b6f14e766cbff17eb1bbafe87ed351','y','',0,0,'no',0,'','',0,'','',0,0,'no',0,'',0,'pc','2020-05-07 13:49:37','','','','','','','','',''),(830,'cfa45c319db84f2684446da7468f8706','','郑志形','','tel_15167624153','0','15167624153','','1',0,'1','b913061b3cce3adb82d8e793803bef8b','ca0a7104cc9bac132a285dc2189d052e','y','',0,0,'no',0,'','',0,'','',0,0,'no',0,'',0,'pc','2020-05-07 13:50:58','','','','','','','','',''),(831,'b238ccb138e84e83a819e7f3ddc7ac74','','梁彩仙','','tel_13958595268','0','13958595268','','1',0,'1','872376b4938271fdaed4fca0b7d0f368','5ad0242a81a4bd6e6876f08fb55c6ba2','y','',0,0,'no',0,'','',0,'','',0,0,'no',0,'',0,'pc','2020-05-07 13:52:19','','','','','','','','',''),(832,'d0ea790e618643729b437a42af02fa7a','','朱仲英','','tel_13666869832','0','13666869832','','1',0,'1','2b5405708bbe3d3fc01c1d997b5a002e','318483b7bfa8a7dec02b785d4bfdfe53','y','',0,0,'no',0,'','',0,'','',0,0,'no',0,'',0,'pc','2020-05-07 13:53:40','','','','','','','','',''),(833,'a2a9828df8b04b1ab58412f6e48fd591','','常会玲','','tel_13586109626','0','13586109626','','1',0,'1','daa6c07334104aaebf184edf4a42869f','bdeef4440f8e55bdc78dbb3bdc5f5a1c','y','',0,0,'no',0,'','',0,'','',0,0,'no',0,'',0,'pc','2020-05-07 13:55:02','','','','','','','','',''),(834,'dd450d76a95b481b8c2c936b0214587f','','许亚丽','','tel_18869986696','0','18869986696','','1',0,'1','6b8f3b98043510e921260b4f2f8c48e7','014ab4bd981be65d5a31fb2f7357272a','y','',0,0,'no',0,'','',0,'','',0,0,'no',0,'',0,'pc','2020-05-07 13:56:23','','','','','','','','',''),(835,'21a46b9de5c041548033a43d2ec0716a','','梁寒青','','tel_17398581659','0','17398581659','','1',0,'1','7300b10ff3ee7ffa4318ea946a2be3e0','bd6e32388a23ee4a2b005956d029987a','y','',0,0,'no',0,'','',0,'','',0,0,'no',0,'',0,'pc','2020-05-07 13:57:45','','','','','','','','',''),(836,'d92a5e46ceb54b7dae551a522beadd68','','梁苏日','','tel_13958588498','0','13958588498','','1',0,'1','ea0da7411bf841157f584e10c7356628','b3f6c480e278a09c554c1ae453fe13fd','y','',0,0,'no',0,'','',0,'','',0,0,'no',0,'',0,'pc','2020-05-07 13:59:07','','','','','','','','',''),(837,'f6e6f04fb68e47609efb4d88d6b17161','','陈月明','','tel_15557678095','0','15557678095','','1',0,'1','57c790ea5abfc562dec15770a6cc97ea','096c2f603d13803e0743e0335322aaa6','y','',0,0,'no',0,'','',0,'','',0,0,'no',0,'',0,'pc','2020-05-07 14:00:29','','','','','','','','',''),(838,'1cd4a70388e140719836d451a8c307c4','','朱琴','','tel_13655865198','0','13655865198','','1',0,'1','69161657ee4607c1d33fc0c40eb86602','4cf04710d39499d841d431aba8ad0f59','y','',0,0,'no',0,'','',0,'','',0,0,'no',0,'',0,'pc','2020-05-07 14:01:53','','','','','','','','',''),(841,'8c76eb5d388348bb9562c3fc65606b41','','','134****2632','13486382632','0','13486382632','http://review.360tianma.com//uploads/default/head.jpg','331082002001',0,'','13bc8edde9250532768be38e9e5fe8ea','a60a0d588e013d766da16ef6832ab814','y','',0,0,'no',0,'','',0,'','',0,0,'no',0,'',0,'phone','2020-05-08 07:00:20','','','','','','','','',''),(844,'3b5c75e098e940a48585f19e1851aa9f','','钱祖华','','tel_13958564503','1','13958564503','','',0,'331082004226','99d06173bb81ef0a8d428d54442534db','2ea3df3e21a4c28e2c5d281a5cc83177','y','',0,0,'no',0,'','',0,'','',0,0,'no',0,'',0,'pc','2020-05-08 09:10:20','','','','','','','','',''),(845,'dc9eb2ef69c1471985b5232a531ad35d','','官海愉','','tel_18258680901','1','18258680901','','',0,'331082004220','a56c9320d7edbbdb57cd402baa212896','ddf73da23a2ae8e856852f4407e36f5e','y','',0,0,'no',0,'','',0,'','',0,0,'no',0,'',0,'pc','2020-05-08 09:12:19','','','','','','','','',''),(846,'230ce702cb3d4dee94a3547ca8a6b943','','赖灵光','','tel_13157611552','1','13157611552','','',0,'331082004224','e09e3836c7247d9c227f578989e35fb9','49ec7999506479ca2a9abf8c703180c5','y','',0,0,'no',0,'','',0,'','',0,0,'no',0,'',0,'pc','2020-05-08 09:13:00','','','','','','','','',''),(847,'fd94133597ea4e74acd80fc71b2a269d','','袁娅萍','','tel_15057623060','2','15057623060','','',0,'331082004224','f912230c1d8af3fb982048645a16d623','61eae595532b84c5ec6ad99a2d04c7e2','y','',0,0,'no',0,'','',0,'','',0,0,'no',0,'',0,'pc','2020-05-08 09:13:23','','','','','','','','',''),(848,'748150baf1c24d008b8f91ee0a0ada8e','','高美萍','','tel_15355652960','2','15355652960','','',0,'331082003203','b23f2c1ec8a4ef2eba1baae3968b597f','878af9d88ab32bce5de011b9641b44c3','y','',0,0,'no',0,'','',0,'','',0,0,'no',0,'',0,'pc','2020-05-08 09:30:05','','','','','','','','','');

--
-- Table structure for table `ya02wmsj_cecoe_vod`
--

CREATE TABLE `ya02wmsj_cecoe_vod` (
  `id` int(10) unsigned NOT NULL AUTO_INCREMENT COMMENT '表ID',
  `type_id` varchar(30) NOT NULL DEFAULT '' COMMENT '分类id',
  `man_id` char(32) NOT NULL COMMENT '发布人uuid，关联user表uuid',
  `vid` varchar(20) NOT NULL DEFAULT '' COMMENT '网易云 点播id',
  `vod_name` varchar(101) NOT NULL DEFAULT '' COMMENT '点播名称',
  `snapshoturl` varchar(201) NOT NULL DEFAULT '' COMMENT '视频封面',
  `downloadorigurl` varchar(1001) NOT NULL DEFAULT '' COMMENT '原始视频url',
  `initialsize` varchar(20) NOT NULL DEFAULT '' COMMENT '视频大小',
  `status` char(2) NOT NULL DEFAULT '10' COMMENT '视频的状态，10表示初始，20表示失败，30表示处理中，40表示成功，50表示屏蔽',
  `transcoding_status` enum('100','101','102','103','200','201','202') NOT NULL DEFAULT '100' COMMENT '推流转码状态, 100表示视频未转码, 101表示视频转码中, 102表示视频已转码, 103表示网易云状态未就绪, 200表示阿里云数据丢失, 201表示网易云数据丢失, 202表示源视频丢失或已删除',
  `width` smallint(5) unsigned NOT NULL DEFAULT '0' COMMENT '视频的宽',
  `height` smallint(5) unsigned NOT NULL DEFAULT '0' COMMENT '视频的高',
  `SktVodPlayUrl` varchar(201) NOT NULL DEFAULT '' COMMENT 'SktVod播放地址',
  `advancedPlayUrl` varchar(201) NOT NULL DEFAULT '' COMMENT 'advanced播放地址',
  `androidPlayUrl` varchar(201) NOT NULL DEFAULT '' COMMENT '安卓播放地址',
  `changhongPlayUrl` varchar(201) NOT NULL DEFAULT '' COMMENT '长虹盒子播放地址',
  `ipanelPlayUrl` varchar(201) NOT NULL DEFAULT '' COMMENT 'ipanel播放地址',
  `ootWebTvCamUrl` varchar(201) NOT NULL DEFAULT '' COMMENT 'ott盒子播放地址',
  `shipVodPlayUrl` varchar(201) NOT NULL DEFAULT '' COMMENT '同洲盒子播放地址',
  `vlcVideoPlayUrl` varchar(201) NOT NULL DEFAULT '' COMMENT 'VLC播放地址',
  `ctime` timestamp NOT NULL DEFAULT CURRENT_TIMESTAMP COMMENT '添加时间',
  `preview_vid` varchar(20) NOT NULL DEFAULT '' COMMENT '预览id',
  `preview_addr` varchar(1001) NOT NULL DEFAULT '' COMMENT '预览图片',
  PRIMARY KEY (`id`)
) ENGINE=InnoDB AUTO_INCREMENT=154 DEFAULT CHARSET=utf8 COMMENT='点播表';

--
-- Dumping data for table `ya02wmsj_cecoe_vod`
--

INSERT INTO `ya02wmsj_cecoe_vod` VALUES (1,'104357226','4d92a971360243b0bab91e2ffc6740e3','2649527277','超强台风已致浙江28死20失联 临海救援人员奋战一夜席地而睡','http://vodacewiygf.nosdn.127.net/947a9216-142e-4fd2-8c60-4426cea4e3b8.jpg','http://vodacewiygf.nosdn.127.net/e710c92a-6807-4d6f-aa8a-2f8fac941103.mp4?download=taifeng.mp4.mp4','9415573','40','100',0,0,'','','','','','','','','2019-08-19 00:08:24','2984825549','http://vodacewiygf.vod.126.net/vodacewiygf/videoPreview_2649527277_CyId0lJp.gif'),(2,'145187','4d92a971360243b0bab91e2ffc6740e3','2924452252','理论云课堂视频测试','','','','10','100',0,0,'','','','','','','','','2020-03-02 22:50:19','2984822185','http://vodacewiygf.vod.126.net/vodacewiygf/videoPreview_2924452252_teXr1WXV.gif'),(3,'104357226','4d92a971360243b0bab91e2ffc6740e3','2924446720','理论云学堂视频测试','http://vodacewiygf.nosdn.127.net/0a30fb0b-a078-4c22-b8dd-9f7ff811ba8e.jpg','http://vodacewiygf.nosdn.127.net/b23e27dc-b582-4473-8a37-e33ea8f6d4af.mp4?download=37355.mp4.mp4','4304773','40','100',0,0,'','','','','','','','','2020-03-02 22:51:19','2984823843','http://vodacewiygf.vod.126.net/vodacewiygf/videoPreview_2924446720_Eylw1WD6.gif'),(4,'145187','4d92a971360243b0bab91e2ffc6740e3','2924457174','教育视频','','','','10','100',0,0,'','','','','','','','','2020-03-02 22:57:34','2984825554','http://vodacewiygf.vod.126.net/vodacewiygf/videoPreview_2924457174_DRa5tmhL.gif'),(7,'104412353','4d92a971360243b0bab91e2ffc6740e3','2943931742','开学第一课','http://vodacewiygf.nosdn.127.net/40e70152-dbf3-4fb8-a16c-1e9197ebed10.jpg','http://vodacewiygf.nosdn.127.net/32500f54-0a93-465d-92be-32edc5d73c4d.mp4?download=282d83f1f5812424a5716c4855ddd972.mp4.mp4','8400952','40','100',0,0,'','','','','','','','','2020-03-19 03:23:51','2984825545','http://vodacewiygf.vod.126.net/vodacewiygf/videoPreview_2943931742_AsQYrhCK.gif'),(8,'104412353','4d92a971360243b0bab91e2ffc6740e3','2943932843','临海校园','http://vodacewiygf.nosdn.127.net/bac05b33-d2a8-4816-bb4b-41f6ba706849.jpg','http://vodacewiygf.nosdn.127.net/960f5302-5382-43de-a80d-2f7ac8c2d9a8.mp4?download=430c5d08c45144e0a5593dca88185cd9.mp4.mp4','1787968','40','100',0,0,'','','','','','','','','2020-03-19 03:25:57','2984823858','http://vodacewiygf.vod.126.net/vodacewiygf/videoPreview_2943932843_ZrEIE09a.gif'),(9,'104412353','4d92a971360243b0bab91e2ffc6740e3','2944218844','临海小学','http://vodacewiygf.nosdn.127.net/10c50ca0-3d27-4cd8-aa2c-1fface9552fc.jpg','http://vodacewiygf.nosdn.127.net/291a0dc0-0bcd-4372-8fc3-263ae877e028.mp4?download=21604fd7060727a40f0fe8abb15c8e84.mp4.mp4','7996100','40','100',0,0,'','','','','','','','','2020-03-19 07:55:02','2984825568','http://vodacewiygf.vod.126.net/vodacewiygf/videoPreview_2944218844_Z9HD1CHO.gif'),(10,'145187','4d92a971360243b0bab91e2ffc6740e3','2951852076','黄石坦·回望，片头字幕需处理.mp4','','http://vodacewiygf.nosdn.127.net/ca9c6ea9-248b-4138-9f87-f1907435b6b9.mp4?download=%E9%BB%84%E7%9F%B3%E5%9D%A6%C2%B7%E5%9B%9E%E6%9C%9B%EF%BC%8C%E7%89%87%E5%A4%B4%E5%AD%97%E5%B9%95%E9%9C%80%E5%A4%84%E7%90%86.mp4.mp4','412123365','10','100',0,0,'','','','','','','','','2020-03-27 01:01:57','2984825735','http://vodacewiygf.vod.126.net/vodacewiygf/videoPreview_2951852076_RTJmLXDY.gif'),(15,'104357226','4d92a971360243b0bab91e2ffc6740e3','2951895006','大美永丰','http://vodacewiygf.nosdn.127.net/7324aa64-dbb3-4759-909d-a83b666c6411.jpg','http://vodacewiygf.nosdn.127.net/49ce5da3-f75c-4725-ab99-ec94c85df1f4.mp4?download=%E5%A4%A7%E7%BE%8E%E6%B0%B8%E4%B8%B0%EF%BC%882019%EF%BC%89.mp4.mp4','360773597','40','100',0,0,'','','','','','','','','2020-03-27 01:54:25','2984826544','http://vodacewiygf.vod.126.net/vodacewiygf/videoPreview_2951895006_PDHigdu3.gif'),(16,'104357226','4d92a971360243b0bab91e2ffc6740e3','2951898213','诚义江南.mp4','http://vodacewiygf.nosdn.127.net/67e7abf9-70bd-4fa3-ae86-63c8473fa6fd.jpg','http://vodacewiygf.nosdn.127.net/54c3e637-4f9d-4220-90ba-537240f6c1f5.mp4?download=%E8%AF%9A%E4%B9%89%E6%B1%9F%E5%8D%97.mp4.mp4','1938984','40','100',0,0,'','','','','','','','','2020-03-27 01:58:31','2984823892','http://vodacewiygf.vod.126.net/vodacewiygf/videoPreview_2951898213_5FQKUrEK.gif'),(17,'104357226','4d92a971360243b0bab91e2ffc6740e3','2951894781','杜桥宣传片','http://vodacewiygf.nosdn.127.net/5cfdf090-eeb6-4bfd-a61e-a32a3685ce07.jpg','http://vodacewiygf.nosdn.127.net/4b276b05-6aa8-43c3-a3ee-897116e1d6e7.mpg?download=%E6%9D%9C%E6%A1%A5%E5%AE%A3%E4%BC%A0%E7%89%87.mpg.mpg','100978692','40','100',0,0,'','','','','','','','','2020-03-27 02:00:05','2984822246','http://vodacewiygf.vod.126.net/vodacewiygf/videoPreview_2951894781_S8TgPjl5.gif'),(18,'104357226','4d92a971360243b0bab91e2ffc6740e3','2951929686','一群00后小天使在国家级历史文化名城临海唱响《我的祖国》','http://vodacewiygf.nosdn.127.net/d167d3cd-bed7-4159-811d-637898ba1995.jpg','http://vodacewiygf.nosdn.127.net/6a4706d8-9349-460c-a358-a0920fad0769.mp4?download=%E4%B8%80%E7%BE%A400%E5%90%8E%E5%B0%8F%E5%A4%A9%E4%BD%BF%E5%9C%A8%E5%9B%BD%E5%AE%B6%E7%BA%A7%E5%8E%86%E5%8F%B2%E6%96%87%E5%8C%96%E5%90%8D%E5%9F%8E%E4%B8%B4%E6%B5%B7%E5%94%B1%E5%93%8D%E3%80%8A%E6%88%91%E7%9A%84%E7%A5%96%E5%9B%BD%E3%80%8B.mp4.mp4','265608731','40','100',0,0,'','','','','','','','','2020-03-27 02:40:06','2984830042','http://vodacewiygf.vod.126.net/vodacewiygf/videoPreview_2951929686_iybUhJvD.gif'),(19,'145187','4d92a971360243b0bab91e2ffc6740e3','2951934915','41a83af549ea0934f1a552f448a4750e.mp4','http://vodacewiygf.nosdn.127.net/400e1af7-7607-4f99-85b6-91852e970e47.jpg','http://vodacewiygf.nosdn.127.net/4535c013-0f1a-4f9a-9203-084987c6cd6c.mp4?download=41a83af549ea0934f1a552f448a4750e.mp4.mp4','1471503','40','100',0,0,'','','','','','','','','2020-03-27 02:41:32','2984825588','http://vodacewiygf.vod.126.net/vodacewiygf/videoPreview_2951934915_fA2Plu8X.gif'),(20,'104412353','4d92a971360243b0bab91e2ffc6740e3','2951934915','自律人生','http://vodacewiygf.nosdn.127.net/400e1af7-7607-4f99-85b6-91852e970e47.jpg','http://vodacewiygf.nosdn.127.net/4535c013-0f1a-4f9a-9203-084987c6cd6c.mp4?download=41a83af549ea0934f1a552f448a4750e.mp4.mp4','1471503','40','100',0,0,'','','','','','','','','2020-03-27 02:43:36','2984825588','http://vodacewiygf.vod.126.net/vodacewiygf/videoPreview_2951934915_fA2Plu8X.gif'),(21,'104405634','4d92a971360243b0bab91e2ffc6740e3','2951946640','这女娃要逆天了','http://vodacewiygf.nosdn.127.net/4a4c2877-aa39-4d2d-a6e7-3ca87af466c4.jpg','http://vodacewiygf.nosdn.127.net/2ae2bf4a-aa81-46b1-9bd0-744b7ad697bc.mp4?download=%E8%BF%99%E5%A5%B3%E5%A8%83%E8%A6%81%E9%80%86%E5%A4%A9%E4%BA%86.mp4.mp4','4036625','40','100',0,0,'','','','','','','','','2020-03-27 02:54:16','2984825590','http://vodacewiygf.vod.126.net/vodacewiygf/videoPreview_2951946640_gmOKZHkV.gif'),(22,'104405634','4d92a971360243b0bab91e2ffc6740e3','2951948910','老奶奶给暴雨中的兵哥哥撑伞','http://vodacewiygf.nosdn.127.net/ce65c780-c3a0-44ce-bbb9-d16a3d724d94.jpg','http://vodacewiygf.nosdn.127.net/efa89fb4-0c5b-4a65-be02-f3a05f92dfd3.mp4?download=%E8%80%81%E5%A5%B6%E5%A5%B6%E7%BB%99%E6%9A%B4%E9%9B%A8%E4%B8%AD%E7%9A%84%E5%85%B5%E5%93%A5%E5%93%A5%E6%92%91%E4%BC%9E.mp4.mp4','1606008','40','100',0,0,'','','','','','','','','2020-03-27 02:59:39','2984823940','http://vodacewiygf.vod.126.net/vodacewiygf/videoPreview_2951948910_T9szsn0Z.gif'),(23,'104357226','4d92a971360243b0bab91e2ffc6740e3','2951945911','临海旅游宣传片2018','http://vodacewiygf.nosdn.127.net/2abd91de-a182-4c0b-aba8-746cb62c847b.jpg','http://vodacewiygf.nosdn.127.net/7cfd4fcb-31e0-4494-abe5-966c485315ce.mp4?download=%E4%B8%B4%E6%B5%B7%E6%97%85%E6%B8%B8%E5%AE%A3%E4%BC%A0%E7%89%872018.mp4.mp4','1621998951','40','100',0,0,'','','','','','','','','2020-03-27 03:00:09','2984827558','http://vodacewiygf.vod.126.net/vodacewiygf/videoPreview_2951945911_eX1bJYB6.gif'),(24,'104357226','4d92a971360243b0bab91e2ffc6740e3','2951954565','临海美食系列《羊肉药膳》','http://vodacewiygf.nosdn.127.net/724e0441-5203-475c-928d-8942c695c5e8.jpg','http://vodacewiygf.nosdn.127.net/ff8d430a-6561-4112-a07b-8d72afc861b7.mp4?download=%E4%B8%B4%E6%B5%B7%E7%BE%8E%E9%A3%9F%E7%B3%BB%E5%88%97%E3%80%8A%E7%BE%8A%E8%82%89%E8%8D%AF%E8%86%B3%E3%80%8B.mp4.mp4','121195537','40','100',0,0,'','','','','','','','','2020-03-27 03:01:46','2984824001','http://vodacewiygf.vod.126.net/vodacewiygf/videoPreview_2951954565_HtiLOYmz.gif'),(25,'104405634','4d92a971360243b0bab91e2ffc6740e3','2951964089','拉链头坏了，不要慌，叫你一招','http://vodacewiygf.nosdn.127.net/6c659917-dd22-4f0b-9b9d-fa807427d9cd.jpg','http://vodacewiygf.nosdn.127.net/ec20a28d-1759-4f54-8e57-8de1b4f86189.mp4?download=%E6%8B%89%E9%93%BE%E5%A4%B4%E5%9D%8F%E4%BA%86%EF%BC%8C%E4%B8%8D%E8%A6%81%E6%85%8C%EF%BC%8C%E5%8F%AB%E4%BD%A0%E4%B8%80%E6%8B%9B.mp4.mp4','1816107','40','100',0,0,'','','','','','','','','2020-03-27 03:08:19','2984822238','http://vodacewiygf.vod.126.net/vodacewiygf/videoPreview_2951964089_DsBuxJRf.gif'),(26,'104405634','4d92a971360243b0bab91e2ffc6740e3','2951971487','钟南山分析美国疫情数据','http://vodacewiygf.nosdn.127.net/da0a320d-b1ba-46f3-9682-2859cb6c13ce.jpg','http://vodacewiygf.nosdn.127.net/c7821eb1-eac6-46c1-8115-d54f1eebb07f.mp4?download=%E9%92%9F%E5%8D%97%E5%B1%B1%E5%88%86%E6%9E%90%E7%BE%8E%E5%9B%BD%E7%96%AB%E6%83%85%E6%95%B0%E6%8D%AE.mp4.mp4','2702360','40','100',0,0,'','','','','','','','','2020-03-27 03:18:31','2984825615','http://vodacewiygf.vod.126.net/vodacewiygf/videoPreview_2951971487_aDNpZIK6.gif'),(27,'104357226','4d92a971360243b0bab91e2ffc6740e3','2951956199','秀丨台州名小吃——蛋清羊尾','http://vodacewiygf.nosdn.127.net/98ae1000-3a5d-4f7f-b5d2-ca2d6d229a70.jpg','http://vodacewiygf.nosdn.127.net/d576bd34-63bc-4d00-b60b-350b9c5b2bc6.mp4?download=%E7%A7%80%E4%B8%A8%E5%8F%B0%E5%B7%9E%E5%90%8D%E5%B0%8F%E5%90%83%E2%80%94%E2%80%94%E8%9B%8B%E6%B8%85%E7%BE%8A%E5%B0%BE.mp4.mp4','189071353','40','100',0,0,'','','','','','','','','2020-03-27 03:23:20','2984830027','http://vodacewiygf.vod.126.net/vodacewiygf/videoPreview_2951956199_ffW3IzPO.gif'),(29,'104357226','4d92a971360243b0bab91e2ffc6740e3','2952120889','（临海）春节到，龙舞人欢腾，奶奶大妈们巧手演示贴龙鳞做板龙','http://vodacewiygf.nosdn.127.net/c4f807e2-d36d-4718-960d-8f7ecd35355e.jpg','http://vodacewiygf.nosdn.127.net/986f796b-316c-45f8-9864-621021b6e0b2.mp4?download=%EF%BC%88%E4%B8%B4%E6%B5%B7%EF%BC%89%E6%98%A5%E8%8A%82%E5%88%B0%EF%BC%8C%E9%BE%99%E8%88%9E%E4%BA%BA%E6%AC%A2%E8%85%BE%EF%BC%8C%E5%A5%B6%E5%A5%B6%E5%A4%A7%E5%A6%88%E4%BB%AC%E5%B7%A7%E6%89%8B%E6%BC%94%E7%A4%BA%E8%B4%B4%E9%BE%99%E9%B3%9E%E5%81%9A%E6%9D%BF%E9%BE%99.mp4.mp4','108206604','40','100',0,0,'','','','','','','','','2020-03-27 06:08:12','2984825664','http://vodacewiygf.vod.126.net/vodacewiygf/videoPreview_2952120889_q031voMu.gif'),(30,'104357226','4d92a971360243b0bab91e2ffc6740e3','2952140578','杜桥送大暑船','http://vodacewiygf.nosdn.127.net/dadc92f3-7aba-4041-8625-7d88eea6414d.jpg','http://vodacewiygf.nosdn.127.net/98513d3d-62b8-4e54-84cc-9fde2b346bae.mp4?download=%E6%9D%9C%E6%A1%A5%E9%80%81%E5%A4%A7%E6%9A%91%E8%88%B9.mp4.mp4','1632544086','40','100',0,0,'','','','','','','','','2020-03-27 06:23:39','2984822627','http://vodacewiygf.vod.126.net/vodacewiygf/videoPreview_2952140578_OeV3r1sT.gif'),(31,'104357226','4d92a971360243b0bab91e2ffc6740e3','2952142798','张家渡大道地民居','http://vodacewiygf.nosdn.127.net/80008dc8-8279-4e4a-9503-a8bb5afd7b9e.jpg','http://vodacewiygf.nosdn.127.net/4df8cf42-a8aa-4ae0-8dfc-e91430afdc3c.mp4?download=%E5%BC%A0%E5%AE%B6%E6%B8%A1%E5%A4%A7%E9%81%93%E5%9C%B0%E6%B0%91%E5%B1%85.mp4.mp4','243742234','40','100',0,0,'','','','','','','','','2020-03-27 06:39:18','2984830062','http://vodacewiygf.vod.126.net/vodacewiygf/videoPreview_2952142798_TfdZDrSX.gif'),(33,'104405634','4d92a971360243b0bab91e2ffc6740e3','2952181958','彩虹碗','http://vodacewiygf.nosdn.127.net/c0559003-bafb-42e8-ba7e-7b6dc3645046.jpg','http://vodacewiygf.nosdn.127.net/f37f9860-617f-47be-81e5-df27f920710a.mp4?download=%E5%BD%A9%E8%99%B9%E7%A2%97.mp4.mp4','2711207','40','100',0,0,'','','','','','','','','2020-03-27 07:04:54','2984827257','http://vodacewiygf.vod.126.net/vodacewiygf/videoPreview_2952181958_eBm0H8kH.gif'),(34,'104405634','4d92a971360243b0bab91e2ffc6740e3','2952186139','哈佛猪头门','http://vodacewiygf.nosdn.127.net/fee34a25-5262-4a07-b095-515a603636b7.jpg','http://vodacewiygf.nosdn.127.net/367a6754-9a94-4b8b-841a-65dd2320a884.mp4?download=%E5%93%88%E4%BD%9B%E7%8C%AA%E5%A4%B4%E9%97%A8.mp4.mp4','4269528','40','100',0,0,'','','','','','','','','2020-03-27 07:06:13','2984825631','http://vodacewiygf.vod.126.net/vodacewiygf/videoPreview_2952186139_i3mGvQV0.gif'),(35,'104405634','4d92a971360243b0bab91e2ffc6740e3','2952189449','惊险一刻','http://vodacewiygf.nosdn.127.net/44ca406b-878d-4868-ae75-0024311aafd8.jpg','http://vodacewiygf.nosdn.127.net/69a3632e-0be9-4ae8-bec8-9f049e9c46f7.mp4?download=%E6%83%8A%E9%99%A9%E4%B8%80%E5%88%BB.mp4.mp4','1825690','40','100',0,0,'','','','','','','','','2020-03-27 07:07:39','2984827276','http://vodacewiygf.vod.126.net/vodacewiygf/videoPreview_2952189449_BexHovCZ.gif'),(36,'104405634','4d92a971360243b0bab91e2ffc6740e3','2952191523','临危不惧','http://vodacewiygf.nosdn.127.net/b73a8296-c6bd-4416-aa0a-311a8c0475a9.jpg','http://vodacewiygf.nosdn.127.net/83624651-390c-415e-8d49-97918095f662.mp4?download=%E4%B8%B4%E5%8D%B1%E4%B8%8D%E6%83%A7.mp4.mp4','1354480','40','100',0,0,'','','','','','','','','2020-03-27 07:10:48','2984827275','http://vodacewiygf.vod.126.net/vodacewiygf/videoPreview_2952191523_dTZQxOoz.gif'),(37,'104405634','4d92a971360243b0bab91e2ffc6740e3','2952226396','彩虹碗222','http://vodacewiygf.nosdn.127.net/0b5976e5-90ea-4772-9491-6b17e0e200a0.jpg','http://vodacewiygf.nosdn.127.net/470690f4-dd4b-461a-9646-b6f411b89571.mp4?download=%E5%BD%A9%E8%99%B9%E7%A2%97222.mp4.mp4','2711207','40','100',0,0,'','','','','','','','','2020-03-27 07:46:20','2984826511','http://vodacewiygf.vod.126.net/vodacewiygf/videoPreview_2952226396_j7j9sZSD.gif'),(39,'104357226','4d92a971360243b0bab91e2ffc6740e3','2952232374','临海非遗新春庙会演出','http://vodacewiygf.nosdn.127.net/eb93f2bd-970c-4932-9a7f-19c283d1ce8d.jpg','http://vodacewiygf.nosdn.127.net/e2dfaab7-2b90-4c22-ae68-ec4bf2d1e8eb.mp4?download=%E4%B8%B4%E6%B5%B7%E9%9D%9E%E9%81%97%E6%96%B0%E6%98%A5%E5%BA%99%E4%BC%9A%E6%BC%94%E5%87%BA.mp4.mp4','278611933','40','100',0,0,'','','','','','','','','2020-03-27 07:57:27','2984828209','http://vodacewiygf.vod.126.net/vodacewiygf/videoPreview_2952232374_MMpRfbQl.gif'),(40,'104357226','4d92a971360243b0bab91e2ffc6740e3','2952230998','上盘镇——小镇里的棋王爷爷','http://vodacewiygf.nosdn.127.net/105cc5a4-1854-4401-b9d3-2f304a90532b.jpg','http://vodacewiygf.nosdn.127.net/fccc779e-5bb7-4131-9411-362f8de59041.mp4?download=%E4%B8%8A%E7%9B%98%E9%95%87%E2%80%94%E2%80%94%E5%B0%8F%E9%95%87%E9%87%8C%E7%9A%84%E6%A3%8B%E7%8E%8B%E7%88%B7%E7%88%B7.mp4.mp4','362076813','40','100',0,0,'','','','','','','','','2020-03-27 08:02:34','2984825768','http://vodacewiygf.vod.126.net/vodacewiygf/videoPreview_2952230998_x9mVTU8H.gif'),(41,'104357226','4d92a971360243b0bab91e2ffc6740e3','2952260948','台州府城祭孔大典','http://vodacewiygf.nosdn.127.net/c1a7b0f9-bb3b-408a-b78e-4b102f2fa36d.jpg','http://vodacewiygf.nosdn.127.net/d80e826c-4f58-43bb-abf2-ab7c32cf9d7b.mp4?download=%E5%8F%B0%E5%B7%9E%E5%BA%9C%E5%9F%8E%E7%A5%AD%E5%AD%94%E5%A4%A7%E5%85%B8.mp4.mp4','2627198614','40','100',0,0,'','','','','','','','','2020-03-27 08:26:54','2984831266','http://vodacewiygf.vod.126.net/vodacewiygf/videoPreview_2952260948_j4j6eTjH.gif'),(42,'104357226','4d92a971360243b0bab91e2ffc6740e3','2952265458','张秀娟剪纸','http://vodacewiygf.nosdn.127.net/407fcc90-dbf8-46ed-ad79-3db375ca4dd7.jpg','http://vodacewiygf.nosdn.127.net/2558b556-c94a-4cf3-a28f-40701a3841c1.mp4?download=%E5%BC%A0%E7%A7%80%E5%A8%9F%E5%89%AA%E7%BA%B8.mp4.mp4','9540835','40','100',0,0,'','','','','','','','','2020-03-27 08:27:19','2984827300','http://vodacewiygf.vod.126.net/vodacewiygf/videoPreview_2952265458_1vASKcHo.gif'),(44,'104357226','4d92a971360243b0bab91e2ffc6740e3','2952278110','临海市优秀非遗传承人-董仁普','http://vodacewiygf.nosdn.127.net/a80b7857-ac40-4971-9b72-d10d86b8ef7f.jpg','http://vodacewiygf.nosdn.127.net/a3e91f07-1816-4d9d-8bb7-34ce01fd7937.mp4?download=%E8%91%A3%E4%BB%81%E6%99%AE.mp4.mp4','434889788','40','100',0,0,'','','','','','','','','2020-03-27 08:38:03','2984827387','http://vodacewiygf.vod.126.net/vodacewiygf/videoPreview_2952278110_uHgEQgwR.gif'),(45,'104357226','4d92a971360243b0bab91e2ffc6740e3','2952276991','临海市优秀非遗传承人-蔡雪贞','http://vodacewiygf.nosdn.127.net/56ca4007-550d-489d-b83c-221bb640a542.jpg','http://vodacewiygf.nosdn.127.net/3a601ab0-2122-441a-8b42-cce53b8391d5.mp4?download=%E8%94%A1%E9%9B%AA%E8%B4%9E.mp4.mp4','451782906','40','100',0,0,'','','','','','','','','2020-03-27 08:43:52','2984826660','http://vodacewiygf.vod.126.net/vodacewiygf/videoPreview_2952276991_qpurcgOK.gif'),(46,'104357226','4d92a971360243b0bab91e2ffc6740e3','2952287690','临海市优秀非遗传承人-李善土','http://vodacewiygf.nosdn.127.net/aabf8fe5-535b-4a73-bc0a-230429a70a14.jpg','http://vodacewiygf.nosdn.127.net/5f32d786-cb11-4120-b5f7-1e45087b9d84.mp4?download=%E6%9D%8E%E5%96%84%E5%9C%9F.mp4.mp4','574414688','40','100',0,0,'','','','','','','','','2020-03-27 08:48:35','2984821694','http://vodacewiygf.vod.126.net/vodacewiygf/videoPreview_2952287690_bswnBY4z.gif'),(47,'104357226','4d92a971360243b0bab91e2ffc6740e3','2952292437','临海市优秀非遗传承人-李伟育','http://vodacewiygf.nosdn.127.net/30471b09-f4d9-43bc-b685-82652a1df4d8.jpg','http://vodacewiygf.nosdn.127.net/dca6256a-b351-4fa2-a98f-9699286dac61.mp4?download=%E6%9D%8E%E4%BC%9F%E8%82%B2.mp4.mp4','488950677','40','100',0,0,'','','','','','','','','2020-03-27 08:52:59','2984828278','http://vodacewiygf.vod.126.net/vodacewiygf/videoPreview_2952292437_aKINevhZ.gif'),(48,'104357226','4d92a971360243b0bab91e2ffc6740e3','2952293444','临海市优秀非遗传承人-李忠芳','http://vodacewiygf.nosdn.127.net/38be0163-2086-4550-b9fd-8f0268d6c17b.jpg','http://vodacewiygf.nosdn.127.net/34d8f653-8b49-46d0-bc35-45d410f347b7.mp4?download=%E6%9D%8E%E5%BF%A0%E8%8A%B3.mp4.mp4','369768063','40','100',0,0,'','','','','','','','','2020-03-27 08:56:21','2984825779','http://vodacewiygf.vod.126.net/vodacewiygf/videoPreview_2952293444_GMsabIKy.gif'),(49,'104357226','4d92a971360243b0bab91e2ffc6740e3','2952301255','临海市优秀非遗传承人-罗献兵','http://vodacewiygf.nosdn.127.net/5b28722a-d674-4556-9874-f6f602f4754f.jpg','http://vodacewiygf.nosdn.127.net/ad4b888e-9947-483c-bd01-d816b92578fb.mp4?download=%E7%BD%97%E7%8C%AE%E5%85%B5.mp4.mp4','491028671','40','100',0,0,'','','','','','','','','2020-03-27 09:01:22','2984830229','http://vodacewiygf.vod.126.net/vodacewiygf/videoPreview_2952301255_RReRe6Y7.gif'),(50,'104357226','4d92a971360243b0bab91e2ffc6740e3','2952298945','临海市优秀非遗传承人-马曙明','http://vodacewiygf.nosdn.127.net/9a7ae03f-0d8e-4e75-883d-42390800d24d.jpg','http://vodacewiygf.nosdn.127.net/ede7e845-bd1b-48f2-af56-1a7a20206805.mp4?download=%E9%A9%AC%E6%9B%99%E6%98%8E.mp4.mp4','371676004','40','100',0,0,'','','','','','','','','2020-03-27 09:04:14','2984826616','http://vodacewiygf.vod.126.net/vodacewiygf/videoPreview_2952298945_xhlY5rcD.gif'),(51,'104357226','4d92a971360243b0bab91e2ffc6740e3','2952307440','临海市优秀非遗传承人-王建','http://vodacewiygf.nosdn.127.net/cd85f75a-2ee1-4e53-acc5-3da6a0a8a5c4.jpg','http://vodacewiygf.nosdn.127.net/469b2f99-7330-4472-8303-1f66db25c250.mp4?download=%E7%8E%8B%E5%BB%BA.mp4.mp4','414116925','40','100',0,0,'','','','','','','','','2020-03-27 09:11:39','2984825814','http://vodacewiygf.vod.126.net/vodacewiygf/videoPreview_2952307440_TnDUISyl.gif'),(52,'104357226','4d92a971360243b0bab91e2ffc6740e3','2952311621','临海市优秀非遗传承人-王吕员','http://vodacewiygf.nosdn.127.net/f9d06575-8bea-4c24-8a46-ebe59f81ffb2.jpg','http://vodacewiygf.nosdn.127.net/1c3383ba-508b-47ec-a26a-e49c5a0865c0.mp4?download=%E7%8E%8B%E5%90%95%E5%91%98.mp4.mp4','541201580','40','100',0,0,'','','','','','','','','2020-03-27 09:17:07','2984825833','http://vodacewiygf.vod.126.net/vodacewiygf/videoPreview_2952311621_88KrZgEZ.gif'),(54,'104405634','4d92a971360243b0bab91e2ffc6740e3','2952990533','国家买单','http://vodacewiygf.nosdn.127.net/22b93eee-8f5b-4acc-90f8-cc715dd1bbaf.jpg','http://vodacewiygf.nosdn.127.net/ca8c4981-7367-4b3d-ba7c-a148aaa8478d.mp4?download=%E5%9B%BD%E5%AE%B6%E4%B9%B0%E5%8D%95.mp4.mp4','881835','40','100',0,0,'','','','','','','','','2020-03-28 03:53:17','2984825699','http://vodacewiygf.vod.126.net/vodacewiygf/videoPreview_2952990533_xdoK6XoX.gif'),(55,'104405634','5aba4b3dc2bc4fc49b3228dae028e972','2953786227','男子袭击执勤武警直接被ko','http://vodacewiygf.nosdn.127.net/97f00a2b-a2c1-40b6-9bdf-b196afb32565.jpg','http://vodacewiygf.nosdn.127.net/c064c2e5-53df-4a82-b7f7-f2e0aecf6123.mp4?download=%E7%94%B7%E5%AD%90%E8%A2%AD%E5%87%BB%E6%89%A7%E5%8B%A4%E6%AD%A6%E8%AD%A6%E7%9B%B4%E6%8E%A5%E8%A2%ABko.mp4.mp4','1455009','40','100',0,0,'','','','','','','','','2020-03-29 00:59:36','2984827331','http://vodacewiygf.vod.126.net/vodacewiygf/videoPreview_2953786227_IsBOSLzl.gif'),(56,'104405634','4d92a971360243b0bab91e2ffc6740e3','2954236256','送别英雄','http://vodacewiygf.nosdn.127.net/78416c87-1835-4569-adf5-f9bf4a675f50.jpg','http://vodacewiygf.nosdn.127.net/c0a9e540-f370-4185-8afc-f4a25ce51699.mp4?download=%E9%80%81%E5%88%AB%E8%8B%B1%E9%9B%84.mp4.mp4','2769878','40','100',0,0,'','','','','','','','','2020-03-29 09:44:50','2984803758','http://vodacewiygf.vod.126.net/vodacewiygf/videoPreview_2954236256_wvZndNCS.gif'),(57,'104405634','4d92a971360243b0bab91e2ffc6740e3','2954236342','我是中国台湾人','http://vodacewiygf.nosdn.127.net/f578eb7d-abbd-426f-9ca5-08685032412d.jpg','http://vodacewiygf.nosdn.127.net/6c705f45-768b-405c-81b0-2f83dd2e2079.mp4?download=%E6%88%91%E6%98%AF%E4%B8%AD%E5%9B%BD%E5%8F%B0%E6%B9%BE%E4%BA%BA.mp4.mp4','3054961','40','100',0,0,'','','','','','','','','2020-03-29 09:45:15','2984828180','http://vodacewiygf.vod.126.net/vodacewiygf/videoPreview_2954236342_xNxMYafa.gif'),(59,'104357226','4d92a971360243b0bab91e2ffc6740e3','2955659402','临海市优秀非遗传承人-张秀娟','http://vodacewiygf.nosdn.127.net/8fd4d037-968e-4482-a41e-52e306a72b1f.jpg','http://vodacewiygf.nosdn.127.net/6707e48a-4a19-4706-8093-f1ff5a6d4fa7.mp4?download=%E5%BC%A0%E7%A7%80%E5%A8%9F.mp4.mp4','493130434','40','100',0,0,'','','','','','','','','2020-03-31 00:03:58','2984822415','http://vodacewiygf.vod.126.net/vodacewiygf/videoPreview_2955659402_jyfrmAeP.gif'),(60,'104357226','4d92a971360243b0bab91e2ffc6740e3','2955670061','临海市优秀非遗传承人-朱吕贵','http://vodacewiygf.nosdn.127.net/3c3b2d59-7bb9-4cf7-83cc-02479e235946.jpg','http://vodacewiygf.nosdn.127.net/64e69771-c42e-40b3-8609-7df3956b80c4.mp4?download=%E6%9C%B1%E5%90%95%E8%B4%B5.mp4.mp4','610179857','40','100',0,0,'','','','','','','','','2020-03-31 00:09:56','2984822429','http://vodacewiygf.vod.126.net/vodacewiygf/videoPreview_2955670061_ewHK34Hk.gif'),(61,'104357226','4d92a971360243b0bab91e2ffc6740e3','2955673765','白鹤大帝信俗','http://vodacewiygf.nosdn.127.net/090d6755-8f10-4360-9754-263fb6f28885.jpg','http://vodacewiygf.nosdn.127.net/323ec9b4-6a60-43fb-bff9-cc3ef973d268.mp4?download=%E7%99%BD%E9%B9%A4%E5%A4%A7%E5%B8%9D%E4%BF%A1%E4%BF%97.mp4.mp4','743813135','40','100',0,0,'','','','','','','','','2020-03-31 00:16:03','2984830294','http://vodacewiygf.vod.126.net/vodacewiygf/videoPreview_2955673765_kXfWR5on.gif'),(62,'104357226','4d92a971360243b0bab91e2ffc6740e3','2955679442','大石车灯戏','http://vodacewiygf.nosdn.127.net/334aaaff-c0d3-41f2-9a64-3bf849a0fdd8.jpg','http://vodacewiygf.nosdn.127.net/56af881e-44dc-4ac6-9afa-d2764f81f37d.mp4?download=%E5%A4%A7%E7%9F%B3%E8%BD%A6%E7%81%AF%E6%88%8F.mp4.mp4','1308637121','40','100',0,0,'','','','','','','','','2020-03-31 00:58:52','2984832102','http://vodacewiygf.vod.126.net/vodacewiygf/videoPreview_2955679442_eCtoyykP.gif'),(63,'104357226','4d92a971360243b0bab91e2ffc6740e3','2956901405','初心故事丨陈云芳：医者仁心','http://vodacewiygf.nosdn.127.net/b3aaaa8c-551c-47e1-a681-3f1f12b290e5.jpg','http://vodacewiygf.nosdn.127.net/c8ea2a97-9f38-4040-bee1-3d03040e8a60.mp4?download=tjg_3545786445_50000_34d053f241c2478cba4e3b756cc96729.f10002.mp4.mp4','82660866','40','100',0,0,'','','','','','','','','2020-04-01 04:55:21','2984822343','http://vodacewiygf.vod.126.net/vodacewiygf/videoPreview_2956901405_mvfsnQdT.gif'),(65,'104357226','4d92a971360243b0bab91e2ffc6740e3','2956912355','初心故事丨专职网格员：百姓的事无小事','http://vodacewiygf.nosdn.127.net/c330570d-2829-4beb-a71c-2510c1666040.jpg','http://vodacewiygf.nosdn.127.net/e3ad42cf-df66-40af-b669-edf6481f8af5.mp4?download=tjg_3545786445_50000_908dfef4c0634603a46bab66d4d0fc21.f10002.mp4.mp4','166955135','40','100',0,0,'','','','','','','','','2020-04-01 05:10:19','2984830147','http://vodacewiygf.vod.126.net/vodacewiygf/videoPreview_2956912355_ElW7IiHR.gif'),(66,'104357226','4d92a971360243b0bab91e2ffc6740e3','2956920217','初心故事丨临海公安干警：跨越70年的初心','http://vodacewiygf.nosdn.127.net/a38fbc4f-c136-45f2-8423-bde3f0833c8b.jpg','http://vodacewiygf.nosdn.127.net/37ce304a-2df8-4732-b836-fa75208ddcd6.mp4?download=shg_3545786445_50000_1c543d7bd49c493b92dbf1bb27737b16.f10002.mp4.mp4','85711243','40','100',0,0,'','','','','','','','','2020-04-01 05:14:18','2984828212','http://vodacewiygf.vod.126.net/vodacewiygf/videoPreview_2956920217_fvNgmZjs.gif'),(67,'104357226','4d92a971360243b0bab91e2ffc6740e3','2956923009','初心故事丨屈彦桌：小账目彰显大担当','http://vodacewiygf.nosdn.127.net/3a15b89e-2deb-40f8-9dba-8e42e09a85a8.jpg','http://vodacewiygf.nosdn.127.net/7777815b-284e-4449-a5bd-724ec9a5c179.mp4?download=tjg_3545786445_50000_8926b22c98a54508a365aea106e99a85.f10002.mp4.mp4','45560936','40','100',0,0,'','','','','','','','','2020-04-01 05:15:08','2984830121','http://vodacewiygf.vod.126.net/vodacewiygf/videoPreview_2956923009_ZPSTMX4v.gif'),(71,'104412353','4d92a971360243b0bab91e2ffc6740e3','2975881579','陈风光.mp4','http://vodacewiygf.nosdn.127.net/ba9212ba-1fa1-45b1-8a82-b3d426bda046.jpg','http://vodacewiygf.nosdn.127.net/f93f3655-7ee5-4b2c-ab7b-f5837a61fd46.mp4?download=%E9%99%88%E9%A3%8E%E5%85%89.mp4.mp4','1996245308','40','100',0,0,'','','','','','','','','2020-04-20 03:12:37','2984831149','http://vodacewiygf.vod.126.net/vodacewiygf/videoPreview_2975881579_5NVEqWzD.gif'),(72,'104412353','4d92a971360243b0bab91e2ffc6740e3','2975896874','何素波.mp4','http://vodacewiygf.nosdn.127.net/0611498d-5bfc-42ae-90ed-ae67de3bfaaa.jpg','http://vodacewiygf.nosdn.127.net/68493d3e-f9f2-4b15-8c96-b40d2f4f00bb.mp4?download=%E4%BD%95%E7%B4%A0%E6%B3%A2.mp4.mp4','1387464256','40','100',0,0,'','','','','','','','','2020-04-20 06:01:11','2984832279','http://vodacewiygf.vod.126.net/vodacewiygf/videoPreview_2975896874_5B2Mcd84.gif'),(73,'104412353','4d92a971360243b0bab91e2ffc6740e3','2976053262','黄卫君.mp4','','http://vodacewiygf.nosdn.127.net/dcb84211-985a-495c-8017-389bfbf0f641.mp4?download=%E9%BB%84%E5%8D%AB%E5%90%9B.mp4.mp4','1906773358','40','100',0,0,'','','','','','','','','2020-04-20 06:20:45','2984830907','http://vodacewiygf.vod.126.net/vodacewiygf/videoPreview_2976053262_MxdKch75.gif'),(74,'104412353','4d92a971360243b0bab91e2ffc6740e3','2976059992','赖冬华.mp4','http://vodacewiygf.nosdn.127.net/b7d3a9b9-c540-49ae-be58-a9ea86bfbda9.jpg','http://vodacewiygf.nosdn.127.net/a09b3f1e-5b93-4e0d-8693-0b0af32f3348.mp4?download=%E8%B5%96%E5%86%AC%E5%8D%8E.mp4.mp4','1426653962','40','100',0,0,'','','','','','','','','2020-04-20 06:38:24','2984822677','http://vodacewiygf.vod.126.net/vodacewiygf/videoPreview_2976059992_Jz1dUXHG.gif'),(75,'104412353','4d92a971360243b0bab91e2ffc6740e3','2976080409','李海霞.mp4','http://vodacewiygf.nosdn.127.net/c5ad87aa-ab3c-4404-97fe-3613828ce319.jpg','http://vodacewiygf.nosdn.127.net/d4e4de0c-c415-4d6d-862f-77bfb4588dc0.mp4?download=%E6%9D%8E%E6%B5%B7%E9%9C%9E.mp4.mp4','1504015036','40','100',0,0,'','','','','','','','','2020-04-20 06:57:15','2984832296','http://vodacewiygf.vod.126.net/vodacewiygf/videoPreview_2976080409_trHrXjf2.gif'),(76,'104412353','4d92a971360243b0bab91e2ffc6740e3','2976105419','李青青.mp4','http://vodacewiygf.nosdn.127.net/09c8e966-2005-43fe-a2f3-5e53f02b3eb8.jpg','http://vodacewiygf.nosdn.127.net/27f62391-c47c-440b-a04e-310695282a96.mp4?download=%E6%9D%8E%E9%9D%92%E9%9D%92.mp4.mp4','2505355740','40','100',0,0,'','','','','','','','','2020-04-20 07:20:59','2984831299','http://vodacewiygf.vod.126.net/vodacewiygf/videoPreview_2976105419_XsBHSzUf.gif'),(77,'104412353','4d92a971360243b0bab91e2ffc6740e3','2976317311','沈丹青.mp4','http://vodacewiygf.nosdn.127.net/0632698a-72c3-4583-8037-a62388e0c8e3.jpg','http://vodacewiygf.nosdn.127.net/6e2673c4-759d-4ca1-983f-a1f3936e4310.mp4?download=%E6%B2%88%E4%B8%B9%E9%9D%92.mp4.mp4','1451049657','40','100',0,0,'','','','','','','','','2020-04-20 11:10:28','2984821782','http://vodacewiygf.vod.126.net/vodacewiygf/videoPreview_2976317311_nP3GUsNT.gif'),(78,'104412353','4d92a971360243b0bab91e2ffc6740e3','2976323555','温暖相伴，一路同行.mp4','http://vodacewiygf.nosdn.127.net/b026e5d8-d7bf-4a23-85b9-3a64ed1e20e0.jpg','http://vodacewiygf.nosdn.127.net/5e8a06d1-19d5-4f42-8931-7251c7c4a971.mp4?download=%E6%B8%A9%E6%9A%96%E7%9B%B8%E4%BC%B4%EF%BC%8C%E4%B8%80%E8%B7%AF%E5%90%8C%E8%A1%8C.mp4.mp4','1310870843','40','100',0,0,'','','','','','','','','2020-04-20 11:23:24','2984832261','http://vodacewiygf.vod.126.net/vodacewiygf/videoPreview_2976323555_gcFS0Wpa.gif'),(79,'104412353','4d92a971360243b0bab91e2ffc6740e3','2976332991','叶肖君.mp4','http://vodacewiygf.nosdn.127.net/15f40749-ff8c-433a-8f93-ca4d835240e9.jpg','http://vodacewiygf.nosdn.127.net/741f5238-c2dd-46e3-9895-8673b81ba5e3.mp4?download=%E5%8F%B6%E8%82%96%E5%90%9B.mp4.mp4','1700893299','40','100',0,0,'','','','','','','','','2020-04-20 11:40:15','2984821819','http://vodacewiygf.vod.126.net/vodacewiygf/videoPreview_2976332991_npZHF1Gi.gif'),(80,'104412353','4d92a971360243b0bab91e2ffc6740e3','2976354084','俞强.mp4','http://vodacewiygf.nosdn.127.net/ebfcded2-b490-4e4a-8542-771a6774b0d2.jpg','http://vodacewiygf.nosdn.127.net/e67d3559-b85a-4439-b524-9d86497f3aa4.mp4?download=%E4%BF%9E%E5%BC%BA.mp4.mp4','1213034319','40','100',0,0,'','','','','','','','','2020-04-20 12:11:23','2984832178','http://vodacewiygf.vod.126.net/vodacewiygf/videoPreview_2976354084_g5R3E9FZ.gif'),(81,'104412353','4d92a971360243b0bab91e2ffc6740e3','2976365886','初中社会-方虹-中华各族人民的家园.mp4','http://vodacewiygf.nosdn.127.net/3d977ce2-9cac-46b5-8486-eaa8f61b97ed.jpg','http://vodacewiygf.nosdn.127.net/67a30794-9ba9-411b-8f36-fc96903cca79.mp4?download=%E5%88%9D%E4%B8%AD%E7%A4%BE%E4%BC%9A-%E6%96%B9%E8%99%B9-%E4%B8%AD%E5%8D%8E%E5%90%84%E6%97%8F%E4%BA%BA%E6%B0%91%E7%9A%84%E5%AE%B6%E5%9B%AD.mp4.mp4','161776491','40','100',0,0,'','','','','','','','','2020-04-20 12:13:29','2984830183','http://vodacewiygf.vod.126.net/vodacewiygf/videoPreview_2976365886_0UmBdBlc.gif'),(82,'104412353','4d92a971360243b0bab91e2ffc6740e3','2976379692','初中社会-吴玲苏－5.3基本政治制度：中国共产党领导的多党合作和政治协商制度.mp4','http://vodacewiygf.nosdn.127.net/948208aa-11e2-4bb8-ad0a-a5b510eebf28.jpg','http://vodacewiygf.nosdn.127.net/f8bb09b6-b972-49d1-b247-db1a9b4eeb75.mp4?download=%E5%88%9D%E4%B8%AD%E7%A4%BE%E4%BC%9A-%E5%90%B4%E7%8E%B2%E8%8B%8F%EF%BC%8D5.3%E5%9F%BA%E6%9C%AC%E6%94%BF%E6%B2%BB%E5%88%B6%E5%BA%A6%EF%BC%9A%E4%B8%AD%E5%9B%BD%E5%85%B1%E4%BA%A7%E5%85%9A%E9%A2%86%E5%AF%BC%E7%9A%84%E5%A4%9A%E5%85%9A%E5%90%88%E4%BD%9C%E5%92%8C%E6%94%BF%E6%B2%BB%E5%8D%8F%E5%95%86%E5%88%B6%E5%BA%A6.mp4.mp4','498152795','40','100',0,0,'','','','','','','','','2020-04-20 12:20:17','2984829384','http://vodacewiygf.vod.126.net/vodacewiygf/videoPreview_2976379692_AtvH3LY6.gif'),(83,'104412353','4d92a971360243b0bab91e2ffc6740e3','2976382386','初中实践-吴海容-七下第六课《图像处理起步》.mp4','http://vodacewiygf.nosdn.127.net/bd42da8a-c452-4282-8c14-1162f30bb7f3.jpg','http://vodacewiygf.nosdn.127.net/8d05e620-5a9c-4048-9996-34b33c4c94aa.mp4?download=%E5%88%9D%E4%B8%AD%E5%AE%9E%E8%B7%B5-%E5%90%B4%E6%B5%B7%E5%AE%B9-%E4%B8%83%E4%B8%8B%E7%AC%AC%E5%85%AD%E8%AF%BE%E3%80%8A%E5%9B%BE%E5%83%8F%E5%A4%84%E7%90%86%E8%B5%B7%E6%AD%A5%E3%80%8B.mp4.mp4','455425214','40','100',0,0,'','','','','','','','','2020-04-20 12:28:19','2984825889','http://vodacewiygf.vod.126.net/vodacewiygf/videoPreview_2976382386_6Cun7jXH.gif'),(84,'104412353','4d92a971360243b0bab91e2ffc6740e3','2976391827','初中数学-林远健-容器中的水能倒完吗.mp4','http://vodacewiygf.nosdn.127.net/c7f0179c-32f8-4fd4-89e4-dfd138768913.jpg','http://vodacewiygf.nosdn.127.net/6afea492-8627-4de3-a26f-6094b1489b2d.mp4?download=%E5%88%9D%E4%B8%AD%E6%95%B0%E5%AD%A6-%E6%9E%97%E8%BF%9C%E5%81%A5-%E5%AE%B9%E5%99%A8%E4%B8%AD%E7%9A%84%E6%B0%B4%E8%83%BD%E5%80%92%E5%AE%8C%E5%90%97.mp4.mp4','399067456','40','100',0,0,'','','','','','','','','2020-04-20 12:37:11','2984825861','http://vodacewiygf.vod.126.net/vodacewiygf/videoPreview_2976391827_CNYrkQBG.gif'),(85,'104412353','4d92a971360243b0bab91e2ffc6740e3','2976399236','初中体育-郑米昌-侧面下手发球.mp4','http://vodacewiygf.nosdn.127.net/3d61cdc4-9a08-4e9f-a11d-dba0d1281bb7.jpg','http://vodacewiygf.nosdn.127.net/6337b2ee-cb39-4dea-a77f-1b7f1201c6b6.mp4?download=%E5%88%9D%E4%B8%AD%E4%BD%93%E8%82%B2-%E9%83%91%E7%B1%B3%E6%98%8C-%E4%BE%A7%E9%9D%A2%E4%B8%8B%E6%89%8B%E5%8F%91%E7%90%83.mp4.mp4','455601213','40','100',0,0,'','','','','','','','','2020-04-20 12:53:40','2984829387','http://vodacewiygf.vod.126.net/vodacewiygf/videoPreview_2976399236_8Ggq9NyO.gif'),(86,'104412353','4d92a971360243b0bab91e2ffc6740e3','2976413238','初中语文-朱艳-故乡.mp4','http://vodacewiygf.nosdn.127.net/7eb52de7-f20e-4f10-9a4e-805ae44c5c63.jpg','http://vodacewiygf.nosdn.127.net/83416189-f676-4c03-b821-e028ece9137e.mp4?download=%E5%88%9D%E4%B8%AD%E8%AF%AD%E6%96%87-%E6%9C%B1%E8%89%B3-%E6%95%85%E4%B9%A1.mp4.mp4','187489940','40','100',0,0,'','','','','','','','','2020-04-20 12:56:54','2984825822','http://vodacewiygf.vod.126.net/vodacewiygf/videoPreview_2976413238_wnh2DeY1.gif'),(87,'104412353','4d92a971360243b0bab91e2ffc6740e3','2976409611','高中地理-杜丹红-城乡建设与社会环境.mp4','http://vodacewiygf.nosdn.127.net/502ddbec-d14e-4455-a980-ccdc852799da.jpg','http://vodacewiygf.nosdn.127.net/45895b34-5621-4f3b-bc53-d5be833c28af.mp4?download=%E9%AB%98%E4%B8%AD%E5%9C%B0%E7%90%86-%E6%9D%9C%E4%B8%B9%E7%BA%A2-%E5%9F%8E%E4%B9%A1%E5%BB%BA%E8%AE%BE%E4%B8%8E%E7%A4%BE%E4%BC%9A%E7%8E%AF%E5%A2%83.mp4.mp4','272111696','40','100',0,0,'','','','','','','','','2020-04-20 13:11:49','2984821707','http://vodacewiygf.vod.126.net/vodacewiygf/videoPreview_2976409611_bYUvrlZK.gif'),(88,'104412353','4d92a971360243b0bab91e2ffc6740e3','2976429375','高中化学-陈风江-阿司匹林的合成.mp4','http://vodacewiygf.nosdn.127.net/ceffce41-bf96-4ff5-96d9-b9c37a71c08a.jpg','http://vodacewiygf.nosdn.127.net/f6b167a2-7d26-4660-9704-b4ae5d1a97ed.mp4?download=%E9%AB%98%E4%B8%AD%E5%8C%96%E5%AD%A6-%E9%99%88%E9%A3%8E%E6%B1%9F-%E9%98%BF%E5%8F%B8%E5%8C%B9%E6%9E%97%E7%9A%84%E5%90%88%E6%88%90.mp4.mp4','392767205','40','100',0,0,'','','','','','','','','2020-04-20 14:55:03','2984822459','http://vodacewiygf.vod.126.net/vodacewiygf/videoPreview_2976429375_sFTnQvvk.gif'),(89,'104412353','4d92a971360243b0bab91e2ffc6740e3','2976547311','高中技术-杨海红-晶闸管的构造以及工作原理.mp4','http://vodacewiygf.nosdn.127.net/299085d9-3478-4556-baed-e77eb98a4350.jpg','http://vodacewiygf.nosdn.127.net/daa2d46c-40d2-4d99-933f-380909c6f6be.mp4?download=%E9%AB%98%E4%B8%AD%E6%8A%80%E6%9C%AF-%E6%9D%A8%E6%B5%B7%E7%BA%A2-%E6%99%B6%E9%97%B8%E7%AE%A1%E7%9A%84%E6%9E%84%E9%80%A0%E4%BB%A5%E5%8F%8A%E5%B7%A5%E4%BD%9C%E5%8E%9F%E7%90%86.mp4.mp4','455249864','40','100',0,0,'','','','','','','','','2020-04-20 15:16:17','2984828340','http://vodacewiygf.vod.126.net/vodacewiygf/videoPreview_2976547311_kwht2L04.gif'),(90,'104412353','4d92a971360243b0bab91e2ffc6740e3','2976560903','高中历史-金漪宁-旷日持久的战争.mp4','http://vodacewiygf.nosdn.127.net/e5a6c32e-00e6-4f83-93ab-1812a0651d0d.jpg','http://vodacewiygf.nosdn.127.net/eab22087-709e-4f8b-8fb4-330e61d75ee7.mp4?download=%E9%AB%98%E4%B8%AD%E5%8E%86%E5%8F%B2-%E9%87%91%E6%BC%AA%E5%AE%81-%E6%97%B7%E6%97%A5%E6%8C%81%E4%B9%85%E7%9A%84%E6%88%98%E4%BA%89.mp4.mp4','455367368','40','100',0,0,'','','','','','','','','2020-04-20 15:23:03','2984829477','http://vodacewiygf.vod.126.net/vodacewiygf/videoPreview_2976560903_22t4pE4R.gif'),(91,'104412353','4d92a971360243b0bab91e2ffc6740e3','2976564696','高中数学-黄柯-二元一次不等式（组）与平面区域.mp4','http://vodacewiygf.nosdn.127.net/d87dd398-3c10-4c84-86c1-1d1155059871.jpg','http://vodacewiygf.nosdn.127.net/14546b02-98cb-4770-beaf-3d51397e0b8d.mp4?download=%E9%AB%98%E4%B8%AD%E6%95%B0%E5%AD%A6-%E9%BB%84%E6%9F%AF-%E4%BA%8C%E5%85%83%E4%B8%80%E6%AC%A1%E4%B8%8D%E7%AD%89%E5%BC%8F%EF%BC%88%E7%BB%84%EF%BC%89%E4%B8%8E%E5%B9%B3%E9%9D%A2%E5%8C%BA%E5%9F%9F.mp4.mp4','273359438','40','100',0,0,'','','','','','','','','2020-04-20 15:27:00','2984826715','http://vodacewiygf.vod.126.net/vodacewiygf/videoPreview_2976564696_04CAUk1K.gif'),(92,'104412353','4d92a971360243b0bab91e2ffc6740e3','2976559849','高中数学-张彩珍-平面向量的实际背景.mp4','http://vodacewiygf.nosdn.127.net/8f720e15-bede-4b80-8c38-ce0a66b7b3e5.jpg','http://vodacewiygf.nosdn.127.net/ff28671b-8921-444f-8a57-4118267c3bfe.mp4?download=%E9%AB%98%E4%B8%AD%E6%95%B0%E5%AD%A6-%E5%BC%A0%E5%BD%A9%E7%8F%8D-%E5%B9%B3%E9%9D%A2%E5%90%91%E9%87%8F%E7%9A%84%E5%AE%9E%E9%99%85%E8%83%8C%E6%99%AF.mp4.mp4','929240003','40','100',0,0,'','','','','','','','','2020-04-20 15:44:37','2984830671','http://vodacewiygf.vod.126.net/vodacewiygf/videoPreview_2976559849_o6LW9EDA.gif'),(95,'104412353','4d92a971360243b0bab91e2ffc6740e3','2976579633','高中信息-史颖-VB程序设计初步.mp4','http://vodacewiygf.nosdn.127.net/7488ce9e-25a3-405b-810d-580ada0c2e30.jpg','http://vodacewiygf.nosdn.127.net/ab79af26-0d1a-4528-9936-b88f784d36a2.mp4?download=%E9%AB%98%E4%B8%AD%E4%BF%A1%E6%81%AF-%E5%8F%B2%E9%A2%96-VB%E7%A8%8B%E5%BA%8F%E8%AE%BE%E8%AE%A1%E5%88%9D%E6%AD%A5.mp4.mp4','518000490','40','100',0,0,'','','','','','','','','2020-04-20 15:53:57','2984822532','http://vodacewiygf.vod.126.net/vodacewiygf/videoPreview_2976579633_txO6IyzO.gif'),(96,'104412353','4d92a971360243b0bab91e2ffc6740e3','2976579633','高中数学-朱琼瑶-绝对值三角不等式.mp4','http://vodacewiygf.nosdn.127.net/7488ce9e-25a3-405b-810d-580ada0c2e30.jpg','http://vodacewiygf.nosdn.127.net/ab79af26-0d1a-4528-9936-b88f784d36a2.mp4?download=%E9%AB%98%E4%B8%AD%E4%BF%A1%E6%81%AF-%E5%8F%B2%E9%A2%96-VB%E7%A8%8B%E5%BA%8F%E8%AE%BE%E8%AE%A1%E5%88%9D%E6%AD%A5.mp4.mp4','518000490','40','100',0,0,'','','','','','','','','2020-04-20 15:58:54','2984822532','http://vodacewiygf.vod.126.net/vodacewiygf/videoPreview_2976579633_txO6IyzO.gif'),(97,'104412353','4d92a971360243b0bab91e2ffc6740e3','2976574998','小学道德-洪丹丹-城乡巨变.mp4','http://vodacewiygf.nosdn.127.net/5549898a-6d4e-413c-ab3c-62a097cf6be6.jpg','http://vodacewiygf.nosdn.127.net/099b0582-11df-497f-a522-428c35d4392f.mp4?download=%E5%B0%8F%E5%AD%A6%E9%81%93%E5%BE%B7-%E6%B4%AA%E4%B8%B9%E4%B8%B9-%E5%9F%8E%E4%B9%A1%E5%B7%A8%E5%8F%98.mp4.mp4','523719182','40','100',0,0,'','','','','','','','','2020-04-20 16:04:52','2984830358','http://vodacewiygf.vod.126.net/vodacewiygf/videoPreview_2976574998_EuEPAKi3.gif'),(98,'104412353','4d92a971360243b0bab91e2ffc6740e3','2977109174','小学数学-陈锦芬-百分数应用问题.mp4','http://vodacewiygf.nosdn.127.net/db9dfe8b-6282-45ea-8c98-5d965d8ef1b8.jpg','http://vodacewiygf.nosdn.127.net/e43fe945-e27c-4942-994d-7f71e01db90f.mp4?download=%E5%B0%8F%E5%AD%A6%E6%95%B0%E5%AD%A6-%E9%99%88%E9%94%A6%E8%8A%AC-%E7%99%BE%E5%88%86%E6%95%B0%E5%BA%94%E7%94%A8%E9%97%AE%E9%A2%98.mp4.mp4','491505250','40','100',0,0,'','','','','','','','','2020-04-21 07:44:03','2984825909','http://vodacewiygf.vod.126.net/vodacewiygf/videoPreview_2977109174_qsHTVdPD.gif'),(99,'104412353','4d92a971360243b0bab91e2ffc6740e3','2977113570','小学实践-陈佳欢-我是校园小主人.mp4','http://vodacewiygf.nosdn.127.net/a41f1257-a798-46ad-afec-9b066a26bba6.jpg','http://vodacewiygf.nosdn.127.net/86d03f75-a980-4bf0-b000-242157d973f8.mp4?download=%E5%B0%8F%E5%AD%A6%E5%AE%9E%E8%B7%B5-%E9%99%88%E4%BD%B3%E6%AC%A2-%E6%88%91%E6%98%AF%E6%A0%A1%E5%9B%AD%E5%B0%8F%E4%B8%BB%E4%BA%BA.mp4.mp4','163721552','40','100',0,0,'','','','','','','','','2020-04-21 07:48:29','2984830263','http://vodacewiygf.vod.126.net/vodacewiygf/videoPreview_2977113570_2aa6TEEW.gif'),(100,'104412353','4d92a971360243b0bab91e2ffc6740e3','2977144157','小学数学-陈卫青-长方体正方体表面积与体积.mp4','http://vodacewiygf.nosdn.127.net/729fbb74-7813-415c-9c2c-a022eb9dd68a.jpg','http://vodacewiygf.nosdn.127.net/6d0fd4b7-0885-4aa5-8f14-dd4ee8d73898.mp4?download=%E5%B0%8F%E5%AD%A6%E6%95%B0%E5%AD%A6-%E9%99%88%E5%8D%AB%E9%9D%92-%E9%95%BF%E6%96%B9%E4%BD%93%E6%AD%A3%E6%96%B9%E4%BD%93%E8%A1%A8%E9%9D%A2%E7%A7%AF%E4%B8%8E%E4%BD%93%E7%A7%AF.mp4.mp4','868619675','40','100',0,0,'','','','','','','','','2020-04-21 08:29:15','2984830638','http://vodacewiygf.vod.126.net/vodacewiygf/videoPreview_2977144157_JnTGS867.gif'),(101,'104412353','4d92a971360243b0bab91e2ffc6740e3','2977161127','小学数学-朱小燕-分数意义.mp4','http://vodacewiygf.nosdn.127.net/bcf2ca54-14dc-47aa-bdb4-cb39ed52ea0b.jpg','http://vodacewiygf.nosdn.127.net/0d4702b2-2a7b-4b70-9632-91426f7195b9.mp4?download=%E5%B0%8F%E5%AD%A6%E6%95%B0%E5%AD%A6-%E6%9C%B1%E5%B0%8F%E7%87%95-%E5%88%86%E6%95%B0%E6%84%8F%E4%B9%89.mp4.mp4','707549564','40','100',0,0,'','','','','','','','','2020-04-21 08:42:29','2984830586','http://vodacewiygf.vod.126.net/vodacewiygf/videoPreview_2977161127_ZXzJib1W.gif'),(102,'104412353','4d92a971360243b0bab91e2ffc6740e3','2977169636','小学体育-李嘉男-投球进筐.mp4','http://vodacewiygf.nosdn.127.net/679ab9d7-dd60-4158-92e4-c4f905270d7a.jpg','http://vodacewiygf.nosdn.127.net/e47f98e0-f31a-4764-b716-51fd9d41ac67.mp4?download=%E5%B0%8F%E5%AD%A6%E4%BD%93%E8%82%B2-%E6%9D%8E%E5%98%89%E7%94%B7-%E6%8A%95%E7%90%83%E8%BF%9B%E7%AD%90.mp4.mp4','810544559','40','100',0,0,'','','','','','','','','2020-04-21 08:53:01','2984826978','http://vodacewiygf.vod.126.net/vodacewiygf/videoPreview_2977169636_pH7hc46K.gif'),(103,'104412353','4d92a971360243b0bab91e2ffc6740e3','2977230496','小学英语-钱旭佳-“Way” Back to Love.mp4','http://vodacewiygf.nosdn.127.net/347c5c98-2d3b-46ab-b273-ac2d6fbb6dba.jpg','http://vodacewiygf.nosdn.127.net/ce4935c7-1b4b-4fd4-a1c9-6e35dbe73a73.mp4?download=%E5%B0%8F%E5%AD%A6%E8%8B%B1%E8%AF%AD-%E9%92%B1%E6%97%AD%E4%BD%B3-%E2%80%9CWay%E2%80%9D+Back+to+Love.mp4.mp4','512199567','40','100',0,0,'','','','','','','','','2020-04-21 10:09:45','2984827432','http://vodacewiygf.vod.126.net/vodacewiygf/videoPreview_2977230496_pquQ66EC.gif'),(104,'104412353','4d92a971360243b0bab91e2ffc6740e3','2977247148','小学语文-金海岳-《蜜蜂》.mp4','http://vodacewiygf.nosdn.127.net/3ebd3a0a-7033-47db-8a11-f3168a306af2.jpg','http://vodacewiygf.nosdn.127.net/6f70b9d8-a828-452c-a9e8-5f7f023eccd7.mp4?download=%E5%B0%8F%E5%AD%A6%E8%AF%AD%E6%96%87-%E9%87%91%E6%B5%B7%E5%B2%B3-%E3%80%8A%E8%9C%9C%E8%9C%82%E3%80%8B.mp4.mp4','171425467','40','100',0,0,'','','','','','','','','2020-04-21 10:34:36','2984822403','http://vodacewiygf.vod.126.net/vodacewiygf/videoPreview_2977247148_p9cFicdd.gif'),(105,'104357226','4d92a971360243b0bab91e2ffc6740e3','2977715376','（百灵）炫丨临海：小镇里的棋王爷爷.mp4','http://vodacewiygf.nosdn.127.net/21622c07-25e6-4803-8274-aacda4447d09.jpg','http://vodacewiygf.nosdn.127.net/4fa3446a-0c47-4d56-a705-4208264968e9.mp4?download=%EF%BC%88%E7%99%BE%E7%81%B5%EF%BC%89%E7%82%AB%E4%B8%A8%E4%B8%B4%E6%B5%B7%EF%BC%9A%E5%B0%8F%E9%95%87%E9%87%8C%E7%9A%84%E6%A3%8B%E7%8E%8B%E7%88%B7%E7%88%B7.mp4.mp4','362076813','40','100',0,0,'','','','','','','','','2020-04-22 00:19:17','2984822500','http://vodacewiygf.vod.126.net/vodacewiygf/videoPreview_2977715376_MsNaXrXF.gif'),(106,'104357226','4d92a971360243b0bab91e2ffc6740e3','2977719877','“弘扬垦荒精神 争创巾帼业绩”我与祖国共成长宣讲活动-（方华芬）.mp4','http://vodacewiygf.nosdn.127.net/b0ee00e9-a300-4c4d-a75f-6c7495e8f597.jpg','http://vodacewiygf.nosdn.127.net/7cb53bf3-5b5f-4748-97ae-74550f40346e.mp4?download=%E2%80%9C%E5%BC%98%E6%89%AC%E5%9E%A6%E8%8D%92%E7%B2%BE%E7%A5%9E+%E4%BA%89%E5%88%9B%E5%B7%BE%E5%B8%BC%E4%B8%9A%E7%BB%A9%E2%80%9D%E6%88%91%E4%B8%8E%E7%A5%96%E5%9B%BD%E5%85%B1%E6%88%90%E9%95%BF%E5%AE%A3%E8%AE%B2%E6%B4%BB%E5%8A%A8-%EF%BC%88%E6%96%B9%E5%8D%8E%E8%8A%AC%EF%BC%89.mp4.mp4','448653931','40','100',0,0,'','','','','','','','','2020-04-22 00:24:36','2984826859','http://vodacewiygf.vod.126.net/vodacewiygf/videoPreview_2977719877_oFRbX1Do.gif'),(107,'104357226','4d92a971360243b0bab91e2ffc6740e3','2977721066','《不忘初心，最美夕阳》——王义耕.mp4','http://vodacewiygf.nosdn.127.net/3ce40a7e-6ef6-4e6e-93ed-78104b3434a0.jpg','http://vodacewiygf.nosdn.127.net/e1db042b-d0d4-4bea-bcb9-cdf3ffbc1200.mp4?download=%E3%80%8A%E4%B8%8D%E5%BF%98%E5%88%9D%E5%BF%83%EF%BC%8C%E6%9C%80%E7%BE%8E%E5%A4%95%E9%98%B3%E3%80%8B%E2%80%94%E2%80%94%E7%8E%8B%E4%B9%89%E8%80%95.mp4.mp4','24890392','40','100',0,0,'','','','','','','','','2020-04-22 00:25:04','2984830221','http://vodacewiygf.vod.126.net/vodacewiygf/videoPreview_2977721066_OIFKnQCz.gif'),(108,'104357226','4d92a971360243b0bab91e2ffc6740e3','2977712826','东塍镇廉洁家庭 (Resolve).mp4','http://vodacewiygf.nosdn.127.net/c11221a5-63bf-4424-b2a0-299cb5cce957.jpg','http://vodacewiygf.nosdn.127.net/d4644230-a0fe-44a6-ba9e-69d2f2ad58d5.mp4?download=%E4%B8%9C%E5%A1%8D%E9%95%87%E5%BB%89%E6%B4%81%E5%AE%B6%E5%BA%AD+%28Resolve%29.mp4.mp4','415510445','40','100',0,0,'','','','','','','','','2020-04-22 00:29:34','2984830329','http://vodacewiygf.vod.126.net/vodacewiygf/videoPreview_2977712826_Vb3yZFRv.gif'),(109,'104357226','4d92a971360243b0bab91e2ffc6740e3','2977725318','跨越七十周年的初心（定）.mp4','http://vodacewiygf.nosdn.127.net/8cd2e7ea-ab29-4e3d-a1b3-e12b44d52ecf.jpg','http://vodacewiygf.nosdn.127.net/e50d9cb7-713f-4dee-9472-f6aaa94de8fa.mp4?download=%E8%B7%A8%E8%B6%8A%E4%B8%83%E5%8D%81%E5%91%A8%E5%B9%B4%E7%9A%84%E5%88%9D%E5%BF%83%EF%BC%88%E5%AE%9A%EF%BC%89.mp4.mp4','397461418','40','100',0,0,'','','','','','','','','2020-04-22 00:37:23','2984828355','http://vodacewiygf.vod.126.net/vodacewiygf/videoPreview_2977725318_fmYUTBkB.gif'),(110,'104357226','4d92a971360243b0bab91e2ffc6740e3','2977734240','我们村的大家长.mp4','http://vodacewiygf.nosdn.127.net/b3cd1664-335d-4484-a319-f1c36662e15d.jpg','http://vodacewiygf.nosdn.127.net/c18efc3c-9b06-4ce9-b2f5-54d889775e5f.mp4?download=%E6%88%91%E4%BB%AC%E6%9D%91%E7%9A%84%E5%A4%A7%E5%AE%B6%E9%95%BF.mp4.mp4','722737838','40','100',0,0,'','','','','','','','','2020-04-22 00:46:51','2984821732','http://vodacewiygf.vod.126.net/vodacewiygf/videoPreview_2977734240_ywKx5VHl.gif'),(111,'104357226','4d92a971360243b0bab91e2ffc6740e3','2977743207','沿江镇-《星满沿江》-9\'58\'\'-171024.mp4','http://vodacewiygf.nosdn.127.net/54637162-b3fe-49e8-b809-6c79d9e94102.jpg','http://vodacewiygf.nosdn.127.net/9c326ff7-3c28-4c64-a567-e58301f8bb85.mp4?download=%E6%B2%BF%E6%B1%9F%E9%95%87-%E3%80%8A%E6%98%9F%E6%BB%A1%E6%B2%BF%E6%B1%9F%E3%80%8B-9%2758%27%27-171024.mp4.mp4','773345679','40','100',0,0,'','','','','','','','','2020-04-22 00:56:11','2984832006','http://vodacewiygf.vod.126.net/vodacewiygf/videoPreview_2977743207_xSaaEYpI.gif'),(112,'104357226','4d92a971360243b0bab91e2ffc6740e3','2977746362','医心无logo.mp4','http://vodacewiygf.nosdn.127.net/683348c3-13f2-4c8c-a555-e9c8ad43a2d9.jpg','http://vodacewiygf.nosdn.127.net/3e9d1255-be7e-4294-9144-dad479cc3e12.mp4?download=%E5%8C%BB%E5%BF%83%E6%97%A0logo.mp4.mp4','380887056','40','100',0,0,'','','','','','','','','2020-04-22 01:12:34','2984830340','http://vodacewiygf.vod.126.net/vodacewiygf/videoPreview_2977746362_BrxhBEya.gif'),(113,'104357226','4d92a971360243b0bab91e2ffc6740e3','2977758110','“弘扬垦荒精神 争创巾帼业绩”我与祖国共成长宣讲活动-（方华芬）.mp4','http://vodacewiygf.nosdn.127.net/fa7a06aa-2d93-40fd-9f0a-54d795dfca11.jpg','http://vodacewiygf.nosdn.127.net/c7c22d47-fcdc-4774-8e30-aabb256f0388.mp4?download=%E2%80%9C%E5%BC%98%E6%89%AC%E5%9E%A6%E8%8D%92%E7%B2%BE%E7%A5%9E+%E4%BA%89%E5%88%9B%E5%B7%BE%E5%B8%BC%E4%B8%9A%E7%BB%A9%E2%80%9D%E6%88%91%E4%B8%8E%E7%A5%96%E5%9B%BD%E5%85%B1%E6%88%90%E9%95%BF%E5%AE%A3%E8%AE%B2%E6%B4%BB%E5%8A%A8-%EF%BC%88%E6%96%B9%E5%8D%8E%E8%8A%AC%EF%BC%89.mp4.mp4','448653931','40','100',0,0,'','','','','','','','','2020-04-22 01:20:15','2984830377','http://vodacewiygf.vod.126.net/vodacewiygf/videoPreview_2977758110_RMx8Uk7e.gif'),(114,'104357226','4d92a971360243b0bab91e2ffc6740e3','2977762023','临海广播电视台 吴珏颖讲好中国故事，传播好中国声音.mp4','http://vodacewiygf.nosdn.127.net/27d1b91d-0244-465c-ab02-6b643e735724.jpg','http://vodacewiygf.nosdn.127.net/8396cd0c-6f7d-47e0-8872-d69e82078e78.mp4?download=%E4%B8%B4%E6%B5%B7%E5%B9%BF%E6%92%AD%E7%94%B5%E8%A7%86%E5%8F%B0+%E5%90%B4%E7%8F%8F%E9%A2%96%E8%AE%B2%E5%A5%BD%E4%B8%AD%E5%9B%BD%E6%95%85%E4%BA%8B%EF%BC%8C%E4%BC%A0%E6%92%AD%E5%A5%BD%E4%B8%AD%E5%9B%BD%E5%A3%B0%E9%9F%B3.mp4.mp4','215337901','40','100',0,0,'','','','','','','','','2020-04-22 01:22:04','2984826787','http://vodacewiygf.vod.126.net/vodacewiygf/videoPreview_2977762023_BjP0TzVx.gif'),(115,'104357226','4d92a971360243b0bab91e2ffc6740e3','2977758563','元宵.mp4','http://vodacewiygf.nosdn.127.net/129bfc39-cb5a-45bb-b078-6a74424c7d4e.jpg','http://vodacewiygf.nosdn.127.net/7fa6d587-0922-4baf-958c-76a523b756de.mp4?download=%E5%85%83%E5%AE%B5.mp4.mp4','30377650','40','100',0,0,'','','','','','','','','2020-04-22 01:23:09','2984825835','http://vodacewiygf.vod.126.net/vodacewiygf/videoPreview_2977758563_uw3sobbJ.gif'),(116,'104357226','4d92a971360243b0bab91e2ffc6740e3','2977759695','突击队拔百万斤萝卜.mp4','http://vodacewiygf.nosdn.127.net/1e1fed41-d58b-474a-b68b-d33e249ef6e5.jpg','http://vodacewiygf.nosdn.127.net/eec9b73b-085c-4fdb-bf0d-85e0ed172d67.mp4?download=%E7%AA%81%E5%87%BB%E9%98%9F%E6%8B%94%E7%99%BE%E4%B8%87%E6%96%A4%E8%90%9D%E5%8D%9C.mp4.mp4','17483572','40','100',0,0,'','','','','','','','','2020-04-22 01:23:45','2984826699','http://vodacewiygf.vod.126.net/vodacewiygf/videoPreview_2977759695_2o2AsQV0.gif'),(117,'104357226','4d92a971360243b0bab91e2ffc6740e3','2977761687','大美永丰（2019）.mp4','http://vodacewiygf.nosdn.127.net/df004f3e-3fc2-4867-b12d-5d0c04063ebf.jpg','http://vodacewiygf.nosdn.127.net/f42821d3-d4b5-4b51-bedf-08c65070fc3c.mp4?download=%E5%A4%A7%E7%BE%8E%E6%B0%B8%E4%B8%B0%EF%BC%882019%EF%BC%89.mp4.mp4','360773597','40','100',0,0,'','','','','','','','','2020-04-22 01:33:54','2984829436','http://vodacewiygf.vod.126.net/vodacewiygf/videoPreview_2977761687_naq0J3eD.gif'),(118,'104357226','4d92a971360243b0bab91e2ffc6740e3','2977777030','千年府城临海：学子共同唱响《我和我的祖国》.mp4','http://vodacewiygf.nosdn.127.net/7bc665e9-cbc5-4e23-9321-5faafa1268ac.jpg','http://vodacewiygf.nosdn.127.net/90954fc7-8e6a-4729-933d-1b53215a97c4.mp4?download=%E5%8D%83%E5%B9%B4%E5%BA%9C%E5%9F%8E%E4%B8%B4%E6%B5%B7%EF%BC%9A%E5%AD%A6%E5%AD%90%E5%85%B1%E5%90%8C%E5%94%B1%E5%93%8D%E3%80%8A%E6%88%91%E5%92%8C%E6%88%91%E7%9A%84%E7%A5%96%E5%9B%BD%E3%80%8B.mp4.mp4','605472117','40','100',0,0,'','','','','','','','','2020-04-22 01:40:40','2984828398','http://vodacewiygf.vod.126.net/vodacewiygf/videoPreview_2977777030_79ormUj1.gif'),(119,'104357226','4d92a971360243b0bab91e2ffc6740e3','2977765644','微视频《临海：戏曲进校园》.mp4','http://vodacewiygf.nosdn.127.net/9dddad09-47bc-4b77-af67-00db83f19806.jpg','http://vodacewiygf.nosdn.127.net/e5794d27-3afc-4f8d-9f35-2e688b73ed4c.mp4?download=%E5%BE%AE%E8%A7%86%E9%A2%91%E3%80%8A%E4%B8%B4%E6%B5%B7%EF%BC%9A%E6%88%8F%E6%9B%B2%E8%BF%9B%E6%A0%A1%E5%9B%AD%E3%80%8B.mp4.mp4','396542434','40','100',0,0,'','','','','','','','','2020-04-22 01:53:51','2984828362','http://vodacewiygf.vod.126.net/vodacewiygf/videoPreview_2977765644_OPx86w0E.gif'),(120,'104357226','4d92a971360243b0bab91e2ffc6740e3','2977786686','炫丨临海：舞蹈《碇部桥水清悠悠》.mp4','http://vodacewiygf.nosdn.127.net/89e2d3aa-f204-44bc-b7ad-ff15eee78a2f.jpg','http://vodacewiygf.nosdn.127.net/b9a8ed6f-e544-45bb-b9fd-3292307e6003.mp4?download=%E7%82%AB%E4%B8%A8%E4%B8%B4%E6%B5%B7%EF%BC%9A%E8%88%9E%E8%B9%88%E3%80%8A%E7%A2%87%E9%83%A8%E6%A1%A5%E6%B0%B4%E6%B8%85%E6%82%A0%E6%82%A0%E3%80%8B.mp4.mp4','509468527','40','100',0,0,'','','','','','','','','2020-04-22 01:59:40','2984827473','http://vodacewiygf.vod.126.net/vodacewiygf/videoPreview_2977786686_fSsD41Lo.gif'),(121,'104357226','4d92a971360243b0bab91e2ffc6740e3','2977788608','炫丨台州临海小朋友自制防疫绘本《远离病毒》.mp4','http://vodacewiygf.nosdn.127.net/9574be04-0eaa-4dcc-9a0b-2e56a0574156.jpg','http://vodacewiygf.nosdn.127.net/56d92689-fe7a-4e59-a7ac-8ee1b4c02dd5.mp4?download=%E7%82%AB%E4%B8%A8%E5%8F%B0%E5%B7%9E%E4%B8%B4%E6%B5%B7%E5%B0%8F%E6%9C%8B%E5%8F%8B%E8%87%AA%E5%88%B6%E9%98%B2%E7%96%AB%E7%BB%98%E6%9C%AC%E3%80%8A%E8%BF%9C%E7%A6%BB%E7%97%85%E6%AF%92%E3%80%8B.mp4.mp4','13636685','40','100',0,0,'','','','','','','','','2020-04-22 02:00:02','2984824355','http://vodacewiygf.vod.126.net/vodacewiygf/videoPreview_2977788608_AHcgzQs4.gif'),(122,'104357226','4d92a971360243b0bab91e2ffc6740e3','2977785991','炫丨台州临海：浙荆学子同心抗疫.mp4','http://vodacewiygf.nosdn.127.net/0815906b-cb61-4f0a-8533-6bd43d0906b0.jpg','http://vodacewiygf.nosdn.127.net/35839c22-e085-485d-8610-4da879b05657.mp4?download=%E7%82%AB%E4%B8%A8%E5%8F%B0%E5%B7%9E%E4%B8%B4%E6%B5%B7%EF%BC%9A%E6%B5%99%E8%8D%86%E5%AD%A6%E5%AD%90%E5%90%8C%E5%BF%83%E6%8A%97%E7%96%AB.mp4.mp4','24603387','40','100',0,0,'','','','','','','','','2020-04-22 02:01:00','2984826791','http://vodacewiygf.vod.126.net/vodacewiygf/videoPreview_2977785991_30HR3Xqe.gif'),(123,'104357226','4d92a971360243b0bab91e2ffc6740e3','2977789639','诚义江南.mp4','http://vodacewiygf.nosdn.127.net/db884e69-0c18-4228-9d34-35a7879d8ae5.jpg','http://vodacewiygf.nosdn.127.net/3943ae8d-40f0-4e61-bbc9-3332ab3f8721.mp4?download=%E8%AF%9A%E4%B9%89%E6%B1%9F%E5%8D%97.mp4.mp4','1938984','40','100',0,0,'','','','','','','','','2020-04-22 02:01:19','2984826705','http://vodacewiygf.vod.126.net/vodacewiygf/videoPreview_2977789639_FQDida6S.gif'),(124,'104357226','4d92a971360243b0bab91e2ffc6740e3','2977798671','藏丨台州临海：上盘花鼓的传承.mp4','http://vodacewiygf.nosdn.127.net/38c5189a-2380-43d5-9e4a-07965ce9ee1a.jpg','http://vodacewiygf.nosdn.127.net/c0844908-d707-45a0-81f3-133edf06b73f.mp4?download=%E8%97%8F%E4%B8%A8%E5%8F%B0%E5%B7%9E%E4%B8%B4%E6%B5%B7%EF%BC%9A%E4%B8%8A%E7%9B%98%E8%8A%B1%E9%BC%93%E7%9A%84%E4%BC%A0%E6%89%BF.mp4.mp4','805743293','40','100',0,0,'','','','','','','','','2020-04-22 02:11:28','2984830605','http://vodacewiygf.vod.126.net/vodacewiygf/videoPreview_2977798671_ZovHtFy6.gif'),(125,'104357226','4d92a971360243b0bab91e2ffc6740e3','2977796984','藏丨台州临海：贴上“龙鳞花” 许下新年祝福.mp4','http://vodacewiygf.nosdn.127.net/44e75fe1-5549-4989-962a-1fcb66808d65.jpg','http://vodacewiygf.nosdn.127.net/dd30c144-e2eb-4027-91e9-7b2c0d2970f9.mp4?download=%E8%97%8F%E4%B8%A8%E5%8F%B0%E5%B7%9E%E4%B8%B4%E6%B5%B7%EF%BC%9A%E8%B4%B4%E4%B8%8A%E2%80%9C%E9%BE%99%E9%B3%9E%E8%8A%B1%E2%80%9D+%E8%AE%B8%E4%B8%8B%E6%96%B0%E5%B9%B4%E7%A5%9D%E7%A6%8F.mp4.mp4','108206604','40','100',0,0,'','','','','','','','','2020-04-22 02:13:56','2984826794','http://vodacewiygf.vod.126.net/vodacewiygf/videoPreview_2977796984_XcLakjK8.gif'),(126,'104357226','4d92a971360243b0bab91e2ffc6740e3','2977805192','藏丨台州临海：张家渡村传统古宅之“大道地”.mp4','http://vodacewiygf.nosdn.127.net/e7d61550-b607-49dc-8a27-8cb5050b43ea.jpg','http://vodacewiygf.nosdn.127.net/0672c65f-e287-4fc3-bf12-1e094a56661d.mp4?download=%E8%97%8F%E4%B8%A8%E5%8F%B0%E5%B7%9E%E4%B8%B4%E6%B5%B7%EF%BC%9A%E5%BC%A0%E5%AE%B6%E6%B8%A1%E6%9D%91%E4%BC%A0%E7%BB%9F%E5%8F%A4%E5%AE%85%E4%B9%8B%E2%80%9C%E5%A4%A7%E9%81%93%E5%9C%B0%E2%80%9D.mp4.mp4','243742234','40','100',0,0,'','','','','','','','','2020-04-22 02:17:52','2984822560','http://vodacewiygf.vod.126.net/vodacewiygf/videoPreview_2977805192_R6j2kkcv.gif'),(127,'104357226','4d92a971360243b0bab91e2ffc6740e3','2977802438','凡人凡事丨台州临海陈云芳：医者仁心  大爱无疆.mp4','http://vodacewiygf.nosdn.127.net/2ae8bef8-b3a7-42ed-9ec9-f53f022c7b19.jpg','http://vodacewiygf.nosdn.127.net/5d912d41-c0d7-42bd-ad8c-a4010308f4d5.mp4?download=%E5%87%A1%E4%BA%BA%E5%87%A1%E4%BA%8B%E4%B8%A8%E5%8F%B0%E5%B7%9E%E4%B8%B4%E6%B5%B7%E9%99%88%E4%BA%91%E8%8A%B3%EF%BC%9A%E5%8C%BB%E8%80%85%E4%BB%81%E5%BF%83++%E5%A4%A7%E7%88%B1%E6%97%A0%E7%96%86.mp4.mp4','380887056','40','100',0,0,'','','','','','','','','2020-04-22 02:21:30','2984831016','http://vodacewiygf.vod.126.net/vodacewiygf/videoPreview_2977802438_8y8ojaQc.gif'),(128,'104357226','4d92a971360243b0bab91e2ffc6740e3','2977802817','台州临海：老报账员屈彦桌“不贪百姓一分钱”.mp4','http://vodacewiygf.nosdn.127.net/ca326f9f-1ae7-49b6-becc-176e4ad7aa80.jpg','http://vodacewiygf.nosdn.127.net/2dd08bad-d625-4505-8d26-9cdf35574b9f.mp4?download=%E5%8F%B0%E5%B7%9E%E4%B8%B4%E6%B5%B7%EF%BC%9A%E8%80%81%E6%8A%A5%E8%B4%A6%E5%91%98%E5%B1%88%E5%BD%A6%E6%A1%8C%E2%80%9C%E4%B8%8D%E8%B4%AA%E7%99%BE%E5%A7%93%E4%B8%80%E5%88%86%E9%92%B1%E2%80%9D.mp4.mp4','415510445','40','100',0,0,'','','','','','','','','2020-04-22 02:25:32','2984822619','http://vodacewiygf.vod.126.net/vodacewiygf/videoPreview_2977802817_258XaF0w.gif'),(129,'104357226','4d92a971360243b0bab91e2ffc6740e3','2977814398','台州临海：小学生唱响《红星闪闪》 争做小小志愿者.mp4','http://vodacewiygf.nosdn.127.net/0f12f602-e528-47d2-b49e-b86ce8ad01b1.jpg','http://vodacewiygf.nosdn.127.net/fee1d9e1-13ad-4e43-b314-2f226f565985.mp4?download=%E5%8F%B0%E5%B7%9E%E4%B8%B4%E6%B5%B7%EF%BC%9A%E5%B0%8F%E5%AD%A6%E7%94%9F%E5%94%B1%E5%93%8D%E3%80%8A%E7%BA%A2%E6%98%9F%E9%97%AA%E9%97%AA%E3%80%8B+%E4%BA%89%E5%81%9A%E5%B0%8F%E5%B0%8F%E5%BF%97%E6%84%BF%E8%80%85.mp4.mp4','221917368','40','100',0,0,'','','','','','','','','2020-04-22 02:29:38','2984828348','http://vodacewiygf.vod.126.net/vodacewiygf/videoPreview_2977814398_pvO2GOfL.gif'),(130,'104357226','4d92a971360243b0bab91e2ffc6740e3','2977819407','台州临海建立社区老年人“温暖之家”.mp4','http://vodacewiygf.nosdn.127.net/003d3573-9855-4c1c-b9eb-eca1690ee7c5.jpg','http://vodacewiygf.nosdn.127.net/7f986ad5-2768-4175-983d-67d86b17199a.mp4?download=%E5%8F%B0%E5%B7%9E%E4%B8%B4%E6%B5%B7%E5%BB%BA%E7%AB%8B%E7%A4%BE%E5%8C%BA%E8%80%81%E5%B9%B4%E4%BA%BA%E2%80%9C%E6%B8%A9%E6%9A%96%E4%B9%8B%E5%AE%B6%E2%80%9D.mp4.mp4','4361584','40','100',0,0,'','','','','','','','','2020-04-22 02:30:53','2984825857','http://vodacewiygf.vod.126.net/vodacewiygf/videoPreview_2977819407_O4Khq4mo.gif'),(131,'104357226','4d92a971360243b0bab91e2ffc6740e3','2977812590','台州临海萌娃别出心裁 口罩也能宣传抗疫.mp4','http://vodacewiygf.nosdn.127.net/6e1ce8c0-06bf-48cd-9640-e59cbf66a82e.jpg','http://vodacewiygf.nosdn.127.net/ce7dc113-32b2-4171-a852-1e5601b2f902.mp4?download=%E5%8F%B0%E5%B7%9E%E4%B8%B4%E6%B5%B7%E8%90%8C%E5%A8%83%E5%88%AB%E5%87%BA%E5%BF%83%E8%A3%81+%E5%8F%A3%E7%BD%A9%E4%B9%9F%E8%83%BD%E5%AE%A3%E4%BC%A0%E6%8A%97%E7%96%AB.mp4.mp4','618553','40','100',0,0,'','','','','','','','','2020-04-22 02:31:13','2984826735','http://vodacewiygf.vod.126.net/vodacewiygf/videoPreview_2977812590_uflzYuk0.gif'),(132,'104357226','4d92a971360243b0bab91e2ffc6740e3','2977824598','台州临海社区工作者：全心全意 做百姓的贴心人.mp4','http://vodacewiygf.nosdn.127.net/4d48b4ea-ddfa-42b8-a16a-990a754d1ec6.jpg','http://vodacewiygf.nosdn.127.net/bc7815a2-1ba9-47f0-b232-abe95d14438d.mp4?download=%E5%8F%B0%E5%B7%9E%E4%B8%B4%E6%B5%B7%E7%A4%BE%E5%8C%BA%E5%B7%A5%E4%BD%9C%E8%80%85%EF%BC%9A%E5%85%A8%E5%BF%83%E5%85%A8%E6%84%8F+%E5%81%9A%E7%99%BE%E5%A7%93%E7%9A%84%E8%B4%B4%E5%BF%83%E4%BA%BA.mp4.mp4','745452729','40','100',0,0,'','','','','','','','','2020-04-22 02:40:32','2984832152','http://vodacewiygf.vod.126.net/vodacewiygf/videoPreview_2977824598_EcRUY9sl.gif'),(133,'104357226','4d92a971360243b0bab91e2ffc6740e3','2977835145','台州临海网格员故事微电影《星满沿江》.mp4','http://vodacewiygf.nosdn.127.net/8260e9d4-de5f-4c34-ab8a-ae1e83afc5d0.jpg','http://vodacewiygf.nosdn.127.net/95f7a91c-60b3-4ed5-af92-ced83c72f1cd.mp4?download=%E5%8F%B0%E5%B7%9E%E4%B8%B4%E6%B5%B7%E7%BD%91%E6%A0%BC%E5%91%98%E6%95%85%E4%BA%8B%E5%BE%AE%E7%94%B5%E5%BD%B1%E3%80%8A%E6%98%9F%E6%BB%A1%E6%B2%BF%E6%B1%9F%E3%80%8B.mp4.mp4','773345679','40','100',0,0,'','','','','','','','','2020-04-22 03:04:13','2984832244','http://vodacewiygf.vod.126.net/vodacewiygf/videoPreview_2977835145_b8DCxBbH.gif'),(134,'104357226','4d92a971360243b0bab91e2ffc6740e3','2977852838','微视频丨临海中式婚礼：无与伦比的古典之美.mp4','http://vodacewiygf.nosdn.127.net/8cc22781-a832-4358-aebf-ddc17a3d5ef6.jpg','http://vodacewiygf.nosdn.127.net/aae68ee8-610c-4d74-9a25-869f664ea1d3.mp4?download=%E5%BE%AE%E8%A7%86%E9%A2%91%E4%B8%A8%E4%B8%B4%E6%B5%B7%E4%B8%AD%E5%BC%8F%E5%A9%9A%E7%A4%BC%EF%BC%9A%E6%97%A0%E4%B8%8E%E4%BC%A6%E6%AF%94%E7%9A%84%E5%8F%A4%E5%85%B8%E4%B9%8B%E7%BE%8E.mp4.mp4','1039411661','40','100',0,0,'','','','','','','','','2020-04-22 03:15:14','2984831086','http://vodacewiygf.vod.126.net/vodacewiygf/videoPreview_2977852838_CT9fnM9y.gif'),(135,'104357226','4d92a971360243b0bab91e2ffc6740e3','2977864187','文明城市创建背后的人：脚步点亮文明.mov','http://vodacewiygf.nosdn.127.net/a4f1e62d-9276-4e48-bd51-7a8b0a0d3ade.jpg','http://vodacewiygf.nosdn.127.net/36196511-72c2-4095-9142-b9910570dd60.mov?download=%E6%96%87%E6%98%8E%E5%9F%8E%E5%B8%82%E5%88%9B%E5%BB%BA%E8%83%8C%E5%90%8E%E7%9A%84%E4%BA%BA%EF%BC%9A%E8%84%9A%E6%AD%A5%E7%82%B9%E4%BA%AE%E6%96%87%E6%98%8E.mov.mov','316074213','40','100',0,0,'','','','','','','','','2020-04-22 03:25:11','2984827456','http://vodacewiygf.vod.126.net/vodacewiygf/videoPreview_2977864187_8cuhePcC.gif'),(136,'104357226','4d92a971360243b0bab91e2ffc6740e3','2977868498','秀丨沙画中的临海蜜桔前世今生.mp4','http://vodacewiygf.nosdn.127.net/57f73b4c-4b52-42b7-93fd-31ab54c3f8b6.jpg','http://vodacewiygf.nosdn.127.net/370e6ef6-d275-49a9-b18c-fb8522a3d05c.mp4?download=%E7%A7%80%E4%B8%A8%E6%B2%99%E7%94%BB%E4%B8%AD%E7%9A%84%E4%B8%B4%E6%B5%B7%E8%9C%9C%E6%A1%94%E5%89%8D%E4%B8%96%E4%BB%8A%E7%94%9F.mp4.mp4','152901636','40','100',0,0,'','','','','','','','','2020-04-22 03:28:31','2984826832','http://vodacewiygf.vod.126.net/vodacewiygf/videoPreview_2977868498_1laW4Pvg.gif'),(137,'104357226','4d92a971360243b0bab91e2ffc6740e3','2977871626','秀丨台州临海：舞蹈《临海美》.mp4','http://vodacewiygf.nosdn.127.net/c5f9471d-7751-4fb7-a949-67d239d5ac16.jpg','http://vodacewiygf.nosdn.127.net/c92ac805-4ef7-4b28-ad30-750b8bce453d.mp4?download=%E7%A7%80%E4%B8%A8%E5%8F%B0%E5%B7%9E%E4%B8%B4%E6%B5%B7%EF%BC%9A%E8%88%9E%E8%B9%88%E3%80%8A%E4%B8%B4%E6%B5%B7%E7%BE%8E%E3%80%8B.mp4.mp4','383819713','40','100',0,0,'','','','','','','','','2020-04-22 05:58:40','2984827452','http://vodacewiygf.vod.126.net/vodacewiygf/videoPreview_2977871626_tdTyKacd.gif'),(138,'104357226','4d92a971360243b0bab91e2ffc6740e3','2978003802','秀丨台州名小吃——蛋清羊尾.mp4','http://vodacewiygf.nosdn.127.net/730df9dd-c3ea-4793-9bd6-b1dd7a9a1e73.jpg','http://vodacewiygf.nosdn.127.net/2f707bc5-9950-42fb-8b4c-821bd5a14b09.mp4?download=%E7%A7%80%E4%B8%A8%E5%8F%B0%E5%B7%9E%E5%90%8D%E5%B0%8F%E5%90%83%E2%80%94%E2%80%94%E8%9B%8B%E6%B8%85%E7%BE%8A%E5%B0%BE.mp4.mp4','189071353','40','100',0,0,'','','','','','','','','2020-04-22 06:04:39','2984826864','http://vodacewiygf.vod.126.net/vodacewiygf/videoPreview_2978003802_wb6Q5rEo.gif'),(139,'104357226','4d92a971360243b0bab91e2ffc6740e3','2978022027','炫丨爱满古城 临海人民齐唱《我爱你中国》.mp4','http://vodacewiygf.nosdn.127.net/9483eeed-1b1a-4eb6-ba9a-180df9bf8a47.jpg','http://vodacewiygf.nosdn.127.net/1cb37993-33e0-4bde-a72a-f00687f12d8c.mp4?download=%E7%82%AB%E4%B8%A8%E7%88%B1%E6%BB%A1%E5%8F%A4%E5%9F%8E+%E4%B8%B4%E6%B5%B7%E4%BA%BA%E6%B0%91%E9%BD%90%E5%94%B1%E3%80%8A%E6%88%91%E7%88%B1%E4%BD%A0%E4%B8%AD%E5%9B%BD%E3%80%8B.mp4.mp4','1769600146','40','100',0,0,'','','','','','','','','2020-04-22 06:32:12','2984821942','http://vodacewiygf.vod.126.net/vodacewiygf/videoPreview_2978022027_zNR1h5JQ.gif'),(140,'104357226','4d92a971360243b0bab91e2ffc6740e3','2978022792','炫丨临海公安：你好 我的名字叫老兵.mp4','http://vodacewiygf.nosdn.127.net/01fa97d1-4314-4366-ba25-ff2d0d882911.jpg','http://vodacewiygf.nosdn.127.net/91aa439c-18b9-47f4-8c02-b08f4bff535b.mp4?download=%E7%82%AB%E4%B8%A8%E4%B8%B4%E6%B5%B7%E5%85%AC%E5%AE%89%EF%BC%9A%E4%BD%A0%E5%A5%BD+%E6%88%91%E7%9A%84%E5%90%8D%E5%AD%97%E5%8F%AB%E8%80%81%E5%85%B5.mp4.mp4','238592898','40','100',0,0,'','','','','','','','','2020-04-22 07:42:44','2984830437','http://vodacewiygf.vod.126.net/vodacewiygf/videoPreview_2978022792_1HURDDJG.gif'),(141,'104357226','4d92a971360243b0bab91e2ffc6740e3','2978090643','炫丨临海市民自发上街送别 向“最可爱的人”鞠躬致谢.mp4','http://vodacewiygf.nosdn.127.net/6674b71d-c797-4e30-b258-1bc34b714e17.jpg','http://vodacewiygf.nosdn.127.net/a63797fc-b7e3-460e-9bb5-d08102c9c9cf.mp4?download=%E7%82%AB%E4%B8%A8%E4%B8%B4%E6%B5%B7%E5%B8%82%E6%B0%91%E8%87%AA%E5%8F%91%E4%B8%8A%E8%A1%97%E9%80%81%E5%88%AB+%E5%90%91%E2%80%9C%E6%9C%80%E5%8F%AF%E7%88%B1%E7%9A%84%E4%BA%BA%E2%80%9D%E9%9E%A0%E8%BA%AC%E8%87%B4%E8%B0%A2.mp4.mp4','80391703','40','100',0,0,'','','','','','','','','2020-04-22 07:50:55','2984830320','http://vodacewiygf.vod.126.net/vodacewiygf/videoPreview_2978090643_YSCKMf2n.gif'),(142,'104357226','4d92a971360243b0bab91e2ffc6740e3','2978103085','炫丨临海小学生器乐表演《节日欢歌》.mp4','http://vodacewiygf.nosdn.127.net/89b41584-c49a-4cb6-a20e-00037223d865.jpg','http://vodacewiygf.nosdn.127.net/7698ee7f-d93a-44e7-8b74-fc95c083b3c5.mp4?download=%E7%82%AB%E4%B8%A8%E4%B8%B4%E6%B5%B7%E5%B0%8F%E5%AD%A6%E7%94%9F%E5%99%A8%E4%B9%90%E8%A1%A8%E6%BC%94%E3%80%8A%E8%8A%82%E6%97%A5%E6%AC%A2%E6%AD%8C%E3%80%8B.mp4.mp4','373979693','40','100',0,0,'','','','','','','','','2020-04-22 07:54:46','2984832153','http://vodacewiygf.vod.126.net/vodacewiygf/videoPreview_2978103085_2FQsW38j.gif'),(143,'104357226','4d92a971360243b0bab91e2ffc6740e3','2978096904','炫丨临海最可爱的人：你叫什么名字.mp4','http://vodacewiygf.nosdn.127.net/339e8050-c4e5-42aa-8a36-fcea635f1943.jpg','http://vodacewiygf.nosdn.127.net/9b063142-9380-4ed9-a503-73fbf7b394b2.mp4?download=%E7%82%AB%E4%B8%A8%E4%B8%B4%E6%B5%B7%E6%9C%80%E5%8F%AF%E7%88%B1%E7%9A%84%E4%BA%BA%EF%BC%9A%E4%BD%A0%E5%8F%AB%E4%BB%80%E4%B9%88%E5%90%8D%E5%AD%97.mp4.mp4','56302249','40','100',0,0,'','','','','','','','','2020-04-22 07:55:38','2984826849','http://vodacewiygf.vod.126.net/vodacewiygf/videoPreview_2978096904_2O7kL8Fo.gif'),(144,'104357226','4d92a971360243b0bab91e2ffc6740e3','2978100876','炫丨暖心！临海获救小女孩“吻别”消防战士.mp4','http://vodacewiygf.nosdn.127.net/2a257cba-bb10-4c33-8bc9-cc02a562bf82.jpg','http://vodacewiygf.nosdn.127.net/2efe4b08-598e-4822-a54a-a3b15988061c.mp4?download=%E7%82%AB%E4%B8%A8%E6%9A%96%E5%BF%83%EF%BC%81%E4%B8%B4%E6%B5%B7%E8%8E%B7%E6%95%91%E5%B0%8F%E5%A5%B3%E5%AD%A9%E2%80%9C%E5%90%BB%E5%88%AB%E2%80%9D%E6%B6%88%E9%98%B2%E6%88%98%E5%A3%AB.mp4.mp4','38140149','40','100',0,0,'','','','','','','','','2020-04-22 07:56:24','2984830313','http://vodacewiygf.vod.126.net/vodacewiygf/videoPreview_2978100876_9LtcN5rT.gif'),(145,'104357226','4d92a971360243b0bab91e2ffc6740e3','2978105774','炫丨台州临海：67个山区孩子和国旗的美好一天.mp4','http://vodacewiygf.nosdn.127.net/13985322-739c-440c-a201-69975f656754.jpg','http://vodacewiygf.nosdn.127.net/411fda97-9494-4fe9-9338-7e2ed28b79c6.mp4?download=%E7%82%AB%E4%B8%A8%E5%8F%B0%E5%B7%9E%E4%B8%B4%E6%B5%B7%EF%BC%9A67%E4%B8%AA%E5%B1%B1%E5%8C%BA%E5%AD%A9%E5%AD%90%E5%92%8C%E5%9B%BD%E6%97%97%E7%9A%84%E7%BE%8E%E5%A5%BD%E4%B8%80%E5%A4%A9.mp4.mp4','181779066','40','100',0,0,'','','','','','','','','2020-04-22 07:58:57','2984827522','http://vodacewiygf.vod.126.net/vodacewiygf/videoPreview_2978105774_m73t4CFu.gif'),(146,'104357226','4d92a971360243b0bab91e2ffc6740e3','2978111272','炫丨台州临海泥塑“泥人朱”.mp4','http://vodacewiygf.nosdn.127.net/211d1234-d774-4d18-bd0d-a265b7690682.jpg','http://vodacewiygf.nosdn.127.net/80738034-e49e-4cdf-9e23-dee2f106b1f2.mp4?download=%E7%82%AB%E4%B8%A8%E5%8F%B0%E5%B7%9E%E4%B8%B4%E6%B5%B7%E6%B3%A5%E5%A1%91%E2%80%9C%E6%B3%A5%E4%BA%BA%E6%9C%B1%E2%80%9D.mp4.mp4','433329378','40','100',0,0,'','','','','','','','','2020-04-22 08:07:21','2984830561','http://vodacewiygf.vod.126.net/vodacewiygf/videoPreview_2978111272_8hgerFhl.gif'),(147,'104357226','4d92a971360243b0bab91e2ffc6740e3','2978115816','炫丨临海最可爱的人：你叫什么名字.mp4','http://vodacewiygf.nosdn.127.net/c6797262-54cc-4f14-9559-a07a0cbac992.jpg','http://vodacewiygf.nosdn.127.net/e2aed38a-6ed7-4cf8-ac4f-9217acf5f26e.mp4?download=%E7%82%AB%E4%B8%A8%E4%B8%B4%E6%B5%B7%E6%9C%80%E5%8F%AF%E7%88%B1%E7%9A%84%E4%BA%BA%EF%BC%9A%E4%BD%A0%E5%8F%AB%E4%BB%80%E4%B9%88%E5%90%8D%E5%AD%97.mp4.mp4','56302249','40','100',0,0,'','','','','','','','','2020-04-22 08:12:47','2984829444','http://vodacewiygf.vod.126.net/vodacewiygf/videoPreview_2978115816_AufBISGX.gif'),(149,'135612','4d92a971360243b0bab91e2ffc6740e3','2983977793','121','','http://vodacewiygf.nosdn.127.net/65f024bb-9155-4d64-a4ec-ed2523aff749.mp4?download=ooo.mp4.mp4','5277858','10','100',0,0,'','','','','','','','','2020-04-28 07:27:19','2984822546','http://vodacewiygf.vod.126.net/vodacewiygf/videoPreview_2983977793_tehW9iJO.gif'),(150,'104405634','4d92a971360243b0bab91e2ffc6740e3','2984785508','ooo.mp4','http://vodacewiygf.nosdn.127.net/2dbd3318-7144-4cdd-b38a-4367903db7d0.jpg','http://vodacewiygf.nosdn.127.net/33288100-6924-4af4-b0a4-a17df1badc70.mp4?download=ooo.mp4.mp4','5277858','40','100',0,0,'','','','','','','','','2020-04-29 03:00:01','2984786287','http://vodacewiygf.vod.126.net/vodacewiygf/videoPreview_2984785508_qpMvK26z.gif'),(151,'104405634','4d92a971360243b0bab91e2ffc6740e3','2984794361','ooo.mp4','http://vodacewiygf.nosdn.127.net/4efb8f7b-53a3-4ffb-a37f-66b15a5b2b68.jpg','http://vodacewiygf.nosdn.127.net/43961205-6f70-426a-b2ca-7670fb742e71.mp4?download=ooo.mp4.mp4','5277858','40','100',0,0,'','','','','','','','','2020-04-29 03:10:42','2984830298','http://vodacewiygf.vod.126.net/vodacewiygf/videoPreview_2984794361_Wfr7Sswg.gif'),(152,'104405634','4d92a971360243b0bab91e2ffc6740e3','2984800465','59e821d5b30a6.mp4','http://vodacewiygf.nosdn.127.net/8ebf3c54-988c-4d1a-bc29-cb033224bc7f.jpg','http://vodacewiygf.nosdn.127.net/638e1c86-7522-4554-9f80-d1b7972172a8.mp4?download=59e821d5b30a6.mp4.mp4','10129028','40','100',0,0,'','','','','','','','','2020-04-29 03:20:53','2984826824','http://vodacewiygf.vod.126.net/vodacewiygf/videoPreview_2984800465_hfUHOVZA.gif'),(153,'104405634','4d92a971360243b0bab91e2ffc6740e3','2984800877','output.avi','http://vodacewiygf.nosdn.127.net/bf5f33c9-32fc-4fc2-ac04-47af4d0efe6c.jpg','http://vodacewiygf.nosdn.127.net/1778dc81-4992-4c30-becd-14afb6f68ec9.avi?download=output.avi.avi','4525474','40','100',0,0,'','','','','','','','','2020-04-29 03:24:46','2984808284','http://vodacewiygf.vod.126.net/vodacewiygf/videoPreview_2984800877_g1vtjhKW.gif');

--
-- Table structure for table `ya02wmsj_cecoe_vod_type`
--

CREATE TABLE `ya02wmsj_cecoe_vod_type` (
  `id` int(10) unsigned NOT NULL AUTO_INCREMENT COMMENT '表ID',
  `man_id` char(32) NOT NULL COMMENT '创建分类人员，关联user表uuid',
  `type_id` varchar(20) NOT NULL DEFAULT '' COMMENT '网易云点播类型id',
  `type_name` varchar(101) NOT NULL DEFAULT '' COMMENT '分类名称',
  `description` varchar(101) NOT NULL DEFAULT '' COMMENT '分类描述',
  `ctime` timestamp NOT NULL DEFAULT CURRENT_TIMESTAMP COMMENT '添加时间',
  `display` tinyint(3) NOT NULL DEFAULT '1' COMMENT '是否展示该分类 0-不展示 1-展示',
  `region_code` char(12) NOT NULL DEFAULT '' COMMENT '区域编码',
  `allow_delete` tinyint(3) unsigned NOT NULL DEFAULT '0' COMMENT '默认不可删除 0-不可删除 1-可删除',
  PRIMARY KEY (`id`)
) ENGINE=InnoDB AUTO_INCREMENT=10 DEFAULT CHARSET=utf8mb4 COMMENT='点播分类列表';

--
-- Dumping data for table `ya02wmsj_cecoe_vod_type`
--

INSERT INTO `ya02wmsj_cecoe_vod_type` VALUES (1,'4d92a971360243b0bab91e2ffc6740e3','104337406','志愿者风采','志愿者','2019-05-29 20:38:34',1,'',1),(2,'4d92a971360243b0bab91e2ffc6740e3','104330719','实践队风采','实践队','2019-05-29 20:38:44',1,'',1),(3,'4d92a971360243b0bab91e2ffc6740e3','104357226','新闻素材','放一些新闻相关的视频素材','2019-08-18 23:37:02',1,'',1),(4,'4d92a971360243b0bab91e2ffc6740e3','104412353','教育类视频','教育','2020-03-19 02:49:19',1,'',1),(5,'4d92a971360243b0bab91e2ffc6740e3','104405634','测试视频','测试视频','2020-03-27 02:53:55',1,'',0),(8,'4d92a971360243b0bab91e2ffc6740e3','104404905','测试视频2','测试视频2','2020-04-10 08:05:02',1,'',1);

--
-- Table structure for table `ya02wmsj_cecoe_volunteer_info`
--

CREATE TABLE `ya02wmsj_cecoe_volunteer_info` (
  `id` int(10) unsigned NOT NULL AUTO_INCREMENT COMMENT '表ID',
  `uuid` char(32) NOT NULL DEFAULT '' COMMENT '用户uuid',
  `name` varchar(31) NOT NULL DEFAULT '' COMMENT '申请人真实姓名',
  `intro` text NOT NULL COMMENT '用户个人简介',
  `address` varchar(255) NOT NULL DEFAULT '' COMMENT '常驻地  中文地址',
  `status` tinyint(3) unsigned NOT NULL DEFAULT '0' COMMENT '简介是否通过审核 0-未审核 1-已审核 3-被驳回',
  `check_uuid` char(32) NOT NULL DEFAULT '' COMMENT '审核人uuid',
  `check_time` timestamp NOT NULL DEFAULT '0000-00-00 00:00:00' COMMENT '审核时间',
  `review_msg` varchar(201) NOT NULL DEFAULT '' COMMENT '审核意见',
  `vorgan_id` varchar(101) NOT NULL DEFAULT '' COMMENT '志愿者组织机构id列表, 关联organ_volunteer表id',
  `serve_time` int(10) unsigned NOT NULL DEFAULT '0' COMMENT '服务时间，分钟',
  `ctime` timestamp NOT NULL DEFAULT CURRENT_TIMESTAMP COMMENT '添加时间',
  PRIMARY KEY (`id`)
) ENGINE=InnoDB AUTO_INCREMENT=18 DEFAULT CHARSET=utf8mb4 COMMENT='志愿者简介表';

--
-- Dumping data for table `ya02wmsj_cecoe_volunteer_info`
--

INSERT INTO `ya02wmsj_cecoe_volunteer_info` VALUES (10,'bd949488301b4bceb7e6750d6c2dc5df','姜超','我来自同心志愿服务队','',0,'','0000-00-00 00:00:00','','39',0,'2019-07-14 00:03:16'),(11,'953c125269ab4693bf48a944d8705b77','彭杰','我来自“最多跑一次”宣讲志愿服务队','',0,'','0000-00-00 00:00:00','','43',0,'2019-07-14 00:12:46'),(14,'09ff4db587db4aa3bfa4db7120d72e54','啦啦啦','木呜呜呜呜温柔呀','侯迫切需要',0,'','0000-00-00 00:00:00','','42,43',0,'2019-07-25 17:45:56'),(15,'871ba57647534b78b3f1374cc409436f','王树','人类','鸿蒙宇宙地球',0,'','0000-00-00 00:00:00','','41',0,'2019-07-31 22:39:11'),(16,'c8660342c12c407db87c61e137f86cb2','陈本义','加入志愿者','杭州',1,'','0000-00-00 00:00:00','','43',0,'2019-08-19 21:40:57'),(17,'a2eeb4cb14f44330832e1c40e429bc88','','<p><p><center><img src=\"\" alt=\"\" /></center></p>111111111</p>','',0,'','0000-00-00 00:00:00','','',0,'2019-12-27 22:08:13');

--
-- Table structure for table `ya02wmsj_cecoe_vote`
--

CREATE TABLE `ya02wmsj_cecoe_vote` (
  `id` int(10) unsigned NOT NULL AUTO_INCREMENT COMMENT '表ID',
  `activity_id` int(10) unsigned NOT NULL DEFAULT '0' COMMENT '活动ID，对应activity表ID',
  `title` varchar(101) NOT NULL DEFAULT '' COMMENT '参选者名称',
  `pic` varchar(201) NOT NULL DEFAULT '' COMMENT '参选者照片',
  `content` varchar(3002) NOT NULL DEFAULT '' COMMENT '参选者简介',
  `vote_number` mediumint(9) NOT NULL DEFAULT '0' COMMENT '当前累计票数',
  `vote_num` int(10) unsigned NOT NULL DEFAULT '0' COMMENT '累计人数',
  `score_num` smallint(8) unsigned NOT NULL DEFAULT '0' COMMENT '评分人数',
  `score_sum` smallint(8) unsigned NOT NULL DEFAULT '0' COMMENT '总评分',
  PRIMARY KEY (`id`)
) ENGINE=InnoDB AUTO_INCREMENT=208 DEFAULT CHARSET=utf8 COMMENT='评选人物表';

--
-- Dumping data for table `ya02wmsj_cecoe_vote`
--

INSERT INTO `ya02wmsj_cecoe_vote` VALUES (1,25,'张三','/uploads/ya02wmsj_cecoe/pic/20200303/1583219742_608835278.jpg','三三三',4,0,0,0),(2,25,'李四','/uploads/ya02wmsj_cecoe/pic/20200303/1583219813_519345534.JPG','四四四',3,0,0,0),(8,39,'于兴邦','/uploads/ya02wmsj_cecoe/pic/20200319/29c9fa07c2f0aa5a8558be231ffc13d3.jpeg','男，1984年8月出生，中共党员，汉族，本科学历，2013年11月至2017年3月任大田街道白筑村党支部书记，现任该村党支部负责人，东方永安集团浙东休闲家居城副总经理。他筹集千万资金对白筑村岙里水库进行除险加固、修建村内白云山道路，并带领村“两委”成员建设白筑村康居工程，拆迁村内危旧房一万多平方米；组织建立五大微信群，使它们成为村内资源与信息共享平台。他组织浙东休闲家居城成功申报国家AAA旅游景区、省工业旅游示范基地；组建团队搭建“大田公社”微商城，整合临海100多家农合联成员产品，通过中国人寿等大型公司销售网络推广，实现临海农业合作社农副产品的集体线上销售。在他的带领下，白筑村“两委”成员团结一心，该村连续两年获得大田街道“优秀村集体”荣誉。',5,0,0,0),(9,39,'王丹丹','/uploads/ya02wmsj_cecoe/pic/20200319/ebc2e665665ab4412533f6ccb056d79a.jpeg','女，1987年12月出生，中共党员，汉族，本科，中级导游，浙江台运国际旅行社有限公司总经理助理。她凭借工作经验摸索出“人性化+个性化”的服务模式和“原则性+灵活性”的带团技巧，深入挖掘景、物后的文化渊源，创新导游词，“寓教于乐”开展导游工作；她积极为导游从业人员争取工资福利待遇，力争破除导游低薪困境；作为台州旅游协会副会长兼导游委员会主任，她还时常邀请名师对导游进行职业技能培训，提升从业人员素质，为全域旅游人才队伍建设出力。她曾被国家旅游局评为“2015全国好导游”，2016年，她被评为“全国旅游系统劳动模范”。',4,0,0,0),(10,39,'王迪','/uploads/ya02wmsj_cecoe/pic/20200319/a87722219902d93704305a45177835c8.jpeg','男，1985年9月出生，中共党员，汉族，硕士学历，台州市通益机械设备有限公司总经理，浙江东来包装有限公司董事长，临海市第十四届政协委员。他长期从事金属包装产品生产设备的研发、金属包装产品创新设计、包装产品与生产设备市场开拓，研发的全自动数控龙门冲获浙江省工业优秀新产品三等奖。2015年以后，他在公司加强互联网营销，使海外销售额占比由20%提升至40%。在他努力下，公司被列为“国家重点扶持高新技术企业”。2013年，他获得临海市第二届职工优秀技术创新成果唯一的“一等奖”；2014年，他被台州技工学校聘为机械专业建设指导委员会委员；2015年，他被评为“台州市500精英”。',3,0,0,0),(29,39,'方跃','/uploads/ya02wmsj_cecoe/pic/20200319/bdb85a2d693f34e792426faf4cc7afc7.jpeg','男，1985年1月出生，中共党员，汉族，本科学历，台州市乌岩春农业开发有限公司董事长，临海市乌岩春茶业专业合作社副理事长。他创建“乌岩春”茶叶品牌，在自己的企业施行绿色管理模式，根据现代婚庆需求独创“喜茶”，组建电商团队大力开展线上销售，不断扩大产品市场。他以乌岩春合作社为龙头，带动丁公园、后辽、曹山、界岭、安头等村建成万亩优质茶园基地。与白水洋镇人民政府合作，在安基山投资建设滑翔伞基地，成功举办台州市第五届体育休闲节暨全国滑翔伞邀请赛。他曾被评为台州市“农技标兵”、台州市“农村科创之星”。目前，合作社安基山茶场为省农业厅茶叶精品园、省级残疾人扶贫基地、省级科技示范户。',3,0,0,0),(39,65,'1','/uploads/ya02wmsj_cecoe/pic/20200324/afa89825829d476f9751a5a5c22e8e8e.jpg','内容',0,0,0,0),(40,68,'临海市篮球队','/uploads/ya02wmsj_cecoe/pic/20200324/6d05e5410810b21d4a5f1a2436da6507.jpeg','很有集体感，获得多次比赛冠军',3,0,6,20),(41,68,'临海市足球队','/uploads/ya02wmsj_cecoe/pic/20200324/9a1b4970c4aaea585a248512d82b472d.jpg','队伍气氛活跃，荣辱与共',4,0,6,20),(43,70,'','','',0,0,0,0),(44,71,'勒布朗詹姆斯','/uploads/ya02wmsj_cecoe/pic/20200331/cd24d93e56163934aa74ef1543b60526.jpg','篮球巨星',2,0,0,0),(45,71,'C罗','/uploads/ya02wmsj_cecoe/pic/20200331/2c7d6dc211bb91c05ec72043ec84c9ee.jpg','足球巨星',4,0,0,0),(48,76,'','/uploads/ya02wmsj_cecoe/pic/20200407/c8dfb366f9f7a76315c29324289457d2.jpg','',0,0,0,0),(49,77,'','/uploads/ya02wmsj_cecoe/pic/20200407/de57a194db3311d4e9adc6387fac0b14.jpg','',0,0,0,0),(50,78,'','/uploads/ya02wmsj_cecoe/pic/20200407/ac62c883c9e825ec3c650e11f26e9607.jpg','',0,0,0,0),(51,79,'','/uploads/ya02wmsj_cecoe/pic/20200407/e8f50a482b40e0012e739f4f97ca972e.jpg','',0,0,0,0),(52,80,'','/uploads/ya02wmsj_cecoe/pic/20200407/403c2bab1e4143492d595dcd8826ccd8.jpg','',0,0,0,0),(53,81,'','/uploads/ya02wmsj_cecoe/pic/20200407/903a623db8e1344890e5587dc1e5b3ef.jpg/uploads/ya02wmsj_cecoe/pic/20200407/903a623db8e1344890e5587dc1e5b3ef.jpg','',0,0,0,0),(54,82,'','/uploads/ya02wmsj_cecoe/pic/20200407/50d054922c0e64d70890bead6ab3d30d.jpg','',0,0,0,0),(55,83,'','/uploads/ya02wmsj_cecoe/pic/20200407/296df3164128ece7bcfe381c2646acf2.jpg','',0,0,0,0),(56,84,'','/uploads/ya02wmsj_cecoe/pic/20200407/8a05b26f291f7a35cba956fb336d9001.jpg','',0,0,0,0),(57,85,'','/uploads/ya02wmsj_cecoe/pic/20200407/0990a4f1c2e58235288281e6e2c92bf5.png','',0,0,0,0),(58,86,'','/uploads/ya02wmsj_cecoe/pic/20200407/70445d5a7bd9406ae6651de27568a64c.jpg','',0,0,0,0),(59,87,'','/uploads/ya02wmsj_cecoe/pic/20200407/372541069511ecf7253223b508ae460f.jpg','',0,0,0,0),(60,88,'','/uploads/ya02wmsj_cecoe/pic/20200407/90d22a0c16ff7c9a3cc5ba0fe9440bca.jpg','',0,0,0,0),(61,89,'','/uploads/ya02wmsj_cecoe/pic/20200407/c308e78d70e008b3c6ade61f0a54496a.jpg','',0,0,0,0),(62,90,'','/uploads/ya02wmsj_cecoe/pic/20200407/d473edabb8419f79f4be59092e483df5.png','',0,0,0,0),(63,91,'','/uploads/ya02wmsj_cecoe/pic/20200407/5de65d8d25a2e3c6c294222b7aa086f9.jpg','',0,0,0,0),(64,92,'','/uploads/ya02wmsj_cecoe/pic/20200407/fdead620b1191469fa0fb87fe8264cad.jpg','',0,0,0,0),(65,93,'','/uploads/ya02wmsj_cecoe/pic/20200407/8990944dfe1dc80fc301d06ddb15f429.jpg','',0,0,0,0),(66,94,'','/uploads/ya02wmsj_cecoe/pic/20200407/625292bddd119ee94afdce14fe7d6315.jpg','',0,0,0,0),(67,95,'','/uploads/ya02wmsj_cecoe/pic/20200407/5ad631982bc37cc716aec760020c5c0a.jpg','',0,0,0,0),(68,96,'','/uploads/ya02wmsj_cecoe/pic/20200407/c23487730052bf5e0ab66caff20f2283.jpg','',0,0,0,0),(69,97,'','/uploads/ya02wmsj_cecoe/pic/20200407/339e976247ad234a40af508ffbd776db.jpg','',0,0,0,0),(70,98,'','/uploads/ya02wmsj_cecoe/pic/20200407/856fbc4eec4afa02ddd2cec7d559f9a6.jpg','',0,0,0,0),(71,99,'','/uploads/ya02wmsj_cecoe/pic/20200407/e936da918c9b2f5e8c6b1b505cf637f1.jpg','',0,0,0,0),(72,100,'','/uploads/ya02wmsj_cecoe/pic/20200407/33897aeedc514e03cf1426f9dd17c772.jpg','',0,0,0,0),(73,101,'','/uploads/ya02wmsj_cecoe/pic/20200407/73ca6e68fa0894209472ec434181fdd8.jpg','',0,0,0,0),(75,103,'','/uploads/ya02wmsj_cecoe/pic/20200407/ca4ac692d9bbe52ea234a38a38008fb5.jpg','',0,0,0,0),(77,105,'','/uploads/ya02wmsj_cecoe/pic/20200407/08888bdf5ced00cfac3588b37513dde6.jpg','',0,0,0,0),(78,106,'','/uploads/ya02wmsj_cecoe/pic/20200407/b94d6858de59b0eaa516f73962e2fc55.jpg','',0,0,0,0),(79,107,'','/uploads/ya02wmsj_cecoe/pic/20200407/8e6ec1e4d27f802e9fc934a6b07b5b31.jpg','',0,0,0,0),(80,108,'','/uploads/ya02wmsj_cecoe/pic/20200407/30282b6d13812ae6e4521d682fa5131e.jpg','',0,0,0,0),(81,109,'','/uploads/ya02wmsj_cecoe/pic/20200407/cdd48f9c2309b13b8c3ad389199c4e2f.jpg','',0,0,1,3),(82,110,'','/uploads/ya02wmsj_cecoe/pic/20200407/457b19af1d5371a710524b1ec41a9023.jpg','',0,0,0,0),(83,111,'','/uploads/ya02wmsj_cecoe/pic/20200407/1f72b654e1d76edd7ff9887fd080b2a2.jpg','',0,0,0,0),(84,112,'','/uploads/ya02wmsj_cecoe/pic/20200407/ebd98cad4b8ec4605bc900274399a60c.jpg','',0,0,0,0),(85,113,'','/uploads/ya02wmsj_cecoe/pic/20200407/2d9ab9209d8121b6e5528617b323b8ed.jpg','',0,0,0,0),(86,114,'','/uploads/ya02wmsj_cecoe/pic/20200407/80024430bf8aea8ff70113745d88c2ee.jpg','',0,0,0,0),(87,115,'','/uploads/ya02wmsj_cecoe/pic/20200407/902e0cb9c8a37ee81fc9ba88274ba46c.jpg','',0,0,0,0),(88,116,'','/uploads/ya02wmsj_cecoe/pic/20200407/10f3bbf2a8857f6f78a798736ac4473c.jpg','',0,0,0,0),(89,117,'','/uploads/ya02wmsj_cecoe/pic/20200407/9ebdb3954dd43014714dbf6b1c7f5bd5.jpg','',0,0,0,0),(90,118,'','/uploads/ya02wmsj_cecoe/pic/20200407/a83c9a1a504ca8632a7113f76bbc81ec.jpg','',0,0,0,0),(91,119,'','/uploads/ya02wmsj_cecoe/pic/20200407/c891f6f412f6ef50043bbe2cd80d9e0d.jpg','',0,0,0,0),(92,120,'','/uploads/ya02wmsj_cecoe/pic/20200407/b2cfa01e3c3e338bfcac87624e2f70d6.jpg','',0,0,1,5),(93,121,'','/uploads/ya02wmsj_cecoe/pic/20200407/a01cde50dc063b21baa48a1bb1cb4e22.jpg','',0,0,0,0),(94,122,'','/uploads/ya02wmsj_cecoe/pic/20200407/c4ca35a86f92c2d6332739578417162c.jpg','',0,0,0,0),(95,123,'','/uploads/ya02wmsj_cecoe/pic/20200407/9b25d3e5f9e0d1699a5d3ce787c9af80.jpg','',0,0,0,0),(96,124,'','/uploads/ya02wmsj_cecoe/pic/20200407/897a719815feab09ec370971b5fd5f4a.jpg','',0,0,1,5),(97,125,'','/uploads/ya02wmsj_cecoe/pic/20200407/ff1b41bd48958591336c5203eabcf672.png','',0,0,0,0),(98,126,'','/uploads/ya02wmsj_cecoe/pic/20200407/fcab15d65d268b393a284cdacb118944.jpg','',0,0,0,0),(99,127,'','/uploads/ya02wmsj_cecoe/pic/20200407/923a70263972b7d8ed419e75e388f7a7.jpg','',0,0,0,0),(100,128,'','/uploads/ya02wmsj_cecoe/pic/20200407/387ee27fb8b65f2db430501bb884174e.png','',0,0,0,0),(101,129,'','/uploads/ya02wmsj_cecoe/pic/20200407/47f706377fb5dd53009f5fa7a164e924.jpg','',0,0,0,0),(102,130,'','/uploads/ya02wmsj_cecoe/pic/20200407/2e647a6c2f71d0dc7d72b09f3ec87997.jpg','',0,0,1,5),(103,131,'','/uploads/ya02wmsj_cecoe/pic/20200407/00ce60362c5e9024c9de5c9979275022.jpg','',0,0,1,5),(104,132,'','/uploads/ya02wmsj_cecoe/pic/20200407/625594ec5eb35c067a00f8d7d3ca0995.jpg','',0,0,0,0),(105,133,'','/uploads/ya02wmsj_cecoe/pic/20200407/bf4499f54e5dc312eb5900ed86d342d6.jpg','',0,0,2,8),(106,134,'','/uploads/ya02wmsj_cecoe/pic/20200407/634d7fb5a819df2fedaa605e8eccbcc5.jpg','',0,0,4,16),(107,145,'','/uploads/ya02wmsj_cecoe/pic/20200407/d0d9522475dbb607ea2f13e057e72373.png','',0,0,0,0),(110,148,'','/uploads/ya02wmsj_cecoe/pic/20200408/722ba6b231fa05309acf11646db49b7c.jpg','',0,0,0,0),(111,149,'临海发布','/uploads/ya02wmsj_cecoe/pic/20200408/a25e723f8446c1ac9b77e187e8cc4366.jpg','',0,0,2,10),(112,150,'','/uploads/ya02wmsj_cecoe/pic/20200408/83e62e9aaf3f2c2c5cc7144aec771309.jpg','',0,0,3,12),(116,156,'体育老师','/uploads/ya02wmsj_cecoe/pic/20200411/495426e632662d572570d909287d7e26.jpg','获得多次评选嘉奖，教学认真',0,0,3,11),(117,156,'英语老师','/uploads/ya02wmsj_cecoe/pic/20200411/bb637163ffd3fbe360b057c19364b602.jpg','深受一些家长、学生喜爱',0,0,3,13),(118,157,'临海中学体育老师','/uploads/ya02wmsj_cecoe/pic/20200413/5057e939e4fd8894bd6f34a31663cd90.jpg','毕业于北京体育大学，中国儿童中心跆拳道项目负责人、跆拳道专职教师。全国冠军、国家级健将、国家级裁判。\n身体力行，言传身教。德育融入细节，创造积极、阳光、向上的训练环境，让孩子们健康、快乐成长。',3,0,0,0),(119,157,'临海实验中学英语老师','/uploads/ya02wmsj_cecoe/pic/20200413/fee786de96452415aff298b43f105cc9.jpg','中国英语教师协会创意教学成果大赛获一等奖，指导学生参加各级各类竞赛获一等奖，积极挖掘学科特色，助力都江堰国际旅游城市建设',1,0,0,0),(120,158,'','/uploads/ya02wmsj_cecoe/pic/20200413/6d17cc801b71f84c41dd59de5768cabe.jpg','',0,0,5,19),(121,159,'','/uploads/ya02wmsj_cecoe/pic/20200414/43bc378e1bf7208456f585be371ad571.png/uploads/ya02wmsj_cecoe/pic/20200414/43bc378e1bf7208456f585be371ad571.png','',0,0,0,0),(122,160,'','/uploads/ya02wmsj_cecoe/pic/20200414/38f467f973556f58e5d87d2ccd27677d.png','',0,0,0,0),(123,161,'哈哈','/uploads/ya02wmsj_cecoe/pic/20200414/1ea493c6483d0e00c4595e618a033642.jpg','哈哈',0,0,0,0),(124,162,'礼堂','/uploads/ya02wmsj_cecoe/pic/20200414/fb343e7727df88bbb9fa29e80a6fb38d.jpg','礼堂',0,0,0,0),(126,165,'','/uploads/ya02wmsj_cecoe/pic/20200414/6310dc6a80c24b7ade2865907c737618.jpg','',0,0,0,0),(128,168,'时代青年代表','/uploads/ya02wmsj_cecoe/pic/20200416/9c5c8d46c6a1518a7ea5d9b93a0d5701.jpg','多投票哦！',0,0,0,0),(129,169,'是他吗','/uploads/ya02wmsj_cecoe/pic/20200416/8c33a86f55894adc323e4f74c124ffda.jpeg','是不是他',0,0,0,0),(136,176,'我','/uploads/ya02wmsj_cecoe/pic/20200420/cd191bf8aa127c497115fd57bafaf938.jpg','我',0,0,0,0),(137,182,'候选1','/uploads/ya02wmsj_cecoe/pic/20200421/4a2ce568a4c2440421df6951edd0e3f7.png','内容1',0,0,0,0),(138,182,'候选2','/uploads/ya02wmsj_cecoe/pic/20200421/bc5a5ee36c2937425a3ef9e79f98cc13.png','内容2',0,0,0,0),(194,206,'111','/uploads/ya02wmsj_cecoe/pic/20200428/865803fb1614ceef7bfe2934f22a02c9.png','111',0,0,0,0),(206,183,'候选3','/uploads/ya02wmsj_cecoe/pic/20200426/ade7ab2823c7c086bc8cb3bf6c481a32.jpg','内容3',0,0,0,0),(207,183,'候选4','/uploads/ya02wmsj_cecoe/pic/20200426/55b84168f23dbed8fa1f3f48f2a6ddb4.png','内容4',0,0,0,0);

--
-- Table structure for table `ya02wmsj_cecoe_vote_config`
--

CREATE TABLE `ya02wmsj_cecoe_vote_config` (
  `id` int(10) unsigned NOT NULL AUTO_INCREMENT COMMENT '表ID',
  `activity_id` int(10) unsigned NOT NULL DEFAULT '0' COMMENT '活动ID，对应activity表ID',
  `vote_period` enum('单次','每天','每周','每月') NOT NULL DEFAULT '单次' COMMENT '投票周期',
  `sigle_period_max` smallint(5) unsigned NOT NULL DEFAULT '0' COMMENT '单周期最多投票数',
  `sigle_option_max` smallint(5) unsigned NOT NULL DEFAULT '0' COMMENT '单项最多投票数',
  `start_time` timestamp NOT NULL DEFAULT '0000-00-00 00:00:00' COMMENT '投票开始时间',
  `end_time` timestamp NOT NULL DEFAULT '0000-00-00 00:00:00' COMMENT '投票结束时间',
  PRIMARY KEY (`id`)
) ENGINE=InnoDB DEFAULT CHARSET=utf8 COMMENT='投票配置表';

--
-- Dumping data for table `ya02wmsj_cecoe_vote_config`
--


--
-- Table structure for table `ya02wmsj_cecoe_vote_record`
--

CREATE TABLE `ya02wmsj_cecoe_vote_record` (
  `id` int(10) unsigned NOT NULL AUTO_INCREMENT COMMENT '表ID',
  `uuid` varchar(32) NOT NULL DEFAULT '' COMMENT '用户uuid，关联user表uuid,主要用于移动和h5端',
  `stb_id` varchar(51) NOT NULL DEFAULT '' COMMENT '答题人机顶盒ID',
  `ca_no` varchar(51) NOT NULL DEFAULT '' COMMENT '答题人CA卡号',
  `stb_ip` varchar(21) NOT NULL DEFAULT '' COMMENT '答题人机顶盒IP',
  `join_time` datetime NOT NULL DEFAULT '1970-01-01 00:00:00' COMMENT '答题时间',
  `vote_id` int(10) unsigned NOT NULL DEFAULT '0' COMMENT '评选选项ID, 对应vote表ID',
  `activity_id` int(10) unsigned NOT NULL DEFAULT '0' COMMENT '活动ID，对应activity表ID',
  `score` tinyint(3) unsigned NOT NULL DEFAULT '0',
  PRIMARY KEY (`id`)
) ENGINE=InnoDB AUTO_INCREMENT=130 DEFAULT CHARSET=utf8 COMMENT='评选记录表';

--
-- Dumping data for table `ya02wmsj_cecoe_vote_record`
--

INSERT INTO `ya02wmsj_cecoe_vote_record` VALUES (1,'09ff4db587db4aa3bfa4db7120d72e54','','','','2020-03-19 13:35:05',1,25,0),(2,'d7182abdaa634a0e8e35ad1310a3deb2','','','','2020-03-19 13:35:49',2,25,0),(3,'d7182abdaa634a0e8e35ad1310a3deb2','','','','2020-03-19 17:20:48',1,25,0),(4,'e8fca0ee863d4f7cb77904ff97a50131','','','','2020-03-19 17:49:06',9,39,0),(5,'e8fca0ee863d4f7cb77904ff97a50131','','','','2020-03-19 17:51:07',8,39,0),(6,'d7182abdaa634a0e8e35ad1310a3deb2','','','','2020-03-20 11:40:51',32,41,0),(7,'81ec437c7b334378af7890eaf22934d3','','','','2020-03-20 15:29:42',32,41,0),(8,'81ec437c7b334378af7890eaf22934d3','','','','2020-03-20 15:29:54',2,25,0),(9,'81ec437c7b334378af7890eaf22934d3','','','','2020-03-20 15:29:56',1,25,0),(10,'81ec437c7b334378af7890eaf22934d3','','','','2020-03-20 15:30:37',9,39,0),(11,'81ec437c7b334378af7890eaf22934d3','','','','2020-03-20 15:30:40',8,39,0),(12,'81ec437c7b334378af7890eaf22934d3','','','','2020-03-20 15:30:44',10,39,0),(13,'81ec437c7b334378af7890eaf22934d3','','','','2020-03-20 15:30:50',29,39,0),(14,'d7182abdaa634a0e8e35ad1310a3deb2','','','','2020-03-20 16:49:53',33,42,0),(15,'65fac3305f8f4702bac2423c361d1ae4','','','','2020-03-24 10:02:18',35,44,0),(16,'f30763b9293c4bd8a6728158f5188db4','','','','2020-03-24 11:26:28',34,42,0),(17,'65fac3305f8f4702bac2423c361d1ae4','','','','2020-03-24 13:38:14',37,57,0),(18,'65fac3305f8f4702bac2423c361d1ae4','','','','2020-03-24 13:38:16',38,57,0),(59,'97dab42630364208b93443bbe7b60f81','','','','2020-03-25 09:39:34',9,39,0),(60,'97dab42630364208b93443bbe7b60f81','','','','2020-03-25 09:39:35',8,39,0),(71,'bb146100ace649a4aac3f27aa1f09b9c','','','','2020-03-25 18:52:11',38,57,0),(72,'bb146100ace649a4aac3f27aa1f09b9c','','','','2020-03-25 18:52:13',37,57,0),(73,'37f316ca06494d059cfd0bafe1ab5e8f','','','','2020-03-26 07:38:23',8,39,0),(76,'65fac3305f8f4702bac2423c361d1ae4','','','','2020-03-26 11:12:10',1,25,0),(77,'0fb56a51cd124b90b7796885abdeb932','','','','2020-03-26 11:15:08',10,39,0),(78,'0fb56a51cd124b90b7796885abdeb932','','','','2020-03-26 11:15:12',29,39,0),(79,'0fb56a51cd124b90b7796885abdeb932','','','','2020-03-26 11:15:15',8,39,0),(80,'0fb56a51cd124b90b7796885abdeb932','','','','2020-03-26 11:15:18',9,39,0),(81,'65fac3305f8f4702bac2423c361d1ae4','','','','2020-03-26 11:15:20',2,25,0),(82,'65fac3305f8f4702bac2423c361d1ae4','','','','2020-03-26 11:15:59',29,39,0),(83,'65fac3305f8f4702bac2423c361d1ae4','','','','2020-03-26 11:16:01',10,39,0),(88,'e6d47f5f00a14e9fbb1188a51b8659e7','','','','2020-03-31 11:29:23',37,57,0),(89,'e6d47f5f00a14e9fbb1188a51b8659e7','','','','2020-03-31 11:29:26',38,57,0),(92,'5e7e3675e9da4b87aa949419a477bd87','','','','2020-04-03 08:22:35',37,57,0),(93,'74a1ef21f9b74696b6bc8da1b6b995f9','','','','2020-04-07 09:26:41',81,109,3),(94,'ff2f9e265bab43a98231ed487d6cd69b','','','','2020-04-08 09:31:35',106,134,4),(95,'0911b213274c44f08104432c0d5680a4','','','','2020-04-08 11:48:49',45,71,0),(96,'e6d47f5f00a14e9fbb1188a51b8659e7','','','','2020-04-08 14:14:02',106,134,3),(97,'0fb56a51cd124b90b7796885abdeb932','','','','2020-04-08 14:29:35',105,133,3),(98,'0fb56a51cd124b90b7796885abdeb932','','','','2020-04-08 14:33:03',106,134,4),(99,'bb146100ace649a4aac3f27aa1f09b9c','','','','2020-04-08 14:49:58',111,149,5),(100,'90ee2060f62e419c9dec9355ecef9231','','','','2020-04-08 16:03:24',111,149,5),(101,'90ee2060f62e419c9dec9355ecef9231','','','','2020-04-08 16:03:36',106,134,5),(102,'90ee2060f62e419c9dec9355ecef9231','','','','2020-04-08 16:04:11',105,133,5),(103,'90ee2060f62e419c9dec9355ecef9231','','','','2020-04-08 16:04:19',103,131,5),(104,'90ee2060f62e419c9dec9355ecef9231','','','','2020-04-08 16:05:17',96,124,5),(105,'90ee2060f62e419c9dec9355ecef9231','','','','2020-04-08 16:53:45',44,71,0),(106,'90ee2060f62e419c9dec9355ecef9231','','','','2020-04-08 16:53:48',45,71,0),(107,'90ee2060f62e419c9dec9355ecef9231','','','','2020-04-08 16:54:10',112,150,5),(108,'90ee2060f62e419c9dec9355ecef9231','','','','2020-04-08 16:54:26',102,130,5),(109,'90ee2060f62e419c9dec9355ecef9231','','','','2020-04-09 17:47:58',92,120,5),(110,'e6d47f5f00a14e9fbb1188a51b8659e7','','','','2020-04-10 11:50:17',112,150,3),(111,'0fb56a51cd124b90b7796885abdeb932','','','','2020-04-11 15:06:54',112,150,4),(112,'74a1ef21f9b74696b6bc8da1b6b995f9','','','','2020-04-11 16:47:14',116,156,3),(113,'74a1ef21f9b74696b6bc8da1b6b995f9','','','','2020-04-11 16:47:14',117,156,5),(114,'e6d47f5f00a14e9fbb1188a51b8659e7','','','','2020-04-11 22:32:24',116,156,3),(115,'e6d47f5f00a14e9fbb1188a51b8659e7','','','','2020-04-11 22:32:24',117,156,3),(116,'90ee2060f62e419c9dec9355ecef9231','','','','2020-04-12 11:29:42',116,156,5),(117,'90ee2060f62e419c9dec9355ecef9231','','','','2020-04-12 11:29:42',117,156,5),(118,'74a1ef21f9b74696b6bc8da1b6b995f9','','','','2020-04-13 11:57:27',120,158,4),(119,'74a1ef21f9b74696b6bc8da1b6b995f9','','','','2020-04-13 11:58:54',118,157,0),(120,'ff2f9e265bab43a98231ed487d6cd69b','','','','2020-04-13 12:03:35',120,158,1),(121,'0fb56a51cd124b90b7796885abdeb932','','','','2020-04-13 12:04:37',120,158,4),(122,'e6d47f5f00a14e9fbb1188a51b8659e7','','','','2020-04-13 12:07:38',120,158,5),(123,'f145f8936c0a4cba8d6adf2bcc410d25','','','','2020-04-13 12:09:13',118,157,0),(124,'f145f8936c0a4cba8d6adf2bcc410d25','','','','2020-04-13 12:09:16',119,157,0),(125,'e6d47f5f00a14e9fbb1188a51b8659e7','','','','2020-04-13 16:01:02',118,157,0),(126,'90ee2060f62e419c9dec9355ecef9231','','','','2020-04-14 11:45:07',120,158,5),(127,'60a39148807e42a4abade7937eeec8d8','','','','2020-04-25 16:50:11',45,71,0),(128,'0fb56a51cd124b90b7796885abdeb932','','','','2020-04-26 09:55:56',44,71,0),(129,'0fb56a51cd124b90b7796885abdeb932','','','','2020-04-26 09:55:59',45,71,0);


