--
-- Host: localhost    Database: pv_linhai
-- ------------------------------------------------------


--
-- Table structure for table `cmqueue_task_info`
--

CREATE TABLE `cmqueue_task_info` (
  `id` bigint(20) NOT NULL AUTO_INCREMENT COMMENT '任务自增ID',
  `task_name` varchar(255) NOT NULL DEFAULT '' COMMENT '任务别名',
  `task_queue` varchar(255) NOT NULL DEFAULT '' COMMENT '任务队列',
  `task_vhost` varchar(255) NOT NULL DEFAULT '' COMMENT '任务vhost',
  `task_param` varchar(10240) NOT NULL DEFAULT '' COMMENT '任务参数',
  `execute_type` tinyint(4) NOT NULL DEFAULT '0' COMMENT '执行方式',
  `duty` varchar(255) NOT NULL DEFAULT '' COMMENT '负责人',
  `alarm_type` tinyint(4) NOT NULL DEFAULT '0' COMMENT '告警方式',
  `mobiles` varchar(1024) NOT NULL DEFAULT '' COMMENT '手机号',
  `emails` varchar(1024) NOT NULL DEFAULT '' COMMENT '邮件',
  `req_url` varchar(512) NOT NULL DEFAULT '' COMMENT '请求URL',
  `rsp_param` varchar(1024) NOT NULL DEFAULT '' COMMENT '返回结果',
  `create_time` bigint(20) NOT NULL DEFAULT '0' COMMENT '创建时间',
  `update_time` bigint(20) NOT NULL DEFAULT '0' COMMENT '更新时间',
  `status` tinyint(4) NOT NULL DEFAULT '0' COMMENT '上下线状态',
  PRIMARY KEY (`id`)
) ENGINE=InnoDB DEFAULT CHARSET=utf8 COMMENT='消息服务任务表';

--
-- Dumping data for table `cmqueue_task_info`
--


--
-- Table structure for table `im_module_info`
--

CREATE TABLE `im_module_info` (
  `moduleaddr` varchar(32) NOT NULL DEFAULT '' COMMENT '模块地址',
  `modulename` varchar(16) NOT NULL DEFAULT '' COMMENT '模块名',
  `moduleversion` varchar(16) NOT NULL DEFAULT '' COMMENT '支持最低版本号',
  `balanceaddr` varchar(32) NOT NULL DEFAULT '' COMMENT '负载均衡地址',
  `connectcount` bigint(20) NOT NULL DEFAULT '0' COMMENT '用户连接数',
  `uptime` bigint(20) NOT NULL DEFAULT '0' COMMENT '更新时间',
  `status` tinyint(4) NOT NULL DEFAULT '0' COMMENT '状态',
  PRIMARY KEY (`moduleaddr`),
  UNIQUE KEY `moduleaddr` (`moduleaddr`) USING BTREE
) ENGINE=InnoDB DEFAULT CHARSET=utf8 COMMENT='登录服务记录表';

--
-- Dumping data for table `im_module_info`
--


--
-- Table structure for table `tm_adv`
--

CREATE TABLE `tm_adv` (
  `id` int(8) unsigned NOT NULL AUTO_INCREMENT COMMENT '主键',
  `image` varchar(255) DEFAULT NULL COMMENT '图片链接',
  `url` varchar(255) DEFAULT NULL COMMENT '调整链接',
  `sort` int(8) DEFAULT NULL COMMENT '排序',
  `is_login_skip` int(1) DEFAULT '0' COMMENT '是否登录跳转',
  `status` int(1) DEFAULT '1' COMMENT '0删除1正常',
  `form` int(1) DEFAULT '0' COMMENT '类型 0为非原生 1为原生',
  `ios_info` varchar(255) DEFAULT NULL COMMENT 'ios跳转信息',
  `android_info` varchar(255) DEFAULT NULL COMMENT 'android跳转信息',
  `unit_id` int(8) DEFAULT NULL COMMENT '组件id',
  `unit_name` varchar(255) DEFAULT NULL COMMENT '组件名称',
  `add_time` bigint(11) DEFAULT NULL COMMENT '新增时间',
  `update_time` bigint(11) DEFAULT NULL COMMENT '更新时间',
  PRIMARY KEY (`id`) USING BTREE
) ENGINE=MyISAM AUTO_INCREMENT=4 DEFAULT CHARSET=utf8 ROW_FORMAT=DYNAMIC;

--
-- Dumping data for table `tm_adv`
--

INSERT INTO `tm_adv` VALUES (3,'/images/banner.png','',5,1,1,0,NULL,NULL,NULL,NULL,NULL,NULL);

--
-- Table structure for table `tm_answer`
--

CREATE TABLE `tm_answer` (
  `answer_id` int(11) NOT NULL AUTO_INCREMENT,
  `question_id` int(11) NOT NULL COMMENT '问题id',
  `flag` varchar(255) CHARACTER SET utf8 DEFAULT NULL COMMENT 'a，b，c，d',
  `answer_content` varchar(255) CHARACTER SET utf8 DEFAULT NULL COMMENT '答案',
  `create_at` int(10) DEFAULT NULL COMMENT '创建时间',
  `update_at` int(10) DEFAULT NULL COMMENT '修改时间',
  `is_answer` varchar(255) CHARACTER SET utf8 DEFAULT NULL COMMENT '正确答案',
  PRIMARY KEY (`answer_id`)
) ENGINE=InnoDB AUTO_INCREMENT=51 DEFAULT CHARSET=latin1;

--
-- Dumping data for table `tm_answer`
--

INSERT INTO `tm_answer` VALUES (1,0,NULL,'',NULL,NULL,NULL),(2,0,NULL,'',NULL,NULL,NULL),(3,0,NULL,'',NULL,NULL,NULL),(4,1,'A','1',NULL,NULL,NULL),(5,1,'B','32453123132',1521275978,0,'2'),(6,1,'D','爱仕达多',1521276139,1521276139,'2'),(7,2,'A','是的撒卡进度很看好',1521276329,1521276329,'2'),(8,2,'B','可是大家爱看好的开机动画看手机号付款后付款时间和发看见好看就好',1521276329,1521276329,'2'),(9,2,'C','撒大声地',1521276329,1521276329,'2'),(10,2,'D','爱仕达多',1521276329,1521276329,'2'),(11,3,'A','是的撒卡进度很看好',1521276581,1521276581,'D'),(12,3,'B','可是大家爱看好的开机动画看手机号付款后付款时间和发看见好看就好',1521276581,1521276581,'D'),(13,3,'C','撒大声地',1521276581,1521276581,'D'),(14,3,'D','爱仕达多',1521276581,1521276581,'D'),(15,4,'A','是的撒卡进度很看好22',1521276667,1521276667,'D'),(16,4,'B','可是大家爱看好的开机动画看手机号付款后付款时间和发看见好看就好',1521276667,1521276667,'D'),(17,4,'C','撒大声地2',1521276667,1521276667,'D'),(18,4,'D','222222',1521276667,1521276667,'D'),(19,5,'A','撒大声地',1521276991,1521276991,'C'),(20,5,'B','硕大的',1521276991,1521276991,'C'),(21,5,'C','硕大的sad',1521276991,1521276991,'C'),(22,6,'A','撒大声地',1521277061,1521277061,'C'),(23,6,'B','硕大的',1521277061,1521277061,'C'),(24,6,'C','硕大的sad',1521277061,1521277061,'C'),(25,7,'A','撒大声地',1521277116,1521277116,'C'),(26,7,'B',' 23321',1521277116,1521277116,'C'),(27,7,'C','硕大的sad',1521277116,1521277116,'C'),(28,8,'A','撒大声地',1521277172,1521277172,'C'),(29,8,'B','硕大的',1521277172,1521277172,'C'),(30,8,'C','硕大的sad',1521277172,1521277172,'C'),(31,9,'A','46465',1521279815,1521279815,'D'),(32,9,'B','565456',1521279815,1521279815,'D'),(33,9,'C','65465465',1521279815,1521279815,'D'),(34,9,'D','212.1321',1521279815,1521279815,'D'),(35,10,'A','46465',1521279994,1521279994,'D'),(36,10,'B','565456',1521279994,1521279994,'D'),(37,10,'C','65465465',1521279994,1521279994,'D'),(38,10,'D','212.1321',1521279994,1521279994,'D'),(39,11,'A','就开始等会撒',NULL,NULL,'A'),(40,32,'A','结合国际化',1521370570,1521370570,'C'),(41,32,'B','开机即可',1521370570,1521370570,'C'),(42,32,'C','骷髅',1521370570,1521370570,'C'),(43,32,'A','',1521468030,1521468030,'B'),(44,32,'B','',1521468030,1521468030,'B'),(45,40,'A','A',1522758020,1522758020,'B'),(46,40,'S','S',1522758020,1522758020,'B'),(47,41,'A','要先有钱',1523244719,1523244719,'A'),(48,41,'B','无',1523244719,1523244719,'A'),(49,41,'C','鸡',1523244719,1523244719,'A'),(50,41,'D','鸡蛋',1523244719,1523244719,'A');

--
-- Table structure for table `tm_branch`
--

CREATE TABLE `tm_branch` (
  `branch_id` int(10) unsigned NOT NULL AUTO_INCREMENT COMMENT '分支机构ID',
  `parent_id` int(10) unsigned DEFAULT NULL COMMENT '父节点ID',
  `branch_name` varchar(64) NOT NULL COMMENT '分支机构名称',
  `branch_tel` varchar(32) DEFAULT NULL COMMENT '分支机构电话',
  `branch_fax` varchar(32) DEFAULT NULL COMMENT '分支机构传真',
  `branch_code` varchar(64) NOT NULL COMMENT '分支机构代码',
  PRIMARY KEY (`branch_id`)
) ENGINE=InnoDB AUTO_INCREMENT=14 DEFAULT CHARSET=utf8;

--
-- Dumping data for table `tm_branch`
--

INSERT INTO `tm_branch` VALUES (1,NULL,'全部',NULL,NULL,'0'),(2,1,'多媒体中心',NULL,NULL,'DE0D265CCFED6B636B81A80A32725FBD'),(3,1,'技术中心',NULL,NULL,'843C92BF12CB73D0CDD3CEFE92286FD3'),(4,2,'运营部门',NULL,NULL,'24E25CA091ABFA80BF4EFBA9F9217D6B'),(5,2,'产品部门',NULL,NULL,'898385F43ADC759C4DBBC71AF63E67C5'),(6,3,'运维管理部',NULL,NULL,'E1F3F0C9EFF3E2954BFE64557C8E8C07'),(7,3,'技术部',NULL,NULL,'BD27DA35FAA6DC9350D6AD995B0E6FD7'),(8,1,'矩阵号',NULL,NULL,'890B217EF0EED8D1C0BC1BA29C8A5428'),(9,8,'南平',NULL,NULL,'19CE12797FAAD44C5E5FF5A606ACAAB3'),(10,8,'福州',NULL,NULL,'CCFD3F08E70039E72A505EE19715381B'),(11,8,'龙岩',NULL,NULL,'207F74BBE7642C88FB47307F1B0DE049'),(12,8,'莆田',NULL,NULL,'61F146A4AA95CBC7919D2875FC3983E9'),(13,1,'测试',NULL,NULL,'F63DFF7DF3752AFE5D80E1E7C504F696');

--
-- Table structure for table `tm_classes`
--

CREATE TABLE `tm_classes` (
  `classes_id` int(10) unsigned NOT NULL AUTO_INCREMENT COMMENT '栏目ID',
  `classes_code` varchar(64) NOT NULL COMMENT '栏目代码',
  `classes_name` varchar(64) NOT NULL COMMENT '栏目名称',
  `classes_en_name` varchar(64) DEFAULT NULL COMMENT '栏目英文名',
  `classes_intro` varchar(128) DEFAULT NULL COMMENT '分类介绍',
  `site_code` varchar(64) NOT NULL COMMENT '站点ID',
  `index_template_name` varchar(64) DEFAULT NULL COMMENT '首页模板名称',
  `list_template_name` varchar(64) DEFAULT NULL COMMENT '列表页模板名称',
  `detail_template_name` varchar(64) DEFAULT NULL COMMENT '详细页模板名称',
  `list_amount` int(10) unsigned DEFAULT NULL COMMENT '列表显示的记录数',
  `detail_page_title` varchar(64) DEFAULT NULL COMMENT '详细页命名规则',
  `parent_classes_id` int(10) unsigned DEFAULT NULL COMMENT '父栏目ID',
  `sort` int(10) unsigned DEFAULT NULL COMMENT '排序字段',
  PRIMARY KEY (`classes_id`)
) ENGINE=InnoDB AUTO_INCREMENT=10 DEFAULT CHARSET=utf8;

--
-- Dumping data for table `tm_classes`
--

INSERT INTO `tm_classes` VALUES (2,'568955E2999CA3BCA5AC185867BCA1EC','123',NULL,'123','CA1DD4572C81AB750A7ED6C66F2492EA',NULL,NULL,NULL,NULL,NULL,0,3),(3,'458B3421C40DF1BF845BD4BBD04A3A5E','2',NULL,'123','CA1DD4572C81AB750A7ED6C66F2492EA',NULL,NULL,NULL,NULL,NULL,0,2),(4,'CBFFE3615311C389CE10490EAAC6C9BE','23',NULL,'3','CA1DD4572C81AB750A7ED6C66F2492EA',NULL,NULL,NULL,NULL,NULL,0,4),(5,'7CB2026BCDB27436E153FAC4FC2CD847','问',NULL,'问','CA1DD4572C81AB750A7ED6C66F2492EA',NULL,NULL,NULL,NULL,NULL,0,5),(6,'1EC072B06343715C83DD9E97E507EED4','qqqq',NULL,'qqq','0C2923197E2D955123E1C2EE11034DBB',NULL,NULL,NULL,NULL,NULL,0,6),(7,'C013B3A31921B03BB3B2919A74ABF9BD','ww',NULL,'www','0C2923197E2D955123E1C2EE11034DBB',NULL,NULL,NULL,NULL,NULL,6,7),(8,'9200F9B3B45817EDEC6CE11101C24296','klj',NULL,'','CA1DD4572C81AB750A7ED6C66F2492EA',NULL,NULL,NULL,NULL,NULL,2,8),(9,'2924704045D45F3ACCAB80B4F0E3F869','jkhkjh',NULL,'','CA1DD4572C81AB750A7ED6C66F2492EA',NULL,NULL,NULL,NULL,NULL,2,9);

--
-- Table structure for table `tm_client_version`
--

CREATE TABLE `tm_client_version` (
  `id` int(8) unsigned NOT NULL AUTO_INCREMENT COMMENT '主键',
  `version` bigint(11) DEFAULT NULL COMMENT '版本号',
  `add_time` bigint(11) DEFAULT NULL COMMENT '添加时间',
  `is_force` tinyint(1) DEFAULT '0' COMMENT '是否强制更新 1强制 0 否',
  `update_url` varchar(255) DEFAULT NULL COMMENT '更新链接',
  `display_version` varchar(255) DEFAULT NULL COMMENT '展示版本号',
  `remarks` varchar(255) DEFAULT NULL COMMENT '版本号备注信息',
  `client_type` varchar(255) DEFAULT 'iOS' COMMENT '类型 iOS Android',
  `user_id` int(11) DEFAULT NULL COMMENT '操作管理员主键',
  `is_upload` tinyint(1) DEFAULT '0' COMMENT '是否上传文件',
  PRIMARY KEY (`id`) USING BTREE
) ENGINE=InnoDB DEFAULT CHARSET=utf8 ROW_FORMAT=DYNAMIC;

--
-- Dumping data for table `tm_client_version`
--


--
-- Table structure for table `tm_common_article`
--

CREATE TABLE `tm_common_article` (
  `article_id` int(11) NOT NULL AUTO_INCREMENT COMMENT '爬取的新闻数据表主键',
  `aid` varchar(100) DEFAULT NULL COMMENT '文章id，不会重复',
  `website_name` varchar(100) DEFAULT NULL COMMENT '爬取的网站名称',
  `title` varchar(255) DEFAULT NULL COMMENT '文章标题',
  `content` longtext COMMENT '文章内容',
  `keyword` varchar(500) DEFAULT NULL COMMENT '关键字',
  `abstract` varchar(1000) DEFAULT NULL COMMENT '简介',
  `from_source` varchar(255) DEFAULT NULL COMMENT '来源',
  `from_source_url` varchar(500) DEFAULT NULL COMMENT '来源url',
  `url` varchar(500) DEFAULT NULL COMMENT '原文章url',
  `author` varchar(100) DEFAULT NULL COMMENT '作者',
  `organization` varchar(255) DEFAULT NULL COMMENT '发布机构',
  `column` varchar(50) DEFAULT NULL COMMENT '所属栏目',
  `publish_time` datetime DEFAULT NULL COMMENT '发布时间',
  `comment_num` varchar(10) DEFAULT NULL COMMENT '评论数',
  `read_num` varchar(10) DEFAULT NULL COMMENT '阅读数',
  `collect_time` datetime DEFAULT NULL COMMENT '采集时间',
  `img_url1` varchar(255) DEFAULT NULL COMMENT '缩略图1',
  `img_url2` varchar(255) DEFAULT NULL COMMENT '缩略图2',
  `img_url3` varchar(255) DEFAULT NULL COMMENT 'img_url3',
  `column_id` int(11) DEFAULT NULL COMMENT '栏目id',
  `from_id` int(11) DEFAULT NULL COMMENT '来源id',
  `put_time` datetime DEFAULT NULL COMMENT '入库时间',
  PRIMARY KEY (`article_id`)
) ENGINE=InnoDB DEFAULT CHARSET=utf8;

--
-- Dumping data for table `tm_common_article`
--


--
-- Table structure for table `tm_common_article_aids`
--

CREATE TABLE `tm_common_article_aids` (
  `id` int(11) NOT NULL AUTO_INCREMENT COMMENT '爬取的新闻数据aid表主键',
  `aids` longtext COMMENT '还未处理的文章aid集合',
  `create_time` datetime DEFAULT NULL COMMENT '创建时间',
  `update_time` datetime DEFAULT NULL COMMENT '更新时间',
  `is_stop` tinyint(4) DEFAULT '0' COMMENT '是否停止更新数据，0否，1停止',
  PRIMARY KEY (`id`)
) ENGINE=InnoDB DEFAULT CHARSET=utf8;

--
-- Dumping data for table `tm_common_article_aids`
--


--
-- Table structure for table `tm_component`
--

CREATE TABLE `tm_component` (
  `component_id` int(10) unsigned NOT NULL AUTO_INCREMENT COMMENT '产品组件id',
  `component_code` varchar(64) NOT NULL COMMENT '产品组件代码',
  `component_name` varchar(128) NOT NULL COMMENT '产品组件名称',
  `component_key` varchar(64) NOT NULL COMMENT '模块唯一key',
  `developer_code` varchar(64) NOT NULL COMMENT '开发者code',
  `access_key` varchar(128) NOT NULL COMMENT '认证key',
  `secret_key` varchar(128) DEFAULT NULL COMMENT '安全key',
  `index_url` text COMMENT '前端入口地址',
  `index_version` varchar(128) DEFAULT NULL COMMENT '前端版本号',
  `admin_url` text COMMENT '后端入口地址',
  `admin_version` varchar(128) DEFAULT NULL COMMENT '后端版本号',
  `app_code` varchar(64) NOT NULL COMMENT 'app代码',
  `create_time` int(10) unsigned NOT NULL COMMENT '创建时间',
  `company_name` varchar(128) DEFAULT NULL COMMENT '公司名',
  `address` varchar(128) DEFAULT NULL COMMENT '公司地址',
  `tel` varchar(64) DEFAULT NULL COMMENT '公司电话',
  `description` varchar(128) DEFAULT NULL COMMENT '描述',
  `linkman` varchar(128) DEFAULT NULL,
  `note` varchar(128) DEFAULT NULL,
  `component_pic` varchar(128) DEFAULT NULL COMMENT '应用图标',
  `ios_info` varchar(255) DEFAULT NULL COMMENT 'ios入口',
  `android_info` varchar(255) DEFAULT NULL COMMENT 'android入口',
  `sql_version` varchar(255) DEFAULT NULL COMMENT '数据表版本',
  PRIMARY KEY (`component_id`)
) ENGINE=InnoDB DEFAULT CHARSET=utf8 COMMENT='专题敏感词';

--
-- Dumping data for table `tm_component`
--


--
-- Table structure for table `tm_config`
--

CREATE TABLE `tm_config` (
  `id` int(10) unsigned NOT NULL AUTO_INCREMENT COMMENT '主键',
  `key` varchar(255) NOT NULL COMMENT '键名',
  `value` varchar(5000) DEFAULT NULL COMMENT '键值',
  `remarks` varchar(255) DEFAULT NULL COMMENT '备注',
  `type` varchar(255) DEFAULT NULL COMMENT '类型',
  `add_time` bigint(11) DEFAULT NULL COMMENT '添加时间',
  `update_time` bigint(11) DEFAULT NULL COMMENT '更新时间',
  PRIMARY KEY (`id`) USING BTREE
) ENGINE=MyISAM AUTO_INCREMENT=65 DEFAULT CHARSET=utf8 ROW_FORMAT=DYNAMIC;

--
-- Dumping data for table `tm_config`
--

INSERT INTO `tm_config` VALUES (1,'site_name','天马工场','平台名称','base',1534934035,1535003056),(2,'site_logo','/images/logo.png','平台logo','base',1534934035,1535003056),(3,'version','V1','版本号','ios_version',1535082506,1535082506),(4,'must_update','1','强制更新','ios_version',1535082506,1535082506),(5,'version','V1','版本号','android_version',1535082566,1535082566),(6,'must_update','1','强制更新','android_version',1535082566,1535082566),(7,'version','V2','版本号','pc_version',1535082566,1535082566),(8,'must_update','1','强制更新','pc_version',1535082566,1535082566),(9,'ali_sms_key_id','LTAIT0JSTQtwRYUG','阿里短信服务key','client',1535446213,1535446213),(10,'ali_sign_name','天马工场','阿里短信签名','client',1535446213,1535446213),(11,'ali_key_secret','BP3VgP76RWnHrdI4IW8Hy8pF85mtlL','阿里短信服务secret','client',1535446213,1535446213),(12,'Jpush_key','7375019ec90b9de9bb0cc8ed','极光key','client',1535446252,1535446252),(13,'Jpush_secret','1deaf4babb47a22579d2db83','极光secret','client',1535446252,1535446252),(14,'ali_check_template_code','321211','阿里验证短信模板code','client',1536215833,1536215833),(15,'first_login','20',NULL,'point',1539754645,1539754645),(16,'sex','20',NULL,'point',1539754701,1539754701),(17,'birthday','20',NULL,'point',1539754710,1539754710),(18,'mobile','20',NULL,'point',1539754720,1539754720),(19,'wb','20',NULL,'point',1539754728,1539754728),(20,'wx','20',NULL,'point',1539754737,1539754737),(21,'qq','20',NULL,'point',1539754745,1539754745),(22,'sign','20',NULL,'point',1539754818,1539754818),(23,'sign_cycle_first','10','3','point',1539755515,1539755515),(24,'sign_cycle_two','20','7','point',1539755548,1539755548),(25,'sign_extra_two','400','200','point',1539755608,1539755608),(26,'sign_extra_first','200','100','point',1539755622,1539755622),(27,'first_login_switch','1',NULL,'point',1539755926,1539755926),(28,'perfect_information_switch','1',NULL,'point',1539755992,1539755992),(29,'sign_switch','1',NULL,'point',1539756013,1539756013),(30,'BackGroupPic','/images/backgroup.png','个人中心背景图','client',1541059566,1541059566),(31,'auto_location','1','是否自动获取地址','client',1536292655,1540974064),(32,'start_adv_type','1','启动页播放方式','app',1541584929,1541584929),(33,'Baidu_Api_Key','ASiveWjeR4yfH7XjbrmH8c6f','百度统计key','BaiduAnalysis',1541584929,1541584929),(34,'Baidu_Secret_Key','bnP3h9GNlXD7BSdCkiwwcfoM0uLCMUG8','百度统计密钥','BaiduAnalysis',1541584929,1541584929),(35,'Baidu_android_App_Key','47b455ccc0','百度统计应用安卓key','BaiduAnalysis',1541584929,1541584929),(36,'Baidu_iOS_App_Key','24219d0a17','百度统计应用iOSkey','BaiduAnalysis',1541584929,1541584929),(37,'Baidu_refresh_token','22.645a1e7db518610cc669585a819a9934.315360000.1857023811.892630829-14721012','长期refresh_token缓存','BaiduAnalysis',1541663812,1541663812),(38,'type','local','设置上传方式','upload',1541753932,1541753932),(39,'accessKeyId','','OSS的key','OSSupload',1541754539,1541754539),(40,'accessKeySecret','','OSS的Secret','OSSupload',1541754539,1541754539),(41,'endpoint','','OSS的域名','OSSupload',1541754539,1541754539),(42,'bucket','','OSS的空间','OSSupload',1541754539,1541754539),(43,'accessKey','','七牛key','QNupload',1541754846,1541754846),(44,'secretKey','','七牛secret','QNupload',1541754846,1541754846),(45,'bucket','','七牛空间','QNupload',1541754846,1541754846),(46,'upload','','七牛上传地址','QNupload',1541754846,1541754846),(47,'cdn','','七牛获取文件域名','QNupload',1541754846,1541754846),(48,'cdn','','外网访问域名','OSSupload',1542356042,1542356042),(49,'path','/uploads/','路径','LOCALupload',1542356272,1542356272),(50,'absolute_path','','扩展资源盘绝对路径','LOCALupload',1542356272,1542356272),(51,'cdn','','资源盘域名','LOCALupload',1542356272,1542356272),(52,'host','','域名','FTPupload',1542356401,1542356401),(53,'username','','用户名','FTPupload',1542356401,1542356401),(54,'password','','密码','FTPupload',1542356401,1542356401),(55,'port','21','端口号','FTPupload',1542356401,1542356401),(56,'path','/uploads/','路径','FTPupload',1542356401,1542356401),(57,'cdn','','访问域名','FTPupload',1542356401,1542356401),(58,'license','','框架的license','framework',1541663812,1541663812),(59,'public_key','','license的公钥','framework',1541663812,1541663812),(60,'domain','','域名','framework',1541663812,1541663812),(61,'app_start_image','','启动页图片','client',1539677407,1541755126),(62,'app_start_image_m','','中等启动页','client',1539677407,1541755126),(63,'app_start_image_s','','小启动页','client',1539677407,1541755126),(64,'license','horecvdjlrrlshgivsvuupjfaodkrinf','license值','license',1584410644,1584410644);

--
-- Table structure for table `tm_fix_item`
--

CREATE TABLE `tm_fix_item` (
  `fix_id` int(10) unsigned NOT NULL AUTO_INCREMENT COMMENT '受控词ID',
  `fix_name` varchar(128) NOT NULL COMMENT '受控词名称',
  `description` varchar(128) NOT NULL COMMENT '受控词描述',
  `parent_id` int(10) unsigned DEFAULT NULL COMMENT '父节点ID',
  `site_code` varchar(64) NOT NULL COMMENT '站点代码',
  PRIMARY KEY (`fix_id`)
) ENGINE=InnoDB DEFAULT CHARSET=utf8;

--
-- Dumping data for table `tm_fix_item`
--


--
-- Table structure for table `tm_jobs`
--

CREATE TABLE `tm_jobs` (
  `id` int(11) NOT NULL AUTO_INCREMENT,
  `queue` varchar(255) NOT NULL,
  `payload` longtext NOT NULL,
  `attempts` tinyint(3) unsigned NOT NULL,
  `reserved` tinyint(3) unsigned NOT NULL,
  `reserved_at` int(10) unsigned DEFAULT NULL,
  `available_at` int(10) unsigned NOT NULL,
  `created_at` int(10) unsigned NOT NULL,
  PRIMARY KEY (`id`)
) ENGINE=InnoDB DEFAULT CHARSET=utf8;

--
-- Dumping data for table `tm_jobs`
--


--
-- Table structure for table `tm_kind`
--

CREATE TABLE `tm_kind` (
  `type_id` int(10) NOT NULL AUTO_INCREMENT COMMENT '题库类id',
  `title` varchar(255) CHARACTER SET utf8 DEFAULT NULL COMMENT '图库名称',
  `content` varchar(255) CHARACTER SET utf8 DEFAULT NULL COMMENT '题库说明',
  `creattime` int(10) DEFAULT NULL COMMENT '创建时间',
  `updtime` int(10) DEFAULT NULL COMMENT '修改时间',
  `types` varchar(10) CHARACTER SET utf8 DEFAULT NULL COMMENT '题库类型',
  PRIMARY KEY (`type_id`)
) ENGINE=InnoDB AUTO_INCREMENT=22 DEFAULT CHARSET=latin1;

--
-- Dumping data for table `tm_kind`
--

INSERT INTO `tm_kind` VALUES (7,'65464561','654d654111',1521248346,1521248346,'单选'),(9,'客家话','交换机',1521249062,1521292076,'单选'),(11,'两会党建答题','两会党建答题',1522757134,1522757134,'单选'),(12,'测试数据，请勿操作！','测试',1523244437,1523244437,'单选'),(13,'测试1','测测',1523245715,1523412172,'单选'),(14,'测试2','测的',1523245725,1523245725,'单选'),(15,'测试3','测试',1523245737,1523245737,'单选'),(18,'测试12','c饿死',1523245828,1523245828,'单选'),(20,'测试20','测试',1523245857,1523245857,'单选'),(21,'测试21','c饿死',1523245866,1523245866,'单选');

--
-- Table structure for table `tm_member`
--

CREATE TABLE `tm_member` (
  `member_id` int(10) unsigned NOT NULL AUTO_INCREMENT COMMENT '用户ID',
  `member_code` varchar(64) NOT NULL COMMENT '用户代码',
  `member_name` varchar(64) NOT NULL COMMENT '用户名称',
  `member_nickname` varchar(64) DEFAULT NULL COMMENT '昵称',
  `member_real_name` varchar(64) DEFAULT NULL COMMENT '用户真实姓名',
  `password` varchar(32) NOT NULL COMMENT '密码',
  `site_code` varchar(64) NOT NULL COMMENT '站点code',
  `email` varchar(64) DEFAULT NULL COMMENT '邮箱',
  `mobile` varchar(32) NOT NULL COMMENT '手机',
  `head_pic` varchar(500) DEFAULT NULL COMMENT '头像',
  `birthday` varchar(20) DEFAULT NULL COMMENT '生日',
  `sex` tinyint(1) unsigned DEFAULT NULL COMMENT '性别1 男 2 女',
  `access_key` varchar(128) DEFAULT NULL COMMENT '登录认证key',
  `access_key_create_time` int(10) unsigned DEFAULT NULL COMMENT '认证key创建时间',
  `secret_key` varchar(128) DEFAULT NULL COMMENT '安全key',
  `status` tinyint(1) unsigned DEFAULT '0' COMMENT '状态(0：正常，1：停用)',
  `deleted` tinyint(1) unsigned DEFAULT '0' COMMENT '是否删除(0：未删除，1：已删除)',
  `create_time` int(10) unsigned NOT NULL COMMENT '创建时间',
  `wx` varchar(128) DEFAULT NULL COMMENT '微信账号',
  `qq` varchar(128) DEFAULT NULL COMMENT 'qq账号',
  `zfb` varchar(128) DEFAULT NULL COMMENT '支付宝账号',
  `wb` varchar(128) DEFAULT NULL COMMENT '微博账号',
  `receive_notice` tinyint(1) DEFAULT '1' COMMENT '接受消息 0不接受 1接受',
  `wifi_show_image` tinyint(1) DEFAULT '0' COMMENT 'wifi下才显示图片 0否 1是',
  `list_auto_play` tinyint(1) DEFAULT '1' COMMENT '列表播放状态 0否 1是',
  `ip` varchar(30) DEFAULT NULL COMMENT 'ip地址',
  `point` int(11) DEFAULT '0' COMMENT '用户积分',
  `sex_edit_time` int(11) DEFAULT NULL COMMENT '性别上次编辑时间',
  `birthday_edit_time` int(11) DEFAULT NULL COMMENT '生日上次编辑时间',
  `mobile_edit_time` int(11) DEFAULT NULL COMMENT '电话上次编辑时间',
  `wb_edit_time` int(11) DEFAULT NULL COMMENT '微博上次编辑时间',
  `wx_edit_time` int(11) DEFAULT NULL COMMENT '微信上次编辑时间',
  `qq_edit_time` int(11) DEFAULT NULL COMMENT 'qq上次编辑时间',
  `sign_num` int(11) DEFAULT NULL COMMENT '连续签到次数',
  `sign_time` int(11) DEFAULT NULL COMMENT '上次签到时间',
  `close_start_time` int(11) DEFAULT '0' COMMENT '封号开始时间',
  `close_end_time` int(11) DEFAULT '0' COMMENT '封号结束时间',
  `close_down_point` int(11) DEFAULT '0' COMMENT '上次封号扣除积分',
  `close_reason` varchar(255) DEFAULT NULL COMMENT '上次封号原因',
  `login_type` varchar(10) DEFAULT NULL COMMENT '登录类型',
  `member_sn` varchar(40) DEFAULT NULL COMMENT '用户sn账号',
  `register_source` varchar(255) DEFAULT 'APP' COMMENT '注册来源',
  `channel_sources` varchar(255) DEFAULT NULL COMMENT '渠道来源',
  `jpush_id` varchar(100) DEFAULT NULL COMMENT '激光用户id',
  PRIMARY KEY (`member_id`)
) ENGINE=InnoDB AUTO_INCREMENT=55 DEFAULT CHARSET=utf8;

--
-- Dumping data for table `tm_member`
--

INSERT INTO `tm_member` VALUES (1,'CCA13621965AE58771DED86A8FCA98DB','187****4734',NULL,NULL,'d0e809432f539348ef1eefa62551fa84','00000000000000000000000000000000',NULL,'18728804734',NULL,NULL,0,'4C912AA522BF481CD531776656DDDDCC',1525250846,NULL,0,0,1518088581,NULL,NULL,NULL,NULL,1,0,1,NULL,0,NULL,NULL,NULL,NULL,NULL,NULL,NULL,NULL,0,0,0,NULL,'mobile','cshm999998','APP',NULL,NULL),(5,'B43EE08A91EFBB407A6D4C0062800953','155****7009',NULL,NULL,'fdf47d0a45e48b275ede9596d3493817','00000000000000000000000000000000',NULL,'15528007009',NULL,NULL,0,'969F146BDF02B2CD60A4377A109DB13B',1519632400,NULL,0,0,1518075884,NULL,NULL,NULL,NULL,1,0,1,NULL,0,NULL,NULL,NULL,NULL,NULL,NULL,NULL,NULL,0,0,0,NULL,'mobile','cshm999994','APP',NULL,NULL),(7,'BC917C9B7C20CD35B36AB0DC5193BAFC','180****0926','盒子QQ',NULL,'d9b1d7db4cd6e70935368a1efb10e377','0C2923197E2D955123E1C2EE11034DBB',NULL,'18081000926','/uploads/member/18081000926/15211844313716.jpeg','2018-02-09',1,'FCDB1E0C33DFB28227A8BC10FA21FFD5',1521688255,NULL,0,0,1518086408,NULL,NULL,NULL,NULL,1,0,1,NULL,0,NULL,NULL,NULL,NULL,NULL,NULL,NULL,NULL,0,0,0,NULL,'mobile','cshm999992','APP',NULL,NULL),(10,'984AFA53552795408A90F7B4C373C5D9','刘彬1','刘彬1',NULL,'14e1b600b1fd579f47433b88e8d85291','00000000000000000000000000000000',NULL,'13908064279','/uploads/member/13908064279/15211831798769.jpeg','2018-03-16',1,'BFCDDACCAFB1F5D59070E9F55EC8D8F6',1523608001,NULL,0,0,1518417208,NULL,NULL,NULL,NULL,1,0,1,NULL,0,NULL,NULL,NULL,NULL,NULL,NULL,NULL,NULL,0,0,0,NULL,'mobile','cshm999989','APP',NULL,NULL),(11,'3C6FEAEF1B4BF535BD9770AFD4B8D839','187****0886',NULL,NULL,'74f25816d90c44708fba54b5e0eec363','00000000000000000000000000000000',NULL,'18784440886',NULL,NULL,0,'C4789C9D216E5504091427AD073FD834',1522637488,NULL,0,0,1518422019,NULL,NULL,NULL,NULL,1,0,1,NULL,0,NULL,NULL,NULL,NULL,NULL,NULL,NULL,NULL,0,0,0,NULL,'mobile','cshm999988','APP',NULL,NULL),(12,'ED993DBB240D55EFCAE8587E7512B923','136****6144','呵呵',NULL,'c3ef41e6b2fd9aa7a44210804ec23175','00000000000000000000000000000000',NULL,'13699476144',NULL,'2018-03-08',1,'E8C5B6C70A8269F63E8787B829FE9852',1520513715,NULL,0,0,1519456463,NULL,NULL,NULL,NULL,1,0,1,NULL,0,NULL,NULL,NULL,NULL,NULL,NULL,NULL,NULL,0,0,0,NULL,'mobile','cshm999987','APP',NULL,NULL),(13,'9CB8973A284ECAD3A770716C9CBAF474','138****2232',NULL,NULL,'0bb0513d4507950cc0f8029d8e0e15af','00000000000000000000000000000000',NULL,'13880642232',NULL,NULL,0,'36687847F586195E3B130D88F4ED16A5',1521721063,NULL,0,0,1520167150,NULL,NULL,NULL,NULL,1,0,1,NULL,0,NULL,NULL,NULL,NULL,NULL,NULL,NULL,NULL,0,0,0,NULL,'mobile','cshm999986','APP',NULL,NULL),(14,'9C406DB934BC350144FF64F5C581AAB7','158****6063',NULL,NULL,'ff92a240d11b05ebd392348c35f781b2','',NULL,'15882416063','/uploads/member/15882416063/15211886633631.png',NULL,0,'EA8F169DEB60AC20390034FA436E0B0D',1526551750,NULL,0,0,1520585248,NULL,NULL,NULL,NULL,1,0,1,NULL,0,NULL,NULL,NULL,NULL,NULL,NULL,NULL,NULL,0,0,0,NULL,'mobile','cshm999985','APP',NULL,NULL),(15,'5361F09AC1E224C004AC21399757DD1A','156****7710',NULL,NULL,'8697cb6b53ca3621cfbacdd17469748b','00000000000000000000000000000000',NULL,'15682077710',NULL,NULL,0,'D7D597B7440BA2C54752DCA8B4DAA14E',1526625389,NULL,0,0,1520590929,NULL,NULL,NULL,NULL,1,0,1,NULL,0,NULL,NULL,NULL,NULL,NULL,NULL,NULL,NULL,0,0,0,NULL,'mobile','cshm999984','APP',NULL,NULL),(16,'69C0E075F2D638E13EF59727154803DB','185****6181','飞飞虾',NULL,'a428f002cc30b16c9d3492414722aa4a','00000000000000000000000000000000',NULL,'18512816181','/uploads/member/18512816181/15214509522793.png','2007-03-09',1,'751C66D71C9998820F48599CBF8536DD',1522636814,NULL,0,0,1520596365,NULL,NULL,NULL,NULL,1,0,1,NULL,0,NULL,NULL,NULL,NULL,NULL,NULL,NULL,NULL,0,0,0,NULL,'mobile','cshm999983','APP',NULL,NULL),(17,'D7336C755561544803AF9E137C4E2B53','135****2250',NULL,NULL,'3b2bf3ff4d58c2ed8515c7c6a388e0b0','00000000000000000000000000000000',NULL,'13568882250',NULL,NULL,0,'3463A3086CA3EAB6621F683B4852DD78',1520835441,NULL,0,0,1520835441,NULL,NULL,NULL,NULL,1,0,1,NULL,0,NULL,NULL,NULL,NULL,NULL,NULL,NULL,NULL,0,0,0,NULL,'mobile','cshm999982','APP',NULL,NULL),(18,'5193406D63C9F8A3B1BF1FEE71D882F3','182****7391',NULL,NULL,'30d30d20d5b29b35845eebdbf39789e4','00000000000000000000000000000000',NULL,'18215607391',NULL,NULL,0,'2D03E10F6F9DA2D1C824FE3BAAC128E7',1522047913,NULL,0,0,1520921181,NULL,NULL,NULL,NULL,1,0,1,NULL,0,NULL,NULL,NULL,NULL,NULL,NULL,NULL,NULL,0,0,0,NULL,'mobile','cshm999981','APP',NULL,NULL),(19,'97D228C05C0C59C520E89138B442CB47','173****8925',NULL,NULL,'14e1b600b1fd579f47433b88e8d85291','00000000000000000000000000000000',NULL,'17345738925','/uploads/member/17345738925/15222266196586.png',NULL,2,'C196F0F9DB4CAB2F31B315980A453A52',1522636074,NULL,0,0,1520927167,NULL,NULL,NULL,NULL,1,0,1,NULL,0,NULL,NULL,NULL,NULL,NULL,NULL,NULL,NULL,0,0,0,NULL,'mobile','cshm999980','APP',NULL,NULL),(20,'AA66016672955A2B0C2EBDB476BDEAA7','158****6063',NULL,NULL,'63456d9779c107c3f0a53756a84168b2','0C2923197E2D955123E1C2EE11034DBB',NULL,'15882416063','/uploads/member/15882416063/15211886633631.png',NULL,0,'EA8F169DEB60AC20390034FA436E0B0D',1526551750,NULL,0,0,1520935767,NULL,NULL,NULL,NULL,1,0,1,NULL,0,NULL,NULL,NULL,NULL,NULL,NULL,NULL,NULL,0,0,0,NULL,'mobile','cshm999979','APP',NULL,NULL),(21,'3511DFB3CA8E7E5C62891290A3EEE60C','180****0926','盒子',NULL,'551a378573647c88843300e225699a44','00000000000000000000000000000000',NULL,'18081000926','/uploads/member/18081000926/15211844313716.jpeg',NULL,1,'FCDB1E0C33DFB28227A8BC10FA21FFD5',1521688255,NULL,0,0,1521007147,NULL,NULL,NULL,NULL,1,0,1,NULL,0,NULL,NULL,NULL,NULL,NULL,NULL,NULL,NULL,0,0,0,NULL,'mobile','cshm999978','APP',NULL,NULL),(22,'29CA8C53B38C4A2A0C778E682F8FF6DA','测试人员','测试',NULL,'ff92a240d11b05ebd392348c35f781b2','00000000000000000000000000000000',NULL,'15882416063','/uploads/member/15882416063/15211886633631.png','2018-03-16',2,'EA8F169DEB60AC20390034FA436E0B0D',1526551750,NULL,0,0,1521102642,NULL,NULL,NULL,NULL,1,0,1,NULL,0,NULL,NULL,NULL,NULL,NULL,NULL,NULL,NULL,0,0,0,NULL,'mobile','cshm999977','APP',NULL,NULL),(23,'12CD994B48204A4AD266B0D72AB8E262','181****0787',NULL,NULL,'4b26041782f8c33a37c7fb050380edfd','0C2923197E2D955123E1C2EE11034DBB',NULL,'18190710787',NULL,NULL,0,'D029F3A6443BA56C27FB3EE0536508BC',1521196425,NULL,0,0,1521195047,NULL,NULL,NULL,NULL,1,0,1,NULL,0,NULL,NULL,NULL,NULL,NULL,NULL,NULL,NULL,0,0,0,NULL,'mobile','cshm999976','APP',NULL,NULL),(24,'AAA540ED30A16A15CB217F1AFB521B56','159****8455',NULL,NULL,'b0833c2a21e5165d0cf2a525435334a6','00000000000000000000000000000000',NULL,'15908148455','/uploads/member/15908148455/15211961812463.png',NULL,0,'4F994BA3D6337C0BB6C2C96C4AFB51E1',1521543121,NULL,0,0,1521196158,NULL,NULL,NULL,NULL,1,0,1,NULL,0,NULL,NULL,NULL,NULL,NULL,NULL,NULL,NULL,0,0,0,NULL,'mobile','cshm999975','APP',NULL,NULL),(25,'1D807B2FF33607926933630A574199B4','158****4828',NULL,NULL,'bc09046e16a462e691716b666232d283','00000000000000000000000000000000',NULL,'15884594828','/uploads/member/15884594828/15214544678868.jpeg',NULL,0,'BC5B22B16AB6D2695FA9413B95A71665',1521453915,NULL,0,0,1521442457,NULL,NULL,NULL,NULL,1,0,1,NULL,0,NULL,NULL,NULL,NULL,NULL,NULL,NULL,NULL,0,0,0,NULL,'mobile','cshm999974','APP',NULL,NULL),(26,'C7E1C84E96E2BA07DFE916F31BC7BF56','139****7223',NULL,NULL,'df3f5467ddb682da295b30291409bac1','00000000000000000000000000000000',NULL,'13981157223','/uploads/member/13981157223/15214431586265.png','2018-01-19',2,'BFAE79239FA94519BF62C51A6A34C4CF',1521701582,NULL,0,0,1521443123,NULL,NULL,NULL,NULL,1,0,1,NULL,0,NULL,NULL,NULL,NULL,NULL,NULL,NULL,NULL,0,0,0,NULL,'mobile','cshm999973','APP',NULL,NULL),(27,'BD8412618CE269573166149F62138572','187****8953',NULL,NULL,'8c56bb4e4cad1fa231c471f32ac5fac9','00000000000000000000000000000000',NULL,'18798798953',NULL,NULL,0,'94F3CB30B2E347DD452C18504D6DDCDB',1521445922,NULL,0,0,1521445922,NULL,NULL,NULL,NULL,1,0,1,NULL,0,NULL,NULL,NULL,NULL,NULL,NULL,NULL,NULL,0,0,0,NULL,'mobile','cshm999972','APP',NULL,NULL),(28,'B6DD59C5180F23DDAFB56A6F9BF6BBC8','188****3227',NULL,NULL,'af977b5fec65354eeac4668e7cdf5d93','00000000000000000000000000000000',NULL,'18880473227',NULL,NULL,0,'2D55C98267E2447155BF08A662FB47DB',1524123516,NULL,0,0,1521460300,NULL,NULL,NULL,NULL,1,0,1,NULL,0,NULL,NULL,NULL,NULL,NULL,NULL,NULL,NULL,0,0,0,NULL,'mobile','cshm999971','APP',NULL,NULL),(29,'0F83D41582FD1392AA90C08CAC56A131','133****8119',NULL,NULL,'287effc5b6b19803b520b84538a6cf61','00000000000000000000000000000000',NULL,'13348988119',NULL,NULL,0,'F5A89EE482444889BF8C896FD33D6C60',1521779806,NULL,0,0,1521526566,NULL,NULL,NULL,NULL,1,0,1,NULL,0,NULL,NULL,NULL,NULL,NULL,NULL,NULL,NULL,0,0,0,NULL,'mobile','cshm999970','APP',NULL,NULL),(30,'F616157D6E1F0A03D2882E256CA32158','138****7238',NULL,NULL,'f58f14ce55d6bd65dd70eab2ef751f00','00000000000000000000000000000000',NULL,'13810797238',NULL,NULL,0,'80D721E4E9FFFF58CBB19FFCD231DC2F',1521647190,NULL,0,0,1521647190,NULL,NULL,NULL,NULL,1,0,1,NULL,0,NULL,NULL,NULL,NULL,NULL,NULL,NULL,NULL,0,0,0,NULL,'mobile','cshm999969','APP',NULL,NULL),(31,'97A57A6A292EF8F4CD6BE9C2AB9F1212','157****6882',NULL,NULL,'b464c80963eb15ba381627bc0ca4e885','00000000000000000000000000000000',NULL,'15708456882',NULL,NULL,0,'2E214A98E2FEAF00DF358020F0A60021',1522290677,NULL,0,0,1522048389,NULL,NULL,NULL,NULL,1,0,1,NULL,0,NULL,NULL,NULL,NULL,NULL,NULL,NULL,NULL,0,0,0,NULL,'mobile','cshm999968','APP',NULL,NULL),(32,'A1B65739171C61D7F35437EB11B4BE7C','185****5307','请叫我强哥',NULL,'97fdf379dc3f663a834a37fc1b8b787a','00000000000000000000000000000000',NULL,'18583925307','/uploads/member/18583925307/15220542649727.jpeg','2018-03-28',1,'0A55A376730945FBB52B87BC1667BBB5',1522639219,NULL,0,0,1522048826,NULL,NULL,NULL,NULL,1,0,1,NULL,0,NULL,NULL,NULL,NULL,NULL,NULL,NULL,NULL,0,0,0,NULL,'mobile','cshm999967','APP',NULL,NULL),(33,'D571572BB858B3D98990E0C64CF3D8B3','182****7741',NULL,NULL,'ce68e30184b915f5d23a8e5f0434dc69','00000000000000000000000000000000',NULL,'18215677741',NULL,NULL,0,'BD19B77751261D9A5323C4FBBAED4E97',1522217717,NULL,0,0,1522217717,NULL,NULL,NULL,NULL,1,0,1,NULL,0,NULL,NULL,NULL,NULL,NULL,NULL,NULL,NULL,0,0,0,NULL,'mobile','cshm999966','APP',NULL,NULL),(34,'B5DE8C0F6459A92B559E4F572DC49F63','176****6293',NULL,NULL,'d09ac3d4f38b4b7b6eba67779fefa28f','00000000000000000000000000000000',NULL,'17602886293',NULL,NULL,0,'3022A74A870684A1E6349F3A84A9B800',1522389991,NULL,0,0,1522378526,NULL,NULL,NULL,NULL,1,0,1,NULL,0,NULL,NULL,NULL,NULL,NULL,NULL,NULL,NULL,0,0,0,NULL,'mobile','cshm999965','APP',NULL,NULL),(35,'CD3440C9A64BFAEEA96D020E6E0C5089','182****3070',NULL,NULL,'0722250b26d086c97c3836fea4df6c7b','0C2923197E2D955123E1C2EE11034DBB',NULL,'18284823070',NULL,NULL,0,'C1623A7A1ABC044100E02EC6E83C0A71',1526026300,NULL,0,0,1522725789,NULL,NULL,NULL,NULL,1,0,1,NULL,0,NULL,NULL,NULL,NULL,NULL,NULL,NULL,NULL,0,0,0,NULL,'mobile','cshm999964','APP',NULL,NULL),(36,'6A0D5F6FEF6B8E5CFA91B7C5BA64724C','133****0539',NULL,NULL,'6127c58aa2fb66df1a23dfadb3119787','0C2923197E2D955123E1C2EE11034DBB',NULL,'13350850539',NULL,NULL,0,'841A597CBBA516200024B8B252454A80',1522744375,NULL,0,0,1522744375,NULL,NULL,NULL,NULL,1,0,1,NULL,0,NULL,NULL,NULL,NULL,NULL,NULL,NULL,NULL,0,0,0,NULL,'mobile','cshm999963','APP',NULL,NULL),(45,'60045C823694FA91BDAA5806E707DFF9','流年浮夸了岁月',NULL,NULL,'d9cb24df70c94060d312c8df9d4b414b','00000000000000000000000000000000',NULL,'','http://tva4.sinaimg.cn/crop.310.0.789.789.1024/81174c87gw1eglx4sgj2bj21360m1tca.jpg',NULL,1,'10D9AA9250B84BBE6EE46C7B79BA7245',1524125410,NULL,0,0,1523432114,NULL,NULL,NULL,'2165787783',1,0,1,NULL,0,NULL,NULL,NULL,NULL,NULL,NULL,NULL,NULL,0,0,0,NULL,'mobile','cshm999954','APP',NULL,NULL),(46,'1B1E7D74202915E0AC84CDC6779DC488','六月风走街穿巷 ',NULL,NULL,'11432d8dc03879d65e9518f31a6b2552','00000000000000000000000000000000',NULL,'','https://thirdqq.qlogo.cn/qqapp/1106729587/1D5E6358BA0306401120B3BCB601C022/100',NULL,1,'F9EC97569026E52606EB16553C323704',1524020665,NULL,0,0,1524020402,NULL,'1D5E6358BA0306401120B3BCB601C022',NULL,NULL,1,0,1,NULL,0,NULL,NULL,NULL,NULL,NULL,NULL,NULL,NULL,0,0,0,NULL,'mobile','cshm999953','APP',NULL,NULL),(47,'B021ACC49C98428DC7FC6825D787FE39','笋芯',NULL,NULL,'6a2aad9b936019c10779ae0b9072327e','00000000000000000000000000000000',NULL,'15280986043','39.107.76.66/uploads/member/15280986043/15252295589007.jpeg',NULL,0,'98C5A87AA7B9DD9A594B8762FF8000A0',1526283681,NULL,0,0,1524886331,NULL,NULL,NULL,NULL,1,0,1,NULL,0,NULL,NULL,NULL,NULL,NULL,NULL,NULL,NULL,0,0,0,NULL,'mobile','cshm999952','APP',NULL,NULL),(48,'9DC98ACD1245D43D5497F4D79A85C83F','135****0714',NULL,NULL,'08b4a02cdbc3a710bea9600a51b9931f','00000000000000000000000000000000',NULL,'13537570714',NULL,NULL,0,'B56AA269A44478CCF41227B191CDF8CE',1525251257,NULL,0,0,1525251257,NULL,NULL,NULL,NULL,1,0,1,NULL,0,NULL,NULL,NULL,NULL,NULL,NULL,NULL,NULL,0,0,0,NULL,'mobile','cshm999951','APP',NULL,NULL),(49,'BA9939F2DFFBE6F6FC859C7389122717','182****3070',NULL,NULL,'14e1b600b1fd579f47433b88e8d85291','00000000000000000000000000000000',NULL,'18284823070',NULL,NULL,0,'C1623A7A1ABC044100E02EC6E83C0A71',1526026300,NULL,0,0,1525253829,NULL,NULL,NULL,NULL,1,0,1,NULL,0,NULL,NULL,NULL,NULL,NULL,NULL,NULL,NULL,0,0,0,NULL,'mobile','cshm999950','APP',NULL,NULL),(50,'417D1B065C145A9082DD2ACD89FAFA18','会飞的鱼',NULL,NULL,'7c67fb192b1a1b7eef143065b2731d32','00000000000000000000000000000000',NULL,'15928091115','39.107.76.66/uploads/member/15928091115/15253358848289.jpg',NULL,0,'28F10E5BAD7C951AD29E6A386F66B4A6',1526283201,NULL,0,0,1525335660,NULL,NULL,NULL,NULL,1,0,1,NULL,0,NULL,NULL,NULL,NULL,NULL,NULL,NULL,NULL,0,0,0,NULL,'mobile','cshm999949','APP',NULL,NULL),(51,'1A1BD18126AD47265950F7161DF54FCC','177****1226',NULL,NULL,'7c7285ea27f8a978cdfe2fc064c729e0','00000000000000000000000000000000',NULL,'17781481226',NULL,NULL,0,'95F4174631360FBD30C9C4FCFF1F3C65',1526032276,NULL,0,0,1525415440,NULL,NULL,NULL,NULL,1,0,1,NULL,0,NULL,NULL,NULL,NULL,NULL,NULL,NULL,NULL,0,0,0,NULL,'mobile','cshm999948','APP',NULL,NULL),(52,'0D9932C783B3E90A5F9E28994664C471','155****0925',NULL,NULL,'5f5879c1cd1d13d23d864a5b71edc4d3','00000000000000000000000000000000',NULL,'15528330925',NULL,NULL,0,'FDC6E52C6A5B476926889FFEB2D9EC49',1526053710,NULL,0,0,1526053710,NULL,NULL,NULL,NULL,1,0,1,NULL,0,NULL,NULL,NULL,NULL,NULL,NULL,NULL,NULL,0,0,0,NULL,'mobile','cshm999947','APP',NULL,NULL),(53,'9C1BD7E1148877886D7157C196D0414A','小王子',NULL,NULL,'5d03db65ca67c89e4d51b8fbc90265b6','00000000000000000000000000000000',NULL,'18512850113','39.107.76.66/uploads/member/18512850113/15262837975690.png',NULL,0,'448F9874317B8F0E4841FC7C4CF24DC8',1526283741,NULL,0,0,1526283741,NULL,NULL,NULL,NULL,1,0,1,NULL,0,NULL,NULL,NULL,NULL,NULL,NULL,NULL,NULL,0,0,0,NULL,'mobile','cshm999946','APP',NULL,NULL),(54,'92F90BFA14741A9971539DE45EBC8216','136****3086','dammer',NULL,'c9b0dca65827418fe068298c2734b315','00000000000000000000000000000000',NULL,'13699443086',NULL,'19921003',1,'CCE503E0C8367D3D6592FE193E60215F',1528282544,NULL,0,0,1528182007,NULL,NULL,NULL,NULL,1,0,1,NULL,0,NULL,NULL,NULL,NULL,NULL,NULL,NULL,NULL,0,0,0,NULL,'mobile','cshm999945','APP',NULL,NULL);

--
-- Table structure for table `tm_member_comment`
--

CREATE TABLE `tm_member_comment` (
  `comment_id` int(10) unsigned NOT NULL AUTO_INCREMENT COMMENT '评论id',
  `app_id` varchar(128) NOT NULL COMMENT 'appid',
  `member_code` varchar(64) NOT NULL COMMENT '用户code',
  `article_id` int(10) unsigned NOT NULL COMMENT '文章id',
  `article_content` varchar(255) NOT NULL COMMENT '文章节选内容',
  `comment_content` varchar(255) NOT NULL COMMENT '评论内容',
  `create_time` int(10) unsigned NOT NULL COMMENT '评论时间',
  `extend` varchar(255) DEFAULT NULL COMMENT '扩展字段',
  PRIMARY KEY (`comment_id`)
) ENGINE=InnoDB AUTO_INCREMENT=7 DEFAULT CHARSET=utf8;

--
-- Dumping data for table `tm_member_comment`
--

INSERT INTO `tm_member_comment` VALUES (2,'test','B6DD59C5180F23DDAFB56A6F9BF6BBC8',1,'222222222222222222222222222222','222222222222222222222222222222222222',1656554443,''),(3,'test','B6DD59C5180F23DDAFB56A6F9BF6BBC8',1,'333333333333333333333333333333','33333333333333333333333333333333333333',1656554443,''),(5,'test','60045C823694FA91BDAA5806E707DFF9',1,'3444444444444444444444444444','4444444444444444444444444444',1656554443,''),(6,'test','60045C823694FA91BDAA5806E707DFF9',1,'11111111111111111111111111111','11111111111111111111111111',1656554443,'');

--
-- Table structure for table `tm_member_footprint`
--

CREATE TABLE `tm_member_footprint` (
  `footprint_id` int(11) NOT NULL AUTO_INCREMENT COMMENT '足迹主键',
  `member_code` varchar(64) NOT NULL COMMENT '足迹用户编码',
  `app_id` varchar(128) NOT NULL COMMENT 'appid',
  `article_id` int(10) unsigned NOT NULL COMMENT '文章id',
  `title` varchar(50) NOT NULL COMMENT '文章标题',
  `intro` varchar(100) DEFAULT NULL COMMENT '文章简介',
  `pic` varchar(255) DEFAULT NULL COMMENT '文章图片',
  `create_time` int(10) unsigned NOT NULL COMMENT '收藏时间',
  `extend` text COMMENT '扩展字段',
  `tag` varchar(255) DEFAULT NULL COMMENT '标记',
  `type` tinyint(255) DEFAULT '1' COMMENT '类型 1 文章 2视频',
  `status` tinyint(1) DEFAULT '1' COMMENT '1正常0删除',
  PRIMARY KEY (`footprint_id`) USING BTREE
) ENGINE=MyISAM DEFAULT CHARSET=utf8 ROW_FORMAT=DYNAMIC;

--
-- Dumping data for table `tm_member_footprint`
--


--
-- Table structure for table `tm_member_history`
--

CREATE TABLE `tm_member_history` (
  `history_id` int(10) unsigned NOT NULL AUTO_INCREMENT COMMENT '浏览历史id',
  `app_id` varchar(128) NOT NULL COMMENT 'appid',
  `member_code` varchar(64) NOT NULL COMMENT '用户code',
  `article_id` int(10) unsigned NOT NULL COMMENT '文章id',
  `title` varchar(255) NOT NULL COMMENT '文章标题',
  `create_time` int(10) unsigned NOT NULL COMMENT '浏览时间',
  `extend` varchar(255) DEFAULT NULL COMMENT '扩展字段',
  PRIMARY KEY (`history_id`)
) ENGINE=InnoDB AUTO_INCREMENT=26 DEFAULT CHARSET=utf8;

--
-- Dumping data for table `tm_member_history`
--

INSERT INTO `tm_member_history` VALUES (1,'test','60045C823694FA91BDAA5806E707DFF9',4,'article5',1523847786,NULL),(2,'test','60045C823694FA91BDAA5806E707DFF9',2,'article2',1522893600,NULL),(3,'test','B6DD59C5180F23DDAFB56A6F9BF6BBC8',12,'article12',1522893600,NULL),(4,'test','60045C823694FA91BDAA5806E707DFF9',132,'article132',1522980000,NULL),(5,'test','B6DD59C5180F23DDAFB56A6F9BF6BBC8',132,'articl1e132',1522980000,NULL),(6,'test','60045C823694FA91BDAA5806E707DFF9',132,'articl11e132',1523066400,NULL),(7,'test','B6DD59C5180F23DDAFB56A6F9BF6BBC8',132,'ar2ticl11e132',1523066400,NULL),(8,'test','60045C823694FA91BDAA5806E707DFF9',132,'ar2ticl311e132',1523152800,NULL),(9,'test','B6DD59C5180F23DDAFB56A6F9BF6BBC8',132,'ar2ticl311e5132',1523152800,NULL),(10,'test','60045C823694FA91BDAA5806E707DFF9',132,'ar2ticl3113e5132',1523239200,NULL),(11,'tes1t','B6DD59C5180F23DDAFB56A6F9BF6BBC8',132,'ar2ticl3113e5132',1523239200,NULL),(12,'te2s1t','60045C823694FA91BDAA5806E707DFF9',132,'ar2ticl3113e5132',1523325600,NULL),(13,'t4e2s1t','B6DD59C5180F23DDAFB56A6F9BF6BBC8',132,'ar2ticl3113e5132',1523325600,NULL),(14,'t4e21s1t','60045C823694FA91BDAA5806E707DFF9',132,'ar2ticl3113e5132',1523412000,NULL),(15,'t4e21s51t','B6DD59C5180F23DDAFB56A6F9BF6BBC8',132,'ar2ticl3113e5132',1523412000,NULL),(16,'t4e21s51t','60045C823694FA91BDAA5806E707DFF9',132,'ar2ticl31131e5132',1523498400,NULL),(17,'t4e21s51t','B6DD59C5180F23DDAFB56A6F9BF6BBC8',132,'ar2ticl313131e5132',1523498400,NULL),(18,'t4e21s51t','60045C823694FA91BDAA5806E707DFF9',132,'ar2ticl3413131e5132',1523584800,NULL),(19,'t4e21s51t','B6DD59C5180F23DDAFB56A6F9BF6BBC8',132,'ar2ticl34131131e5132',1523584800,NULL),(21,'t4e21s51t','B6DD59C5180F23DDAFB56A6F9BF6BBC8',132,'ar2ticl2341313131e5132',1523671200,NULL),(22,'t4e21s51t','60045C823694FA91BDAA5806E707DFF9',132,'ar2ticl12341313131e5132',1523757600,NULL),(24,'t4e21s51t','60045C823694FA91BDAA5806E707DFF9',132,'ar2ticl1223341313131e5132',1523847786,NULL),(25,'t4e21s51t','B6DD59C5180F23DDAFB56A6F9BF6BBC8',132,'ar2ticl12243341313131e5132',1523847786,NULL);

--
-- Table structure for table `tm_member_opinion`
--

CREATE TABLE `tm_member_opinion` (
  `id` int(10) unsigned NOT NULL AUTO_INCREMENT COMMENT '主键',
  `message` text NOT NULL COMMENT '反馈信息',
  `member_id` int(10) NOT NULL COMMENT '用户id',
  `add_time` bigint(11) NOT NULL COMMENT '添加时间',
  `status` tinyint(1) DEFAULT NULL COMMENT '0关闭1正常2已处理',
  PRIMARY KEY (`id`) USING BTREE
) ENGINE=MyISAM DEFAULT CHARSET=utf8 ROW_FORMAT=DYNAMIC;

--
-- Dumping data for table `tm_member_opinion`
--


--
-- Table structure for table `tm_member_point_log`
--

CREATE TABLE `tm_member_point_log` (
  `id` int(11) NOT NULL AUTO_INCREMENT COMMENT '主键',
  `change_point` int(11) DEFAULT '0' COMMENT '变动积分',
  `now_point` int(11) DEFAULT '0' COMMENT '当时的积分',
  `remark` varchar(255) DEFAULT NULL COMMENT '备注信息',
  `from_component` varchar(50) DEFAULT NULL COMMENT '本次积分变动从哪个组件出发',
  `add_time` bigint(11) DEFAULT NULL COMMENT '添加时间',
  `member_id` int(11) DEFAULT NULL COMMENT '用户id',
  `article_id` int(11) DEFAULT '0' COMMENT '文章id',
  `extend` varchar(4000) DEFAULT NULL COMMENT '扩展字段',
  PRIMARY KEY (`id`) USING BTREE
) ENGINE=InnoDB DEFAULT CHARSET=utf8 ROW_FORMAT=DYNAMIC;

--
-- Dumping data for table `tm_member_point_log`
--


--
-- Table structure for table `tm_member_star`
--

CREATE TABLE `tm_member_star` (
  `star_id` int(10) unsigned NOT NULL AUTO_INCREMENT COMMENT '收藏id',
  `member_code` varchar(64) NOT NULL COMMENT '收藏用户code',
  `app_id` varchar(128) NOT NULL COMMENT 'appid',
  `article_id` int(10) unsigned NOT NULL COMMENT '文章id',
  `title` varchar(50) NOT NULL COMMENT '文章标题',
  `intro` varchar(100) DEFAULT NULL COMMENT '文章简介',
  `pic` varchar(255) DEFAULT NULL COMMENT '文章图片',
  `create_time` int(10) unsigned NOT NULL COMMENT '收藏时间',
  `extend` text COMMENT '扩展字段哦',
  `tag` varchar(255) DEFAULT NULL COMMENT '标记',
  `type` tinyint(255) DEFAULT '1' COMMENT '类型 1 文章 2视频',
  PRIMARY KEY (`star_id`)
) ENGINE=InnoDB AUTO_INCREMENT=15 DEFAULT CHARSET=utf8;

--
-- Dumping data for table `tm_member_star`
--

INSERT INTO `tm_member_star` VALUES (2,'B6DD59C5180F23DDAFB56A6F9BF6BBC8','test',2,'article2',NULL,NULL,1523514903,NULL,NULL,1),(7,'B6DD59C5180F23DDAFB56A6F9BF6BBC8','test',7,'article7','','',1523514922,'',NULL,1),(10,'60045C823694FA91BDAA5806E707DFF9','test',10,'article10','','',1523514922,'',NULL,1),(11,'60045C823694FA91BDAA5806E707DFF9','test',11,'article11','','',1523514922,'',NULL,1),(12,'60045C823694FA91BDAA5806E707DFF9','test',12,'article12','','',1523514922,'',NULL,1),(13,'60045C823694FA91BDAA5806E707DFF9','test',13,'article13','','',1523514922,'',NULL,1),(14,'29CA8C53B38C4A2A0C778E682F8FF6DA','testid',2,'成都日报',NULL,NULL,1528353697,NULL,NULL,1);

--
-- Table structure for table `tm_member_third_party`
--

CREATE TABLE `tm_member_third_party` (
  `id` int(10) unsigned NOT NULL AUTO_INCREMENT COMMENT '主键',
  `uid` varchar(100) NOT NULL COMMENT '第三方唯一标识',
  `type` int(255) DEFAULT NULL COMMENT '1 QQ，2 Wechat，3 SinaWeibo',
  `add_time` bigint(11) DEFAULT NULL COMMENT '添加时间',
  `device_model` varchar(255) DEFAULT NULL COMMENT '第三方登录设备型号',
  `device_type` varchar(255) DEFAULT NULL COMMENT '第三方登录设备类型 PC iOS Android',
  `login_time` bigint(11) DEFAULT NULL COMMENT '登录时间',
  `ip` varchar(30) DEFAULT NULL COMMENT '访问ip',
  `member_code` varchar(255) DEFAULT NULL COMMENT '会员编号',
  `member_id` varchar(255) DEFAULT NULL COMMENT '会员id',
  `address` varchar(255) DEFAULT NULL COMMENT '地区',
  `nick_name` varchar(255) DEFAULT NULL COMMENT '昵称',
  `head_url` varchar(255) DEFAULT NULL COMMENT '头像链接',
  PRIMARY KEY (`id`) USING BTREE
) ENGINE=MyISAM DEFAULT CHARSET=utf8 ROW_FORMAT=DYNAMIC;

--
-- Dumping data for table `tm_member_third_party`
--


--
-- Table structure for table `tm_myprize`
--

CREATE TABLE `tm_myprize` (
  `que_id` int(10) NOT NULL AUTO_INCREMENT COMMENT '主键',
  `user_id` int(10) DEFAULT NULL COMMENT '用户id',
  `mark` int(10) DEFAULT NULL COMMENT '用户答题分数',
  `prize_id` int(10) DEFAULT NULL COMMENT '用户奖品',
  `p_status` int(10) DEFAULT NULL COMMENT '奖品是否兑换0未兑换1已兑换',
  `create_at` int(10) DEFAULT NULL COMMENT '中奖时间',
  `update_at` int(10) NOT NULL COMMENT '兑换时间',
  `yes` int(10) DEFAULT NULL,
  `wrong` int(10) DEFAULT NULL,
  PRIMARY KEY (`que_id`)
) ENGINE=InnoDB AUTO_INCREMENT=56 DEFAULT CHARSET=latin1;

--
-- Dumping data for table `tm_myprize`
--

INSERT INTO `tm_myprize` VALUES (1,55,80,2,0,NULL,0,NULL,NULL),(2,56,30,3,1,NULL,0,32,0),(3,NULL,39,NULL,NULL,1521456267,0,39,-7),(4,NULL,43,NULL,NULL,1521456324,0,32,0),(5,NULL,43,NULL,NULL,1521456325,0,32,0),(6,NULL,43,NULL,NULL,1521456326,0,32,0),(7,NULL,43,NULL,NULL,1521456326,0,32,0),(8,NULL,43,NULL,NULL,1521456326,0,32,0),(9,NULL,43,NULL,NULL,1521456427,0,32,0),(10,NULL,43,NULL,NULL,1521456428,0,32,0),(11,NULL,43,NULL,NULL,1521456428,0,32,0),(12,NULL,43,NULL,NULL,1521456469,0,39,-7),(13,NULL,43,NULL,NULL,1521456470,0,39,-7),(14,NULL,43,NULL,NULL,1521456471,0,39,-7),(15,NULL,43,NULL,NULL,1521456471,0,39,-7),(16,NULL,43,NULL,NULL,1521456493,0,39,7),(17,NULL,43,NULL,NULL,1521456494,0,39,7),(18,NULL,43,NULL,NULL,1521456494,0,39,7),(19,NULL,0,NULL,NULL,1521457121,0,0,-32),(20,NULL,0,NULL,NULL,1521457868,0,0,-32),(21,NULL,0,NULL,NULL,1521459149,0,0,-32),(22,NULL,0,NULL,NULL,1521459159,0,0,-32),(23,NULL,0,NULL,NULL,1521459193,0,0,-32),(24,NULL,0,NULL,NULL,1521459202,0,0,-32),(25,50,0,NULL,NULL,1521459217,0,0,-32),(26,50,0,NULL,NULL,1521459231,0,0,-32),(27,50,0,NULL,NULL,1521459320,0,0,-32),(28,50,0,NULL,NULL,1521459327,0,0,-32),(29,50,0,NULL,NULL,1521459361,0,0,-32),(30,50,0,NULL,NULL,1521459401,0,0,-32),(31,50,0,NULL,NULL,1521459547,0,0,-32),(32,50,0,NULL,NULL,1521459599,0,0,-32),(33,50,0,NULL,NULL,1521459913,0,0,32),(34,50,0,NULL,NULL,1521459998,0,0,32),(35,50,0,NULL,NULL,1521460122,0,0,32),(36,NULL,0,NULL,NULL,1521460681,0,0,32),(37,NULL,0,NULL,NULL,1521460684,0,0,32),(38,NULL,1,NULL,NULL,1521460726,0,1,31),(39,NULL,1,NULL,NULL,1521460727,0,1,31),(40,NULL,1,NULL,NULL,1521460728,0,1,31),(41,50,0,NULL,NULL,1521513190,0,0,39),(42,50,0,NULL,NULL,1521517265,0,0,39),(43,50,0,NULL,NULL,1521525198,0,0,39),(44,50,0,NULL,NULL,1521525618,0,0,39),(45,50,0,NULL,NULL,1521525784,0,0,39),(46,50,0,NULL,NULL,1521526766,0,0,39),(47,50,0,NULL,NULL,1521533073,0,0,39),(48,50,0,NULL,NULL,1521536008,0,0,39),(49,50,0,NULL,NULL,1521536155,0,0,39),(50,0,0,NULL,NULL,1521631879,0,0,39),(51,0,0,NULL,NULL,1522026092,0,0,39),(52,0,0,NULL,NULL,1522113990,0,0,39),(53,0,0,NULL,NULL,1522655644,0,0,39),(54,0,0,NULL,NULL,1523350930,0,0,41),(55,0,0,NULL,NULL,1523350957,0,0,41);

--
-- Table structure for table `tm_parameterex`
--

CREATE TABLE `tm_parameterex` (
  `source_id` int(10) unsigned NOT NULL AUTO_INCREMENT COMMENT '扩展数据id',
  `entity_type` varchar(64) NOT NULL COMMENT '实体对象的类型枚举“component””site““user”',
  `attribute_key` varchar(64) NOT NULL COMMENT '扩展属性名称',
  `attribute_value` varchar(64) NOT NULL COMMENT '扩展数据值',
  `description` varchar(64) NOT NULL COMMENT '描述',
  `create_code` varchar(64) DEFAULT NULL COMMENT '创建用户代码',
  `create_time` int(10) unsigned NOT NULL COMMENT '创建时间',
  PRIMARY KEY (`source_id`)
) ENGINE=InnoDB DEFAULT CHARSET=utf8;

--
-- Dumping data for table `tm_parameterex`
--


--
-- Table structure for table `tm_portal`
--

CREATE TABLE `tm_portal` (
  `portal_key` varchar(64) NOT NULL COMMENT '应用列表key',
  `portal_value` text NOT NULL COMMENT '应用列表菜单值',
  UNIQUE KEY `portal_key` (`portal_key`) USING BTREE
) ENGINE=InnoDB DEFAULT CHARSET=utf8;

--
-- Dumping data for table `tm_portal`
--

INSERT INTO `tm_portal` VALUES ('27483D4C-1A45-2865-9B8C-701EA265ED92','[{\"key\":\"0\",\"title\":\"资讯视频\",\"children\":[]},{\"key\":\"1\",\"title\":\"互动娱乐\",\"category\":\"1\",\"url\":\"\",\"children\":[],\"thunmb\":\"/uploads/default.png\"},{\"key\":\"2\",\"title\":\"管理\",\"category\":\"2\",\"url\":\"\",\"children\":[{\"key\":\"2-0\",\"title\":\"会员管理\",\"type\":\"url\",\"app_code\":\"\",\"admin_url\":\"\",\"index_url\":\"\",\"category\":\"2\",\"url\":\"\",\"thumb\":\"/uploads/default/20180601/6b270aae57882c48982acae1e597db92.png\",\"webUrl\":\"/application/member_info/html/index.html\",\"site_code\":\"00000000000000000000000000000000\"}],\"thunmb\":\"/uploads/default.png\"}]'),('2760AB599245A3B9C4CCBB023F08F151','[{\"key\":\"0\",\"title\":\"资讯视频\",\"children\":[]},{\"key\":\"1\",\"title\":\"互动娱乐\",\"category\":\"1\",\"url\":\"\",\"children\":[],\"thunmb\":\"/uploads/default.png\"},{\"key\":\"2\",\"title\":\"管理\",\"category\":\"2\",\"url\":\"\",\"children\":[{\"key\":\"2-0\",\"title\":\"会员管理\",\"type\":\"url\",\"app_code\":\"\",\"admin_url\":\"\",\"index_url\":\"\",\"category\":\"2\",\"url\":\"\",\"thumb\":\"/uploads/default/20180601/6b270aae57882c48982acae1e597db92.png\",\"webUrl\":\"/application/member_info/html/index.html\",\"site_code\":\"00000000000000000000000000000000\"}],\"thunmb\":\"/uploads/default.png\"}]'),('364F56004D97FA67AE5FD107C7B5292B','[{\"key\":\"0\",\"title\":\"资讯视频\",\"children\":[]},{\"key\":\"1\",\"title\":\"互动娱乐\",\"category\":\"1\",\"url\":\"\",\"children\":[],\"thunmb\":\"/uploads/default.png\"},{\"key\":\"2\",\"title\":\"管理\",\"category\":\"2\",\"url\":\"\",\"children\":[{\"key\":\"2-0\",\"title\":\"会员管理\",\"type\":\"url\",\"app_code\":\"\",\"admin_url\":\"\",\"index_url\":\"\",\"category\":\"2\",\"url\":\"\",\"thumb\":\"/uploads/default/20180601/6b270aae57882c48982acae1e597db92.png\",\"webUrl\":\"/application/member_info/html/index.html\",\"site_code\":\"00000000000000000000000000000000\"}],\"thunmb\":\"/uploads/default.png\"}]');

--
-- Table structure for table `tm_privilege`
--

CREATE TABLE `tm_privilege` (
  `privilege_id` int(10) unsigned NOT NULL AUTO_INCREMENT COMMENT '权限ID',
  `privilege_type` tinyint(1) unsigned NOT NULL DEFAULT '0' COMMENT '权限类型(0：站点权限，1：菜单权限)',
  `privilege_name` varchar(64) NOT NULL COMMENT '权限名称',
  `privilege_code` varchar(64) NOT NULL COMMENT '权限代码',
  `privilege_intro` varchar(128) DEFAULT NULL COMMENT '权限说明',
  `parent_pri_id` varchar(32) DEFAULT NULL COMMENT '父权限代码',
  PRIMARY KEY (`privilege_id`)
) ENGINE=InnoDB AUTO_INCREMENT=26 DEFAULT CHARSET=utf8;

--
-- Dumping data for table `tm_privilege`
--

INSERT INTO `tm_privilege` VALUES (6,0,'基础数据>分类管理','ClassManage','菜单权限',NULL),(7,0,'基础数据>权限管理','PrivilegeManage','菜单权限',NULL),(10,0,'基础数据>角色管理','RoleManage','菜单权限',NULL),(11,0,'基础数据>部门、用户管理','DepartmentUserManage','菜单权限',NULL),(12,0,'组件>组件管理','ComponentManage','菜单权限',NULL),(13,0,'系统>系统升级','SystemUpdate','菜单权限',NULL),(16,0,'会员>会员管理','MemberManage','菜单权限',NULL),(17,0,'站点>站点管理','SiteManage','菜单权限',NULL),(19,0,'门户>门户图标','logoSet','菜单权限',NULL),(20,0,'门户>门户配置','ModuleConfig','菜单权限',NULL),(21,0,'APP>APP配置','ComponentSet','菜单权限',NULL),(22,0,'门户>门户图标','logoSet','菜单权限',NULL),(23,0,'门户>门户配置','ModuleConfig','菜单权限',NULL),(24,0,'APP>APP配置','ComponentSet','菜单权限',NULL),(25,0,'账户>账户信息','mymember','菜单权限',NULL);

--
-- Table structure for table `tm_prize`
--

CREATE TABLE `tm_prize` (
  `prize_id` int(10) NOT NULL AUTO_INCREMENT COMMENT '奖品id',
  `prize_name` varchar(255) CHARACTER SET utf8 DEFAULT NULL COMMENT '奖品名称',
  `prize_content` varchar(255) CHARACTER SET utf8 DEFAULT NULL COMMENT '奖品描述',
  `prize_status` int(10) DEFAULT NULL COMMENT '兑换方式',
  `prize_states` varchar(255) CHARACTER SET utf8 DEFAULT NULL COMMENT '是否展示',
  `prize_sum` int(10) DEFAULT NULL COMMENT '奖品数量',
  `prize_mark` int(10) DEFAULT NULL COMMENT '单个奖品积分值',
  `prize_type` varchar(255) CHARACTER SET utf8 DEFAULT NULL COMMENT '奖品类型',
  `create_at` int(10) DEFAULT NULL COMMENT '新增时间',
  `update_at` int(10) DEFAULT NULL COMMENT '修改时间',
  `prize_image` varchar(255) CHARACTER SET utf8 DEFAULT NULL COMMENT '奖品图片',
  PRIMARY KEY (`prize_id`)
) ENGINE=InnoDB AUTO_INCREMENT=23 DEFAULT CHARSET=latin1;

--
-- Dumping data for table `tm_prize`
--

INSERT INTO `tm_prize` VALUES (4,'我喜欢1','；‘；离开’111',0,'是',1223111,502311,'实物',1521291291,1523437181,'http://39.107.76.66/application/prize/source/upload/20180411/1523419369726.jpg'),(5,'我喜欢','；‘；离开’',1,'否',12,50,'虚拟',1521291298,1521291298,NULL),(6,'收到','十大',1,'是',12,52,'虚拟',1521291449,1521291449,'20180319/c7c029722016b748b1207564b065e056.jpg'),(7,'1212','1哈哈',1,'是',12,12,'虚拟',1521291584,1521352231,'20180319/cc274e738a4ae2f90e31b8c1d245a50e.jpg'),(8,'加上','几点回家熬枯受淡',0,'是',122,22,'实物',1521291705,1523437224,'20180319/4dd17a4118ebf3314122877b85d0d973.jpg'),(9,'阿萨','撒大声地',0,'是',12,552,'实物',1521291914,1521291914,'20180319/ea843fe5c7faf52fa95ffbd773c1d7f0.jpg'),(10,'4545','撒大声地',1,'是',52,50,'实物',1521334925,1521334925,NULL),(16,'委屈','十大',0,'是',25,50,'实物',1521443653,1521443653,NULL),(17,NULL,NULL,NULL,NULL,NULL,NULL,NULL,1521443653,1521443653,NULL),(18,'将尽快尽快看看','讲话稿集合集合管',NULL,NULL,10,20,'实物',1521445044,1521445044,'20180319/e58d23951448966995cfbb070048ba6b.jpg'),(19,'小熊（测试奖品）','测试奖品',0,'是',100,10000,'实物',1523252028,1523252028,'http://192.168.4.123/application/prize/source/upload/20180409/1523251989635.png'),(20,'魔法棒','魔法棒（测试）',1,'是',20000,100,'虚拟',1523252107,1523252514,NULL),(21,'asdfasd','fasdfasdfas',NULL,NULL,32,23,'实物',1523407809,1523407809,'http://39.107.76.66/application/prize/source/upload/20180411/1523407800796.jpg'),(22,'2333','2233232',0,'否',23,23,'实物',1523440206,1523440392,'http://39.107.76.66/application/prize/source/upload/20180411/1523440199551.jpg');

--
-- Table structure for table `tm_push`
--

CREATE TABLE `tm_push` (
  `push_id` bigint(20) unsigned NOT NULL AUTO_INCREMENT COMMENT '推送id',
  `push_content` text NOT NULL COMMENT '推送内容',
  `member_code` varchar(255) DEFAULT '' COMMENT '用户极光pushCode',
  `create_time` int(10) unsigned NOT NULL COMMENT '发送时间',
  `state` tinyint(1) unsigned NOT NULL DEFAULT '0' COMMENT '0:未读 1:已读',
  PRIMARY KEY (`push_id`)
) ENGINE=InnoDB AUTO_INCREMENT=22 DEFAULT CHARSET=utf8;

--
-- Dumping data for table `tm_push`
--

INSERT INTO `tm_push` VALUES (4,'{\"content\":\"fffffff\",\"title\":\"title\",\"iosInfo\":{\"native\":true,\"src\":\"HViewController\",\"paramStr\":\"\",\"wwwFolder\":\"\"},\"androidInfo\":{\"native\":true,\"src\":\"com.higgses.news.mobile.newsmap.NewsMapFragment\",\"paramStr\":\"21e364890c730daff9e413660e04d924\",\"wwwFolder\":\"comp01\\/\"},\"member_code\":\"29CA8C53B38C4A2A0C778E682F8FF6DA\"}','B6DD59C5180F23DDAFB56A6F9BF6BBC8',1523242461,0),(5,'{\"content\":\"fffffff\",\"title\":\"title\",\"iosInfo\":{\"native\":true,\"src\":\"HViewController\",\"paramStr\":\"\",\"wwwFolder\":\"\"},\"androidInfo\":{\"native\":true,\"src\":\"com.higgses.news.mobile.newsmap.NewsMapFragment\",\"paramStr\":\"21e364890c730daff9e413660e04d924\",\"wwwFolder\":\"comp01\\/\"},\"member_code\":\"29CA8C53B38C4A2A0C778E682F8FF6DA\"}','B6DD59C5180F23DDAFB56A6F9BF6BBC8',1523242462,0),(6,'{\"content\":\"fffffff\",\"title\":\"title\",\"iosInfo\":{\"native\":true,\"src\":\"HViewController\",\"paramStr\":\"\",\"wwwFolder\":\"\"},\"androidInfo\":{\"native\":true,\"src\":\"com.higgses.news.mobile.newsmap.NewsMapFragment\",\"paramStr\":\"21e364890c730daff9e413660e04d924\",\"wwwFolder\":\"comp01\\/\"},\"member_code\":\"29CA8C53B38C4A2A0C778E682F8FF6DA\"}','B6DD59C5180F23DDAFB56A6F9BF6BBC8',1523242582,0),(8,'{\"content\":\"fffffff\",\"title\":\"title\",\"iosInfo\":{\"native\":true,\"src\":\"HViewController\",\"paramStr\":\"\",\"wwwFolder\":\"\"},\"androidInfo\":{\"native\":true,\"src\":\"com.higgses.news.mobile.newsmap.NewsMapFragment\",\"paramStr\":\"21e364890c730daff9e413660e04d924\",\"wwwFolder\":\"comp01\\/\"},\"member_code\":\"29CA8C53B38C4A2A0C778E682F8FF6DA\"}','60045C823694FA91BDAA5806E707DFF9',1523242596,1),(9,'{\"content\":\"fffffff\",\"title\":\"title\",\"iosInfo\":{\"native\":true,\"src\":\"HViewController\",\"paramStr\":\"\",\"wwwFolder\":\"\"},\"androidInfo\":{\"native\":true,\"src\":\"com.higgses.news.mobile.newsmap.NewsMapFragment\",\"paramStr\":\"21e364890c730daff9e413660e04d924\",\"wwwFolder\":\"comp01\\/\"},\"member_code\":\"29CA8C53B38C4A2A0C778E682F8FF6DA\"}','60045C823694FA91BDAA5806E707DFF9',1523242596,1),(10,'{\"content\":\"fffffffffffffffffffffffffffffffffffffffffffffffffffffffffffffffffffffffffffffffffffffffffffffffffff\",\"title\":\"title\",\"iosInfo\":{\"native\":true,\"src\":\"HViewController\",\"paramStr\":\"\",\"wwwFolder\":\"\"},\"androidInfo\":{\"native\":true,\"src\":\"com.higgses.news.mobile.newsmap.NewsMapFragment\",\"paramStr\":\"21e364890c730daff9e413660e04d924\",\"wwwFolder\":\"comp01\\/\"},\"member_code\":\"29CA8C53B38C4A2A0C778E682F8FF6DA\"}','60045C823694FA91BDAA5806E707DFF9',1523242596,1),(12,'{\"content\":\"fffffff\",\"title\":\"tiiiiiiiiiiiiiiitle\",\"iosInfo\":{\"native\":true,\"src\":\"HViewController\",\"paramStr\":\"\",\"wwwFolder\":\"\"},\"androidInfo\":{\"native\":true,\"src\":\"com.higgses.news.mobile.newsmap.NewsMapFragment\",\"paramStr\":\"21e364890c730daff9e413660e04d924\",\"wwwFolder\":\"comp01\\/\"},\"member_code\":\"29CA8C53B38C4A2A0C778E682F8FF6DA\"}','60045C823694FA91BDAA5806E707DFF9',1523242596,0),(13,'{\"content\":\"fffffff\",\"title\":\"title\",\"iosInfo\":{\"native\":true,\"src\":\"HViewController\",\"paramStr\":\"\",\"wwwFolder\":\"\"},\"androidInfo\":{\"native\":true,\"src\":\"com.higgses.news.mobile.newsmap.NewsMapFragment\",\"paramStr\":\"21e364890c730daff9e413660e04d924\",\"wwwFolder\":\"comp01\\/\"},\"member_code\":\"29CA8C53B38C4A2A0C778E682F8FF6DA\"}','B6DD59C5180F23DDAFB56A6F9BF6BBC8',1523242596,0),(14,'{\"content\":\"fffffff\",\"title\":\"title\",\"iosInfo\":{\"native\":true,\"src\":\"HViewController\",\"paramStr\":\"\",\"wwwFolder\":\"\"},\"androidInfo\":{\"native\":true,\"src\":\"com.higgses.news.mobile.newsmap.NewsMapFragment\",\"paramStr\":\"21e364890c730daff9e413660e04d924\",\"wwwFolder\":\"comp01\\/\"},\"member_code\":\"29CA8C53B38C4A2A0C778E682F8FF6DA\"}','60045C823694FA91BDAA5806E707DFF9',1523242596,1),(15,'{\"content\":\"fffffff\",\"title\":\"title\",\"iosInfo\":{\"native\":true,\"src\":\"HViewController\",\"paramStr\":\"\",\"wwwFolder\":\"\"},\"androidInfo\":{\"native\":true,\"src\":\"com.higgses.news.mobile.newsmap.NewsMapFragment\",\"paramStr\":\"21e364890c730daff9e413660e04d924\",\"wwwFolder\":\"comp01\\/\"},\"member_code\":\"29CA8C53B38C4A2A0C778E682F8FF6DA\"}','60045C823694FA91BDAA5806E707DFF9',1523242596,0),(16,'{\"content\":\"fffffff\",\"title\":\"title\",\"iosInfo\":{\"native\":true,\"src\":\"HViewController\",\"paramStr\":\"\",\"wwwFolder\":\"\"},\"androidInfo\":{\"native\":true,\"src\":\"com.higgses.news.mobile.newsmap.NewsMapFragment\",\"paramStr\":\"21e364890c730daff9e413660e04d924\",\"wwwFolder\":\"comp01\\/\"},\"member_code\":\"29CA8C53B38C4A2A0C778E682F8FF6DA\"}','60045C823694FA91BDAA5806E707DFF9',1523242596,0),(17,'{\"content\":\"fffffff\",\"title\":\"title\",\"iosInfo\":{\"native\":true,\"src\":\"HViewController\",\"paramStr\":\"\",\"wwwFolder\":\"\"},\"androidInfo\":{\"native\":true,\"src\":\"com.higgses.news.mobile.newsmap.NewsMapFragment\",\"paramStr\":\"21e364890c730daff9e413660e04d924\",\"wwwFolder\":\"comp01\\/\"},\"member_code\":\"29CA8C53B38C4A2A0C778E682F8FF6DA\"}','60045C823694FA91BDAA5806E707DFF9',1523242596,0),(18,'{\"content\":\"fffffff\",\"title\":\"title\",\"iosInfo\":{\"native\":true,\"src\":\"HViewController\",\"paramStr\":\"\",\"wwwFolder\":\"\"},\"androidInfo\":{\"native\":true,\"src\":\"com.higgses.news.mobile.newsmap.NewsMapFragment\",\"paramStr\":\"21e364890c730daff9e413660e04d924\",\"wwwFolder\":\"comp01\\/\"},\"member_code\":\"29CA8C53B38C4A2A0C778E682F8FF6DA\"}','60045C823694FA91BDAA5806E707DFF9',1523242596,0),(19,'{\"content\":\"fffffff\",\"title\":\"title\",\"iosInfo\":{\"native\":true,\"src\":\"HViewController\",\"paramStr\":\"\",\"wwwFolder\":\"\"},\"androidInfo\":{\"native\":true,\"src\":\"com.higgses.news.mobile.newsmap.NewsMapFragment\",\"paramStr\":\"21e364890c730daff9e413660e04d924\",\"wwwFolder\":\"comp01\\/\"},\"member_code\":\"29CA8C53B38C4A2A0C778E682F8FF6DA\"}','60045C823694FA91BDAA5806E707DFF9',1523242596,0),(20,'{\"title\":\"test\",\"content\":\"testttttttttttttttttttttttttttt\",\"member_code\":\"29CA8C53B38C4A2A0C778E682F8FF6DA\"}','29CA8C53B38C4A2A0C778E682F8FF6DA',1526552387,0),(21,'{\"title\":\"testtitle\",\"content\":\"testcontent\",\"member_code\":\"9C1BD7E1148877886D7157C196D0414A\"}','',1528259432,0);

--
-- Table structure for table `tm_push_message`
--

CREATE TABLE `tm_push_message` (
  `id` int(11) unsigned NOT NULL AUTO_INCREMENT COMMENT '主键',
  `title` varchar(255) DEFAULT NULL COMMENT '标题',
  `content` varchar(255) DEFAULT NULL COMMENT '内容',
  `add_time` bigint(11) DEFAULT NULL COMMENT '创建时间',
  `push_time` bigint(11) DEFAULT NULL COMMENT '推送时间',
  `url` varchar(255) DEFAULT NULL COMMENT '链接',
  `status` int(255) unsigned DEFAULT '1' COMMENT '状态 0禁止 1正常 2已推送',
  `cid` varchar(100) DEFAULT NULL COMMENT 'cid极光推送标识',
  `push_situation` text COMMENT '推送情况',
  `ios_info` text COMMENT 'ios推送参数',
  `android_info` text COMMENT 'android推送参数',
  `type` varchar(255) DEFAULT NULL COMMENT '推送类型',
  PRIMARY KEY (`id`) USING BTREE
) ENGINE=MyISAM DEFAULT CHARSET=utf8 ROW_FORMAT=DYNAMIC;

--
-- Dumping data for table `tm_push_message`
--


--
-- Table structure for table `tm_question`
--

CREATE TABLE `tm_question` (
  `id` int(10) unsigned NOT NULL AUTO_INCREMENT,
  `question_content` text CHARACTER SET utf8 COMMENT '问题',
  `create_at` int(10) DEFAULT NULL COMMENT '创建时间',
  `update_at` int(10) DEFAULT NULL COMMENT '修改时间',
  `type` varchar(10) CHARACTER SET utf8 DEFAULT NULL COMMENT '题型',
  `question_resolve` text CHARACTER SET utf8 COMMENT '解析',
  `type_id` int(10) DEFAULT NULL COMMENT '所属哪个题库',
  `mark` int(10) DEFAULT NULL COMMENT '分数',
  PRIMARY KEY (`id`)
) ENGINE=InnoDB AUTO_INCREMENT=42 DEFAULT CHARSET=latin1;

--
-- Dumping data for table `tm_question`
--

INSERT INTO `tm_question` VALUES (1,'1',1521268991,1521268991,NULL,'计划的技术股份',5,1),(2,'2',1521269310,1521269310,NULL,'2',8,1),(3,'3',1521269437,1521269437,NULL,'65656',8,1),(4,'4',1521270430,1521270430,NULL,'65656',8,1),(5,'5',1521270517,1521270517,NULL,'安达市多',5,1),(6,'54646',1521270831,1521270831,NULL,'65465465',6,1),(7,'654645611',1521270900,1521270900,NULL,'654d654111',7,1),(8,'21',1521270964,1521270964,NULL,'大趋势多',8,1),(9,'999',1521271224,1521271224,NULL,'9999',9,1),(10,'10',1521272126,1521272126,NULL,'10',3,1),(11,'11',1521272903,1521272903,NULL,'11',9,1),(12,'12',1521273011,1521273011,NULL,'水电费',8,1),(13,'13',1521274033,1521274033,NULL,'13',7,1),(14,'14',1521274108,1521274108,NULL,'14',7,12),(15,'15',1521274122,1521274122,NULL,'15',7,1),(16,'16',1521274139,1521274139,NULL,'16',9,1),(17,'17',1521274447,1521274447,NULL,'17',3,1),(18,'18',1521275748,1521275748,NULL,'18',5,1),(19,'19',1521275882,1521275882,NULL,'大声道',5,1),(20,'20',1521275978,1521275978,NULL,'20',5,1),(21,'21',1521276139,1521276139,NULL,'开始的发货速度快解放后收款计划',5,1),(22,'22',1521276328,1521276328,NULL,'开始的发货速度快解放后收款计划',5,1),(23,'23',1521276581,1521276581,NULL,'开始的发货速度快解放后收款计划',5,1),(24,'24',1521276667,1521276667,NULL,'开始的发货速度快解放后收款计划',5,1),(25,'25',1521276991,1521276991,NULL,'决定国家',7,1),(26,'安慰',1521277061,1521277061,NULL,'决定国家',7,1),(27,'安慰',1521277116,1521277116,NULL,'决定国家',7,1),(28,'安慰',1521277172,1521277172,NULL,'决定国家',7,1),(29,'安慰sad',1521277636,1521277636,NULL,'决定国家',7,1),(30,'大号',1521279815,1521279815,NULL,'疴看到回复可见',7,1),(31,'大号',1521279994,1521279994,NULL,'疴看到回复可见',7,1),(32,'曹尼玛',1521370569,1521370569,NULL,'呵呵',7,1),(33,'美好承诺',1521465226,1521465226,NULL,'，空间可能就看见',7,NULL),(34,'美女',1521465289,1521465289,NULL,'6546456',7,NULL),(35,'美女',1521465466,1521465466,NULL,'看见好看就好',7,NULL),(36,'美女',1521465553,1521465553,NULL,'环境和钢结构',6,NULL),(37,'妹子',1521467392,1521467392,NULL,'颗粒剂',7,NULL),(38,'加不加',1521467669,1521467669,NULL,'。，看见',5,NULL),(39,'',1521468030,1521468030,NULL,'',5,NULL),(40,'搜索',1522758020,1522758020,'单选','2',9,2),(41,'先有鸡还是先有蛋？',1523244719,1523244719,'单选','要先有钱',12,10);

--
-- Table structure for table `tm_role`
--

CREATE TABLE `tm_role` (
  `role_id` int(10) unsigned NOT NULL AUTO_INCREMENT COMMENT '角色ID',
  `role_code` varchar(64) NOT NULL COMMENT '角色代码',
  `role_name` varchar(128) NOT NULL COMMENT '角色名称',
  `role_intro` varchar(128) DEFAULT NULL COMMENT '角色介绍',
  `branch_code` varchar(64) DEFAULT NULL COMMENT '分支机构代码',
  `externa_code` varchar(64) DEFAULT NULL COMMENT '扩展代码',
  PRIMARY KEY (`role_id`)
) ENGINE=InnoDB AUTO_INCREMENT=5 DEFAULT CHARSET=utf8;

--
-- Dumping data for table `tm_role`
--

INSERT INTO `tm_role` VALUES (1,'1','超级管理员','','',NULL),(2,'AC2E04794F49FC6DF05F6B78BA8CC4DB','编辑','','',NULL),(3,'A11A60B4A075515AB09134B914D6E7FF','记者','','',NULL),(4,'6F52253DA3B9C3719DEF9C1F071A0698','主任','','',NULL);

--
-- Table structure for table `tm_role_component`
--

CREATE TABLE `tm_role_component` (
  `role_code` varchar(64) NOT NULL COMMENT '角色code',
  `component_code` varchar(64) NOT NULL COMMENT '应用插件code'
) ENGINE=InnoDB DEFAULT CHARSET=utf8;

--
-- Dumping data for table `tm_role_component`
--

INSERT INTO `tm_role_component` VALUES ('1','E5C56F2646F50B5EC5C613E9D430427E'),('1','18A88AB07872B12D767B3BD654167AC9'),('1','D2774DD3BC69F6EF535073440170C61F'),('1','B2433C8761B4671553FE6A45C9DCC4CB'),('1','5C13A6E742091B22A98A6F492EBC3740'),('A8D7D4031B79C2676D432ADEA267A171','E5C56F2646F50B5EC5C613E9D430427E'),('A8D7D4031B79C2676D432ADEA267A171','18A88AB07872B12D767B3BD654167AC9'),('A8D7D4031B79C2676D432ADEA267A171','D2774DD3BC69F6EF535073440170C61F'),('A8D7D4031B79C2676D432ADEA267A171','B2433C8761B4671553FE6A45C9DCC4CB'),('A8D7D4031B79C2676D432ADEA267A171','5C13A6E742091B22A98A6F492EBC3740'),('A11A60B4A075515AB09134B914D6E7FF','E5C56F2646F50B5EC5C613E9D430427E'),('A11A60B4A075515AB09134B914D6E7FF','18A88AB07872B12D767B3BD654167AC9'),('A11A60B4A075515AB09134B914D6E7FF','D2774DD3BC69F6EF535073440170C61F'),('A11A60B4A075515AB09134B914D6E7FF','B2433C8761B4671553FE6A45C9DCC4CB'),('A11A60B4A075515AB09134B914D6E7FF','5C13A6E742091B22A98A6F492EBC3740'),('AC2E04794F49FC6DF05F6B78BA8CC4DB','E5C56F2646F50B5EC5C613E9D430427E'),('AC2E04794F49FC6DF05F6B78BA8CC4DB','18A88AB07872B12D767B3BD654167AC9'),('AC2E04794F49FC6DF05F6B78BA8CC4DB','D2774DD3BC69F6EF535073440170C61F'),('1','C5953A90CBA748A88DD3B276E6A2725B'),('1','85B8309028CD4A808DFE353B00C9A9AC'),('1','C488967B8270400CBCD4CF6B0A599274'),('1','BC49B0ED8C214EDCABA6E6F3C2D23058'),('1','50564A2E6B204F9AADE1A4A52C13BF68'),('1','E29B1403654E42F499731ED3D23AA070');

--
-- Table structure for table `tm_role_portal`
--

CREATE TABLE `tm_role_portal` (
  `role_code` varchar(255) DEFAULT NULL COMMENT '角色code',
  `key` varchar(255) DEFAULT NULL COMMENT '能使用的Portal'
) ENGINE=MyISAM DEFAULT CHARSET=utf8 ROW_FORMAT=DYNAMIC;

--
-- Dumping data for table `tm_role_portal`
--


--
-- Table structure for table `tm_role_privilege`
--

CREATE TABLE `tm_role_privilege` (
  `privilege_code` varchar(64) NOT NULL COMMENT '权限CODE',
  `role_code` varchar(64) NOT NULL COMMENT '角色CODE'
) ENGINE=InnoDB DEFAULT CHARSET=utf8;

--
-- Dumping data for table `tm_role_privilege`
--

INSERT INTO `tm_role_privilege` VALUES ('SiteManage','A8D7D4031B79C2676D432ADEA267A171'),('MemberManage','A8D7D4031B79C2676D432ADEA267A171'),('SystemUpdate','A8D7D4031B79C2676D432ADEA267A171'),('ComponentManage','A8D7D4031B79C2676D432ADEA267A171'),('DepartmentUserManage','A8D7D4031B79C2676D432ADEA267A171'),('RoleManage','A8D7D4031B79C2676D432ADEA267A171'),('PrivilegeManage','A8D7D4031B79C2676D432ADEA267A171'),('ClassManage','A8D7D4031B79C2676D432ADEA267A171'),('SiteManage','1'),('MemberManage','1'),('SystemUpdate','1'),('ComponentManage','1'),('DepartmentUserManage','1'),('RoleManage','1'),('PrivilegeManage','1'),('ClassManage','1'),('ComponentManage','A11A60B4A075515AB09134B914D6E7FF'),('DepartmentUserManage','A11A60B4A075515AB09134B914D6E7FF'),('MemberManage','AC2E04794F49FC6DF05F6B78BA8CC4DB'),('DepartmentUserManage','AC2E04794F49FC6DF05F6B78BA8CC4DB'),('RoleManage','AC2E04794F49FC6DF05F6B78BA8CC4DB'),('PrivilegeManage','AC2E04794F49FC6DF05F6B78BA8CC4DB'),('ClassManage','AC2E04794F49FC6DF05F6B78BA8CC4DB'),('mymember','1'),('logoSet','1'),('ModuleConfig','1'),('ComponentSet','1'),('mymember','1'),('logoSet','1'),('ModuleConfig','1'),('ComponentSet','1');

--
-- Table structure for table `tm_role_site`
--

CREATE TABLE `tm_role_site` (
  `role_code` varchar(64) NOT NULL COMMENT '角色代码',
  `site_code` varchar(64) NOT NULL COMMENT '站点代码'
) ENGINE=InnoDB DEFAULT CHARSET=utf8;

--
-- Dumping data for table `tm_role_site`
--

INSERT INTO `tm_role_site` VALUES ('1','0C2923197E2D955123E1C2EE11034DBB'),('AC2E04794F49FC6DF05F6B78BA8CC4DB','0C2923197E2D955123E1C2EE11034DBB'),('A11A60B4A075515AB09134B914D6E7FF','00000000000000000000000000000000');

--
-- Table structure for table `tm_role_user`
--

CREATE TABLE `tm_role_user` (
  `role_code` varchar(64) NOT NULL COMMENT '角色代码',
  `user_code` varchar(64) NOT NULL COMMENT '用户代码'
) ENGINE=InnoDB DEFAULT CHARSET=utf8;

--
-- Dumping data for table `tm_role_user`
--

INSERT INTO `tm_role_user` VALUES ('1','27483D4C-1A45-2865-9B8C-701EA265ED92'),('1','B30762EB040355005B25CF0265168E98'),('A11A60B4A075515AB09134B914D6E7FF','877FE24147662AF72B38B593D672D62F'),('A11A60B4A075515AB09134B914D6E7FF','85517AEC63DA7792F0635CCD690CFC7E'),('AC2E04794F49FC6DF05F6B78BA8CC4DB','85517AEC63DA7792F0635CCD690CFC7E'),('AC2E04794F49FC6DF05F6B78BA8CC4DB','EDC76357E2C2B0C9A0DF0B77B2C5D7DA'),('A11A60B4A075515AB09134B914D6E7FF','A123AADA8F737D53EA9B74DA8E118F4C'),('A11A60B4A075515AB09134B914D6E7FF','0D431614D4D306DC655FD503CC2C9475'),('AC2E04794F49FC6DF05F6B78BA8CC4DB','CD4003E875B7CD31F7D474F367504BFA'),('A11A60B4A075515AB09134B914D6E7FF','208FC72EED62175AC48816785464F595'),('A11A60B4A075515AB09134B914D6E7FF','00AD8317A5FC80F9F32E8A5F801C93C0'),('A11A60B4A075515AB09134B914D6E7FF','1E3982BAAE3459417B9AB6EBC85CAF11'),('A11A60B4A075515AB09134B914D6E7FF','3DB07C1C79EE6E94E93278CA0D1E4DF1'),('A11A60B4A075515AB09134B914D6E7FF','A9182AC758E47A58415188DE1E352FE5'),('AC2E04794F49FC6DF05F6B78BA8CC4DB','A9182AC758E47A58415188DE1E352FE5'),('1','A9182AC758E47A58415188DE1E352FE5'),('1','2FE80A4084C9D42A62CE68F2D12DEE46');

--
-- Table structure for table `tm_ruleprize`
--

CREATE TABLE `tm_ruleprize` (
  `rule_id` int(10) NOT NULL AUTO_INCREMENT COMMENT '规则id',
  `rule_content` text CHARACTER SET utf8 COMMENT '活动规则内容',
  `rule_title` varchar(255) CHARACTER SET utf8 DEFAULT NULL COMMENT '规则介绍',
  `rule_news` varchar(255) CHARACTER SET utf8 DEFAULT NULL COMMENT '知识竞答内容',
  `rule_style` varchar(255) CHARACTER SET utf8 DEFAULT NULL COMMENT '活动方式',
  `rule_answer` varchar(255) CHARACTER SET utf8 DEFAULT NULL COMMENT '答题方式',
  `rule_prize` varchar(255) CHARACTER SET utf8 DEFAULT NULL COMMENT '奖品兑换方式',
  `rule_rules` varchar(255) CHARACTER SET utf8 DEFAULT NULL COMMENT '注意事项',
  `rule_start` int(10) DEFAULT NULL COMMENT '活动开始时间',
  `rule_end` int(10) DEFAULT NULL COMMENT '活动结束',
  PRIMARY KEY (`rule_id`)
) ENGINE=InnoDB AUTO_INCREMENT=2 DEFAULT CHARSET=latin1;

--
-- Dumping data for table `tm_ruleprize`
--

INSERT INTO `tm_ruleprize` VALUES (1,'活动规则内容：11122\n3422','活动介绍：11134222','知识竞答内容1143222','活动方式113422','答题方式：11134222','奖品兑换方式：113422','注意事项：34\n111222',1519660800,1522425600);

--
-- Table structure for table `tm_site`
--

CREATE TABLE `tm_site` (
  `site_id` int(10) unsigned NOT NULL AUTO_INCREMENT COMMENT '站点id',
  `site_code` varchar(64) NOT NULL COMMENT '站点代码',
  `site_name` varchar(128) NOT NULL COMMENT '站点名称',
  `site_alias` varchar(128) DEFAULT NULL COMMENT '站点别名(或英文名)',
  `site_url` varchar(128) DEFAULT NULL COMMENT '站点url地址',
  `site_intro` varchar(128) DEFAULT NULL COMMENT '站点描述',
  `index_template_id` varchar(32) DEFAULT NULL COMMENT '首页模板ID',
  `add_user` varchar(64) NOT NULL COMMENT '添加站点的用户名称',
  `add_time` int(10) unsigned NOT NULL COMMENT '添加站点日期',
  `modify_user` varchar(64) DEFAULT NULL COMMENT '修改站点的用户名称',
  `modify_time` int(10) unsigned DEFAULT NULL COMMENT '修改站点的日期',
  `img_upload_address` varchar(128) DEFAULT NULL COMMENT '图片服务器上传地址',
  `img_access_url` varchar(128) DEFAULT NULL COMMENT '图片服务器域名',
  `static_web_upload_address` varchar(128) DEFAULT NULL COMMENT '静态网页服务器上传地址',
  `static_web_access_url` varchar(128) DEFAULT NULL COMMENT '静态网页域名',
  `cdn_upload_address` varchar(128) DEFAULT NULL COMMENT 'CDN视频上传地址',
  `cdn_access_url` varchar(128) DEFAULT NULL COMMENT 'CDN视频访问域名',
  `local_storage_path` varchar(128) DEFAULT NULL COMMENT '站点页面静态存储地址',
  `is_auto_published` tinyint(1) unsigned DEFAULT '0' COMMENT '是否自动发布（0表示否，1表示是）',
  `is_auto_approval` tinyint(1) unsigned DEFAULT '1' COMMENT '是否需要审核（0表示否，1表示是）',
  `is_work` tinyint(1) unsigned DEFAULT '0' COMMENT '是否启用（0表示否，1表示是）',
  PRIMARY KEY (`site_id`)
) ENGINE=InnoDB AUTO_INCREMENT=2 DEFAULT CHARSET=utf8;

--
-- Dumping data for table `tm_site`
--

INSERT INTO `tm_site` VALUES (1,'00000000000000000000000000000000','初始化站点',NULL,NULL,'初始化站点',NULL,'admin',1514954967,'admin',1514959188,NULL,NULL,NULL,NULL,NULL,NULL,NULL,0,1,1);

--
-- Table structure for table `tm_start_adv`
--

CREATE TABLE `tm_start_adv` (
  `id` int(8) unsigned NOT NULL AUTO_INCREMENT COMMENT '主键',
  `app_start_image` varchar(255) DEFAULT NULL COMMENT '图片链接大',
  `url` varchar(255) DEFAULT NULL COMMENT '跳转链接',
  `sort` int(8) DEFAULT NULL COMMENT '排序',
  `status` int(1) DEFAULT '1' COMMENT '0不显示1显示',
  `form` int(1) DEFAULT '0' COMMENT '类型 0为非原生 1为原生',
  `ios_info` varchar(255) DEFAULT NULL COMMENT 'ios跳转信息',
  `android_info` varchar(255) DEFAULT NULL COMMENT 'android跳转信息',
  `unit_id` int(8) DEFAULT NULL COMMENT '组件id',
  `unit_name` varchar(255) DEFAULT NULL COMMENT '组件名称',
  `add_time` bigint(11) DEFAULT NULL COMMENT '新增时间',
  `update_time` bigint(11) DEFAULT NULL COMMENT '更新时间',
  `show_duration` int(11) DEFAULT '3' COMMENT '显示时长',
  `start_time` bigint(11) DEFAULT '0' COMMENT '启用时间',
  `app_start_image_m` varchar(255) DEFAULT NULL COMMENT '图片链接中',
  `app_start_image_s` varchar(255) DEFAULT NULL COMMENT '图片链接小',
  PRIMARY KEY (`id`) USING BTREE
) ENGINE=MyISAM DEFAULT CHARSET=utf8 ROW_FORMAT=DYNAMIC;

--
-- Dumping data for table `tm_start_adv`
--


--
-- Table structure for table `tm_system_article`
--

CREATE TABLE `tm_system_article` (
  `id` int(10) unsigned NOT NULL AUTO_INCREMENT COMMENT '文章id',
  `article` varchar(255) DEFAULT NULL COMMENT '名称',
  `content` mediumtext COMMENT '内容',
  `update_time` bigint(11) DEFAULT NULL COMMENT '更新时间',
  `add_time` bigint(11) DEFAULT NULL COMMENT '添加时间',
  PRIMARY KEY (`id`) USING BTREE
) ENGINE=MyISAM AUTO_INCREMENT=5 DEFAULT CHARSET=utf8 ROW_FORMAT=DYNAMIC;

--
-- Dumping data for table `tm_system_article`
--

INSERT INTO `tm_system_article` VALUES (1,'免责申明','<p>123321</p>',1534906369,1534409002),(2,'隐私协议','<p>45645123321</p>',1534906369,1534409002),(3,'关于我们','<p>45645123321</p>',1534906369,1534409002),(4,'1','积分规则',1539757706,NULL);

--
-- Table structure for table `tm_user`
--

CREATE TABLE `tm_user` (
  `user_id` int(10) unsigned NOT NULL AUTO_INCREMENT COMMENT '用户ID',
  `user_code` varchar(64) NOT NULL COMMENT '用户代码',
  `user_name` varchar(64) NOT NULL COMMENT '用户名称',
  `real_name` varchar(64) DEFAULT NULL COMMENT '用户真实姓名',
  `password` varchar(32) NOT NULL COMMENT '密码',
  `branch_id` int(10) unsigned NOT NULL COMMENT '分支机构ID',
  `is_branch_admin` tinyint(1) unsigned NOT NULL DEFAULT '0' COMMENT '是或否分支机构管理员(0：普通用户，1：管理员)',
  `status` tinyint(1) unsigned NOT NULL DEFAULT '0' COMMENT '状态(0：正常，1：停用)',
  `email` varchar(64) DEFAULT NULL COMMENT '邮箱',
  `tel` varchar(32) DEFAULT NULL COMMENT '电话',
  `mobile` varchar(32) DEFAULT NULL COMMENT '手机',
  `access_key` varchar(128) DEFAULT NULL COMMENT '访问key',
  `access_key_create_time` int(10) unsigned DEFAULT NULL COMMENT '访问key创建时间',
  `secret_key` varchar(128) DEFAULT NULL COMMENT '安全key',
  `deleted` tinyint(1) unsigned DEFAULT '0' COMMENT '是否删除(0：未删除，1：已删除)',
  `create_time` int(10) unsigned NOT NULL COMMENT '创建时间',
  `head_pic` varchar(128) DEFAULT NULL COMMENT '头像',
  `extend` text COMMENT '扩展字段',
  `origin` varchar(40) DEFAULT NULL COMMENT '来源',
  PRIMARY KEY (`user_id`)
) ENGINE=InnoDB AUTO_INCREMENT=2 DEFAULT CHARSET=utf8;

--
-- Dumping data for table `tm_user`
--

INSERT INTO `tm_user` VALUES (1,'2FE80A4084C9D42A62CE68F2D12DEE46','admin','超管','14e1b600b1fd579f47433b88e8d85291',0,1,0,'1145209687@qq.com',NULL,NULL,'F38DFD968F0352B0F0D233A62BEACF35',1584410607,NULL,0,1584410586,'/uploads/default/20180515/c4d86ef4c589701e41760a07ecbfea10.jpg',NULL,NULL);

--
-- Table structure for table `tm_user_behavior_log`
--

CREATE TABLE `tm_user_behavior_log` (
  `id` int(11) NOT NULL AUTO_INCREMENT COMMENT '用户行为log',
  `content` varchar(255) DEFAULT NULL,
  `remarks` varchar(255) DEFAULT NULL,
  `create_time` int(11) DEFAULT NULL,
  `member_id` int(11) DEFAULT NULL COMMENT '会员id',
  PRIMARY KEY (`id`)
) ENGINE=InnoDB DEFAULT CHARSET=utf8;

--
-- Dumping data for table `tm_user_behavior_log`
--


--
-- Table structure for table `tm_user_log`
--

CREATE TABLE `tm_user_log` (
  `log_id` int(10) unsigned NOT NULL AUTO_INCREMENT COMMENT '日志ID',
  `user_code` varchar(64) NOT NULL COMMENT '用户代码',
  `ip` varchar(32) NOT NULL COMMENT 'IP地址',
  `log_type` varchar(32) NOT NULL COMMENT '登陆类型（''login'',''logout'',''delete'',''add'',''modify''）',
  `log_message` text NOT NULL COMMENT '登陆信息',
  `log_time` int(10) unsigned NOT NULL COMMENT '日志记录时间',
  PRIMARY KEY (`log_id`)
) ENGINE=InnoDB AUTO_INCREMENT=2 DEFAULT CHARSET=utf8;

--
-- Dumping data for table `tm_user_log`
--

INSERT INTO `tm_user_log` VALUES (1,'2FE80A4084C9D42A62CE68F2D12DEE46','115.193.163.206','GET','system\\portal\\getportalcheckauthority',1584410607);

--
-- Table structure for table `ya02wmsj_cecoe_activity`
--

CREATE TABLE `ya02wmsj_cecoe_activity` (
  `id` int(10) unsigned NOT NULL AUTO_INCREMENT COMMENT '表ID',
  `node_id` mediumint(8) NOT NULL DEFAULT '0' COMMENT '栏目id',
  `name` varchar(101) NOT NULL DEFAULT '' COMMENT '活动名称',
  `content` mediumtext COMMENT '活动描述',
  `start_time` timestamp NOT NULL DEFAULT '0000-00-00 00:00:00' COMMENT '活动开始时间',
  `end_time` timestamp NOT NULL DEFAULT '0000-00-00 00:00:00' COMMENT '活动结束时间',
  `sign_start_time` timestamp NOT NULL DEFAULT '0000-00-00 00:00:00' COMMENT '报名开始时间',
  `sign_end_time` timestamp NOT NULL DEFAULT '0000-00-00 00:00:00' COMMENT '报名结束时间',
  `man_id` char(32) NOT NULL DEFAULT '' COMMENT '活动发起人 关联user表uuid',
  `form_id` tinyint(3) unsigned NOT NULL DEFAULT '0' COMMENT '活动展现形式  关联activity_form表ID',
  `theme_id` tinyint(3) NOT NULL DEFAULT '0' COMMENT '活动主题，关联ya02wmsj_cecoe_activity_theme表id',
  `ctime` datetime NOT NULL DEFAULT '1970-01-01 00:00:00' COMMENT '活动创建时间',
  `status` tinyint(3) unsigned NOT NULL DEFAULT '0' COMMENT '活动状态  0-进行中  1-取消  2-截止',
  `need_sign` enum('n','y') NOT NULL DEFAULT 'n' COMMENT '活动是否需要公众用户报名',
  `node_source` enum('county','town','village') DEFAULT 'county' COMMENT '当前栏目所属区域层级',
  `icon_path` varchar(302) NOT NULL DEFAULT '' COMMENT '图片存储路径集合，多个以逗号隔开',
  `sort` int(10) unsigned NOT NULL DEFAULT '99' COMMENT '文章排序',
  `top_status` enum('n','y') NOT NULL DEFAULT 'n' COMMENT '是否推荐首页',
  `top_icon` varchar(201) NOT NULL DEFAULT '' COMMENT '推荐图片',
  `type` enum('online','offline','order') DEFAULT 'online' COMMENT '活动类型 online-线上  offline-线下',
  `source` char(9) NOT NULL DEFAULT 'SOURCE001' COMMENT '来源 关联activity_source 表code字段',
  `pstatus` char(9) NOT NULL DEFAULT 'STATUS001' COMMENT '状态,关联activity_status 表code字段',
  `hosts` enum('volunteer','practice') DEFAULT 'volunteer' COMMENT '主办方,volunteer-志愿组织, practice-实践组织',
  `category_id` int(10) unsigned NOT NULL DEFAULT '0' COMMENT '志愿者服务分类id,关联volunteer_catogory表id',
  `region_code` char(13) NOT NULL DEFAULT '' COMMENT '区域编码，关联region表code',
  `sign_num` smallint(5) unsigned NOT NULL DEFAULT '0' COMMENT '招募志愿者人数',
  `reject_reason` varchar(201) NOT NULL DEFAULT '' COMMENT '驳回说明',
  `next_handler` char(32) NOT NULL DEFAULT '' COMMENT '上一步实际处理人',
  `item_id` int(10) unsigned NOT NULL COMMENT '事项ID, 关联item表ID',
  `item_version` varchar(15) NOT NULL COMMENT '事件流程版本',
  `cur_handler` varchar(330) NOT NULL COMMENT '当前系统处理人ID,多个以逗号隔开，最多10人',
  `next_handle_time` timestamp NOT NULL DEFAULT CURRENT_TIMESTAMP COMMENT '上一步处理时间',
  `jointid` smallint(5) unsigned NOT NULL DEFAULT '0' COMMENT '当前联审的ID,对应item_process表的isjoint字段',
  `address` varchar(255) NOT NULL DEFAULT '' COMMENT '活动开展地点',
  PRIMARY KEY (`id`)
) ENGINE=InnoDB AUTO_INCREMENT=208 DEFAULT CHARSET=utf8 COMMENT='活动表';

--
-- Dumping data for table `ya02wmsj_cecoe_activity`
--

INSERT INTO `ya02wmsj_cecoe_activity` VALUES (4,0,'【点单服务】送书法活动 活动招募 （活动区域：临海市）','','2019-08-19 08:00:00','2019-08-24 08:00:00','2019-08-19 08:00:00','2019-08-20 08:00:00','4d92a971360243b0bab91e2ffc6740e3',0,0,'2019-08-20 11:36:14',0,'n','county','',99,'n','','order','SOURCE005','STATUS009','volunteer',23,'331082000000',0,'','3156ba15ac6342e58b71ead1000098dd',17,'','3156ba15ac6342e58b71ead1000098dd','2019-08-20 17:07:27',0,''),(5,35,'线下活动，市级','线下活动，市级','2019-08-19 08:00:00','2019-08-21 08:00:00','2019-08-19 08:00:00','2019-08-20 08:00:00','4d92a971360243b0bab91e2ffc6740e3',0,0,'2019-08-20 16:54:17',0,'n','county','',99,'n','','offline','SOURCE004','STATUS009','volunteer',17,'331082000000',0,'','ee721ad121cb45d185d1c72f3c905964',17,'','ee721ad121cb45d185d1c72f3c905964','2019-08-20 17:12:49',0,''),(6,35,'线下活动，镇级','线下活动，镇级','2019-08-19 08:00:00','2019-08-21 08:00:00','2019-08-19 08:00:00','2019-08-20 08:00:00','4d92a971360243b0bab91e2ffc6740e3',0,0,'2019-08-20 16:59:12',0,'n','town','',99,'n','','offline','SOURCE004','STATUS009','volunteer',17,'331082001000',0,'','ee721ad121cb45d185d1c72f3c905964',17,'','ee721ad121cb45d185d1c72f3c905964','2019-08-20 17:11:05',0,''),(7,35,'线下活动，村级','线下活动，村级','2019-08-19 08:00:00','2019-08-21 08:00:00','2019-08-19 08:00:00','2019-08-20 08:00:00','4d92a971360243b0bab91e2ffc6740e3',0,0,'2019-08-20 16:59:50',0,'n','village','',99,'n','','offline','SOURCE004','STATUS009','volunteer',17,'331082001001',0,'','ee721ad121cb45d185d1c72f3c905964',17,'','ee721ad121cb45d185d1c72f3c905964','2019-08-20 17:08:22',0,''),(10,32,'小芝镇 “寻找最美商户”共筑文明示范街','“阿姨，请看，这是我们寻找最美商户的宣传单，只要你们保持店面环境整洁，就有机会拿1000元奖金。”近日，在小芝镇虎山路沿线，一群身披绶带的小朋友格外引人注目，他们正同镇团员、小芝村党员一起，沿着虎山路挨家挨户送倡议书，幼稚可爱的童声深深感染了沿线的商户。<p align=\"justify\" style=\"margin-top: 1em; margin-bottom: 1em; color: rgb(102, 102, 102); line-height: 30px; font-family: 宋体;\">据了解，为配合虎山路文明示范街建设，小芝镇团委发动团员、少先队员在小芝村党员活动日当天开展“寻找最美商户”倡议宣传活动，共发出倡议书200余份，接受现场报名30余家商户。第一季活动时间从4月1日到6月30日，将评选出3家最美商户，2家进步商户。对最美商户每家奖励1000元并授“最美商户”奖牌，对进步商户每家奖励800元，凡获奖单位将优先得到政府、部门单位采购优先权。下阶段该镇团委还将不定期组织团员青年对沿线报名商户进行巡查打分，将此纳入评比活动的打分环节。</p><p align=\"justify\" style=\"margin-top: 1em; margin-bottom: 1em; color: rgb(102, 102, 102); line-height: 30px; font-family: 宋体;\">小芝镇党委副书记、镇长冯震宇告诉，此次镇团委牵头发起“寻找最美商户”活动，我们希望通过这样的活动有效推进虎山路长效整治，通过树立典型，用榜样的力量带动后进商户，共同营造村民良好的生活环境。</p>','2019-08-20 08:00:00','2019-08-22 08:00:00','0000-00-00 00:00:00','0000-00-00 00:00:00','4d92a971360243b0bab91e2ffc6740e3',4,0,'2019-08-21 14:34:55',0,'n','county','',99,'n','','online','SOURCE004','STATUS003','volunteer',0,'331082000000',0,'','',9,'','62c9bd98cf2d473d8a6e6e151fc4fd63','2019-08-20 22:34:55',0,''),(11,32,'“临海人民，真棒！”','<p><br></p><p>为期4天的第六届中国（临海）户外家具及庭院休闲用品展览会日前顺利结束。据介绍，今年总计有德国、美国、英国等53个国家和地区的310位外商前来观展，签订境外意向订单974.28万美元，观展人数4.3万多，参展外商人数和订单及观展人数均创历史新高。</p><p><p><center><img src=\"\" alt=\"\" /></center></p> </p><p align=\"justify\" style=\"margin-top: 1em; margin-bottom: 1em; color: rgb(102, 102, 102); line-height: 30px; font-family: 宋体;\">除了可观的数据，今年的展览会还发生了温暖的一幕，让前来参会的采购商和参展商在临海留下了一段难忘的记忆。这事说来不大，但对当事人来说，却相当重要。</p><p align=\"justify\" style=\"margin-top: 1em; margin-bottom: 1em; color: rgb(102, 102, 102); line-height: 30px; font-family: 宋体;\">10月28日，展览会开幕当天上午10时多，组委会保安处收到了一个群众捡来的钱包。钱包里有一张身份证、两张动车票、银行卡和180元左右的现金。保安处随即将钱包上交给了组委会。</p><p><p><center><img src=\"\" alt=\"\" /></center></p> </p><p align=\"justify\" style=\"margin-top: 1em; margin-bottom: 1em; color: rgb(102, 102, 102); line-height: 30px; font-family: 宋体;\">“为了尽快找到失主，我们用现场广播告知了好几次。可能是大家都忙着参展和采购，没听到。”组委会负责人、市商务局会展管理办公室主任朱若金说，这只钱包组委会一直保留到当晚7时，见还没有人来认领，他们准备第二日去派出所，通过钱包里的身份证信息寻找失主。</p><p align=\"justify\" style=\"margin-top: 1em; margin-bottom: 1em; color: rgb(102, 102, 102); line-height: 30px; font-family: 宋体;\">说来也巧，正当大家想好找人对策时，朱若金的电话声响起。原来，失主发现自己钱包丢失后，吃晚饭时和相熟的商务局工作人员提起了此事，他原本不太抱希望，没想到还能失而复得。</p><p align=\"justify\" style=\"margin-top: 1em; margin-bottom: 1em; color: rgb(102, 102, 102); line-height: 30px; font-family: 宋体;\">“哎呀，太谢谢了！临海人民素质真高！”钱包的主人李先生来自北京，是京东的一位采购商。因为工作原因，他经常奔赴全国各地的展览会。李先生说，虽然钱包里的钱不多，但是有身份证和银行卡，一旦丢失，出差在外补办起来非常麻烦，而且还可能耽误接下来的行程。</p><p align=\"justify\" style=\"margin-top: 1em; margin-bottom: 1em; color: rgb(102, 102, 102); line-height: 30px; font-family: 宋体;\">自己钱包失而复得，李先生对临海人民衷心地表示感谢，并竖起了大拇指。</p><p><p><center><img src=\"\" alt=\"\" /></center></p> </p><p align=\"justify\" style=\"margin-top: 1em; margin-bottom: 1em; color: rgb(102, 102, 102); line-height: 30px; font-family: 宋体;\">无独有偶，展览会闭幕式当日，类似场景再次上演。这一回，丢失东西的是一位来自上虞的参展商。当日下午6时许，参展商撤展后，组委会保安按例对各个展位进行检查。在一位参展商摊位上，保安发现了一只塑料收纳盒，里面有一只女式包、一件衣服和一个车钥匙，包里还有200多元现金和几张银行卡。</p><p align=\"justify\" style=\"margin-top: 1em; margin-bottom: 1em; color: rgb(102, 102, 102); line-height: 30px; font-family: 宋体;\">为了找回失主，工作人员按着摊位号查询联系方式。结果，电话还未拨通，失主何方雨女士急匆匆地赶了回来。5点撤展离开，过了一个多小时，她很担心收纳盒里的东西会被人捡走。尤其是车钥匙，若是丢了，补办要花一笔钱不说，车子没法开自己就寸步难行。好在，是自己多虑了。</p><p align=\"justify\" style=\"margin-top: 1em; margin-bottom: 1em; color: rgb(102, 102, 102); line-height: 30px; font-family: 宋体;\">“真是太谢谢你们了，临海真好。这一次参展很成功，也很难忘！”何女士说。</p><p align=\"justify\" style=\"margin-top: 1em; margin-bottom: 1em; color: rgb(102, 102, 102); line-height: 30px; font-family: 宋体;\">两个小插曲，温暖了两位客商，也闪耀出临海这座城市的文明光辉。两位失主希望借助本报，对拾金不昧和路不拾遗的临海人民说一声：“你们真棒！”</p>','2019-08-20 08:00:00','2019-08-30 08:00:00','0000-00-00 00:00:00','0000-00-00 00:00:00','4d92a971360243b0bab91e2ffc6740e3',4,0,'2019-08-21 16:14:29',0,'n','county','',99,'n','','online','SOURCE004','STATUS003','volunteer',0,'331082000000',0,'','',9,'','62c9bd98cf2d473d8a6e6e151fc4fd63','2019-08-21 00:14:29',0,''),(15,35,'线下活动，测试办结','测试','2019-08-22 08:00:00','2019-08-24 08:00:00','2019-08-22 08:00:00','2019-08-24 08:00:00','4d92a971360243b0bab91e2ffc6740e3',0,0,'2019-08-23 08:50:36',0,'n','county','',99,'n','','offline','SOURCE004','STATUS007','volunteer',17,'331082000000',0,'','',17,'','953c125269ab4693bf48a944d8705b77','2019-08-22 16:50:36',0,''),(16,35,'线下活动，测试区域码','类别下服务活动','2019-08-25 08:00:00','2019-08-26 08:00:00','2019-08-25 08:00:00','2019-08-27 08:00:00','4d92a971360243b0bab91e2ffc6740e3',0,0,'2019-08-27 18:28:00',0,'n','county','',99,'n','','offline','SOURCE004','STATUS007','volunteer',17,'331082000000',0,'','',17,'','953c125269ab4693bf48a944d8705b77','2019-08-27 02:28:00',0,''),(19,35,'测试','测试','2019-09-01 08:00:00','2019-09-02 08:00:00','2019-09-01 08:00:00','2019-09-02 08:00:00','4d92a971360243b0bab91e2ffc6740e3',0,0,'2019-09-02 17:17:32',0,'n','county','',99,'n','','offline','SOURCE004','STATUS007','volunteer',17,'331082000000',0,'','',17,'','953c125269ab4693bf48a944d8705b77','2019-09-02 01:17:32',0,''),(22,0,'【点单服务】送书法活动 活动招募 （活动区域：括苍镇）','','2019-12-27 08:00:00','2019-12-27 08:00:00','2019-12-27 08:00:00','2019-12-27 08:00:00','4d92a971360243b0bab91e2ffc6740e3',0,0,'2019-12-28 16:34:51',0,'n','town','',99,'n','','order','SOURCE005','STATUS007','volunteer',23,'331082107000',0,'','',17,'','bd949488301b4bceb7e6750d6c2dc5df','2019-12-28 00:34:51',0,''),(24,32,'共享单车是否影响城市美观？','你觉得目前大街小巷的共享单车车是否影响临海市的城市美观？','2020-03-01 08:00:00','2020-03-22 08:00:00','0000-00-00 00:00:00','0000-00-00 00:00:00','4d92a971360243b0bab91e2ffc6740e3',4,1,'2020-03-03 15:11:30',0,'n','county','/uploads/ya02wmsj_cecoe/pic/20200303/1583219476_346183369.jpg',99,'y','','online','SOURCE004','STATUS003','volunteer',0,'331082000000',0,'','',9,'','62c9bd98cf2d473d8a6e6e151fc4fd63','2020-03-02 23:11:30',0,''),(25,32,'裕隆优秀员工评选','<p>2019已经过去了，感谢各位同事的共同努力！</p><p>即将评选2019年优秀员工，你觉得谁是2019年最优秀的员工！</p>','2020-03-03 08:00:00','2020-03-20 08:00:00','0000-00-00 00:00:00','0000-00-00 00:00:00','4d92a971360243b0bab91e2ffc6740e3',1,2,'2020-03-03 15:17:37',0,'n','county','/uploads/ya02wmsj_cecoe/pic/20200303/1583219731_198273839.jpg',99,'y','','online','SOURCE004','STATUS003','volunteer',0,'331082000000',0,'','',9,'','62c9bd98cf2d473d8a6e6e151fc4fd63','2020-03-02 23:17:37',0,''),(39,32,'第二届“临海市十大杰出青年”评选开始了！快来投票吧! ','<p style=\"border: 0px; margin-top: 0.63em; margin-bottom: 1.8em; font-size: 16px; counter-reset: list-1 0 list-2 0 list-3 0 list-4 0 list-5 0 list-6 0 list-7 0 list-8 0 list-9 0; color: rgb(25, 25, 25); font-family: \"PingFang SC\", Arial, 微软雅黑, 宋体, simsun, sans-serif; background-color: rgb(255, 255, 255);\">第二届“临海市十大杰出青年”评选活动</p><p style=\"border: 0px; margin-top: 0.63em; margin-bottom: 1.8em; font-size: 16px; counter-reset: list-1 0 list-2 0 list-3 0 list-4 0 list-5 0 list-6 0 list-7 0 list-8 0 list-9 0; color: rgb(25, 25, 25); font-family: \"PingFang SC\", Arial, 微软雅黑, 宋体, simsun, sans-serif; background-color: rgb(255, 255, 255);\">本次评选采用现场专家评委、大众评委无记名投票，和“临海青年”微信公众号网上投票的方式，根据投票结果按照权重决定第二届“临海市十大杰出青年”人选。</p>','2020-03-17 16:00:00','2020-04-29 16:00:00','0000-00-00 00:00:00','0000-00-00 00:00:00','4d92a971360243b0bab91e2ffc6740e3',1,2,'2020-03-19 14:34:36',0,'n','county','/uploads/ya02wmsj_cecoe/pic/20200319/b07da75486791755bb6f2b0ae9fbaac9.jpeg',99,'n','','online','SOURCE004','STATUS003','volunteer',0,'331082000000',0,'','',9,'','62c9bd98cf2d473d8a6e6e151fc4fd63','2020-03-19 06:34:36',0,''),(63,32,'元宵猜灯谜','一起来猜灯谜，一起开心一起玩','2020-03-23 16:00:00','2020-03-30 16:00:00','0000-00-00 00:00:00','0000-00-00 00:00:00','4d92a971360243b0bab91e2ffc6740e3',2,3,'2020-03-24 13:48:26',0,'n','county','',99,'n','','online','SOURCE004','STATUS003','volunteer',0,'331082000000',0,'','',9,'','62c9bd98cf2d473d8a6e6e151fc4fd63','2020-03-24 05:48:26',0,''),(67,32,'移风易俗大家赞活动','“移风易俗大家赞”网络文明传播活动','2020-03-27 16:00:00','2020-03-30 16:00:00','0000-00-00 00:00:00','0000-00-00 00:00:00','4d92a971360243b0bab91e2ffc6740e3',3,3,'2020-03-24 14:16:26',0,'y','county','',99,'n','','online','SOURCE004','STATUS003','volunteer',0,'331082000000',0,'','',9,'','f62b055d90d64875b26b2b6d39a59138,c1c0b56a155748a2b75fff29db091c81','2020-03-24 06:16:26',0,''),(68,32,'临海市模范集体年度评分','模范集体年度评分','2020-03-27 16:00:00','2020-03-29 16:00:00','0000-00-00 00:00:00','0000-00-00 00:00:00','4d92a971360243b0bab91e2ffc6740e3',6,6,'2020-03-24 14:20:13',0,'n','county','',99,'n','','online','SOURCE004','STATUS003','volunteer',0,'331082000000',0,'','',9,'','f62b055d90d64875b26b2b6d39a59138,c1c0b56a155748a2b75fff29db091c81','2020-03-24 06:20:13',0,''),(70,32,'aa','aa','2020-03-25 16:00:00','2020-03-25 16:00:00','0000-00-00 00:00:00','0000-00-00 00:00:00','aea302ff0a894b129266a5fcac2a3743',1,1,'2020-03-26 11:08:52',0,'n','town','',99,'n','','online','SOURCE002','STATUS001','volunteer',0,'331082001000',0,'','',9,'','f62b055d90d64875b26b2b6d39a59138,c1c0b56a155748a2b75fff29db091c81','2020-03-26 03:08:52',0,''),(71,32,'评选最美临海古镇青年','本次评选聚集所有临海青年，你愿意来参加吗？','2020-04-09 16:00:00','2020-05-15 16:00:00','0000-00-00 00:00:00','0000-00-00 00:00:00','4d92a971360243b0bab91e2ffc6740e3',1,2,'2020-03-31 15:49:12',0,'n','village','',99,'n','','online','SOURCE004','STATUS003','volunteer',0,'331082001001',0,'','f62b055d90d64875b26b2b6d39a59138',9,'','f62b055d90d64875b26b2b6d39a59138','2020-03-31 07:52:09',0,''),(77,32,'时代新人','<p style=\"text-indent:31.5pt;mso-char-indent-count:1.96;line-height:30.0pt;mso-line-height-rule:exactly\">胡灵华，最美好司机，台运大客驾驶员，男，1966年1月出生，党员。省交通厅“最美好司机”；市总工会“最美驾驶员”。参加工作以来已累计安全驾驶近300万公里。坚持安全第一的宗旨，在平凡的岗位上练就一身硬本领。工作中，严格遵守公司的规章制度，勤勤恳恳，任劳任怨，对待旅客热情真诚。</p>','2020-03-18 16:00:00','2020-03-19 16:00:00','0000-00-00 00:00:00','0000-00-00 00:00:00','4d92a971360243b0bab91e2ffc6740e3',6,2,'2020-04-07 08:36:36',2,'n','county','/uploads/ya02wmsj_cecoe/pic/20200407/6364eea89929800510a5562faa46eb92.jpg',99,'n','','online','SOURCE004','STATUS003','volunteer',0,'331082000000',0,'','',9,'','f62b055d90d64875b26b2b6d39a59138,c1c0b56a155748a2b75fff29db091c81','2020-04-07 00:36:36',0,''),(78,32,'时代新人','<p style=\"text-indent:32.15pt;mso-char-indent-count:2.0;line-height:30.0pt;mso-line-height-rule:exactly\">林瑞蔡，最美教师，浙江省台州中学副校长，男，1975年12月生。九三学社，浙江省正高级教师，省特级教师，浙江省师德模范，4次获全国高中化学竞赛园丁奖，浙江省新课程教学能力比赛一等奖。编写教材13本，主持课题10多项。2019年被评为临海市最美教师。</p>','2020-03-18 16:00:00','2020-03-19 16:00:00','0000-00-00 00:00:00','0000-00-00 00:00:00','4d92a971360243b0bab91e2ffc6740e3',6,2,'2020-04-07 08:37:22',2,'n','county','/uploads/ya02wmsj_cecoe/pic/20200407/f48da2b69b703f465adad5692779a24f.jpg',99,'n','','online','SOURCE004','STATUS003','volunteer',0,'331082000000',0,'','',9,'','f62b055d90d64875b26b2b6d39a59138,c1c0b56a155748a2b75fff29db091c81','2020-04-07 00:37:22',0,''),(79,32,'时代新人','尤凡，最美教师，男，1990年12月出生，杜桥中学教务处副主任。党员。2019年“台州市优秀教师”；2019年临海市首届“教师楷模”；三次获得浙江省生物竞赛“优秀指导教师”；2017年临海市“优秀党员”；2017年临海市教学大比武一等奖，“临海市教学能手”；2016年“临海市师德标兵”；担任杜中创新班15班的班主任，全身心扑在学生身上。通过三年的精准管理，尤凡带领高三15班在2019年浙江高考中喜获佳绩，全班41人中有23人考上重点大学，本科率则达到100%，取得了杜桥中学近十几年高考的历史性突破。','2020-03-18 16:00:00','2020-03-19 16:00:00','0000-00-00 00:00:00','0000-00-00 00:00:00','4d92a971360243b0bab91e2ffc6740e3',6,2,'2020-04-07 08:38:43',0,'n','county','/uploads/ya02wmsj_cecoe/pic/20200407/cb14373d87997973add600942615c3ba.jpg',99,'n','','online','SOURCE004','STATUS003','volunteer',0,'331082000000',0,'','',9,'','f62b055d90d64875b26b2b6d39a59138,c1c0b56a155748a2b75fff29db091c81','2020-04-07 00:38:43',0,''),(80,32,'最美环卫人','<p style=\"text-indent:31.5pt;mso-char-indent-count:1.96;line-height:30.0pt;mso-line-height-rule:exactly\">朱燕平，市行政执法局推荐。临海市市容环境卫生服务中心。女，1976年9月。台州市环卫管理优秀工作者、临海市城管执法系统先进个人。在全国文明城市创建、国卫复审、“五A”创建、“利奇马”台风灾后清理等重点工作中，扎根一线，辛勤工作，任劳任怨，圆满完成各项清理与保洁任务，成效明显。</p>','2020-03-18 16:00:00','2020-03-19 16:00:00','0000-00-00 00:00:00','0000-00-00 00:00:00','4d92a971360243b0bab91e2ffc6740e3',6,2,'2020-04-07 08:39:47',2,'n','county','/uploads/ya02wmsj_cecoe/pic/20200407/21d070b3dde125e7370022f7ca21312a.jpg',99,'n','','online','SOURCE004','STATUS003','volunteer',0,'331082000000',0,'','',9,'','f62b055d90d64875b26b2b6d39a59138,c1c0b56a155748a2b75fff29db091c81','2020-04-07 00:39:47',0,''),(81,32,'最美城管人','罗增益，市行政执法局推荐。临海市园林绿化养护事务中心机动组。男，1963年12月。党员。2015年临海市住房和城乡建设系统先进工作者；2016年临海市住房和城乡建设系统优秀党员；2017台州市绿化工作先进者。从事绿化工作多年，一直兢兢业业，任劳任怨，为城市绿化发展默默贡献。台风后，他奋不顾身冲锋在前，第一时间带领队员清除倒塌的树木，恢复交通。期间因为脚伤严重，旁边的人都劝他先休息，他毫不犹豫说道，“在最危急的时刻，困难再多也要克服，如果不赶快扶正街上倒伏树木，会影响抢险车辆、救护车辆通行，这点痛没什么问题”，他坚持带病上场，忍住脚伤，凭着一股顽强的拼搏精神，组织全队人，扶好树木之后再加固树木支撑、修剪树木。衣服都湿了三天没有换，一直投入在抢险救灾第一线。','2020-03-18 16:00:00','2020-03-19 16:00:00','0000-00-00 00:00:00','0000-00-00 00:00:00','4d92a971360243b0bab91e2ffc6740e3',6,2,'2020-04-07 08:40:58',2,'n','county','/uploads/ya02wmsj_cecoe/pic/20200407/ea923297d598b7f10c4c6b07501f947b.jpg',99,'n','','online','SOURCE004','STATUS003','volunteer',0,'331082000000',0,'','',9,'','f62b055d90d64875b26b2b6d39a59138,c1c0b56a155748a2b75fff29db091c81','2020-04-07 00:40:58',0,''),(82,32,'最美产业工人','王军，市总工会推荐。台州市桐坑茶业有限公司。男，1990年9月出生，党员。2019年首届全国评茶员职业技能竞赛台州赛区特等奖。2018年，主持研制临海区域品牌“盖竹道茶”红茶，获第十二届国际名茶评比获最高奖“佳茗大奖”。建立临海首个机械化示范基地，多次在全市机械化采茶现场会进行成果交流。2018年完成验收浙江省机械化采茶与制作团队项目。','2020-03-18 16:00:00','2020-03-19 16:00:00','0000-00-00 00:00:00','0000-00-00 00:00:00','4d92a971360243b0bab91e2ffc6740e3',6,2,'2020-04-07 08:42:02',2,'n','county','/uploads/ya02wmsj_cecoe/pic/20200407/a8842bf956e7bfc90a82a29f4f0da5fc.jpg',99,'n','','online','SOURCE004','STATUS003','volunteer',0,'331082000000',0,'','',9,'','f62b055d90d64875b26b2b6d39a59138,c1c0b56a155748a2b75fff29db091c81','2020-04-07 00:42:02',0,''),(83,32,'最美产业工人','<p style=\"text-indent:32.15pt;mso-char-indent-count:2.0;line-height:30.0pt;mso-line-height-rule:exactly\">吴红伟，市总工会推荐。浙江永强集团股份有限公司经理。男，1985年8月生。带领技术人员针对公司家具产品工艺进行摸索分析，由原纯手工完成的工艺流程，开发出椅子扶手自动化流水线，原多人操作的工序实现一人多机的生产作业，大大提高生产效率及降低员工劳动强度。荣获临海市第二届职工优秀技术创新成果三等奖。2018年，成立临海技能大师工作室创新工作室，在休闲伞撑展检测试验装置项目荣获发明创造，荣获4项实用新型。通过每年不断培养各技能人员，为公司技能输入新鲜血液及理念，提高一线生产员技能水平。</p>','2020-03-18 16:00:00','2020-03-19 16:00:00','0000-00-00 00:00:00','0000-00-00 00:00:00','4d92a971360243b0bab91e2ffc6740e3',6,2,'2020-04-07 08:42:56',2,'n','county','/uploads/ya02wmsj_cecoe/pic/20200407/a923428cbbb4c4e89eb05c18a601fa5b.jpg',99,'n','','online','SOURCE004','STATUS003','volunteer',0,'331082000000',0,'','',9,'','f62b055d90d64875b26b2b6d39a59138,c1c0b56a155748a2b75fff29db091c81','2020-04-07 00:42:56',0,''),(84,32,'最美医生','金崇田，市卫健局推荐。市第二人民医院普外二科主任。男，1966年5月。2018年获得临海市卫健局先进工作者，临海市道德模范（敬岗爱业）提名奖。主任医师，首届临海市优秀医师，农工党市二医院支部主任，从事普外科工作35年。潜心钻研业务，不断开展新技术，在甲状腺、乳腺、直肠肿瘤，腹外疝，下肢静脉曲张等开展的手术5次获得医院新技术二等奖，2次三等奖。平时注重理论学习及临床经验的积累，申请了两项台州市级课题，撰写论文20余篇发表在省或国家级专业期刊。','2020-03-18 16:00:00','2020-03-19 16:00:00','0000-00-00 00:00:00','0000-00-00 00:00:00','4d92a971360243b0bab91e2ffc6740e3',6,2,'2020-04-07 08:44:14',2,'n','county','/uploads/ya02wmsj_cecoe/pic/20200407/446ee345ec678cd70abc57d027212cf3.jpg',99,'n','','online','SOURCE004','STATUS003','volunteer',0,'331082000000',0,'','',9,'','f62b055d90d64875b26b2b6d39a59138,c1c0b56a155748a2b75fff29db091c81','2020-04-07 00:44:14',0,''),(85,32,'最美医生','邵爱民，市卫健局推荐。男，市第一人民医院神经内科主任，1963年7月出生，党员。临海市第一届、第二届优秀医师、第三届名医师。2014年度市卫生局先进工作者，2016-2017年度中国卒中学会优秀红手环志愿者。2012-2015年作为分中心参与并顺利完成“十二五”国家科技支撑计划重大项目(脑血管病急性期诊疗技术规范化应用和医疗质量评价与持续改进技术研究)的分组研究。2015年成为中国卒中学会首批“卒中中心”授牌单位，被浙江省卫计委授予省县级龙头学科，2016年被台州市卫计委授予台州市支持（共建）医学重点学科。科室组建的红手环志愿者服务团被中国卒中学会授予2016年度优秀红手环志愿者服务团。每年义诊、健康讲座10余次。','2020-03-18 16:00:00','2020-03-19 16:00:00','0000-00-00 00:00:00','0000-00-00 00:00:00','4d92a971360243b0bab91e2ffc6740e3',6,2,'2020-04-07 08:45:13',2,'n','county','/uploads/ya02wmsj_cecoe/pic/20200407/1497812851a979aab9f83194ce665a57.png',99,'n','','online','SOURCE004','STATUS003','volunteer',0,'331082000000',0,'','',9,'','f62b055d90d64875b26b2b6d39a59138,c1c0b56a155748a2b75fff29db091c81','2020-04-07 00:45:13',0,''),(86,32,'最美少年','<p style=\"text-indent:32.15pt;mso-char-indent-count:2.0;line-height:30.0pt;mso-line-height-rule:exactly\">卢昊杰，团市委推荐。男，大田奋进小学，劳动委员。卢昊杰从小父母离异，父亲判刑坐牢，母亲远走他乡，由年迈的爷爷奶奶抚养。2015年3月，卢昊杰又不幸被查出患有骨癌。幸得社会各界人士的帮忙与关心，他保住了性命，却永远地失去了一条腿（截肢）。这样一个饱受病痛折磨和家庭双重打击的孩子，却没有放弃求学的欲望。只要身体稍好些，他就坚持到校上课，甚至在医院化疗期间也不忘学习，凭着这股学习劲儿，每一次期末考他都取得了不错的成绩，2018年被评为班级“达标三好学生”，2019年被评为台州市“新时代好少年”。</p>','2020-03-18 16:00:00','2020-03-19 16:00:00','0000-00-00 00:00:00','0000-00-00 00:00:00','4d92a971360243b0bab91e2ffc6740e3',6,2,'2020-04-07 08:46:11',2,'n','county','/uploads/ya02wmsj_cecoe/pic/20200407/ea06fce1ee870a5b65156183ec21fc4d.jpg',99,'n','','online','SOURCE004','STATUS003','volunteer',0,'331082000000',0,'','',9,'','f62b055d90d64875b26b2b6d39a59138,c1c0b56a155748a2b75fff29db091c81','2020-04-07 00:46:11',0,''),(87,32,'最美家庭','娄双丹，尤溪镇推荐。尤溪镇义城村女委员兼岭脚金网格员。女，1984年8月生。党员。2017年度临海市“最美家庭”、尤溪镇2017、2018年度优秀全科网格员；2018年度市级优秀专职网格员。常年志愿帮扶村民，积极参与村内的志愿公益事业。','2020-03-18 16:00:00','2020-03-19 16:00:00','0000-00-00 00:00:00','0000-00-00 00:00:00','4d92a971360243b0bab91e2ffc6740e3',6,2,'2020-04-07 08:47:26',2,'n','county','/uploads/ya02wmsj_cecoe/pic/20200407/d2d83cb748b1980a2b1afdafb468b6ee.jpg',99,'n','','online','SOURCE004','STATUS003','volunteer',0,'331082000000',0,'','',9,'','f62b055d90d64875b26b2b6d39a59138,c1c0b56a155748a2b75fff29db091c81','2020-04-07 00:47:26',0,''),(88,32,'最美家庭','卢桂芳，古城街道推荐。古城街道鹊墩社区，大田中心卫生院退休干部。女，1953年11月生，优秀共产党员、三八红旗手、古城街道五好文明家庭户。夫妻二人相敬如宾，与儿子儿媳相处融洽。2017年，卢桂芳儿媳因身患白血病需要化疗，卢桂芳一直耐心照顾，陪伴儿媳去医院，照顾儿媳的生活起居，一家人互相扶持，共度难关。','2020-03-18 16:00:00','2020-03-19 16:00:00','0000-00-00 00:00:00','0000-00-00 00:00:00','4d92a971360243b0bab91e2ffc6740e3',6,2,'2020-04-07 08:48:32',2,'n','county','/uploads/ya02wmsj_cecoe/pic/20200407/a38ceb05ad07c92cd6feccaeab01afe8.jpg',99,'n','','online','SOURCE004','STATUS003','volunteer',0,'331082000000',0,'','',9,'','f62b055d90d64875b26b2b6d39a59138,c1c0b56a155748a2b75fff29db091c81','2020-04-07 00:48:32',0,''),(89,32,'最美家庭','李中联，市妇联推荐。上盘镇海建村老党员，男，1958年出生，曾任村支部书记。三十多年来义务为村民修电灯、写春联，一有空就到村大队屋门口的黑板墙上写宣传板报、画图画，用一支粉笔宣传党的政策、家庭教育知识，教育村民要讲信、互助。李中联和妻子每晚必看的新闻联播，一有空就在家里看书阅报、学作画，妻子在旁边铺纸递水，夫妻和睦被邻里传为佳话。他时常勉励子女“活到老，学到老”，在良好的家风熏陶下，他女儿也热心公益事业，先后参加过宁夏贫困山区支教，参与组织台州首届传统文化公益论坛，创立台州论语一百公益读书会和凤兮耕读社，在台州市图书馆组织过上百场公益亲子诵读活动和10余场公益教育讲。2019年度获临海市“清廉家庭”。','2020-03-18 16:00:00','2020-03-19 16:00:00','0000-00-00 00:00:00','0000-00-00 00:00:00','4d92a971360243b0bab91e2ffc6740e3',6,2,'2020-04-07 08:49:44',2,'n','county','/uploads/ya02wmsj_cecoe/pic/20200407/52fd59aa7ea14fbd2c1c60fff49d421c.jpg',99,'n','','online','SOURCE004','STATUS003','volunteer',0,'331082000000',0,'','',9,'','f62b055d90d64875b26b2b6d39a59138,c1c0b56a155748a2b75fff29db091c81','2020-04-07 00:49:44',0,''),(90,32,'最美乡贤','金良水，市委统战部推荐，1951年12月生，杜桥乡贤会会长。谋划组建成立杜桥乡贤会以来，在全市乡贤招商引资、拓展联谊上取得新突破，一年来签约投资建设项目28个，金额达200多亿元。','2020-03-18 16:00:00','2020-03-19 16:00:00','0000-00-00 00:00:00','0000-00-00 00:00:00','4d92a971360243b0bab91e2ffc6740e3',6,2,'2020-04-07 08:50:44',2,'n','county','/uploads/ya02wmsj_cecoe/pic/20200407/cc786e7f96b7c4497742a8302acefdf7.png',99,'n','','online','SOURCE004','STATUS003','volunteer',0,'331082000000',0,'','',9,'','f62b055d90d64875b26b2b6d39a59138,c1c0b56a155748a2b75fff29db091c81','2020-04-07 00:50:44',0,''),(91,32,'最美乡贤','<p style=\"text-indent:32.15pt;mso-char-indent-count:2.0;line-height:30.0pt;mso-line-height-rule:exactly\">陈加月，市委统战部推荐。1973年10月生，大洋街道乡贤会执行会长。积极带头为大洋乡贤公益基金捐款20万元。大力支持并主动参与到乡贤助老、助困、助学等活动中。</p><p style=\"line-height:30.0pt;mso-line-height-rule:exactly\"></p><p></p>','2020-03-18 16:00:00','2020-03-19 16:00:00','0000-00-00 00:00:00','0000-00-00 00:00:00','4d92a971360243b0bab91e2ffc6740e3',6,2,'2020-04-07 08:52:24',2,'n','county','/uploads/ya02wmsj_cecoe/pic/20200407/8765268cc40b96469867dfe3c0d2585e.jpg',99,'n','','online','SOURCE004','STATUS003','volunteer',0,'331082000000',0,'','',9,'','f62b055d90d64875b26b2b6d39a59138,c1c0b56a155748a2b75fff29db091c81','2020-04-07 00:52:24',0,''),(92,32,'最美勇士','叶良辉，市公安局推荐。括苍镇人，男，1968年1月出生，受台风“利奇马”影响，括苍镇洪水泛滥积水严重，两个小姑娘被困瑞人堂药店一楼，水位已有半人高，叶良辉驾驶自购的冲锋舟，去到药店将二人救出。下午1时，括苍镇菜场卖面的李忠北和儿在菜场门口被湍急的水流冲走，幸而拉住了一户人家的铁栅栏，但双脚已够不到地面。叶良辉驾着冲锋舟，不顾个人安危，顶着湍急的水流，将李忠北父子二人救回。从上午9点一直到晚上21点，叶良辉进进出出连续救援了十几个小时，救了不下二十个人。事迹被《平安时报》《浙江法制报》报道。据了解，叶良辉在1997年11号台风来临时，他曾驾驶自制船只在镇上救出十余人。2004年云娜台风登录时，他主动协助政府开展救援。','2020-03-18 16:00:00','2020-03-19 16:00:00','0000-00-00 00:00:00','0000-00-00 00:00:00','4d92a971360243b0bab91e2ffc6740e3',6,2,'2020-04-07 08:54:35',2,'n','county','/uploads/ya02wmsj_cecoe/pic/20200407/3290b5f9dcd85814103c2334f6790f5f.jpg',99,'n','','online','SOURCE004','STATUS003','volunteer',0,'331082000000',0,'','',9,'','f62b055d90d64875b26b2b6d39a59138,c1c0b56a155748a2b75fff29db091c81','2020-04-07 00:54:35',0,''),(93,32,'最美勇士','杜礼青，大田街道推荐。大田街道横溪村人。男，1970年10月出生。自2011年起，每次遭遇台风，他都主动将自家大型铲车开到交警中队，救援被困群众。先后救出100余名被困群众，每次铲车救援后维护的费用都自行承担，毫无怨言。尤其在台风“利奇马”来临时，他在水深1.7米的环境下连续两夜通宵开车巡逻，解救出39名被困群众。2014年荣获台州好人称号，2015年获台州市第二届见义勇为勇士荣誉称号，2019年救人事迹在央视《新闻联播》播出，在《今日头条》《浙江日报》刊登。','2020-03-18 16:00:00','2020-03-19 16:00:00','0000-00-00 00:00:00','0000-00-00 00:00:00','4d92a971360243b0bab91e2ffc6740e3',6,2,'2020-04-07 08:55:59',2,'n','county','/uploads/ya02wmsj_cecoe/pic/20200407/d3cf35292f4af15d3b8ed7aa6c65df61.jpg',99,'n','','online','SOURCE004','STATUS003','volunteer',0,'331082000000',0,'','',9,'','f62b055d90d64875b26b2b6d39a59138,c1c0b56a155748a2b75fff29db091c81','2020-04-07 00:55:59',0,''),(94,32,'抗洪救灾系列','彭敏杰，市公安局推荐。市公安局大洋派出所民警。男，1988年10月生。入党积极分子。2017年，台州市公安局食药环技战术比武获得第一名；台州市公安局情系统研判典型案例评比获得第一名；2019年，台州市公安局优秀平安宣讲师防溺水类比赛中获得二等奖；2017年成功破获以曹某为首非法制造爆炸物团伙和非法采矿团伙，刑拘起诉40多人；成功侦破徐叨谦等人虚开增值税发票案，波及全国二十多个省市，上百家受票企业累计查补税款高达十多亿元。2019年抗击利奇马台风时，彭敏杰通宵奋战在冲锋艇上，48小时不眠不休救援受困群众12人，转移受困群众35人。','2020-03-18 16:00:00','2020-03-19 16:00:00','0000-00-00 00:00:00','0000-00-00 00:00:00','4d92a971360243b0bab91e2ffc6740e3',6,2,'2020-04-07 08:57:00',2,'n','county','/uploads/ya02wmsj_cecoe/pic/20200407/115b26d2928f8004478e6104ceb85018.jpg',99,'n','','online','SOURCE004','STATUS003','volunteer',0,'331082000000',0,'','',9,'','f62b055d90d64875b26b2b6d39a59138,c1c0b56a155748a2b75fff29db091c81','2020-04-07 00:57:00',0,''),(95,32,'抗洪救灾系列','彭晓，永丰镇推荐。永丰镇政府镇区办主任。男，1984年8月。党员。2017年度、2018年度市级优秀公务员。是领导和同事眼中“有工作热情有感染力”的人，是群众眼中的“好同志”。在重点工作推进过程中，他总是冲锋一线，遗留多年的问题和各种政策处理难题迎刃而解。在抗台救灾中，他持续17小时，转移群众200多人，他右臂受伤，但仍坚守岗位，参与救灾和灾后清理工作。','2020-03-18 16:00:00','2020-03-19 16:00:00','0000-00-00 00:00:00','0000-00-00 00:00:00','4d92a971360243b0bab91e2ffc6740e3',6,2,'2020-04-07 08:58:41',2,'n','county','/uploads/ya02wmsj_cecoe/pic/20200407/5840f6f04132fa5c2fa9dec023342fb1.jpg',99,'n','','online','SOURCE004','STATUS003','volunteer',0,'331082000000',0,'','',9,'','f62b055d90d64875b26b2b6d39a59138,c1c0b56a155748a2b75fff29db091c81','2020-04-07 00:58:41',0,''),(96,32,'抗洪救灾系列','江友，市行政执法局推荐，古城中队，女，1994年3月。台风来临前，为了疏通下水道，加快清理速度，她直接用手清理淤泥。台风肆虐时，她不顾家里灾情，通宵旦达积极参与抢险救灾，在抗灾一线不眠不休连续坚守72个小时。换班后，她放弃宝贵的休息时间，亲自做了热菜热饭，给深夜加班的同事送上一份温暖。作为一名退役大学生士兵，她在地方岗位上保留并发扬了部队的优良作风，充分展现了退伍不褪色的军人本色。','2020-03-18 16:00:00','2020-03-19 16:00:00','0000-00-00 00:00:00','0000-00-00 00:00:00','4d92a971360243b0bab91e2ffc6740e3',6,2,'2020-04-07 08:59:25',2,'n','county','/uploads/ya02wmsj_cecoe/pic/20200407/b5d1b0de206c00271934389e8b691710.jpg',99,'n','','online','SOURCE004','STATUS003','volunteer',0,'331082000000',0,'','',9,'','f62b055d90d64875b26b2b6d39a59138,c1c0b56a155748a2b75fff29db091c81','2020-04-07 00:59:25',0,''),(97,32,'网络惠民达人','陈思强，市委网信办推荐，浙报集团临海在线站长。男，1988年11月出生。2015年评为临海市对外传播奖（个人）；2015年至2017年，连续三个年度被评为台州市网联会工作先进个人；2018年台州市十佳好网民。2014年，“爱心手牵手•帮扶一对一”结对帮扶残疾青少年项目被民政部、团中央评为首届中国青年志愿服务项目大赛金奖，为浙江省唯一；2017年，临海在线志愿者服务队被团浙江省委、浙江省志愿者协会评为浙江省志愿服务先锋队；2018年2月，“时间银行”网络志愿公益项目被中共台州市委宣传部、台州市网信办评选为台州市十佳网络公益项目； 2019年9月临海在线志愿者服务队被评为台州市第二届网络风云榜之最具影响力网络公益贡献奖。','2020-03-18 16:00:00','2020-03-19 16:00:00','0000-00-00 00:00:00','0000-00-00 00:00:00','4d92a971360243b0bab91e2ffc6740e3',6,2,'2020-04-07 09:02:35',2,'n','county','/uploads/ya02wmsj_cecoe/pic/20200407/31dde1c0e666d96c33775069ff4c4a29.jpg',99,'n','','online','SOURCE004','STATUS003','volunteer',0,'331082000000',0,'','',9,'','f62b055d90d64875b26b2b6d39a59138,c1c0b56a155748a2b75fff29db091c81','2020-04-07 01:02:35',0,''),(98,32,'网络惠民达人','牟再，市委网信办推荐。市新闻传媒集团新媒体副主任。男，1979年11月生。党员。自新时代文明实践中心工作开展以来，牟再利用长期从事新媒体工作的经验，积极融入到新时代文明实践工作中，利用新媒体平台，先后发布了大量新时代文明实践的文章。在《临海发布》等平台开辟相关专栏，不断宣传新时代文明时代活动。先后举办了《厚德广场揭幕暨“万鹿同行”追梦临海志愿者服务月启动仪式》、《新时代文明实践中心建设现场会暨农村文化礼堂工作推进会》、《我们都是追梦人，临海千场堂前宣讲》等直播活动，取得了良好社会效应。','2020-03-18 16:00:00','2020-03-19 16:00:00','0000-00-00 00:00:00','0000-00-00 00:00:00','4d92a971360243b0bab91e2ffc6740e3',6,2,'2020-04-07 09:04:12',2,'n','county','/uploads/ya02wmsj_cecoe/pic/20200407/54986e8ca71cd5efe82d5a66e33d795c.jpg',99,'n','','online','SOURCE004','STATUS003','volunteer',0,'331082000000',0,'','',9,'','f62b055d90d64875b26b2b6d39a59138,c1c0b56a155748a2b75fff29db091c81','2020-04-07 01:04:12',0,''),(99,32,'文化服务达人','徐肖君，东塍镇推荐。女，东塍镇上街村副书记兼妇联主席。党员。“台州市文明家庭”、“绿色家庭”、“优秀妇联主席”。2018年2月成立上街村义工志愿服务队，开展献爱心活动、帮扶助残活动；重阳节自发捐款活动，让老人欢度重阳节；母亲节在综合市场内举办“用教传家风，感恩慈用心”的活动；春节给空巢老人送温暖，得到大家的一致好评。','2020-03-18 16:00:00','2020-03-19 16:00:00','0000-00-00 00:00:00','0000-00-00 00:00:00','4d92a971360243b0bab91e2ffc6740e3',6,2,'2020-04-07 09:05:42',2,'n','county','/uploads/ya02wmsj_cecoe/pic/20200407/f7b23a619422fa626288a76e54f1e5ba.jpg',99,'n','','online','SOURCE004','STATUS003','volunteer',0,'331082000000',0,'','',9,'','f62b055d90d64875b26b2b6d39a59138,c1c0b56a155748a2b75fff29db091c81','2020-04-07 01:05:42',0,''),(100,32,'文化服务达人','<p style=\"text-indent:31.5pt;mso-char-indent-count:1.96;line-height:30.0pt;mso-line-height-rule:exactly\">张君君，市文广旅体局推荐。1979年8月，中国舞蹈家协会会员；台州市舞蹈家协会副秘书长；2003年当选临海市舞蹈家协会主席。临海市文化馆舞蹈干部。2014年8月成立临海市文化馆青年舞蹈社团，任团长。多年担任临海江南古城文化节大型晚会舞蹈编导，创作的多个舞蹈作品多次获省群众舞蹈大赛金、银、铜奖。参与文化走亲及文化走基层文化服务每年近上百场。</p>','2020-03-18 16:00:00','2020-03-19 16:00:00','0000-00-00 00:00:00','0000-00-00 00:00:00','4d92a971360243b0bab91e2ffc6740e3',6,2,'2020-04-07 09:06:42',2,'n','county','/uploads/ya02wmsj_cecoe/pic/20200407/0b73264f019b1f5b116420d3335245d8.jpg',99,'n','','online','SOURCE004','STATUS003','volunteer',0,'331082000000',0,'','',9,'','f62b055d90d64875b26b2b6d39a59138,c1c0b56a155748a2b75fff29db091c81','2020-04-07 01:06:42',0,''),(101,32,'教育服务达人','<p style=\"text-indent:32.15pt;mso-char-indent-count:2.0;line-height:30.0pt;mso-line-height-rule:exactly\">林萍，大洋街道推荐。女，1971年6月，临海市回浦实验中学老师。民革党员。2017年浙江省最美家庭、2018台州市首届和合家庭、2019首届台州好人，连续多年获台州市民革优秀党员。从教27年来，以自己的实际行动，推己及人，用行动付出大爱。成立“普善义工”小组，举办公益亲子经典诵读。2017年开始，林萍老师带领团队把家庭教育公益讲座送进街道、学校和村（社区）讲座数十场，受众2万多人。2019年还受邀市四千工程进文化礼堂宣讲，事迹被临海市、台州市级媒体多次报道。</p>','2020-03-18 16:00:00','2020-03-19 16:00:00','0000-00-00 00:00:00','0000-00-00 00:00:00','4d92a971360243b0bab91e2ffc6740e3',6,2,'2020-04-07 09:07:45',2,'n','county','/uploads/ya02wmsj_cecoe/pic/20200407/1e37391609902b69b26052f6282e4f52.jpg',99,'n','','online','SOURCE004','STATUS003','volunteer',0,'331082000000',0,'','',9,'','f62b055d90d64875b26b2b6d39a59138,c1c0b56a155748a2b75fff29db091c81','2020-04-07 01:07:45',0,''),(102,32,'学习达人','<p style=\"text-indent:32.15pt;mso-char-indent-count:2.0;line-height:30.0pt;mso-line-height-rule:exactly\">王凤玲，市委宣传部理论科推荐。市多城联创办干部。从下载，注册，使用“学习强国”以来，王凤玲同志坚持每天学习，学习积分始终保持全市前列。合理安排学习时间有规律的进行学习，充分利用好早中晚等碎片时间并逐渐养成学习习惯。合理筛选学习内容，将学习与平时工作相结合提高学习效果。作为全国文明城市创建台账资料负责人，她每天都会搜索其他地方的工作经验进行学习总结，并与实际工作相结合，做到学以致用。在学习过程中与其他同志进行交流讨论，互相督促，共同进步。</p>','2020-03-18 16:00:00','2020-03-19 16:00:00','0000-00-00 00:00:00','0000-00-00 00:00:00','4d92a971360243b0bab91e2ffc6740e3',6,2,'2020-04-07 09:08:45',2,'n','county','/uploads/ya02wmsj_cecoe/pic/20200407/afac0199e0ebacac8606c269e2b94bf5.jpg',99,'n','','online','SOURCE004','STATUS003','volunteer',0,'331082000000',0,'','',9,'','f62b055d90d64875b26b2b6d39a59138,c1c0b56a155748a2b75fff29db091c81','2020-04-07 01:08:45',0,''),(103,32,'科技科普达人','方跃，市科协推荐。男，1985年1月出生，台州市乌岩春农业开发有限公司及台州安基山体育发展有限公司总经理，合作社党支部书记。临海市劳动模范、临海市十大杰出青年、台州市农村农创之星、台州市农技标兵、浙江省青年致富带头人。公司的安基山茶场已成为国家级航空营地、省级茶叶精品园、浙江省运动休闲精品线路、运动休闲旅游优秀项目。','2020-03-18 16:00:00','2020-03-19 16:00:00','0000-00-00 00:00:00','0000-00-00 00:00:00','4d92a971360243b0bab91e2ffc6740e3',6,2,'2020-04-07 09:09:59',2,'n','county','/uploads/ya02wmsj_cecoe/pic/20200407/a5bdb5c8104666aa1e96a9ad4b4f3bc9.jpg',99,'n','','online','SOURCE004','STATUS003','volunteer',0,'331082000000',0,'','',9,'','f62b055d90d64875b26b2b6d39a59138,c1c0b56a155748a2b75fff29db091c81','2020-04-07 01:09:59',0,''),(104,32,'科技科普达人','赵建德，市科协推荐。市科普作协主席。男，1965年10月生。党员。临海市十佳服务标兵、临海市重点专项工作先进个人。中国科普作家协会会员、浙江省科普作家协会理事、台州市科普作家协会副主席、临海市科普作家协会主席、《浙江科学文化》主编。2004年以来，积极参与和组织开展科普公益讲座、科技（科普）活动周和“全国科普日”活动等各类活动。筹办了科普作家艺术沙龙，组织书画展，开展多层次的科学文化交流活动。参与筹划成立科普小作家创作基地，举办中小学生科普征文比赛，编辑出版《科普作家报》《科普潮》《临海市科普作家作品选》《科海扬帆》《浙江科学文化》等共300余万字，为普及科学知识、传播科学文化身体力行。','2020-03-18 16:00:00','2020-03-19 16:00:00','0000-00-00 00:00:00','0000-00-00 00:00:00','4d92a971360243b0bab91e2ffc6740e3',6,2,'2020-04-07 09:12:03',2,'n','county','/uploads/ya02wmsj_cecoe/pic/20200407/c2ff71d21c89103ec2d324cb34e981b5.jpg',99,'n','','online','SOURCE004','STATUS003','volunteer',0,'331082000000',0,'','',9,'','f62b055d90d64875b26b2b6d39a59138,c1c0b56a155748a2b75fff29db091c81','2020-04-07 01:12:03',0,''),(105,32,'理论宣传达人','陈春阳，市委宣传部理论科推荐，现任临海市委直属机关工委副书记，是临海市乡土“民”星宣讲团导师，也是临海新时代文明实践宣讲团——理论达人团队主理人。陈春阳全身心投入研究理论工作，并有着独特的见解。他还是临海市委党的十九大精神宣讲团成员，不仅能准确传达党的方针政策，还能根据本地实际案例，用深入浅出的方式进行理论宣讲。共开展党的十九大精神宣讲、改革开放、社会主义核心价值观（系列）等理论宣讲143场，受众超7000人次。曾荣获台州市2015年优秀宣讲教案一等奖。','2020-03-18 16:00:00','2020-03-19 16:00:00','0000-00-00 00:00:00','0000-00-00 00:00:00','4d92a971360243b0bab91e2ffc6740e3',6,2,'2020-04-07 09:16:06',2,'n','county','/uploads/ya02wmsj_cecoe/pic/20200407/da5140dd1f428aff243671993f12e44b.jpg',99,'n','','online','SOURCE004','STATUS003','volunteer',0,'331082000000',0,'','',9,'','f62b055d90d64875b26b2b6d39a59138,c1c0b56a155748a2b75fff29db091c81','2020-04-07 01:16:06',0,''),(107,32,'理论宣传达人','徐波波，市委党校推荐。临海市委党校党委委员、高级讲师。市社科联副主席。男，1985年11月生。党员。台州市2015年基层宣讲工作先进个人、台州市2013、2015年优秀宣讲教案二等奖、台州市“211人才工程”培养人员、台州市红色宣讲团成员、临海市委理论讲师团成员、临海市委党的十九大精神宣讲团成员、临海新时代文明实践宣讲团—红色理论宣讲团队主理人。从事红色理论宣讲工作10年，累计200余场，受众上万人次。参与国家级课题（国家社科基金年度项目）2项，主持省部级课题9项、省部级征文活动获三等奖以上奖励15次、在省级以上重要学术期刊发表论文20余篇，主持开发建设的教育基地6个。','2020-03-18 16:00:00','2020-03-19 16:00:00','0000-00-00 00:00:00','0000-00-00 00:00:00','4d92a971360243b0bab91e2ffc6740e3',6,2,'2020-04-07 09:24:08',2,'n','county','/uploads/ya02wmsj_cecoe/pic/20200407/604351bb39d9290453ec2632e618e4d6.jpg',99,'n','','online','SOURCE004','STATUS003','volunteer',0,'331082000000',0,'','',9,'','f62b055d90d64875b26b2b6d39a59138,c1c0b56a155748a2b75fff29db091c81','2020-04-07 01:24:08',0,''),(108,32,'健身体育达人','<p style=\"text-indent:31.5pt;mso-char-indent-count:1.96;line-height:30.0pt;mso-line-height-rule:exactly\">王渭忠，市文广旅体局推荐。临海市乒乓球协会会长，男，党员。1952年5月出生。自2014年2月担任市乒乓球协会会长以来，协会会员从不足百人，到如今拥有四百多名会员。积极组织开展各种形式的群众性乒乓球活动，连续举办浙江省乒乓球等级积分赛。每年组织临海市乒乓球俱乐部（春.秋季）联赛。多次组织人员到各镇分会进行乒乓球交流等活动.自2014年起多次获得临海市体育局先进个人奖，2016年荣获浙江省体育总会颁发特别贡献奖。</p>','2020-03-18 16:00:00','2020-03-19 16:00:00','0000-00-00 00:00:00','0000-00-00 00:00:00','4d92a971360243b0bab91e2ffc6740e3',6,2,'2020-04-07 09:25:07',2,'n','county','/uploads/ya02wmsj_cecoe/pic/20200407/dbf407f5f4010e627caaed38f434840b.jpg',99,'n','','online','SOURCE004','STATUS003','volunteer',0,'331082000000',0,'','',9,'','f62b055d90d64875b26b2b6d39a59138,c1c0b56a155748a2b75fff29db091c81','2020-04-07 01:25:07',0,''),(109,32,'健身体育达人','李康乐，市文广旅体局推荐。男，1978年6月，浙江省学生体协中小学篮球分会秘书长、临海市篮球协会秘书长。临海市篮球协会自2014年10月成立至今，每年协办临海市各机关企事业单位的各类篮球比赛，举办临海市俱乐部篮球联赛、临海市职工篮球比赛、临海市三对三篮球比赛、临海市小篮球超级联赛、临海市篮球训练营等，年涉及健身人数近万人。','2020-03-18 16:00:00','2020-03-19 16:00:00','0000-00-00 00:00:00','0000-00-00 00:00:00','4d92a971360243b0bab91e2ffc6740e3',6,2,'2020-04-07 09:26:07',2,'n','county','/uploads/ya02wmsj_cecoe/pic/20200407/4a7685cb04389c167c9352d296ae9141.jpg',99,'n','','online','SOURCE004','STATUS003','volunteer',0,'331082000000',0,'','',9,'','f62b055d90d64875b26b2b6d39a59138,c1c0b56a155748a2b75fff29db091c81','2020-04-07 01:26:07',0,''),(110,32,'理论宣传达人','王官平，市委宣传部理论科推荐，男，1976年1月出生，上盘镇翻身村人。2006年开始利用自家门前道地头，尝试以宣传中华优秀传统文化和家庭教育为主要内容，以百姓茶余饭后的新闻事例为话题展开小范围宣讲，是当地小有名气的民间宣讲达人。2016年，王官平被评为台州市优秀宣讲员。十多年风里来雨里去，至今开展义务宣讲400多场次，听众达2万多人次，“不管是一个人还是两个人，只要有人，我都会开心地讲。”','2020-03-18 16:00:00','2020-03-19 16:00:00','0000-00-00 00:00:00','0000-00-00 00:00:00','4d92a971360243b0bab91e2ffc6740e3',6,2,'2020-04-07 10:13:27',2,'n','county','/uploads/ya02wmsj_cecoe/pic/20200407/d59853438f013188d8539e19e76e31e2.jpg',99,'n','','online','SOURCE004','STATUS003','volunteer',0,'331082000000',0,'','',9,'','f62b055d90d64875b26b2b6d39a59138,c1c0b56a155748a2b75fff29db091c81','2020-04-07 02:13:27',0,''),(111,32,'环境保护志愿者','詹茂炯，白水洋镇推荐。男，党员。1971年4月出生。白水洋登山协会副会长。2016至2018年，连续获临海市体育局、临海市登山协会联合颁发的杰出贡献奖。2019年获临海市优秀志愿者荣誉称号。2019年荣获市教育系统优秀共产党员称号。2014年~2019年参加大雷山、括苍山、十八潭等地救援行动10多次。2017年至2019年组织白水洋登山协会志愿者服务队上大雷山进行清峰行动，共清理沿途垃圾约5吨多，共23次，285人次。2018年至2019年组织白水洋登山协会志愿者服务队参与两届桃花源半程马拉松比赛后勤服务162人次。','2020-03-18 16:00:00','2020-03-19 16:00:00','0000-00-00 00:00:00','0000-00-00 00:00:00','4d92a971360243b0bab91e2ffc6740e3',6,2,'2020-04-07 10:17:00',2,'n','county','/uploads/ya02wmsj_cecoe/pic/20200407/11eb9c96d36ab0bae2d8169bf3327ac0.jpg',99,'n','','online','SOURCE004','STATUS003','volunteer',0,'331082000000',0,'','',9,'','f62b055d90d64875b26b2b6d39a59138,c1c0b56a155748a2b75fff29db091c81','2020-04-07 02:17:00',0,''),(112,32,'环境保护志愿者','朱国军，市慈善总会推荐。男，1981年9月出生。长期带着安邦义工队伍以实际环保行动提醒市民提高环保意识，宣传环保知识，共建绿色家园。经常走上街头，对城区各个主要道路开展了环卫保洁、清理垃圾杂物、清理小广告等志愿服务活动。先后获雷锋式先进个人、台州最美慈善义工、三星级义工等荣誉称号。','2020-03-18 16:00:00','2020-03-19 16:00:00','0000-00-00 00:00:00','0000-00-00 00:00:00','4d92a971360243b0bab91e2ffc6740e3',6,2,'2020-04-07 10:19:20',2,'n','county','/uploads/ya02wmsj_cecoe/pic/20200407/4feedea046e1150541dc0ea31f68fa64.jpg',99,'n','','online','SOURCE004','STATUS003','volunteer',0,'331082000000',0,'','',9,'','f62b055d90d64875b26b2b6d39a59138,c1c0b56a155748a2b75fff29db091c81','2020-04-07 02:19:20',0,''),(113,32,'宣传教育志愿者','梁思恩，团市委推荐。女，1971年8月出生，临海市守护心田社会工作心理服务中心理事长。民主促进会。浙江省第七批青少年维权岗先进个人；2013-2018年度民主促进会临海市委会优秀会员；2018年度民主促进会台州市委会优秀会员；2019年“女童保护”基金全国优秀志愿者。2005年牵头成立临海市心理卫生协会。2008年汶川地震后参加了全国卫生部组织的心理危机干预医疗队。2017年10月组建女童保护临海志愿者团队，从2018年起，培养了49位志愿者讲师，公益队伍发展到249人，走进50多所学校。','2020-03-18 16:00:00','2020-03-19 16:00:00','0000-00-00 00:00:00','0000-00-00 00:00:00','4d92a971360243b0bab91e2ffc6740e3',6,2,'2020-04-07 10:20:28',2,'n','county','/uploads/ya02wmsj_cecoe/pic/20200407/7b0be6219cc2a8cb6937481c604aa5b9.jpg',99,'n','','online','SOURCE004','STATUS003','volunteer',0,'331082000000',0,'','',9,'','f62b055d90d64875b26b2b6d39a59138,c1c0b56a155748a2b75fff29db091c81','2020-04-07 02:20:28',0,''),(114,32,'宣传教育志愿者','陈建英，市慈善总会推荐。临海市上盘中学劳技老师，1978年12月出生，2014年加入临海义工队伍，成为少儿义工的主要负责人。2015年4月，她组建了少儿义工巧手组，开始给小义工及家长传授手工技能，短短的时间里，就发展成少儿义工最受欢迎的公益项目。而巧手组的课堂，不仅仅局限于少儿义工内部，她还开展“春泥进百村”活动，带领巧手组走进社区和农村，曾获“优秀春泥使者”称号。她从面向小义工，到走进社区，乡村，关爱每一个她遇见的儿童，个人开展公益手工课100多次，参与大小公益活动更是不计其数。','2020-03-18 16:00:00','2020-03-19 16:00:00','0000-00-00 00:00:00','0000-00-00 00:00:00','4d92a971360243b0bab91e2ffc6740e3',6,2,'2020-04-07 10:21:25',2,'n','county','/uploads/ya02wmsj_cecoe/pic/20200407/a14e685601d04ae973599d3102a94536.jpg',99,'n','','online','SOURCE004','STATUS003','volunteer',0,'331082000000',0,'','',9,'','f62b055d90d64875b26b2b6d39a59138,c1c0b56a155748a2b75fff29db091c81','2020-04-07 02:21:25',0,''),(115,32,'便民利民志愿者','金绿燕，杜桥镇推荐。女，1983年6月出生，杜桥镇蟾洋村网格员。党员。台州市2018年度优秀网格员、临海市2017年度优秀网格员、临海市便民服务优秀代办员、临海市最美家庭。2011年7月起担任蟾洋村便民服务中心代办员，2016年兼任文书，2017年6月开始加入网格员队伍。2019年5月被选为临海市妇女代表。她八年如一日，在热爱的工作岗位上尽心尽责、兢兢业业。她用坚守、细心、温暖与真情组建了“蟾洋村便民服务大家庭”，成为服务群众“最后一公里”的“纽带”，村民们亲切地称其为“绿叶”。','2020-03-18 16:00:00','2020-03-19 16:00:00','0000-00-00 00:00:00','0000-00-00 00:00:00','4d92a971360243b0bab91e2ffc6740e3',6,2,'2020-04-07 10:23:00',2,'n','county','/uploads/ya02wmsj_cecoe/pic/20200407/4cb59fde2b913f71b6d7a2018a3638f0.jpg',99,'n','','online','SOURCE004','STATUS003','volunteer',0,'331082000000',0,'','',9,'','f62b055d90d64875b26b2b6d39a59138,c1c0b56a155748a2b75fff29db091c81','2020-04-07 02:23:00',0,''),(116,32,'扶贫帮困志愿者','赵晓菁，团市委推荐。女，临海市菁缘社会工作服务中心理事长。1972年7月出生，2015年、2016年荣获“志愿者积极分子”；第四届临海市“农商杯”雷锋先进个人；2017年度临海市优秀志愿者；2018年台州最美慈善义工；2018年“大爱临海·银龄先锋”先进个人。2015年创建“临海市菁缘志愿服务队”。2018年正式注册成立“临海市菁缘社会工作服务中心”,并担任理事长。截止2018年底，累计组织志愿活动606次，个人累计志愿服务时间约3588余小时。','2020-03-18 16:00:00','2020-03-19 16:00:00','0000-00-00 00:00:00','0000-00-00 00:00:00','4d92a971360243b0bab91e2ffc6740e3',6,2,'2020-04-07 10:24:12',2,'n','county','/uploads/ya02wmsj_cecoe/pic/20200407/acf80f559c513a0d186a5f485448d857.jpg',99,'n','','online','SOURCE004','STATUS003','volunteer',0,'331082000000',0,'','',9,'','f62b055d90d64875b26b2b6d39a59138,c1c0b56a155748a2b75fff29db091c81','2020-04-07 02:24:12',0,''),(117,32,'扶贫帮困志愿者','杨娟，桃渚镇推荐。女，1988年7月，桃渚乘风布业。桃渚镇“文明家庭”、“优秀志愿者”。2018年8月创建桃渚义工服务队，短短一年不到的时间，凝聚了150多名无私奉献，有爱心并且愿意无偿提供服务的志愿者，组织开展了26次公益活动，包括了爱老敬老、环保、便民理发服务、义演、助医等各方面的志愿服务活动，渴望用自己的一团爱心，凝聚身边的爱，创造更大的公益影响力，为民间公益事业发展做出贡献。','2020-03-18 16:00:00','2020-03-19 16:00:00','0000-00-00 00:00:00','0000-00-00 00:00:00','4d92a971360243b0bab91e2ffc6740e3',6,2,'2020-04-07 10:25:13',2,'n','county','/uploads/ya02wmsj_cecoe/pic/20200407/92b5358e3a83ad01eb007749fb78b8ff.jpg',99,'n','','online','SOURCE004','STATUS003','volunteer',0,'331082000000',0,'','',9,'','f62b055d90d64875b26b2b6d39a59138,c1c0b56a155748a2b75fff29db091c81','2020-04-07 02:25:13',0,''),(118,32,'扶贫帮困志愿者','陈冬兰，杜桥镇推荐。临海市绿野眼镜有限公司经理，杜桥镇，女，1972年10月出生。中共党员。2014年开始她在自己公司门口设立“爱心茶驿”，让过路群众赞不绝口。同时她还是敬老院的常客，更是困难儿童的“贴心阿姨”。先后加入杜桥镇创业联盟、电商协会、眼镜协会等组织，积极参加志愿服务行动。她周围的人们在她的影响下纷纷参与慈善行动，形成了一股强大的“慈善力量”。<p style=\"text-indent:32.0pt;mso-char-indent-count:2.0;line-height:30.0pt;mso-line-height-rule:exactly\"></p><p></p>','2020-03-18 16:00:00','2020-03-19 16:00:00','0000-00-00 00:00:00','0000-00-00 00:00:00','4d92a971360243b0bab91e2ffc6740e3',6,2,'2020-04-07 10:26:14',2,'n','county','/uploads/ya02wmsj_cecoe/pic/20200407/a40bea88fa44a90a0750dd8636352c45.jpg',99,'n','','online','SOURCE004','STATUS003','volunteer',0,'331082000000',0,'','',9,'','f62b055d90d64875b26b2b6d39a59138,c1c0b56a155748a2b75fff29db091c81','2020-04-07 02:26:14',0,''),(119,32,'平安维护志愿者','何红龙，团市委推荐。男，中国人寿财产保险股份有限公司临海支公司。1982年10月出生。2018年获得临海市优秀志愿者；2019年被评为台州市“利奇马”抗台救灾青年志愿先进个人。2015年开始成为一名志愿者，经常参加平安巡防、关爱老人、法律宣传等社会公益性活动。2017年成立林怡志愿队，定期组织开展活动，每月5号在各广场开展志愿服务，积极参与平安大巡防等志愿行动。现已组织志愿活动260多场次，个人志愿服务时数达3160小时。','2020-03-18 16:00:00','2020-03-19 16:00:00','0000-00-00 00:00:00','0000-00-00 00:00:00','4d92a971360243b0bab91e2ffc6740e3',6,2,'2020-04-07 10:28:15',2,'n','county','/uploads/ya02wmsj_cecoe/pic/20200407/405165d3499a2e0649b746ed56d3b29d.jpg',99,'n','','online','SOURCE004','STATUS003','volunteer',0,'331082000000',0,'','',9,'','f62b055d90d64875b26b2b6d39a59138,c1c0b56a155748a2b75fff29db091c81','2020-04-07 02:28:15',0,''),(120,32,'平安维护志愿者','金英英，市慈善总会推荐。女，台州长和通讯器材有限公司财务。1982年8月出生，市慈善总会二星级义工。负责临海少儿义工文明劝导活动，每周都安排少儿义工和家长参与交通路口的文明劝导服务，已连续服务三年；她不仅是一名热心的公益和志愿服务参与者，也是临海义工优秀的团队骨干','2020-03-18 16:00:00','2020-03-19 16:00:00','0000-00-00 00:00:00','0000-00-00 00:00:00','4d92a971360243b0bab91e2ffc6740e3',6,2,'2020-04-07 10:29:06',2,'n','county','/uploads/ya02wmsj_cecoe/pic/20200407/8cf7f4e9dd12781ba813c595f70b0757.jpg',99,'n','','online','SOURCE004','STATUS003','volunteer',0,'331082000000',0,'','',9,'','f62b055d90d64875b26b2b6d39a59138,c1c0b56a155748a2b75fff29db091c81','2020-04-07 02:29:06',0,''),(121,32,'优秀志愿服务队','市委老干部局“银耀古城志愿服务队”。市委老干部局推荐。以离退休干部志愿服务“大队引领，分队攻坚，小队助力”为抓手，打造了一支集2600多人，市、镇（街道）、社区三级联动的“银耀志愿服务队”。市级层面成立“银耀”志愿服务大队，镇（街道）、部门层面设立志愿服务分队，社区层面成立志愿服务小队。通过“月月有活动，季季有主题”，实现对老干部志愿者力量的组织整合和协同联动。志愿服务队围绕助力民营经济发展、助力社会治理等市委中心工作开展志愿服务。如组织600多名离退休干部志愿者深入企业开展助力民营经济大发展活动21场次，调研企业35家，组织座谈会8场，梳理问题32条，提出建言对策18条，协助解决了制约民营企业发展的节点、难点问题。在基层社会治理中，积极发挥老干部志愿者的专业、政治和威望优势，通过检察院“银采”工作室、方华芬工作室，信访代跑“老娘舅”等志愿服务站点深入社区开展服务，调解矛盾纠纷153起，参与化解信访积案12件，提供上门服务1000余次，提供助残服务300多人次，形成“大队引领，分队攻坚，小队助力”老干部志愿服务大格局。','2020-03-18 16:00:00','2020-03-19 16:00:00','0000-00-00 00:00:00','0000-00-00 00:00:00','4d92a971360243b0bab91e2ffc6740e3',6,5,'2020-04-07 10:31:21',2,'n','county','/uploads/ya02wmsj_cecoe/pic/20200407/20ee86cc86179287741223bd4511125a.jpg',99,'n','','online','SOURCE004','STATUS003','volunteer',0,'331082000000',0,'','',9,'','f62b055d90d64875b26b2b6d39a59138,c1c0b56a155748a2b75fff29db091c81','2020-04-07 02:31:21',0,''),(122,32,'优秀志愿服务队','临海农商银行“有为”志愿服务队。农商银行推荐。成立于2017年6月，共有志愿者436人，全行在职党员均加入“志愿汇”APP注册，至目前已累计开展志愿服务时长5806.2小时。自成立以来，领导重视，健全组织，在党群工作部专门设立志愿者服务队领导小组，定期研究学雷锋志愿服务活动形式和计划内容，并指定专人负责日常管理、跟踪落实活动开展成效。集中开展灵湖岗亭志愿、博物馆志愿活动、摄影进万家温暖全家福、学雷锋文明劝导、灿烂斑马线文明在路上等系列雷锋志愿活动，为“大爱临海、温暖之城”贡献力量。','2020-03-18 16:00:00','2020-03-19 16:00:00','0000-00-00 00:00:00','0000-00-00 00:00:00','4d92a971360243b0bab91e2ffc6740e3',6,5,'2020-04-07 10:32:12',2,'n','county','/uploads/ya02wmsj_cecoe/pic/20200407/36c7a4fbee55ae17dfde0a3ee758b2d0.jpg',99,'n','','online','SOURCE004','STATUS003','volunteer',0,'331082000000',0,'','',9,'','f62b055d90d64875b26b2b6d39a59138,c1c0b56a155748a2b75fff29db091c81','2020-04-07 02:32:12',0,''),(123,32,'优秀志愿服务队','中国救生协会游泳救生志愿者浙江省服务总队台运分队。台运公司推荐。市文广旅体局推荐。2018年至今共完成90余所学校的防溺水安全教育宣讲活动，直接受益学生8万余人，通过发放防溺水安全手册8万余册，防溺水告家长通知书8万余份，间接受益学生16万余人，2018年临海市中小学生溺水溺亡事故发生率同比17年降低了67%，先后得到了浙江省教育厅、浙江省体育局、临海市体育局等相关单位的高度赞扬。','2020-03-18 16:00:00','2020-03-19 16:00:00','0000-00-00 00:00:00','0000-00-00 00:00:00','4d92a971360243b0bab91e2ffc6740e3',6,5,'2020-04-07 10:33:07',2,'n','county','/uploads/ya02wmsj_cecoe/pic/20200407/b52c9307ec28eab8962691d543a99e71.jpg',99,'n','','online','SOURCE004','STATUS003','volunteer',0,'331082000000',0,'','',9,'','f62b055d90d64875b26b2b6d39a59138,c1c0b56a155748a2b75fff29db091c81','2020-04-07 02:33:07',0,''),(124,32,'优秀志愿服务队','临海市少儿义工服务队。市慈善总会推荐。成立于2013年，是全省首支专业化和规范化的少儿义工队伍，已注册少儿义工2500余人，构建起了家长携手孩子、大手拉小手的家庭式公益氛围，实现让公益融入生活、让生活充满公益的人人公益普及理念。临海少儿义工拥有多个社会公益服务品牌项目，包括“小义工图书馆服务”、“文明交通劝导”、“百业体验”、“亲情敬老”、“春泥进百村”、“文艺送清凉”等，其中“小义工图书馆服务”荣获临海市首届优秀慈善项目一等奖。','2020-03-18 16:00:00','2020-03-19 16:00:00','0000-00-00 00:00:00','0000-00-00 00:00:00','4d92a971360243b0bab91e2ffc6740e3',6,5,'2020-04-07 10:34:39',2,'n','county','/uploads/ya02wmsj_cecoe/pic/20200407/7debce7a59b31b7471810293409d9754.jpg',99,'n','','online','SOURCE004','STATUS003','volunteer',0,'331082000000',0,'','',9,'','f62b055d90d64875b26b2b6d39a59138,c1c0b56a155748a2b75fff29db091c81','2020-04-07 02:34:39',0,''),(125,32,'优秀志愿服务队','临海“彩虹人生”志愿服务队。团市委推荐。注册志愿者1894人，仅2019上半年至今志愿服务时长便已达到26687.1小时，主打品牌“七彩志愿+”项目，每周常态化开展“心手相牵，微爱服务”台州医院志愿项目、“关爱老人，携手同心”志愿服务、“道平安路同行”交通文明志愿服务、“绿植成荫，绿色行动”志愿服务。每年定期开展“磨剪子，戗菜刀”、“蓝天碧海，护河治水”志愿服务等。获得2017年浙江省“阳光学生”荣誉称号、2017年度临海市志愿服务先进集体、恩泽义工优秀志愿服务队、台州市大中学生志愿者暑期社会实践活动优秀团队、2018年度恩泽义工优秀志愿服务队、第五届临海市“农商2018浙江省“阳光学生”、台州市环保民间先锋组织银行杯”雷锋号先进集体。','2020-03-18 16:00:00','2020-03-19 16:00:00','0000-00-00 00:00:00','0000-00-00 00:00:00','4d92a971360243b0bab91e2ffc6740e3',6,5,'2020-04-07 10:35:47',2,'n','county','/uploads/ya02wmsj_cecoe/pic/20200407/edf33a4e58e345d2b3a14e09bc4b9225.png',99,'n','','online','SOURCE004','STATUS003','volunteer',0,'331082000000',0,'','',9,'','f62b055d90d64875b26b2b6d39a59138,c1c0b56a155748a2b75fff29db091c81','2020-04-07 02:35:47',0,''),(126,32,'优秀志愿服务队','金美云爱心志愿服务队。大田街道推荐，从事志愿服务活动36年之久的金美云牵头，成立以私营企业家、个体经营户等为主体的爱心志愿服务队，经常性开展献爱心志愿活动开展敬老、助学、捐助、人文关怀、抗灾救难等活动，斥资百万元救助山区困难儿童、孤寡老人、灾区群众。自文明实践工作开展以来，该志愿服务队扩充志愿者至56人，金美云本人被评为全国、省、地、市“光彩之星”、“最美浙江人”、浙江好人、浙江最美女性、浙江学雷锋先进个人，台州市希望工程个人建设奖、台州二十大杰出个体劳动者、台州市级青年文明号等，还被评为临海市首届“感动临海人物”，并连续20年先后任职市政协委员、人大代表、市政协常委。新时代新气象，她与团队依然不忘初心，继续前行，进一步发扬志愿服务精神，有效推动新时代文明实践工作，实现志愿服务精神“传帮带”。','2020-03-18 16:00:00','2020-03-19 16:00:00','0000-00-00 00:00:00','0000-00-00 00:00:00','4d92a971360243b0bab91e2ffc6740e3',6,5,'2020-04-07 10:36:55',2,'n','county','/uploads/ya02wmsj_cecoe/pic/20200407/86776950fe6ed6146474cbd96c094a59.jpg',99,'n','','online','SOURCE004','STATUS003','volunteer',0,'331082000000',0,'','',9,'','f62b055d90d64875b26b2b6d39a59138,c1c0b56a155748a2b75fff29db091c81','2020-04-07 02:36:55',0,''),(127,32,'优秀志愿服务队','临海市登山协会志愿服务队。市文广旅体局推荐。成立于2014年9月。成立5年来经历了3届迎春登高健身活动、5届风雨者百公里毅行、4届柴古唐斯-括苍越野赛。从最初的四五十人到今天的800余人，登协志愿队伍中年龄最大的有73岁，最小的仅12岁。作为柴古唐斯-括苍越野赛的强大的后勤和志愿者队伍，服务队服务了来自全世界近万名参赛选手。为减少户外活动对环境的冲击，市登山协会成员五年来除赛事之外还多次组织开展清洁山野活动，开展登山徒步环保宣传，传播环保理念，以实际行动影响更多参与户外活动的爱好者，把对大自然的影响减至最低。','2020-03-18 16:00:00','2020-03-19 16:00:00','0000-00-00 00:00:00','0000-00-00 00:00:00','4d92a971360243b0bab91e2ffc6740e3',6,5,'2020-04-07 10:40:01',2,'n','county','/uploads/ya02wmsj_cecoe/pic/20200407/746f26c43c7e970b41c6cca6fa788d8d.jpg',99,'n','','online','SOURCE004','STATUS003','volunteer',0,'331082000000',0,'','',9,'','f62b055d90d64875b26b2b6d39a59138,c1c0b56a155748a2b75fff29db091c81','2020-04-07 02:40:01',0,''),(128,32,'优秀志愿服务队','临海市巡回医疗队。市卫健局推荐。17年前，有这么一支队伍，他们穿行在山村海岛，为农村贫困家庭送医送药，寒来暑往，日复一日，给无数患者带来生的希望和温暖，感人事迹被国内多家媒体报道，被市委市政府授予“爱心天使巡回医疗队”称号。17年来，临海市卫健系统服务基层的初心没有变，服务群众的使命永在心。每年下乡义诊，足迹遍布全市。','2020-03-18 16:00:00','2020-03-19 16:00:00','0000-00-00 00:00:00','0000-00-00 00:00:00','4d92a971360243b0bab91e2ffc6740e3',6,5,'2020-04-07 10:41:33',2,'n','county','/uploads/ya02wmsj_cecoe/pic/20200407/8e06579b3fb1295489700ed8efaf39cc.png',99,'n','','online','SOURCE004','STATUS003','volunteer',0,'331082000000',0,'','',9,'','f62b055d90d64875b26b2b6d39a59138,c1c0b56a155748a2b75fff29db091c81','2020-04-07 02:41:33',0,''),(129,32,'新时代文明实践所、站、点','临海市洞港青年农场文博馆。桃渚镇推荐。2018年1月获浙江省十佳社科普及活动奖。台州市社科示范基地、优秀社科项目、临海市爱国主义教育基地。临海市洞港青年农场是目前我省唯一还在正常运转的国有知青农场，职工7人（都是知青后代），土地600亩。2013年12月，在农场“知青屋”（临海市文物保护点）中，由老知青共同集资的“洞港青年农场文博馆”正式向社会开放，成了台州市首家知青文博馆。六年来，文博馆坚持以弘扬和传承知青艰苦创业精神为主，开展党团员、各级干部、青少年的爱国主义教育，共接待了来自社会各界的参观学习者15000多人，开展各类活动200多场。文博馆被评为台州、临海两市级科普教育示范基地、临海市爱国主义教育基地，知青屋被临海市列为文物保护点。','2020-03-18 16:00:00','2020-03-19 16:00:00','0000-00-00 00:00:00','0000-00-00 00:00:00','4d92a971360243b0bab91e2ffc6740e3',6,5,'2020-04-07 10:42:59',2,'n','county','/uploads/ya02wmsj_cecoe/pic/20200407/8db10582d2d0062cf874d7c28ade019b.jpg',99,'n','','online','SOURCE004','STATUS003','volunteer',0,'331082000000',0,'','',9,'','f62b055d90d64875b26b2b6d39a59138,c1c0b56a155748a2b75fff29db091c81','2020-04-07 02:42:59',0,''),(130,32,'新时代文明实践所、站、点','桃渚镇永兴村新时代文明实践站。桃渚镇推荐。2017年台州市先进基层党组织、2018年临海市文明村、2018年临海市先进基层党组织、2018年临海市实绩论英雄先进集体。把道德评议会升华为新时代文明实践评议会，组建了5支志愿服务队（理论宣讲、教育科技、文化教育、网络惠民、文明实践评议），每月季度有计划开展文明实践评议、理论宣讲、文化服务、健身体育活动、教育服务、科技与科普、“乡村十礼”文明礼仪活动、移风易俗、多乱整治等活动，教育引导群众，以德润心，感化心灵，提高村民道德素养，共同培育了崇德向善、文明和谐的最美民风。','2020-03-18 16:00:00','2020-03-19 16:00:00','0000-00-00 00:00:00','0000-00-00 00:00:00','4d92a971360243b0bab91e2ffc6740e3',6,5,'2020-04-07 10:44:21',2,'n','county','/uploads/ya02wmsj_cecoe/pic/20200407/f0f3005f8b31391b6117d7556528ea59.jpg',99,'n','','online','SOURCE004','STATUS003','volunteer',0,'331082000000',0,'','',9,'','f62b055d90d64875b26b2b6d39a59138,c1c0b56a155748a2b75fff29db091c81','2020-04-07 02:44:21',0,''),(131,32,'新时代文明实践所、站、点','汛桥镇新时代文明实践所。汛桥镇推荐。今年以来，汛桥镇积极整合镇文化中心、镇文化礼堂分部，3月25日正式挂牌成立镇新时代文明实践所。以“以文化人，成风化俗”为实践工作主题，通过抓志愿服务架起“连心桥”、抓婚丧整治培育乡风文明、抓文明评议巩固文明成果，广泛开展新时代文明实践工作。截至目前，相关工作经验已多次被台州市及以上媒体报道。','2020-03-18 16:00:00','2020-03-19 16:00:00','0000-00-00 00:00:00','0000-00-00 00:00:00','4d92a971360243b0bab91e2ffc6740e3',6,5,'2020-04-07 10:45:20',2,'n','county','/uploads/ya02wmsj_cecoe/pic/20200407/9ae30e39eb6799d0bc90121d5d3033c3.jpg',99,'n','','online','SOURCE004','STATUS003','volunteer',0,'331082000000',0,'','',9,'','f62b055d90d64875b26b2b6d39a59138,c1c0b56a155748a2b75fff29db091c81','2020-04-07 02:45:20',0,''),(132,32,'新时代文明实践所、站、点','东塍镇东溪单村新时代文明实践站。东塍镇推荐。2014年度临海市社会科学普及示范基地；2015年度台州市社会科学普及示范基地。以“多乱”整治、慈孝乡贤文化为重点，铺开全域文明实践新画卷。成立了5支志愿者队伍，即乡贤志愿队、党员志愿队、巾帼志愿队、青年志愿队、夕阳红志愿队。同时实行“党员包干、乡贤认领”的模式，将全村划分为40个网格，由“党员+乡贤”合力推进“多乱”整治，实行“双评议”机制，即百姓满意度评议和网格整治工作评议，确保实效。按照“政府搭台、群众唱戏、乡贤评议”的思路，鼓励乡贤以“输入者、驱动者、指导者”的身份，参与新时代文明实践工作，发挥“补位”与“辅治”作用，构建乡村治理新格局。','2020-03-18 16:00:00','2020-03-19 16:00:00','0000-00-00 00:00:00','0000-00-00 00:00:00','4d92a971360243b0bab91e2ffc6740e3',6,5,'2020-04-07 10:46:42',2,'n','county','/uploads/ya02wmsj_cecoe/pic/20200407/3b100bb3789e3386ea1da80d41fd88ce.jpg',99,'n','','online','SOURCE004','STATUS003','volunteer',0,'331082000000',0,'','',9,'','f62b055d90d64875b26b2b6d39a59138,c1c0b56a155748a2b75fff29db091c81','2020-04-07 02:46:42',0,''),(133,32,'新时代文明实践所、站、点','邵家渡尚斌书院新时代文明实践点。邵家渡街道推荐。2018学年被评为台州市第二批和合书院，浙江省教职工优秀书屋。2018年5月正式运营。组建“和合文化”宣讲团，追求学校与社会的和合、学生与家长的和合、线上与线下的和合、传统与现代的和合、德育与智育的和合、理念与景观的和合、理念与行动的和合，推动了全民阅读的热潮。与陈佩莉名师工作室联合举办公益推广“亲子阅读”活动等六次亲子阅读活动；积极参与新时代文明实践，成立“春泥”志愿服务队。','2020-03-18 16:00:00','2020-03-19 16:00:00','0000-00-00 00:00:00','0000-00-00 00:00:00','4d92a971360243b0bab91e2ffc6740e3',6,5,'2020-04-07 10:47:34',2,'n','county','/uploads/ya02wmsj_cecoe/pic/20200407/8ac9f8fd652baf014be826a8f33e35d6.jpg',99,'n','','online','SOURCE004','STATUS003','volunteer',0,'331082000000',0,'','',9,'','f62b055d90d64875b26b2b6d39a59138,c1c0b56a155748a2b75fff29db091c81','2020-04-07 02:47:34',0,''),(134,32,'新时代文明实践所、站、点','鹿城社区新时代文明实践站。一直以来，鹿城社区存在几个“多”：外来人口多、场所行业多、重点人口多、法轮功邪教人员多、吸毒人员多、精神病人多。为打通宣传群众、教育群众、关心群众、服务群众、凝聚群众的“最后一公里”，全面建设温暖社区，鹿城社区建立了志愿者服务5+X队伍体系，即文明、文艺、平安、关爱、便民等5支志愿者服务小队，下设X支志愿者服务小分队，目前已建成29支小分队，拥有队员14000多人，同时创办了全市第一份正能量《社区报》和第一个社区《幸福公约》，成立了全市第一家社区社会组织联合会，发挥志愿服务力量参与新时代文明实践工作，扎实推进温暖社区建设，共建共享社区大家庭。','2020-03-18 16:00:00','2020-03-19 16:00:00','0000-00-00 00:00:00','0000-00-00 00:00:00','4d92a971360243b0bab91e2ffc6740e3',6,5,'2020-04-07 11:00:29',2,'n','county','/uploads/ya02wmsj_cecoe/pic/20200407/b100087fe2f514bc7ccd8b9533c30e4e.jpg',99,'n','','online','SOURCE004','STATUS003','volunteer',0,'331082000000',0,'','',9,'','f62b055d90d64875b26b2b6d39a59138,c1c0b56a155748a2b75fff29db091c81','2020-04-07 03:00:29',0,''),(145,32,'测123123','12323232','2020-04-08 16:00:00','2020-04-08 16:00:00','0000-00-00 00:00:00','0000-00-00 00:00:00','4d92a971360243b0bab91e2ffc6740e3',1,2,'2020-04-07 15:48:43',0,'n','village','/uploads/ya02wmsj_cecoe/pic/20200407/04199e91a7e81eb539900fb4ed689ec3.png',99,'n','','online','SOURCE004','STATUS001','volunteer',0,'331082001001',0,'','',9,'','aea302ff0a894b129266a5fcac2a3743','2020-04-07 07:48:43',0,''),(150,32,'临海市新媒体红黑榜第一期(临海发布)','红榜：临海发布，18万粉丝。代表党政府权威声音，进行民生政策权威解读、热点消息权威发布、公共信息权威发布。','2019-12-31 16:00:00','2020-03-31 16:00:00','0000-00-00 00:00:00','0000-00-00 00:00:00','4d92a971360243b0bab91e2ffc6740e3',6,1,'2020-04-08 16:28:51',2,'n','county','/uploads/ya02wmsj_cecoe/pic/20200408/ea1f1d5a9500cabc4f0232cc176a6c19.jpg',99,'n','','online','SOURCE004','STATUS003','volunteer',0,'331082000000',0,'','',9,'','f62b055d90d64875b26b2b6d39a59138,c1c0b56a155748a2b75fff29db091c81','2020-04-08 08:28:51',0,''),(152,32,'网络文明公约征集，写出心声就有奖','<p style=\"text-indent:32.0pt;mso-char-indent-count:2.0\">互联网是一把“双刃剑”，它在给我们带来便利的同时，也出现一系列不文明网络行为，如：传播谣言、制作散布虚假信息，窥探、传播他人隐私，恶意攻击、骚扰等。因此，在充分发挥互联网优势的同时，努力抓好互联网引导和规范工作迫在眉睫。为此，我们邀请您一起来创作“我心中的网络文明公约”，通过在下方评论栏留言的方式传递给我们。</p><p style=\"text-indent:32.0pt;mso-char-indent-count:2.0\">接下来，我们会将征集到的留言在中国临海新闻网和临海发布进行展示，并进行网络投票，选出属于我们临海人自己的“网络文明公约”。每个写下“网络文明公约”的朋友，还将获赠一份精美小礼品，被选进公约的，还有望得到大奖。还在等什么，快来参与吧！</p><p style=\"text-indent:32.0pt;mso-char-indent-count:2.0\"></p><p style=\"margin-left:64.0pt;text-indent:-64.0pt;mso-char-indent-count:-4.0\">样本：</p><p style=\"margin-left:0cm;text-indent:0cm;mso-list:l0 level1 lfo1\">1、万众一心筑文明，执利剑驰骋，网络空间。筚路蓝缕不曾惧，砥砺前行脚步坚。待从头，构清朗网络，展欢颜 </p><p style=\"margin-left:0cm;text-indent:0cm;mso-list:l0 level1 lfo1\">2、弘扬网络真善美，积极传播正能量</p><p>3、坚决抵制网络不良行为，做清朗网络空间志愿者</p><p>4、文明上网，理性发言，明辨是非，传播美好</p><p>5、让清朗之风吹遍网络空间</p><p>6、网络语言需谨慎，网络态度需端正，网络行为需合法</p><p>7、千里之行始于足下，网络文明始于指尖</p><p>8、科学上网，实事求是，文明用语，以礼待人，点击文明，演e精彩</p><p>9、阳光网络我来维护，文明上网我来践行</p>10、恪守网络道德，依法文明上网，争当文明好网民，争做文明传播者','2020-04-08 16:00:00','2020-05-30 16:00:00','0000-00-00 00:00:00','0000-00-00 00:00:00','4d92a971360243b0bab91e2ffc6740e3',3,4,'2020-04-10 10:28:44',0,'n','county','',99,'n','','online','SOURCE004','STATUS003','volunteer',0,'331082000000',0,'','',9,'','f62b055d90d64875b26b2b6d39a59138,c1c0b56a155748a2b75fff29db091c81','2020-04-10 02:28:44',0,''),(157,32,'临海市最美教师评选','临海市最美教师评选','2020-04-12 16:00:00','2020-04-14 16:00:00','0000-00-00 00:00:00','0000-00-00 00:00:00','4d92a971360243b0bab91e2ffc6740e3',1,2,'2020-04-13 11:48:38',0,'n','county','/uploads/ya02wmsj_cecoe/pic/20200413/9f97d08572ffb4b27079d4c8586bc8dd.jpg',99,'n','','online','SOURCE004','STATUS003','volunteer',0,'331082000000',0,'','',9,'','f62b055d90d64875b26b2b6d39a59138,c1c0b56a155748a2b75fff29db091c81','2020-04-13 03:48:38',0,''),(158,32,'新时代文明实践所、站、点','邵家渡尚斌书院新时代文明实践点。邵家渡街道推荐。2018学年被评为台州市第二批和合书院，浙江省教职工优秀书屋。2018年5月正式运营。组建“和合文化”宣讲团，追求学校与社会的和合、学生与家长的和合、线上与线下的和合、传统与现代的和合、德育与智育的和合、理念与景观的和合、理念与行动的和合，推动了全民阅读的热潮。与陈佩莉名师工作室联合举办公益推广“亲子阅读”活动等六次亲子阅读活动；积极参与新时代文明实践，成立“春泥”志愿服务队。','2020-04-12 16:00:00','2020-04-14 16:00:00','0000-00-00 00:00:00','0000-00-00 00:00:00','4d92a971360243b0bab91e2ffc6740e3',6,5,'2020-04-13 11:55:23',0,'n','county','/uploads/ya02wmsj_cecoe/pic/20200413/0b3e326378ee0de71ef56b818a0c9418.jpg',99,'n','','online','SOURCE004','STATUS003','volunteer',0,'331082000000',0,'','',9,'','f62b055d90d64875b26b2b6d39a59138,c1c0b56a155748a2b75fff29db091c81','2020-04-13 03:55:23',0,''),(160,32,'1234ce','23124124123','2020-03-31 16:00:00','2020-04-06 16:00:00','0000-00-00 00:00:00','0000-00-00 00:00:00','4d92a971360243b0bab91e2ffc6740e3',6,1,'2020-04-14 10:23:24',2,'n','village','/uploads/ya02wmsj_cecoe/pic/20200414/ff80ce7e01cc8046ec3576ba123c0c65.png',99,'n','','online','SOURCE004','STATUS001','volunteer',0,'331082002003',0,'','',9,'','068a1d3dad2842a7b046a58bd798cfa6','2020-04-14 02:23:24',0,''),(161,32,'时代新人评选','时代新人评选','2020-04-13 16:00:00','2020-04-17 16:00:00','0000-00-00 00:00:00','0000-00-00 00:00:00','4d92a971360243b0bab91e2ffc6740e3',1,2,'2020-04-14 13:57:58',0,'n','town','/uploads/ya02wmsj_cecoe/pic/20200414/ca46ed05ba651328cca8061cd59d0247.jpg',99,'n','','online','SOURCE004','STATUS001','volunteer',0,'331082001000',0,'','',9,'','f62b055d90d64875b26b2b6d39a59138,c1c0b56a155748a2b75fff29db091c81','2020-04-14 05:57:58',0,''),(162,32,'123','123','2020-04-13 16:00:00','2020-04-17 16:00:00','0000-00-00 00:00:00','0000-00-00 00:00:00','4d92a971360243b0bab91e2ffc6740e3',1,1,'2020-04-14 13:59:15',0,'n','town','/uploads/ya02wmsj_cecoe/pic/20200414/ca46ed05ba651328cca8061cd59d0247.jpg',99,'n','','online','SOURCE004','STATUS001','volunteer',0,'331082002000',0,'','',9,'','f62b055d90d64875b26b2b6d39a59138,c1c0b56a155748a2b75fff29db091c81','2020-04-14 05:59:15',0,''),(165,32,'123','123','2020-04-13 16:00:00','2020-04-13 16:00:00','0000-00-00 00:00:00','0000-00-00 00:00:00','4d92a971360243b0bab91e2ffc6740e3',1,1,'2020-04-14 16:21:34',0,'n','town','',99,'n','','online','SOURCE004','STATUS001','volunteer',0,'331082001000',0,'','',9,'','f62b055d90d64875b26b2b6d39a59138,c1c0b56a155748a2b75fff29db091c81','2020-04-14 08:21:34',0,''),(168,32,'大洋街道时代青年评选','到底谁是时代青年代表，一起来看看吧！','2020-04-15 16:00:00','2020-04-17 16:00:00','0000-00-00 00:00:00','0000-00-00 00:00:00','4d92a971360243b0bab91e2ffc6740e3',1,2,'2020-04-16 10:05:03',0,'n','town','/uploads/ya02wmsj_cecoe/pic/20200416/7146f0a9c46fc1614a0dd2b7f845c9d6.jpg',99,'n','','online','SOURCE004','STATUS001','volunteer',0,'331082002000',0,'','',9,'','f62b055d90d64875b26b2b6d39a59138,c1c0b56a155748a2b75fff29db091c81','2020-04-16 02:05:03',0,''),(169,32,'谁是本村最靓的仔?','谁是本村最靓的仔?','2020-04-15 16:00:00','2020-04-17 16:00:00','0000-00-00 00:00:00','0000-00-00 00:00:00','4d92a971360243b0bab91e2ffc6740e3',1,2,'2020-04-16 10:07:40',0,'n','village','/uploads/ya02wmsj_cecoe/pic/20200416/609db8c7139a504406663aac3a939393.jpg',99,'n','','online','SOURCE004','STATUS004','volunteer',0,'331082002002',0,'','f62b055d90d64875b26b2b6d39a59138',9,'','f62b055d90d64875b26b2b6d39a59138','2020-04-16 02:08:45',0,''),(176,32,'举办活动评选','谁是最美临海青年','2020-04-19 16:00:00','2020-04-24 16:00:00','0000-00-00 00:00:00','0000-00-00 00:00:00','4d92a971360243b0bab91e2ffc6740e3',1,1,'2020-04-20 11:29:31',0,'n','village','/uploads/ya02wmsj_cecoe/pic/20200420/673b4eadc7ea5578692165a8a1df2157.jpg',99,'n','','online','SOURCE004','STATUS001','volunteer',0,'331082001001',0,'','',9,'','aea302ff0a894b129266a5fcac2a3743','2020-04-20 03:29:31',0,''),(180,32,'测试一下','测','2020-04-19 16:00:00','2020-04-24 16:00:00','0000-00-00 00:00:00','0000-00-00 00:00:00','4d92a971360243b0bab91e2ffc6740e3',3,1,'2020-04-20 17:00:30',0,'n','town','/uploads/ya02wmsj_cecoe/pic/20200420/ff2a148928047787c95b762fa2caf0b2.jpg',99,'n','','online','SOURCE004','STATUS001','volunteer',0,'331082101000',0,'','',9,'','f62b055d90d64875b26b2b6d39a59138,c1c0b56a155748a2b75fff29db091c81','2020-04-20 09:00:30',0,''),(181,32,'测试泉井洋社区','阿萨德','2020-04-22 16:00:00','2020-04-22 16:00:00','0000-00-00 00:00:00','0000-00-00 00:00:00','4d92a971360243b0bab91e2ffc6740e3',3,2,'2020-04-20 17:01:21',0,'n','village','/uploads/ya02wmsj_cecoe/pic/20200420/ff2a148928047787c95b762fa2caf0b2.jpg',99,'n','','online','SOURCE004','STATUS001','volunteer',0,'331082001001',0,'','',9,'','aea302ff0a894b129266a5fcac2a3743','2020-04-20 09:01:21',0,''),(183,32,'新版评分','新版评分','2020-04-25 16:00:00','2020-04-25 16:00:00','0000-00-00 00:00:00','0000-00-00 00:00:00','4d92a971360243b0bab91e2ffc6740e3',6,1,'2020-04-21 10:20:24',0,'n','village','',99,'n','','online','SOURCE004','STATUS001','volunteer',0,'331082001001',0,'','',9,'','aea302ff0a894b129266a5fcac2a3743','2020-04-21 02:20:24',0,''),(206,32,'评选达人','评选谁是达人？','2020-04-28 02:30:30','2020-04-30 07:30:00','0000-00-00 00:00:00','0000-00-00 00:00:00','4d92a971360243b0bab91e2ffc6740e3',1,2,'2020-04-28 13:46:34',0,'n','village','/uploads/ya02wmsj_cecoe/pic/20200428/7170f58fa0d664ccd19401f5151f73ed.jpg',99,'n','','online','SOURCE004','STATUS001','volunteer',0,'331082001001',0,'','',9,'','aea302ff0a894b129266a5fcac2a3743','2020-04-28 05:46:34',0,'');

--
-- Table structure for table `ya02wmsj_cecoe_activity_form`
--

CREATE TABLE `ya02wmsj_cecoe_activity_form` (
  `id` int(10) unsigned NOT NULL AUTO_INCREMENT COMMENT '表ID',
  `name` varchar(101) NOT NULL DEFAULT '' COMMENT '分类名称',
  `type` enum('online','offline') DEFAULT 'online' COMMENT '活动类型 online-线上  offline-线下',
  `ctime` timestamp NOT NULL DEFAULT '0000-00-00 00:00:00' COMMENT '类型添加时间',
  PRIMARY KEY (`id`)
) ENGINE=InnoDB AUTO_INCREMENT=7 DEFAULT CHARSET=utf8 COMMENT='活动展示形式表 评选、有奖竞赛、征文、征询';

--
-- Dumping data for table `ya02wmsj_cecoe_activity_form`
--

INSERT INTO `ya02wmsj_cecoe_activity_form` VALUES (1,'评选','online','0000-00-00 00:00:00'),(2,'有奖竞赛','online','0000-00-00 00:00:00'),(3,'征文','online','0000-00-00 00:00:00'),(4,'征询','online','0000-00-00 00:00:00'),(5,'线下活动','offline','0000-00-00 00:00:00'),(6,'评分','online','2020-02-13 22:14:00');

--
-- Table structure for table `ya02wmsj_cecoe_activity_operate`
--

CREATE TABLE `ya02wmsj_cecoe_activity_operate` (
  `id` int(10) unsigned NOT NULL AUTO_INCREMENT COMMENT '表ID',
  `code` char(10) NOT NULL DEFAULT 'OPERATE001' COMMENT '操作编码',
  `name` varchar(20) NOT NULL DEFAULT '' COMMENT '操作名称',
  PRIMARY KEY (`id`)
) ENGINE=MyISAM AUTO_INCREMENT=10 DEFAULT CHARSET=utf8 COMMENT='活动流程操作表';

--
-- Dumping data for table `ya02wmsj_cecoe_activity_operate`
--

INSERT INTO `ya02wmsj_cecoe_activity_operate` VALUES (1,'OPERATE001','受理'),(2,'OPERATE002','上报'),(3,'OPERATE003','办结'),(4,'OPERATE004','通过'),(5,'OPERATE005','驳回'),(6,'OPERATE006','归档'),(7,'OPERATE007','派单'),(8,'OPERATE008','评价'),(9,'OPERATE009','重办');

--
-- Table structure for table `ya02wmsj_cecoe_activity_process_info`
--

CREATE TABLE `ya02wmsj_cecoe_activity_process_info` (
  `id` int(10) unsigned NOT NULL AUTO_INCREMENT COMMENT '流程表ID',
  `activity_id` int(10) unsigned NOT NULL COMMENT '事件ID',
  `item_process_id` int(10) unsigned NOT NULL COMMENT '事项流程ID,关联item_process表ID',
  `user_ids` varchar(1002) NOT NULL COMMENT '处理人ID，多个以逗号(,)分隔',
  `cur_id` varchar(32) DEFAULT '' COMMENT '实际处理人',
  `uuid` varchar(32) DEFAULT '' COMMENT '活动发起人',
  `vorgan_ids` varchar(1002) NOT NULL DEFAULT '' COMMENT '志愿者队伍列表，多个以逗号(,)分隔',
  `pic_path` varchar(1001) NOT NULL DEFAULT '' COMMENT '图片路径',
  `voice_path` varchar(1001) NOT NULL DEFAULT '' COMMENT '音频路径',
  `video_path` varchar(1001) NOT NULL DEFAULT '' COMMENT '视频路径',
  `reject_reason` varchar(201) NOT NULL DEFAULT '' COMMENT '驳回说明',
  `desc` varchar(100) DEFAULT '' COMMENT '处理意见',
  `ctime` datetime NOT NULL DEFAULT '1970-01-01 00:00:00' COMMENT '创建时间',
  `status` tinyint(3) unsigned NOT NULL DEFAULT '0' COMMENT '是否同意 0-否 1-是',
  `dealstatus` tinyint(3) unsigned NOT NULL DEFAULT '0' COMMENT '办理状态 0-未办理 1-已办理',
  `cur_operate` char(10) NOT NULL DEFAULT '' COMMENT '当前操作, 关联activity_operate 表code字段',
  `cur_status` char(9) NOT NULL DEFAULT '' COMMENT '当前状态, 关联activity_status 表code字段',
  PRIMARY KEY (`id`),
  KEY `index2` (`activity_id`,`item_process_id`),
  KEY `index1` (`item_process_id`,`dealstatus`,`status`)
) ENGINE=InnoDB AUTO_INCREMENT=319 DEFAULT CHARSET=utf8 COMMENT='活动处理流程信息表';

--
-- Dumping data for table `ya02wmsj_cecoe_activity_process_info`
--

INSERT INTO `ya02wmsj_cecoe_activity_process_info` VALUES (4,4,50,'bd949488301b4bceb7e6750d6c2dc5df','bd949488301b4bceb7e6750d6c2dc5df','4d92a971360243b0bab91e2ffc6740e3','','','','','','','2019-08-20 11:36:14',0,0,'OPERATE003','STATUS007'),(6,4,51,'3156ba15ac6342e58b71ead1000098dd','3156ba15ac6342e58b71ead1000098dd','4d92a971360243b0bab91e2ffc6740e3','','','','','','','2019-08-20 15:42:32',0,0,'OPERATE008','STATUS012'),(7,5,50,'953c125269ab4693bf48a944d8705b77','953c125269ab4693bf48a944d8705b77','4d92a971360243b0bab91e2ffc6740e3','','','','','','','2019-08-20 16:54:17',0,0,'OPERATE003','STATUS007'),(8,6,48,'62c9bd98cf2d473d8a6e6e151fc4fd63','62c9bd98cf2d473d8a6e6e151fc4fd63','4d92a971360243b0bab91e2ffc6740e3','','','','','','','2019-08-20 16:59:12',0,0,'OPERATE004','STATUS001'),(9,7,47,'fb5cc4d68bcb4d74974b5d516086cab6','fb5cc4d68bcb4d74974b5d516086cab6','4d92a971360243b0bab91e2ffc6740e3','','','','','','','2019-08-20 16:59:50',0,0,'OPERATE004','STATUS001'),(10,7,48,'62c9bd98cf2d473d8a6e6e151fc4fd63','62c9bd98cf2d473d8a6e6e151fc4fd63','4d92a971360243b0bab91e2ffc6740e3','','','','','','','2019-08-20 17:05:30',0,0,'OPERATE004','STATUS001'),(11,7,50,'953c125269ab4693bf48a944d8705b77','953c125269ab4693bf48a944d8705b77','4d92a971360243b0bab91e2ffc6740e3','','','','','','','2019-08-20 17:06:14',0,0,'OPERATE003','STATUS007'),(12,6,50,'953c125269ab4693bf48a944d8705b77','953c125269ab4693bf48a944d8705b77','4d92a971360243b0bab91e2ffc6740e3','','','','','','','2019-08-20 17:06:19',0,0,'OPERATE003','STATUS007'),(13,7,51,'ee721ad121cb45d185d1c72f3c905964','ee721ad121cb45d185d1c72f3c905964','4d92a971360243b0bab91e2ffc6740e3','','','','','','','2019-08-20 17:09:47',0,0,'OPERATE008','STATUS012'),(14,6,51,'ee721ad121cb45d185d1c72f3c905964','ee721ad121cb45d185d1c72f3c905964','4d92a971360243b0bab91e2ffc6740e3','','','','','','','2019-08-20 17:10:47',0,0,'OPERATE008','STATUS012'),(15,5,51,'ee721ad121cb45d185d1c72f3c905964','ee721ad121cb45d185d1c72f3c905964','4d92a971360243b0bab91e2ffc6740e3','','','','','','','2019-08-20 17:28:53',0,0,'OPERATE008','STATUS012'),(16,4,56,'','','4d92a971360243b0bab91e2ffc6740e3','','','','','','','2019-08-21 09:07:27',0,0,'','STATUS009'),(17,7,56,'','','4d92a971360243b0bab91e2ffc6740e3','','','','','','','2019-08-21 09:08:22',0,0,'','STATUS009'),(18,6,56,'','','4d92a971360243b0bab91e2ffc6740e3','','','','','','','2019-08-21 09:11:05',0,0,'','STATUS009'),(19,5,56,'','','4d92a971360243b0bab91e2ffc6740e3','','','','','','','2019-08-21 09:12:49',0,0,'','STATUS009'),(23,10,19,'62c9bd98cf2d473d8a6e6e151fc4fd63','','4d92a971360243b0bab91e2ffc6740e3','','','','','','','2019-08-21 14:34:55',0,0,'','STATUS003'),(24,11,19,'62c9bd98cf2d473d8a6e6e151fc4fd63','','4d92a971360243b0bab91e2ffc6740e3','','','','','','','2019-08-21 16:14:29',0,0,'','STATUS003'),(28,15,50,'953c125269ab4693bf48a944d8705b77','','4d92a971360243b0bab91e2ffc6740e3','','','','','','','2019-08-23 08:50:36',0,0,'','STATUS007'),(30,16,50,'953c125269ab4693bf48a944d8705b77','','4d92a971360243b0bab91e2ffc6740e3','','','','','','','2019-08-27 18:28:00',0,0,'','STATUS007'),(33,19,50,'953c125269ab4693bf48a944d8705b77','','4d92a971360243b0bab91e2ffc6740e3','','','','','','','2019-09-02 17:17:32',0,0,'','STATUS007'),(38,22,50,'bd949488301b4bceb7e6750d6c2dc5df','','4d92a971360243b0bab91e2ffc6740e3','','','','','','','2019-12-28 16:34:51',0,0,'','STATUS007'),(40,24,19,'62c9bd98cf2d473d8a6e6e151fc4fd63','','4d92a971360243b0bab91e2ffc6740e3','','','','','','','2020-03-03 15:11:30',0,0,'','STATUS003'),(41,25,19,'62c9bd98cf2d473d8a6e6e151fc4fd63','','4d92a971360243b0bab91e2ffc6740e3','','','','','','','2020-03-03 15:17:37',0,0,'','STATUS003'),(55,39,19,'62c9bd98cf2d473d8a6e6e151fc4fd63','','4d92a971360243b0bab91e2ffc6740e3','','','','','','','2020-03-19 14:34:36',0,0,'','STATUS003'),(79,63,19,'62c9bd98cf2d473d8a6e6e151fc4fd63','','4d92a971360243b0bab91e2ffc6740e3','','','','','','','2020-03-24 13:48:26',0,0,'','STATUS003'),(83,67,19,'f62b055d90d64875b26b2b6d39a59138,c1c0b56a155748a2b75fff29db091c81','','4d92a971360243b0bab91e2ffc6740e3','','','','','','','2020-03-24 14:16:26',0,0,'','STATUS003'),(84,68,19,'f62b055d90d64875b26b2b6d39a59138,c1c0b56a155748a2b75fff29db091c81','','4d92a971360243b0bab91e2ffc6740e3','','','','','','','2020-03-24 14:20:13',0,0,'','STATUS003'),(86,70,18,'f62b055d90d64875b26b2b6d39a59138,c1c0b56a155748a2b75fff29db091c81','','aea302ff0a894b129266a5fcac2a3743','','','','','','','2020-03-26 11:08:52',0,0,'','STATUS001'),(87,71,17,'aea302ff0a894b129266a5fcac2a3743','aea302ff0a894b129266a5fcac2a3743','4d92a971360243b0bab91e2ffc6740e3','','','','','','','2020-03-31 15:49:12',0,0,'OPERATE004','STATUS001'),(88,71,18,'f62b055d90d64875b26b2b6d39a59138,c1c0b56a155748a2b75fff29db091c81','f62b055d90d64875b26b2b6d39a59138','4d92a971360243b0bab91e2ffc6740e3','','','','','','','2020-03-31 15:51:02',0,0,'OPERATE004','STATUS001'),(89,71,19,'','','4d92a971360243b0bab91e2ffc6740e3','','','','','','','2020-03-31 15:52:09',0,0,'','STATUS003'),(95,77,19,'f62b055d90d64875b26b2b6d39a59138,c1c0b56a155748a2b75fff29db091c81','','4d92a971360243b0bab91e2ffc6740e3','','','','','','','2020-04-07 08:36:36',0,0,'','STATUS003'),(96,78,19,'f62b055d90d64875b26b2b6d39a59138,c1c0b56a155748a2b75fff29db091c81','','4d92a971360243b0bab91e2ffc6740e3','','','','','','','2020-04-07 08:37:22',0,0,'','STATUS003'),(97,79,19,'f62b055d90d64875b26b2b6d39a59138,c1c0b56a155748a2b75fff29db091c81','','4d92a971360243b0bab91e2ffc6740e3','','','','','','','2020-04-07 08:38:43',0,0,'','STATUS003'),(98,80,19,'f62b055d90d64875b26b2b6d39a59138,c1c0b56a155748a2b75fff29db091c81','','4d92a971360243b0bab91e2ffc6740e3','','','','','','','2020-04-07 08:39:47',0,0,'','STATUS003'),(99,81,19,'f62b055d90d64875b26b2b6d39a59138,c1c0b56a155748a2b75fff29db091c81','','4d92a971360243b0bab91e2ffc6740e3','','','','','','','2020-04-07 08:40:58',0,0,'','STATUS003'),(100,82,19,'f62b055d90d64875b26b2b6d39a59138,c1c0b56a155748a2b75fff29db091c81','','4d92a971360243b0bab91e2ffc6740e3','','','','','','','2020-04-07 08:42:02',0,0,'','STATUS003'),(101,83,19,'f62b055d90d64875b26b2b6d39a59138,c1c0b56a155748a2b75fff29db091c81','','4d92a971360243b0bab91e2ffc6740e3','','','','','','','2020-04-07 08:42:56',0,0,'','STATUS003'),(102,84,19,'f62b055d90d64875b26b2b6d39a59138,c1c0b56a155748a2b75fff29db091c81','','4d92a971360243b0bab91e2ffc6740e3','','','','','','','2020-04-07 08:44:14',0,0,'','STATUS003'),(103,85,19,'f62b055d90d64875b26b2b6d39a59138,c1c0b56a155748a2b75fff29db091c81','','4d92a971360243b0bab91e2ffc6740e3','','','','','','','2020-04-07 08:45:13',0,0,'','STATUS003'),(104,86,19,'f62b055d90d64875b26b2b6d39a59138,c1c0b56a155748a2b75fff29db091c81','','4d92a971360243b0bab91e2ffc6740e3','','','','','','','2020-04-07 08:46:11',0,0,'','STATUS003'),(105,87,19,'f62b055d90d64875b26b2b6d39a59138,c1c0b56a155748a2b75fff29db091c81','','4d92a971360243b0bab91e2ffc6740e3','','','','','','','2020-04-07 08:47:26',0,0,'','STATUS003'),(106,88,19,'f62b055d90d64875b26b2b6d39a59138,c1c0b56a155748a2b75fff29db091c81','','4d92a971360243b0bab91e2ffc6740e3','','','','','','','2020-04-07 08:48:32',0,0,'','STATUS003'),(107,89,19,'f62b055d90d64875b26b2b6d39a59138,c1c0b56a155748a2b75fff29db091c81','','4d92a971360243b0bab91e2ffc6740e3','','','','','','','2020-04-07 08:49:44',0,0,'','STATUS003'),(108,90,19,'f62b055d90d64875b26b2b6d39a59138,c1c0b56a155748a2b75fff29db091c81','','4d92a971360243b0bab91e2ffc6740e3','','','','','','','2020-04-07 08:50:44',0,0,'','STATUS003'),(109,91,19,'f62b055d90d64875b26b2b6d39a59138,c1c0b56a155748a2b75fff29db091c81','','4d92a971360243b0bab91e2ffc6740e3','','','','','','','2020-04-07 08:52:24',0,0,'','STATUS003'),(110,92,19,'f62b055d90d64875b26b2b6d39a59138,c1c0b56a155748a2b75fff29db091c81','','4d92a971360243b0bab91e2ffc6740e3','','','','','','','2020-04-07 08:54:35',0,0,'','STATUS003'),(111,93,19,'f62b055d90d64875b26b2b6d39a59138,c1c0b56a155748a2b75fff29db091c81','','4d92a971360243b0bab91e2ffc6740e3','','','','','','','2020-04-07 08:55:59',0,0,'','STATUS003'),(112,94,19,'f62b055d90d64875b26b2b6d39a59138,c1c0b56a155748a2b75fff29db091c81','','4d92a971360243b0bab91e2ffc6740e3','','','','','','','2020-04-07 08:57:00',0,0,'','STATUS003'),(113,95,19,'f62b055d90d64875b26b2b6d39a59138,c1c0b56a155748a2b75fff29db091c81','','4d92a971360243b0bab91e2ffc6740e3','','','','','','','2020-04-07 08:58:41',0,0,'','STATUS003'),(114,96,19,'f62b055d90d64875b26b2b6d39a59138,c1c0b56a155748a2b75fff29db091c81','','4d92a971360243b0bab91e2ffc6740e3','','','','','','','2020-04-07 08:59:25',0,0,'','STATUS003'),(115,97,19,'f62b055d90d64875b26b2b6d39a59138,c1c0b56a155748a2b75fff29db091c81','','4d92a971360243b0bab91e2ffc6740e3','','','','','','','2020-04-07 09:02:35',0,0,'','STATUS003'),(116,98,19,'f62b055d90d64875b26b2b6d39a59138,c1c0b56a155748a2b75fff29db091c81','','4d92a971360243b0bab91e2ffc6740e3','','','','','','','2020-04-07 09:04:12',0,0,'','STATUS003'),(117,99,19,'f62b055d90d64875b26b2b6d39a59138,c1c0b56a155748a2b75fff29db091c81','','4d92a971360243b0bab91e2ffc6740e3','','','','','','','2020-04-07 09:05:42',0,0,'','STATUS003'),(118,100,19,'f62b055d90d64875b26b2b6d39a59138,c1c0b56a155748a2b75fff29db091c81','','4d92a971360243b0bab91e2ffc6740e3','','','','','','','2020-04-07 09:06:42',0,0,'','STATUS003'),(119,101,19,'f62b055d90d64875b26b2b6d39a59138,c1c0b56a155748a2b75fff29db091c81','','4d92a971360243b0bab91e2ffc6740e3','','','','','','','2020-04-07 09:07:45',0,0,'','STATUS003'),(120,102,19,'f62b055d90d64875b26b2b6d39a59138,c1c0b56a155748a2b75fff29db091c81','','4d92a971360243b0bab91e2ffc6740e3','','','','','','','2020-04-07 09:08:45',0,0,'','STATUS003'),(121,103,19,'f62b055d90d64875b26b2b6d39a59138,c1c0b56a155748a2b75fff29db091c81','','4d92a971360243b0bab91e2ffc6740e3','','','','','','','2020-04-07 09:09:59',0,0,'','STATUS003'),(122,104,19,'f62b055d90d64875b26b2b6d39a59138,c1c0b56a155748a2b75fff29db091c81','','4d92a971360243b0bab91e2ffc6740e3','','','','','','','2020-04-07 09:12:03',0,0,'','STATUS003'),(123,105,19,'f62b055d90d64875b26b2b6d39a59138,c1c0b56a155748a2b75fff29db091c81','','4d92a971360243b0bab91e2ffc6740e3','','','','','','','2020-04-07 09:16:06',0,0,'','STATUS003'),(125,107,19,'f62b055d90d64875b26b2b6d39a59138,c1c0b56a155748a2b75fff29db091c81','','4d92a971360243b0bab91e2ffc6740e3','','','','','','','2020-04-07 09:24:08',0,0,'','STATUS003'),(126,108,19,'f62b055d90d64875b26b2b6d39a59138,c1c0b56a155748a2b75fff29db091c81','','4d92a971360243b0bab91e2ffc6740e3','','','','','','','2020-04-07 09:25:07',0,0,'','STATUS003'),(127,109,19,'f62b055d90d64875b26b2b6d39a59138,c1c0b56a155748a2b75fff29db091c81','','4d92a971360243b0bab91e2ffc6740e3','','','','','','','2020-04-07 09:26:07',0,0,'','STATUS003'),(128,110,19,'f62b055d90d64875b26b2b6d39a59138,c1c0b56a155748a2b75fff29db091c81','','4d92a971360243b0bab91e2ffc6740e3','','','','','','','2020-04-07 10:13:27',0,0,'','STATUS003'),(129,111,19,'f62b055d90d64875b26b2b6d39a59138,c1c0b56a155748a2b75fff29db091c81','','4d92a971360243b0bab91e2ffc6740e3','','','','','','','2020-04-07 10:17:00',0,0,'','STATUS003'),(130,112,19,'f62b055d90d64875b26b2b6d39a59138,c1c0b56a155748a2b75fff29db091c81','','4d92a971360243b0bab91e2ffc6740e3','','','','','','','2020-04-07 10:19:20',0,0,'','STATUS003'),(131,113,19,'f62b055d90d64875b26b2b6d39a59138,c1c0b56a155748a2b75fff29db091c81','','4d92a971360243b0bab91e2ffc6740e3','','','','','','','2020-04-07 10:20:28',0,0,'','STATUS003'),(132,114,19,'f62b055d90d64875b26b2b6d39a59138,c1c0b56a155748a2b75fff29db091c81','','4d92a971360243b0bab91e2ffc6740e3','','','','','','','2020-04-07 10:21:25',0,0,'','STATUS003'),(133,115,19,'f62b055d90d64875b26b2b6d39a59138,c1c0b56a155748a2b75fff29db091c81','','4d92a971360243b0bab91e2ffc6740e3','','','','','','','2020-04-07 10:23:00',0,0,'','STATUS003'),(134,116,19,'f62b055d90d64875b26b2b6d39a59138,c1c0b56a155748a2b75fff29db091c81','','4d92a971360243b0bab91e2ffc6740e3','','','','','','','2020-04-07 10:24:12',0,0,'','STATUS003'),(135,117,19,'f62b055d90d64875b26b2b6d39a59138,c1c0b56a155748a2b75fff29db091c81','','4d92a971360243b0bab91e2ffc6740e3','','','','','','','2020-04-07 10:25:13',0,0,'','STATUS003'),(136,118,19,'f62b055d90d64875b26b2b6d39a59138,c1c0b56a155748a2b75fff29db091c81','','4d92a971360243b0bab91e2ffc6740e3','','','','','','','2020-04-07 10:26:14',0,0,'','STATUS003'),(137,119,19,'f62b055d90d64875b26b2b6d39a59138,c1c0b56a155748a2b75fff29db091c81','','4d92a971360243b0bab91e2ffc6740e3','','','','','','','2020-04-07 10:28:15',0,0,'','STATUS003'),(138,120,19,'f62b055d90d64875b26b2b6d39a59138,c1c0b56a155748a2b75fff29db091c81','','4d92a971360243b0bab91e2ffc6740e3','','','','','','','2020-04-07 10:29:06',0,0,'','STATUS003'),(139,121,19,'f62b055d90d64875b26b2b6d39a59138,c1c0b56a155748a2b75fff29db091c81','','4d92a971360243b0bab91e2ffc6740e3','','','','','','','2020-04-07 10:31:21',0,0,'','STATUS003'),(140,122,19,'f62b055d90d64875b26b2b6d39a59138,c1c0b56a155748a2b75fff29db091c81','','4d92a971360243b0bab91e2ffc6740e3','','','','','','','2020-04-07 10:32:12',0,0,'','STATUS003'),(141,123,19,'f62b055d90d64875b26b2b6d39a59138,c1c0b56a155748a2b75fff29db091c81','','4d92a971360243b0bab91e2ffc6740e3','','','','','','','2020-04-07 10:33:07',0,0,'','STATUS003'),(142,124,19,'f62b055d90d64875b26b2b6d39a59138,c1c0b56a155748a2b75fff29db091c81','','4d92a971360243b0bab91e2ffc6740e3','','','','','','','2020-04-07 10:34:39',0,0,'','STATUS003'),(143,125,19,'f62b055d90d64875b26b2b6d39a59138,c1c0b56a155748a2b75fff29db091c81','','4d92a971360243b0bab91e2ffc6740e3','','','','','','','2020-04-07 10:35:47',0,0,'','STATUS003'),(144,126,19,'f62b055d90d64875b26b2b6d39a59138,c1c0b56a155748a2b75fff29db091c81','','4d92a971360243b0bab91e2ffc6740e3','','','','','','','2020-04-07 10:36:55',0,0,'','STATUS003'),(145,127,19,'f62b055d90d64875b26b2b6d39a59138,c1c0b56a155748a2b75fff29db091c81','','4d92a971360243b0bab91e2ffc6740e3','','','','','','','2020-04-07 10:40:01',0,0,'','STATUS003'),(146,128,19,'f62b055d90d64875b26b2b6d39a59138,c1c0b56a155748a2b75fff29db091c81','','4d92a971360243b0bab91e2ffc6740e3','','','','','','','2020-04-07 10:41:33',0,0,'','STATUS003'),(147,129,19,'f62b055d90d64875b26b2b6d39a59138,c1c0b56a155748a2b75fff29db091c81','','4d92a971360243b0bab91e2ffc6740e3','','','','','','','2020-04-07 10:42:59',0,0,'','STATUS003'),(148,130,19,'f62b055d90d64875b26b2b6d39a59138,c1c0b56a155748a2b75fff29db091c81','','4d92a971360243b0bab91e2ffc6740e3','','','','','','','2020-04-07 10:44:21',0,0,'','STATUS003'),(149,131,19,'f62b055d90d64875b26b2b6d39a59138,c1c0b56a155748a2b75fff29db091c81','','4d92a971360243b0bab91e2ffc6740e3','','','','','','','2020-04-07 10:45:20',0,0,'','STATUS003'),(150,132,19,'f62b055d90d64875b26b2b6d39a59138,c1c0b56a155748a2b75fff29db091c81','','4d92a971360243b0bab91e2ffc6740e3','','','','','','','2020-04-07 10:46:42',0,0,'','STATUS003'),(151,133,19,'f62b055d90d64875b26b2b6d39a59138,c1c0b56a155748a2b75fff29db091c81','','4d92a971360243b0bab91e2ffc6740e3','','','','','','','2020-04-07 10:47:34',0,0,'','STATUS003'),(152,134,19,'f62b055d90d64875b26b2b6d39a59138,c1c0b56a155748a2b75fff29db091c81','','4d92a971360243b0bab91e2ffc6740e3','','','','','','','2020-04-07 11:00:29',0,0,'','STATUS003'),(168,150,19,'f62b055d90d64875b26b2b6d39a59138,c1c0b56a155748a2b75fff29db091c81','','4d92a971360243b0bab91e2ffc6740e3','','','','','','','2020-04-08 16:28:51',0,0,'','STATUS003'),(180,145,17,'aea302ff0a894b129266a5fcac2a3743','','4d92a971360243b0bab91e2ffc6740e3','','','','','','','2020-04-09 17:09:38',0,0,'','STATUS001'),(181,152,19,'f62b055d90d64875b26b2b6d39a59138,c1c0b56a155748a2b75fff29db091c81','','4d92a971360243b0bab91e2ffc6740e3','','','','','','','2020-04-10 10:28:44',0,0,'','STATUS003'),(186,157,19,'f62b055d90d64875b26b2b6d39a59138,c1c0b56a155748a2b75fff29db091c81','','4d92a971360243b0bab91e2ffc6740e3','','','','','','','2020-04-13 11:48:38',0,0,'','STATUS003'),(187,158,19,'f62b055d90d64875b26b2b6d39a59138,c1c0b56a155748a2b75fff29db091c81','','4d92a971360243b0bab91e2ffc6740e3','','','','','','','2020-04-13 11:55:23',0,0,'','STATUS003'),(195,160,17,'068a1d3dad2842a7b046a58bd798cfa6','','4d92a971360243b0bab91e2ffc6740e3','','','','','','','2020-04-14 10:23:24',0,0,'','STATUS001'),(196,161,18,'f62b055d90d64875b26b2b6d39a59138,c1c0b56a155748a2b75fff29db091c81','','4d92a971360243b0bab91e2ffc6740e3','','','','','','','2020-04-14 13:57:58',0,0,'','STATUS001'),(197,162,18,'f62b055d90d64875b26b2b6d39a59138,c1c0b56a155748a2b75fff29db091c81','','4d92a971360243b0bab91e2ffc6740e3','','','','','','','2020-04-14 13:59:15',0,0,'','STATUS001'),(201,165,18,'f62b055d90d64875b26b2b6d39a59138,c1c0b56a155748a2b75fff29db091c81','','4d92a971360243b0bab91e2ffc6740e3','','','','','','','2020-04-14 16:21:34',0,0,'','STATUS001'),(204,168,18,'f62b055d90d64875b26b2b6d39a59138,c1c0b56a155748a2b75fff29db091c81','','4d92a971360243b0bab91e2ffc6740e3','','','','','','','2020-04-16 10:05:03',0,0,'','STATUS001'),(205,169,17,'068a1d3dad2842a7b046a58bd798cfa6','068a1d3dad2842a7b046a58bd798cfa6','4d92a971360243b0bab91e2ffc6740e3','','','','','','很同意','2020-04-16 10:07:40',0,0,'OPERATE004','STATUS001'),(206,169,18,'f62b055d90d64875b26b2b6d39a59138,c1c0b56a155748a2b75fff29db091c81','f62b055d90d64875b26b2b6d39a59138','4d92a971360243b0bab91e2ffc6740e3','','','','','','\n.不合格','2020-04-16 10:08:07',0,0,'OPERATE005','STATUS001'),(207,169,20,'','','4d92a971360243b0bab91e2ffc6740e3','','','','','','','2020-04-16 10:08:45',0,0,'','STATUS004'),(214,176,17,'aea302ff0a894b129266a5fcac2a3743','','4d92a971360243b0bab91e2ffc6740e3','','','','','','','2020-04-20 11:29:31',0,0,'','STATUS001'),(217,179,17,'aea302ff0a894b129266a5fcac2a3743','','4d92a971360243b0bab91e2ffc6740e3','','','','','','','2020-04-20 16:36:12',0,0,'','STATUS001'),(218,180,18,'f62b055d90d64875b26b2b6d39a59138,c1c0b56a155748a2b75fff29db091c81','','4d92a971360243b0bab91e2ffc6740e3','','','','','','','2020-04-20 17:00:30',0,0,'','STATUS001'),(224,181,17,'aea302ff0a894b129266a5fcac2a3743','','4d92a971360243b0bab91e2ffc6740e3','','','','','','','2020-04-23 15:22:05',0,0,'','STATUS001'),(315,183,17,'aea302ff0a894b129266a5fcac2a3743','','4d92a971360243b0bab91e2ffc6740e3','','','','','','','2020-04-28 15:06:12',0,0,'','STATUS001'),(318,206,17,'aea302ff0a894b129266a5fcac2a3743','','4d92a971360243b0bab91e2ffc6740e3','','','','','','','2020-04-28 16:37:18',0,0,'','STATUS001');

--
-- Table structure for table `ya02wmsj_cecoe_activity_sign`
--

CREATE TABLE `ya02wmsj_cecoe_activity_sign` (
  `id` int(10) unsigned NOT NULL AUTO_INCREMENT COMMENT '表ID',
  `activity_id` int(10) unsigned NOT NULL DEFAULT '0' COMMENT '活动ID，对应activity表ID',
  `uuid` char(32) NOT NULL DEFAULT '' COMMENT '志愿者uuid 关联user表uuid',
  `status` enum('报名待审核','报名已驳回','报名已通过','活动未参加','活动已参加') NOT NULL DEFAULT '报名待审核' COMMENT '报名审核状态',
  `start_time` datetime NOT NULL DEFAULT '0000-00-00 00:00:00' COMMENT '签到时间',
  `end_time` datetime DEFAULT '0000-00-00 00:00:00' COMMENT '签退时间',
  `address` varchar(101) NOT NULL DEFAULT '' COMMENT '签到地点地址',
  `lng` float(10,7) NOT NULL DEFAULT '0.0000000' COMMENT '签到地点经度',
  `lat` float(10,7) NOT NULL DEFAULT '0.0000000' COMMENT '签到地点纬度',
  `ctime` timestamp NOT NULL DEFAULT CURRENT_TIMESTAMP COMMENT '报名时间',
  PRIMARY KEY (`id`)
) ENGINE=MyISAM AUTO_INCREMENT=5 DEFAULT CHARSET=utf8 COMMENT='线下活动报名表';

--
-- Dumping data for table `ya02wmsj_cecoe_activity_sign`
--

INSERT INTO `ya02wmsj_cecoe_activity_sign` VALUES (1,4,'c8660342c12c407db87c61e137f86cb2','活动已参加','0000-00-00 00:00:00','0000-00-00 00:00:00','',0.0000000,0.0000000,'2019-08-19 22:06:40'),(2,5,'c8660342c12c407db87c61e137f86cb2','活动已参加','0000-00-00 00:00:00','0000-00-00 00:00:00','',0.0000000,0.0000000,'2019-08-20 01:08:20'),(3,6,'c8660342c12c407db87c61e137f86cb2','活动已参加','0000-00-00 00:00:00','0000-00-00 00:00:00','',0.0000000,0.0000000,'2019-08-20 01:08:27'),(4,7,'c8660342c12c407db87c61e137f86cb2','活动已参加','0000-00-00 00:00:00','0000-00-00 00:00:00','',0.0000000,0.0000000,'2019-08-20 01:08:31');

--
-- Table structure for table `ya02wmsj_cecoe_activity_source`
--

CREATE TABLE `ya02wmsj_cecoe_activity_source` (
  `id` int(10) unsigned NOT NULL AUTO_INCREMENT COMMENT '来源ID',
  `code` char(9) NOT NULL DEFAULT 'SOURCE001' COMMENT '来源编码',
  `name` varchar(20) NOT NULL DEFAULT '' COMMENT '来源名称',
  PRIMARY KEY (`id`)
) ENGINE=MyISAM AUTO_INCREMENT=7 DEFAULT CHARSET=utf8 COMMENT='活动流程来源表';

--
-- Dumping data for table `ya02wmsj_cecoe_activity_source`
--

INSERT INTO `ya02wmsj_cecoe_activity_source` VALUES (1,'SOURCE001','实践站管理员'),(2,'SOURCE002','实践所管理员'),(3,'SOURCE003','实践中心管理员'),(4,'SOURCE004','超级管理员'),(5,'SOURCE005','公众用户'),(6,'SOURCE006','服务队伍管理员');

--
-- Table structure for table `ya02wmsj_cecoe_activity_status`
--

CREATE TABLE `ya02wmsj_cecoe_activity_status` (
  `id` int(10) unsigned NOT NULL AUTO_INCREMENT COMMENT '表ID',
  `code` char(9) NOT NULL DEFAULT 'STATUS001' COMMENT '状态编码',
  `name` varchar(20) NOT NULL DEFAULT '' COMMENT '状态名称',
  PRIMARY KEY (`id`)
) ENGINE=MyISAM AUTO_INCREMENT=13 DEFAULT CHARSET=utf8 COMMENT='活动流程状态表';

--
-- Dumping data for table `ya02wmsj_cecoe_activity_status`
--

INSERT INTO `ya02wmsj_cecoe_activity_status` VALUES (1,'STATUS001','方案待审核'),(3,'STATUS003','方案已审核'),(4,'STATUS004','方案已驳回'),(5,'STATUS005','待受理'),(6,'STATUS006','待派单'),(7,'STATUS007','待办结'),(8,'STATUS008','待归档'),(9,'STATUS009','已归档'),(10,'STATUS010','已驳回'),(11,'STATUS011','已办结'),(12,'STATUS012','待评价');

--
-- Table structure for table `ya02wmsj_cecoe_activity_theme`
--

CREATE TABLE `ya02wmsj_cecoe_activity_theme` (
  `id` int(10) unsigned NOT NULL AUTO_INCREMENT COMMENT '表ID',
  `name` varchar(101) NOT NULL DEFAULT '' COMMENT '主题名称',
  `desc` varchar(201) NOT NULL DEFAULT '' COMMENT '主题描述',
  `ctime` timestamp NOT NULL DEFAULT '0000-00-00 00:00:00' COMMENT '添加时间',
  PRIMARY KEY (`id`)
) ENGINE=InnoDB AUTO_INCREMENT=21 DEFAULT CHARSET=utf8 COMMENT='活动主题表';

--
-- Dumping data for table `ya02wmsj_cecoe_activity_theme`
--

INSERT INTO `ya02wmsj_cecoe_activity_theme` VALUES (1,'红黑榜','好人好事和行为曝光','2019-12-29 22:14:29'),(2,'时代新人','','2019-12-29 22:14:31'),(3,'移风易俗','','2019-12-29 22:14:33'),(4,'网民行为','','2019-12-29 22:14:35'),(5,'模范集体','','2019-12-29 22:14:37'),(6,'网络评议厅','','2020-02-13 21:33:37'),(14,'社区标兵','','0000-00-00 00:00:00'),(15,'爱心榜','人人献出一片爱','0000-00-00 00:00:00');

--
-- Table structure for table `ya02wmsj_cecoe_app_edition`
--

CREATE TABLE `ya02wmsj_cecoe_app_edition` (
  `id` int(11) unsigned NOT NULL AUTO_INCREMENT COMMENT '表ID',
  `app_name` varchar(10) NOT NULL DEFAULT '' COMMENT 'app版本名称',
  `app_number` tinyint(3) unsigned NOT NULL DEFAULT '0' COMMENT 'app版本编号',
  `update_info` varchar(102) NOT NULL DEFAULT '' COMMENT '更新描述',
  `app_matter` enum('是','否') NOT NULL DEFAULT '否' COMMENT '是否强制更新',
  `app_type` enum('android','ios') NOT NULL DEFAULT 'android' COMMENT 'app类型',
  `app_urls` varchar(201) DEFAULT '' COMMENT 'ios跳转链接',
  `addtime` timestamp NOT NULL DEFAULT CURRENT_TIMESTAMP COMMENT '版本上传时间',
  PRIMARY KEY (`id`)
) ENGINE=InnoDB DEFAULT CHARSET=utf8 COMMENT='手机版本更新表';

--
-- Dumping data for table `ya02wmsj_cecoe_app_edition`
--


--
-- Table structure for table `ya02wmsj_cecoe_auth_group`
--

CREATE TABLE `ya02wmsj_cecoe_auth_group` (
  `id` int(11) unsigned NOT NULL AUTO_INCREMENT COMMENT '表ID',
  `title` varchar(100) NOT NULL DEFAULT '' COMMENT '用户组名称',
  `status` tinyint(1) NOT NULL DEFAULT '1' COMMENT '是否启用当前用户组',
  `rules` text COMMENT '规则id的集合',
  `user_level` enum('global','county','town','village') DEFAULT 'village' COMMENT '用户等级 global-全局 county-县级 town-镇级 village 村级',
  `user_type` enum('system','user') DEFAULT 'system' COMMENT '用户类型 system-后台用户 user-普通用户（志愿者/公众用户）',
  PRIMARY KEY (`id`)
) ENGINE=InnoDB AUTO_INCREMENT=27 DEFAULT CHARSET=utf8 COMMENT='用户组表';

--
-- Dumping data for table `ya02wmsj_cecoe_auth_group`
--

INSERT INTO `ya02wmsj_cecoe_auth_group` VALUES (1,'超级管理员',1,'1,2,3,4,5,6,7,8,9,10,11,12,13,14,15,16,17,18,19,20,23,24,25,26,27,28,29,30,31,32,33,34,35,36,37,38,39,40,41,42,43,44,45,46,47,48,49,50,51,52,53,54,55,56,57,58,59,60,61,62,63,64,65,66,67,68,69,70,71,72,73,74,75,76,77,78,79,80,81,82,83,84,85,86,87,88,89,90,91,92,93,94,95,96,97,98,99,100,101,102,103,104,105,106,107,108,109,110,111,112,113,114,115,116,117,118,119,120,121,122,123,124,125,126,127,128,129,130,131,132,133,134,135,136,137,138,139,140,141,142,143,144,145,146,147,148,149,150,152,153,154,155,156,157,158,159,160,161,162,163,164,165,166,167,168,169,170,171,172,173,174,175,176,177,178,179,180,181,182,183,184,185,186,187,188,189,190,191,192,193,194,195,196,197,198,199,200,201,202,203,204,205,206,207,208,209,210,211,212,213,214,215,216,217,218,219,220,221,222,223,224,225,226,227,228,229,230,231,232,233,234,235,236,237,238,239,240,241,242,243,244,245,246,247,248,249,250,251,252,253,254,255,256,257,258,259,260,261,262,263,264,265,266,267,268,269,270,271,272,273,274,275,276,277,278,279,280,281,282,283,284,285,286,287,288,289,290,291,292,293,294,295,296,297,298,299,300,301,302,303,304,305,306,307,308,309,310,311,312,313,314,315,316,317,318,319,320,321,322,323,324,325,326,327,328,329,330,331,332,333,334,335,336,337,338,339,340,341,342,343,344,345,346,c0,c11,c42,c41,c25,c30,c13,c23,c22,c21,c12,c37,c36,c24,c34,c20,c18,c40,c39,c17,c38,c57,c58,c59,c60,c61,c62,c63,c64,c65,c66,347,348,349,350,351,352,353,354,355,c67,356,357,358,359,360,c68,361,362,363,364,365,366,367,368,369,370,371,372,373,374,375,377,378,379,380,381,394,395,396,397,398,399,400,401,402,403,404,405,406,407,c70,c71,c72,c73,408,c74,409,410','global','system'),(3,'公众用户',1,'','village','user'),(4,'实践中心管理员',1,'2,226,227,370,372,230,369,231,374,371,375,232,233,225,294,1,247,148,149,150,152,153,154,155,250,145,304,305,306,293,8,199,202,297,298,299,301,302,203,300','county','system'),(5,'实践所管理员',1,'2,226,227,370,372,230,369,231,374,371,375,232,233,225,294,1,247,148,149,150,152,153,154,155,145,304,305,306,293,8,199,202,297,298,299,301,302,203,300','town','system'),(6,'实践站管理员',1,'2,226,227,230,231,375,232,233,225,294,1,247,148,152,154,155,145,304,305,306,293,8,199,202,297,298,299,301,302,203,300','village','system'),(7,'村级采编员',1,'1,248,249,377,378,379,380,381,189,c0,c57,c25,c30,c18,c39,c40,c11,c41,c42,c12,c36,c37,c20,c67,c24,c34,c13,c23,c22,c21,23,70,71,72,73,5,46,47,48,49,50,51,52,39,41,42,44,45','village','system'),(8,'村级审核员',1,'189,7,68,75,76,77,78,239,247,259,265,316,317,311,318,248,252,268,276,282,270,284','village','system'),(9,'村级发布员',1,'189,c0,c57,c25,c30,c74,c18,c40,c39,c11,c42,c41,c12,c37,c36,c20,c67,c72,c73,c24,c34,c13,c23,c22,c21,79,74,83,409,81,84','village','system'),(10,'镇级采编员',1,'189,7,c0,c13,c22,23,70,71,72,73,74,239,247,29,148,149,150,152,153,154,155,250,293,145,304,305,306,259,265,316,317,311,318,260,266,319,312,320,313,314,321,315,248,252,268,276,282,270,284,253,281,283,269,277,271,272,285,273,249,323,326,329,327,330,328,331,65,86,87,88,90,91,92,93,94,95,98,85,89,97,64,66,67,96,113,129,130,131,138,139,143,144','town','system'),(11,'镇级审核员',1,'189,7,68,75,76,77,78','town','system'),(12,'镇级发布员',1,'189,c0,c57,c25,c30,c74,c18,c40,c39,c11,c42,c41,c12,c37,c36,c20,c67,c72,c73,c24,c34,c13,c23,c22,c21,79,74,83,409,81,84','town','system'),(13,'县级采编员',1,'189,7,c0,c57,c25,c30,c17,c38,c18,c39,c40,c11,c41,c42,c12,c36,c37,c20,c67,c24,c34,c13,c23,c22,c21,23,70,71,72,73,74,5,46,47,48,49,50,51,52,39,41,42,44,45','county','system'),(14,'县级审核员',1,'189,7,68,75,76,77,78','county','system'),(15,'县级发布员',1,'189,c0,c57,c25,c30,c74,c18,c40,c39,c11,c42,c41,c12,c37,c36,c20,c67,c72,c73,c24,c34,c13,c23,c22,c21,79,74,83,409,81,84','county','system'),(18,'服务队伍管理员',1,'2,226,227,228,229,235,231,373,232,1,247,145,304,305,306,293,356,410,8,199,202,297,298,299,301,302,203,300','county','system'),(24,'全局采编员',1,'1,248,249,377,378,379,380,381,189,c0,c57,c25,c30,c18,c39,c40,c11,c41,c42,c12,c36,c37,c20,c67,c24,c34,c13,c23,c22,c21,23,70,71,72,73,5,46,47,48,49,50,51,52,39,41,42,44,45','global','system'),(25,'全局审核员',1,'1,248,259,265,317,311,318,189,c0,c57,c25,c30,c18,c39,c40,c11,c41,c42,c12,c36,c37,c20,c67,c24,c34,c13,c23,c22,c21,68,75,76,77,78','global','system'),(26,'全局发布员',1,'1,248,260,266,319,314,321,189,c0,c57,c25,c30,c18,c40,c39,c11,c42,c41,c12,c37,c36,c20,c67,c72,c73,c24,c34,c13,c23,c22,c21,79,74,83,409,81,84','global','system');

--
-- Table structure for table `ya02wmsj_cecoe_auth_group_access`
--

CREATE TABLE `ya02wmsj_cecoe_auth_group_access` (
  `id` int(10) unsigned NOT NULL AUTO_INCREMENT COMMENT '表ID',
  `uid` char(32) NOT NULL COMMENT '关联user表uuid',
  `group_id` mediumint(8) unsigned NOT NULL COMMENT '用户组id',
  PRIMARY KEY (`id`),
  UNIQUE KEY `uid_group_id` (`uid`,`group_id`),
  KEY `uid` (`uid`),
  KEY `group_id` (`group_id`)
) ENGINE=InnoDB AUTO_INCREMENT=635 DEFAULT CHARSET=utf8;

--
-- Dumping data for table `ya02wmsj_cecoe_auth_group_access`
--

INSERT INTO `ya02wmsj_cecoe_auth_group_access` VALUES (238,'00bf8622f2aa4a19a7c57bd5454809c0',18),(219,'01e1f04859c448e8a8ef43cc1fe84893',18),(363,'0285a5304af9498c8d53442daff7fa95',3),(498,'0305d92e53e44436b104127f04ad1f1b',3),(379,'034e7a1e812745e194244d657b3d6b7a',3),(601,'03db0949707b422ab74ca1d1eea9c9b0',3),(395,'03f0d9cbc51d42439a270649dc0dd3c7',3),(540,'047fdb19691b44a9ae9519e6bfe82321',3),(495,'04d8cabd73564d7c93ebfbdaa4235e11',3),(148,'04e68979aba44c338f0be5f969f67df2',3),(125,'068a1d3dad2842a7b046a58bd798cfa6',5),(166,'087211183e98402fae79b49f2e1e6392',3),(291,'08970c4e60c54c87981a5fab396c60d2',3),(426,'08ab0e823aed4006819a6c3b53468e5e',3),(143,'0911b213274c44f08104432c0d5680a4',3),(634,'09b41d5d90844cc5ad86422f1a0d364d',3),(457,'09dec81895e9408ab088190200fde78b',3),(331,'09ec40e847884a8b8933e791cb5279a1',3),(532,'0a73d898f18647aab8c69c245d78730e',3),(502,'0b37e8c3c3014c329311129f136c63ef',3),(186,'0bda64c16a66440e86cd5b5e5e442c0e',3),(452,'0c396727581d40b1b0d81ce82f9516c5',3),(375,'0cc430cbbdfd44a58e7602322c261ea1',3),(406,'0d06bfaca88e478e8e5a23ca4b376835',3),(324,'0f30df5c128b4a37944f8e85f5709402',3),(147,'0fb56a51cd124b90b7796885abdeb932',3),(416,'110239072811476cb7bc0f0b4e251c6b',3),(626,'11551635db254b3b9eecd3b56cabf73f',3),(579,'1162709a7e98457ca7450c79a04bf654',3),(512,'131681a12c4049e4b7f588c6886737b8',3),(609,'13681fdafc344135ba9b5b8c2a7abc36',3),(159,'13934aed9fea41058248f1c1b7045068',3),(566,'15350100051b428da8f9ded27e120af7',3),(389,'160c5ddf1bb2494aae02b3e1a67f94b0',3),(175,'17268df82e0948a0b8f52955a1670fb8',24),(357,'176ba412620749f0b84447058728fcf5',3),(458,'199352c411d24bb1ac8cccaea83765c2',3),(411,'1a5b26fd55eb4d1a924fe776f7863a2b',3),(308,'1a8f439633f24ce992314c336a19af74',3),(173,'1a9c4977a5fb468f9f87cc73510301b2',24),(456,'1c0ea6824eeb45e6af8bb1b1f622cbeb',3),(275,'1c4d014c2b7e491f9550fcefe36eb583',3),(622,'1cd4a70388e140719836d451a8c307c4',3),(401,'1d2a7e7fa0a04f7285faffb098c05342',3),(571,'1dffdfb2064d401c82756ee6307ec6b3',3),(289,'1e23f25087054ce6a59dcf1e4480a540',3),(218,'1f69fc1f63ef47508117f3a42d480af2',18),(430,'1f7eae9d04844a7c97e60fe7c76abe48',3),(619,'21a46b9de5c041548033a43d2ec0716a',3),(595,'21e7dfd4756f48c694810a2ba2a1210f',3),(236,'22969a3950a54bb8977caf85a44f021e',18),(629,'230ce702cb3d4dee94a3547ca8a6b943',3),(443,'231c187a80754a62b4d81cc5c56e8048',3),(215,'233dbc2837f244869a27c6e6bfc1b1f8',3),(300,'24eeaf21560141f38fa524f9adf75860',3),(546,'2513e06f5dca4e0890dc73d4414153eb',3),(264,'25c9a0ae6be94113a107a258df993bb3',3),(625,'2677032252cc43b985911d2bf8c13210',3),(345,'26c4f52f4631499ebafd48fce1500846',3),(328,'2704c572242040299ad67e2431ad0775',3),(172,'27b10bdbb553432eb467be8469bb632f',24),(496,'28cfc5c8cb8a4c2da6867f9dd9edaf90',3),(168,'28f169fa39fe4e09bd5469be6c60532f',24),(259,'29dfe40ebccb4faebc5e33c228c1f907',3),(417,'2a2285b3662f4d74b47256db99b78ba7',3),(313,'2ab8da1e999a4f3cb653c720224da1b8',3),(114,'2b10d51f38144edcbef13f1c96b4414d',3),(199,'2b55589801464d169dbba755acd27827',3),(340,'2c22d8b83206455eab90fcb60aa03763',3),(599,'2c7b09b2c32641359b1b717de4d3ce71',3),(582,'2d2970473c764a839f8136f235fc1839',3),(362,'2d4c80798d6e47aea3de680c78ae69d3',3),(268,'2d7b2cce7c454efcaf15c757a39214cb',3),(319,'2e64720482d04a31988b32b0115ad5a8',3),(244,'2e95ad85289c4a4f8476aa1721915460',18),(283,'2fb408e96fd646258e01254bc8102b7e',3),(433,'2fee04f576b24b17b7aa514beb56088e',3),(252,'303119c65df8487495f359191b424bb0',18),(414,'303ed48ce11346bd98ac88215412f44d',3),(311,'305110b3e3e143c18b75c46c2b8e6bb1',3),(427,'313ffb3996144648b0ea284be884433e',3),(348,'31cfda3db2354bdba17fff17cacafb39',3),(368,'32398e19c827476c9553463bc29d8b2e',3),(434,'338074a017864a46a7bc412f42161cd3',3),(329,'34c7c01225664b3ebdbdce0ce35cbebe',3),(364,'354cd4f0e6fc49cea0b27da4fd75f83c',3),(174,'35f0f30a755e488e956232f058c69a05',24),(523,'3793cb060c534eb6babaeb908ecff163',3),(129,'37f316ca06494d059cfd0bafe1ab5e8f',3),(572,'3822da0dc188486097b29a3859ebcbb4',3),(273,'38d528fbdb8e4e458cbd1feeeed31f3e',3),(342,'39d7987571aa4edebd4ca6127b999d69',3),(627,'3b5c75e098e940a48585f19e1851aa9f',3),(204,'3b87c499a9f54806ac7ecee744a1446e',3),(479,'3c428c5fea0e4759a66f1e5ec6addb4e',3),(226,'3d5a14b673694d03a963929540ac8038',18),(335,'3e2b21eb083349d18de84a31a15bc448',3),(339,'3e3ba112ed134d21a4e7c218f19fd9e5',3),(254,'3eae5b503f1f4223a0fdf5c88d2b60c1',18),(586,'3f2e4644f8274d49bfb3d2f6a11fb2cf',3),(480,'3f6fa71b2ebb41b4a1cac916439ed749',3),(255,'3fd694c65b2546f7937dacecc5cf95b4',18),(473,'403d2332af6e4282a512966e334cf4ce',3),(563,'40a60f92dfdb43a49e51edc2f7d80760',3),(435,'40b75cefd6594be9b2a574c05d5b66cc',3),(477,'40f6b9a4da8d4b57b06e8fb932035e5e',3),(555,'410948e2ddf942d1a443b200a2cc3a3e',3),(472,'41a5987061614de7af9f57aea3817166',3),(160,'41dc02ef48704edfa7f273405143d9f8',3),(182,'42f6aa997f16466193ab684d7727dce1',3),(533,'430b68cacc604c3299de0ee05e9d3ce9',3),(404,'43b14d4a42a54476a36cddc9bebad3a9',3),(542,'44a356dbd71f46e9bdd980aee4180ebc',3),(392,'46a4927d01cf488090e96d8ec58693d1',3),(520,'472eb870e7c54362bd0b6e64bfdbc0b7',3),(577,'473c9b2319074e2faf59ffd52bd232f9',3),(423,'47689c53219249e19dfe3a16c448146f',3),(338,'47a6f8e55a8e452ea4b3d1cc308bbbea',3),(402,'4810a0f6365d48519db7db58d2dab123',3),(242,'48732c2bf2a041808ae2cab68a492555',18),(596,'48fd99f771084be89b1710fcf25e8e88',3),(234,'4a87b9bbcca247998d8171f3ca61da23',18),(200,'4ac2e51c84ae4884ac1bb55c2af2c3cf',3),(552,'4ad54092bd8a4764b84d4740ef3aa911',3),(508,'4b6354e0ee604c40848e744c74c2f648',3),(573,'4b6e41b88e7a4326be1ef7a9390aa091',3),(270,'4b70a58b07cf4de39a40ece3e005385d',3),(296,'4c4cd0c10ece48e5b97716b02f9b5315',3),(2,'4d92a971360243b0bab91e2ffc6740e3',1),(539,'4dd3de912dbd49b08b64d0b73f1f897a',3),(398,'4e86e480bc8d43569e65065d9204194f',3),(227,'4eb7afc99ceb4c7b8ed3eb03033287fd',18),(390,'4fc0f302653c446aa6124aea688de861',3),(400,'50a5b645146348e6a0e8cf14acde275f',3),(307,'50b43bb80c0d431dac6bc485a740a9d9',3),(448,'5150f083a86141b694f99e1e88957f0e',3),(451,'5279369d8ecc405fb4dd2c3bf7f7606e',3),(327,'5320ba48a87a402e8c77501942d2b647',3),(541,'533b6c8ce4ca4a4bad00c2adb1925a38',3),(360,'535cb0eacd97439c9aa345a4de65b19c',3),(258,'5443eaf43c244591b38c7c13629fa626',18),(156,'54d4fe8835b14d6694061861c2a1fa2c',3),(126,'57108ee3e5d4408eb104551d179b2657',6),(608,'575e67834f3f4d3a8890862e3bfcd971',3),(153,'584275b26f874a7ead320dd94c8be323',3),(413,'597a9ff5a84b4f75ad2e221ea38a7be0',3),(157,'5a84eebdd6fc47589de65d15ebb2de8d',3),(436,'5a8d87e3154b40d9b7b2d169407c905c',3),(169,'5aba4b3dc2bc4fc49b3228dae028e972',24),(557,'5ada16a53c2546558ff293c648049b71',3),(170,'5af3f4cb4f484ba887481f6c4a657f95',24),(511,'5b916653141f400196b7244751b2f6f1',3),(279,'5bb6d2873f154fdaaebecce4037b8946',3),(604,'5cdd2e0928634f0f81dcab4a8b8d5748',3),(282,'5dde47ab6d7c4549992ff2fb0b4dfb55',3),(534,'5e15a1f7a73e436fb61e945be13f87d8',3),(139,'5e7e3675e9da4b87aa949419a477bd87',3),(437,'5f45b4e2059b4da9885cb464fc41cb44',3),(419,'5f5b836faea046eab930d6b4c7150605',3),(288,'5fbcd3dadeaa4150b365c009b15d4696',3),(484,'5fc4496e77994ccb904fe0b7c572a584',3),(149,'602b8da281ba480d8a4c638eabc6de04',3),(333,'6049f8ff2c10412ebdc21e35a11cce28',3),(152,'605914f4822c4e18943168c940d81060',3),(195,'60a39148807e42a4abade7937eeec8d8',3),(178,'60b0129aa4e64097b11c7f1bce63fd6c',24),(372,'60fa73a347724920992efb055628d238',3),(171,'6111946965dd4de2acfae55a9e774877',24),(444,'619667a51da24a4a800d64cad95b0d56',3),(445,'62221a3bab7341039e0d3e4ef4c73859',3),(575,'62a7aebc821641a5974851b9e6453946',3),(251,'62b1855743a347a29b05b52c9d650e31',18),(354,'62d5c8a7cd9e4f568761a44ca2932235',3),(280,'63860276691c45859c02268c13c5962e',3),(513,'63f4b7c867c8407a933d5cb4c71e2224',3),(321,'63f61c286cbe4e72b41cd985b8c20030',3),(260,'64679ed6a7d7414ca1a9a7085a70ad42',3),(231,'65f24016f1ab4150ac216a773d431d2b',18),(553,'6645a4a276fd4531a8d472a17c95155a',3),(610,'66a740ff076a48a4b07992ecfeaaf737',3),(396,'67a48af8d86c4722bb748df6b50523ef',3),(183,'67b2a9dace124a849c7168747cf1619c',3),(299,'67e01ed0b1454b50a05118066b0c3c1c',3),(397,'67ef97e67e514114b7c7ff687b52761a',3),(303,'6826269bc58c48c29881b57c929d69d2',3),(425,'686a249ca6b24efdbf294cc4ce060a91',3),(198,'68acfe75b37c49baacefd4a350395cef',3),(506,'69be78b6a09e458e8745a690f8bcfb16',3),(530,'69c8d7967b4e4d2bbd20eb2f27820d32',3),(376,'6a225acbf2f542159720c3ec7ceb7a04',3),(361,'6a3ef1aca9364e939601ca2398e4fbbb',3),(208,'6afeb9d24e994f8b9e021663050e772e',3),(606,'6d5250d75aa14a369773316c71c6dc46',3),(431,'6d78e89f264d4d71a6ac241fd74406b9',3),(370,'6dd1b432fb2a4fb99b235f96407abcaa',3),(284,'6de787d9c08342529dc1ceeb26dbee94',3),(263,'6e36e9faed1e4d41956cdff08a0fee85',3),(590,'6ecaa5ae04e04b31883147906051001b',3),(474,'6f789cbe131a45a399ef4257a9b52b8b',3),(522,'6fb0083711d449e4a466bf5a719f7514',3),(281,'6ff018e70c374e5285e4a1e2c0dae034',3),(516,'7032a6139d3943498cb0fd9c0ac7226a',3),(241,'70cb57497653463fb27c50911c8737a4',18),(412,'7128c6007372485789e12debcab2791e',3),(325,'719a2752327a4b4d853abd23fd3866be',3),(206,'71a843a0ab4149b28f5d99aaa082dab1',3),(381,'71c4e6a323cb4a1a8c66504e8114313f',3),(527,'71e6a710452244ba89c317bd6a14f3c5',3),(382,'71ebd73385644f919ec4d2a30424d5ac',3),(355,'7204aec6d7fa4c749bfd3fedce5c5aa5',3),(478,'73aaeb9263de4f508737ed63844629f5',3),(462,'73d2fc64099647c99b1a7e5a9dc7368c',3),(367,'73e39dca80ac4e01b5d0b6cb82454c94',3),(341,'73f07816cd874c0bae5dc8cb218f8e49',3),(603,'73faf3b4db4046c0af5df1cc1a31ac8d',3),(631,'748150baf1c24d008b8f91ee0a0ada8e',3),(142,'74a1ef21f9b74696b6bc8da1b6b995f9',3),(543,'75f2100a45ba4cadba0bdf95b367249c',3),(521,'762825eddd924d9abad7f69e9a1b5bd7',3),(486,'76542045a7af4fb0825ce9629b47e85a',3),(529,'7681df88ea614dc7ab9ae71fa47cdec0',3),(320,'777216a683e445e6a237c6ddcc6b9c01',3),(202,'77d6d91928674829a8dc7c182bf8329c',3),(467,'7808cbe402ae4c0a837f9c155dab79f9',3),(228,'780a042de78f474bb8a26a52a57ddc06',18),(460,'78221d5c7cdb495386ee50b5828b996a',3),(585,'7852201996b24e3892772a1775cb5d7f',3),(605,'787b077e41434d519145c9a6fd474340',3),(439,'78e7eadfba0e454b8553f2678c9dfda5',3),(466,'7953b8fa195349bd814ed767656f24f4',3),(469,'79bbc2d82c7141c18f60910dccf6bf18',3),(536,'7ae540531074485d8826ab5c63a2eb47',3),(420,'7b63f87b1b214cc993dbc470b49dcdc0',3),(488,'7bae0bb6188d41f683656ad83014aa8c',3),(205,'7c3e9c4426c84c83a48a8a6b32ca4c8b',3),(349,'7c8dea5749a24b4fb8aac12be2ca5a73',3),(346,'7c9077caa63e491d8b1f8c50c69e518b',3),(293,'7d363c8b7fa14b2db647864c20ed4c20',3),(323,'7ddec1a58d7f4484a3710c51bddb8e81',3),(140,'7eba9d5845994ee8bed952cc4c9bc177',3),(214,'7f0f1c8c91784c86b7afe5e57b685924',18),(317,'7f4c762818314f2f984ff11721bd6b97',3),(442,'7fd865dd107c469d932ba9a0e5d94146',3),(492,'801d9afd54f14dabb51a96ee5cc49ff0',3),(366,'80462f9bd6d441ad90b0a8425df45b47',3),(347,'81d2cf6c3f364b33ade63f4bb9b8b5e9',3),(409,'8206ea79f23241038b45d52b97ced26b',3),(243,'82fb4b08e35449a485ab78aa23b9581b',18),(393,'832b091dab9348049afa61f07a5ca596',3),(505,'8393c60e40b14d8ca4b9cc02140060be',3),(188,'840e52afdd284ab5a248a9054cdf8f00',3),(292,'844b4a2b4b0d469b87a9e23e8275961f',3),(528,'859fae52c48543618234fb06ecf76fb4',3),(517,'86544182467140f48a0b422d9cb93c88',3),(569,'867a8e2cd38f45afb5bbee107a5bd94d',3),(314,'86b2a46c2c3e4cea93a550b64d29c7c9',3),(607,'87362f68b583420d99bb8182042143fb',3),(223,'873ed7f9f0dc46de8ef850fca469f0ec',18),(220,'87e7bdfec2d24b9eb787adb830500f70',18),(499,'88071520903f4256a6de45742d8e42c1',3),(380,'8808f467ac8d491b901312cb00005a8e',3),(262,'88a5c463d6464813a2de94f7a61a9f18',3),(221,'895ca8d78fae4104b1ef24012a70c142',18),(201,'899c1208b5cc4a968b4d3c80dc9c6c67',3),(337,'8a4cde9954d64310bd0e33639fbcb2c6',3),(463,'8a9af39095cc4ad1b0a3a5451fe58496',3),(131,'8abbec18ddc84f2c9156834c85bd5df5',5),(602,'8ba8a60cfa50422c9d5d93315f81292a',3),(624,'8c76eb5d388348bb9562c3fc65606b41',3),(351,'8ce76eeba77d4a1aaedddbd8f03e5fc8',3),(531,'8d2729a871684a618b1aece3935686b6',3),(261,'8d5691fc0357450d95a4adc0a8276d97',3),(612,'8d7b32bf98504a04a79a7d2e386d64a2',3),(350,'8e5acdd65b06483f96b61d25b6650786',3),(343,'8f5e487c42df40b698bb9c3a12bb94a3',3),(503,'8f8e994035504b8686e79885c3b26f41',3),(352,'9017693e287349a8bfd101b3a590a139',3),(475,'90923b300a9949e3942ea95df59f06be',3),(194,'90ee2060f62e419c9dec9355ecef9231',3),(441,'91accc88189648b8a568137d45ec20bf',3),(633,'91b3fbb1c3684191beced2579f8a850a',3),(187,'9346ce6505034a558311de0101c209ff',7),(237,'9355b01ed5c0420bbdc7de63d4ec7eef',18),(558,'93614365b4c04619af910c84bb043375',3),(167,'9369c0de31f3404fbe40f445056bbd64',24),(570,'9392d65a337e43ea8ac46f13c8eca316',3),(287,'9498f4c68aa847cf8a93aa54740c3afd',3),(332,'95535a20482a4210ac1360157b780dfa',3),(217,'96e6453cc28e474899c30af1ff5d8754',18),(138,'97dab42630364208b93443bbe7b60f81',3),(374,'9806242a1be145f698064fb252339c0f',3),(116,'982d8a09db9b4c79b1b100e3071fb920',3),(384,'9884fa82f8ee423790780a9e635f024e',3),(559,'997aaa39c12f4553a3618a2c40d72718',3),(440,'99c8fdb81ae64028938074fbbbf9b439',3),(184,'99cbb083d75c477ca4054781e3b1d102',3),(232,'99cc538f827343998fd993c899ca3111',18),(248,'99ddb4a47c714e66812a789f082f3f3e',18),(197,'9a616424837a4a62b3aa819e2adf718b',3),(240,'9b7b1632e9684df9958f4b1744c52c42',18),(177,'9bd8e281a8aa41868b90b65ac3acccf3',24),(418,'9c74012c6c3d4199b63b05af99bf8250',3),(330,'9cbd8c04e1a94da8804b7214b56cb8d2',3),(515,'9cd31f97184744ee8f29b7bcaab79d47',3),(230,'9d040b985013449582da1ac154ed9a39',18),(306,'9db8fb33ab1c4be491b26c2c8f6d1808',3),(344,'9ecbe22bb5da4dd595eed09b7245f328',3),(388,'9ed5dcd9f0dc4417b890bdcd2df6ee8c',3),(290,'9f10b724e9c64e35a5230183ba16bccb',3),(518,'9fccd39102974f56b172a4895f842697',3),(588,'a099d64cf7e84b00b0de14f1d25d1404',3),(560,'a0e4be41da8a42bab1e78b2c378ef084',3),(429,'a0e5c2de0fbc4bf2bd2b90cd8cfd8883',3),(229,'a0f244323e9f496f89084b95d179d01c',18),(567,'a11b4aabd7af4f0aad86104d625498ab',3),(461,'a1ae577aa3b94abc9fb232b3d811ee27',3),(137,'a1b5c20ba0c949869298133d3fe5d169',3),(428,'a21e8f72cb284a2c8b63c5612436dc69',3),(507,'a29803c9b88e40a4a1b7e0f018b5448b',3),(141,'a2a6938f5be34857ab06b0fda2040f40',3),(617,'a2a9828df8b04b1ab58412f6e48fd591',3),(181,'a2c82daefb4a478c951410412616d207',3),(623,'a42661243a0849ee823d7e19e721c370',3),(415,'a481ffb992634254ba680ea70ca827c3',3),(213,'a4ecd68f217c43288978cfc2fbe55b74',3),(383,'a56e698e8bbd4e08a1930e8bf131445d',3),(485,'a5ad66946a874e5eaa1e73b29691f651',3),(613,'a5e2949b59624f139e76cf85ee974714',3),(210,'a819d9bc03084818ae7745d267038c31',18),(365,'a84ee961344e47d7878949a653e795fd',3),(593,'a85bbb1b3fe54a6fbc5728de41441fc2',3),(454,'a95b946a9bd74e169d7e8149002d28e2',3),(386,'a96746cd20414f2d9fa649aaf94c5f84',3),(493,'a9eb39c0db1443a9aea139b3f114f736',3),(611,'ab065f724c864053a80bf6d874680ff6',3),(256,'ab212a9c61f5491d90303c6f18627a98',3),(504,'aba14131695541d0857a51f2d1c49fe8',3),(246,'aca4269e7ecd47b3a148d2ea5243d1c8',18),(568,'ada1d6090673434caf06527c2b879d1c',3),(124,'aea302ff0a894b129266a5fcac2a3743',5),(225,'afaac448fc2647039289c5f21278f303',18),(165,'b212060217984a6581c5b484997e0a17',3),(615,'b238ccb138e84e83a819e7f3ddc7ac74',3),(407,'b27524dc5552463c89f3b520c890d8f3',3),(207,'b2eb2d340f214f61958e0740bee42e43',3),(453,'b360af980f30451d8e316dd04a2cdd82',3),(494,'b492a8c4da654aadaf82a5cbb5e1183c',3),(222,'b4ae2046a8204f70b40c5a3d5cd9029f',18),(298,'b4e4ab4c6e754122bedea1142af804eb',3),(464,'b60855cd704541e6af0c9587694ea7e7',3),(239,'b714150340f643a4ad7860f8c3649ca0',18),(589,'b83f694b87d5481195025ba1164d5e8b',3),(322,'b8b58753d0a84a918b9a6032e43f8eaf',3),(211,'b8f3a6691d1d43799b7de2069e0ce361',3),(326,'b991ef5471ee4da9a13605cc72f059b0',3),(209,'b9af275cdcff475e8f7b3f11784859fa',18),(545,'b9cd68aaec894b92a92f478ece021ef4',3),(470,'ba286409b0ee408482d9235d497fdf63',3),(524,'ba362641c70e468f939569240a50efff',3),(305,'ba3eb23a3ea74169aeb02ec53d652792',3),(135,'bab5bed5198249b5b3001e73ea879eda',18),(130,'bb146100ace649a4aac3f27aa1f09b9c',3),(465,'bd1ed4d3d5b4437d9590c4d22f89f1e8',3),(358,'bd538c3640854779972787ea03e7b28c',3),(310,'beea135b8065441ca92bdfbdb580d0e8',3),(399,'bef70f9a854e466fb7b2616e9a0fbdd6',3),(301,'befbf626454543c391004bebe0c350a4',3),(151,'bfa140d0c9754c478bacffe60114037b',3),(490,'c0c7da1863d34907b2d39ffbf1fffe8c',3),(526,'c12bb87617494c2ab78d38ec1ecdb7cf',3),(192,'c13d6595fe1c4edcaadc2f146c21f26e',3),(158,'c1b5160c1cc245139b1991abc2cabc18',3),(136,'c1c0b56a155748a2b75fff29db091c81',3),(544,'c1c925d0726d4d46a6f8fdcb46655dce',3),(549,'c2057061fcd14cfba3775b7dbd6303b0',3),(556,'c309343fcf0d475291f3c1af677f61d4',3),(191,'c39419700a19470581640027f7d6dbca',3),(548,'c549702f25f94d0ea3ad6718eed92008',3),(179,'c5c90ef932ac43e282ce62b20a9df0b4',3),(318,'c5de89feb49f4f6585bf8b3555dddb62',3),(356,'c6278d2e19f144a4846153ff70104e98',3),(271,'c71ad95aacb44bb69e34d11535874fc3',3),(576,'c805bfab4b2941e5b9b54b9438639f3e',3),(587,'c83a47d5ce9e483c90a93ba6a2a6f54f',3),(538,'c8bf769fe9e9481baed6d7aeeab527d6',3),(591,'c8eba2c12e4a408d8b9de35c0f669f1b',3),(446,'cb5fc532361d488299e802329e14f0e9',3),(424,'cbf57339703f43378dd52b9b240b1170',3),(373,'cdad4a8750404bf3b442b72bb1f0317e',3),(216,'ce08486e2f3f4a89986c10d8070a7132',18),(294,'cec50274977648d7a325c09222dd81ca',3),(316,'cf8353a75dbf4c1ebd1a27c9244ee47e',3),(614,'cfa45c319db84f2684446da7468f8706',3),(266,'cfddef351a4e4134a65265c853b8648b',3),(583,'cfe79f6ff397465985ec382907c56f80',3),(336,'d02bce8a23d8407d805e1ade6fe0b5da',3),(525,'d08f645107ba4bc6b0cf26428c36e1e2',3),(616,'d0ea790e618643729b437a42af02fa7a',3),(497,'d102598a8a0742dfbab4a6103301bb95',3),(132,'d3a543037ce6446994e236af44c7a752',6),(267,'d3ea4956fa3d4c63aa3f5476c2d44878',3),(250,'d461765f49e84f37bb1e0ad9e382877e',18),(378,'d4737739626f4c018f133d306d4e49ab',3),(514,'d4d91b6b306b4153a2565333ea119fe2',3),(247,'d4f34461efe346dfbc7fdc4b4028c832',18),(189,'d529638c8efa4f79857d76bcdb3c7d67',3),(455,'d59ef2739d28481d92d32aa2f51ef6e4',3),(278,'d5b20a3e1fff434db397143bb0b9c236',3),(422,'d73bcbfe0e2e4f7f966bec835610c58c',3),(309,'d746691f6df549808509921a9284aec2',3),(483,'d81b863dbd784893898a90d4082b3cf6',3),(620,'d92a5e46ceb54b7dae551a522beadd68',3),(547,'d9548417e1ce49018846ddadbc743804',3),(403,'d97bed32f7694338bafd4fef3c6c1332',3),(550,'d9f9d24913a7405a8ee7bc62f8f66319',3),(597,'da6a64cd75aa4f2abfcc0c80243b7692',3),(449,'dbe08ca7f85e4c809fff3bc9c381a5da',3),(510,'dc447c79610741138ecb23a14beb077b',3),(562,'dc6c26bd69e3439eb242f7afda9c2842',3),(245,'dc94910d28e940518ef7aced62b33cce',18),(628,'dc9eb2ef69c1471985b5232a531ad35d',3),(150,'dcedc69a57ce4d72b2320de00d19c3d2',3),(618,'dd450d76a95b481b8c2c936b0214587f',3),(554,'ddb7d03c4d1945a0a1499617c440a7df',3),(438,'de0e0e1aaf4e46b49be331af91de0ee0',3),(421,'de1047495e514513a0a41852d8d2c0e8',3),(297,'de7e164bbae94f2fbbcafe94ea2d96ac',3),(276,'def4d6af9e5347a3a9689fc419f61a2a',3),(574,'df18286873e44056a3652bc954f2f4cb',3),(519,'df9b56911ff944d8bb15f83d8c97f667',3),(312,'e0215f147d72447d9ac101b5d3c56e7b',3),(272,'e041ef43d639411fb2a56cc38bea1edc',3),(509,'e12dc08430a3403d96fb9d5851c5c9ff',3),(265,'e189fdd3db21451e9b4e8d37a2788093',3),(277,'e1dd4247f98b4e08a62ed42c4d2e2034',3),(154,'e22ddd68090847faa7ad0ade8e5cd50b',3),(491,'e28671c26cb8478ea4ed099457647ed2',3),(212,'e28b3eeb954d4ccaad5ed5d4a50da25b',3),(598,'e2ae9bde6bf544cd846b6e1a6ed16144',3),(233,'e2e2174791724a9797b7c81e0f13d8f4',18),(190,'e349684d83b146f99c9a951758a2bf84',7),(334,'e39c6b04faa245b78a1fef1c67a91a9a',3),(224,'e3bc9dab533442f79d9e626fe719fa8f',18),(394,'e3cf3a3dce7548dc8600a09e3cf4956e',3),(459,'e3d2a05248db4280baa93e3287fc99c3',3),(302,'e43fa04cd87b42478f32e0b5753c073f',3),(537,'e48963f6faba4157b8cfb4851bf71aa5',3),(592,'e577d8e68bd74235a71194cb9b7a6989',3),(134,'e5dd0d27b0fe41ff959d0804761b6671',18),(176,'e69d7d241af64e76817639410d1e6cf6',24),(471,'e6b7067082094fb8867fcda55e616e06',3),(500,'e6cfabeb6cf848a9b5b1e90e36b179e7',3),(164,'e6d47f5f00a14e9fbb1188a51b8659e7',3),(387,'e7c272039ea745c9933f0628e9d47b49',3),(594,'e7e450feb2894d3b9cd1226969b9dc75',3),(371,'e7f66d1c8bc84188bed0015a8c561267',3),(489,'e85c546fdc6b4de8a083a7fa31190253',3),(385,'e886184de8f141d5a65ce7c07649be6e',3),(127,'e933e3f04c85424b807adf7e5c0e4b48',6),(295,'e982441ad54f44718eec2cbe3c656024',3),(487,'e99902dbb1034406801ef025422c1713',3),(561,'e9bfaacaa0e94a729c87f9b5a938f4cd',3),(269,'e9e0c6f5a4e44ae99f6e7ea8d185e7a9',3),(315,'ea0354e6192e4e82963014a5443ab38f',3),(476,'ebd1ce85c880468b80ba935c21808626',3),(203,'ecac20c516e14a7992e23a515abac3f3',3),(359,'ed5b0f7a39484c609e7966228471eea1',3),(432,'ed5c6dae0f2847d7a95606e499892a84',3),(482,'ee87090eb600487fb77af57db59e0f16',3),(405,'eec4030c98d64e22bc31f7f6d9571678',3),(481,'eed4b03ec66941a0bebf33a8419898af',3),(580,'ef25dcda37ac431e87603a9b8b714eb4',3),(565,'f0459a66959a4f00b3b7c4e44c233c38',3),(196,'f0a1d97672b540cf81df09e553762556',3),(144,'f145f8936c0a4cba8d6adf2bcc410d25',3),(564,'f14a2dea5edc47b38ea342a25ade01ae',3),(353,'f1d1b9a322c641f2b17969bd72355409',3),(581,'f3204e672b984b64bf8f055616986d08',3),(304,'f3496c836f124002bf3be8e23b319fb8',3),(410,'f44f469d477947c9aeebd7140635a98e',3),(123,'f62b055d90d64875b26b2b6d39a59138',4),(133,'f6c059f7dccc49c4a6416b756fdc40b2',18),(621,'f6e6f04fb68e47609efb4d88d6b17161',3),(377,'f71d807ae1d9433d9c09163cef5baf78',3),(285,'f72f50a8ebbe40c9aa03227020b5fb26',3),(535,'f7562d7780d644768b89d67f214f33d7',3),(235,'f7b3b0ed34eb463d9ec116540a2a65d7',18),(253,'f8718b1e0b9b4797be8ad6bf0cba772f',18),(600,'f897aadcd5344aea98d16bf85427016d',3),(249,'f96ae2c22a594ebf819c9a11d9598f94',18),(632,'f988c62617cd4a55918842ac2eba30d3',3),(578,'f9fb0af275fd41fea95d1a604eb8dbd8',3),(369,'fa49df0af8774804baad24d704d43c6e',3),(447,'fa54c04444094956b7b395c03094e861',3),(584,'fa6c9b257cfc4e39afece67a7850fdee',3),(551,'fbe321e84adf4bce8ff0843eb1859b11',3),(501,'fc93593c88db40cba2d59adff873542c',3),(286,'fca5ca98131c4f78a2b88a49a637ad61',3),(180,'fd10d6b89cec4a4cb59f423d3acb2485',3),(155,'fd91163d217642aeb179077476735a09',3),(630,'fd94133597ea4e74acd80fc71b2a269d',3),(274,'fdd8c47f719a445c8bd2fed45f93873b',3),(450,'fe3961c91b574fc2846936f2df5f8a5e',3),(468,'febbed9efe9b4764b27999c9b34ed039',3),(391,'febddbfd4f0948f39e5625f59365acf6',3),(113,'ff2f9e265bab43a98231ed487d6cd69b',3),(257,'ff42c3e80b8842c4a89e0e4836992b53',18),(408,'ff58e613ee69493b9b4d260e89c926e8',3);

--
-- Table structure for table `ya02wmsj_cecoe_auth_rule`
--

CREATE TABLE `ya02wmsj_cecoe_auth_rule` (
  `id` mediumint(8) unsigned NOT NULL AUTO_INCREMENT COMMENT '表ID',
  `pid` mediumint(8) NOT NULL DEFAULT '0' COMMENT '父级栏目节点id / 规则id',
  `name` char(80) NOT NULL DEFAULT '' COMMENT '规则唯一标识 模块+控制器+方法',
  `title` char(20) NOT NULL DEFAULT '' COMMENT '规则中文名称',
  `type` tinyint(1) NOT NULL DEFAULT '1' COMMENT '规则分类',
  `status` tinyint(1) NOT NULL DEFAULT '1' COMMENT '是否启用 1-启用规则 0-禁用',
  `condition` char(100) NOT NULL DEFAULT '' COMMENT '规则附件条件,满足附加条件的规则,才认为是有效规则',
  `sort` smallint(99) unsigned NOT NULL DEFAULT '0' COMMENT '栏目排序',
  `layui_name` varchar(51) NOT NULL DEFAULT '' COMMENT 'layui目录名称',
  `layui_routing` varchar(101) NOT NULL DEFAULT '' COMMENT 'layui页面跳转路径',
  `layui_icon` varchar(101) NOT NULL DEFAULT '' COMMENT 'layui 左侧菜单栏目图标',
  `is_leaf` enum('y','n') NOT NULL DEFAULT 'n' COMMENT 'n代表左侧菜单  y增删改查操作控制',
  PRIMARY KEY (`id`),
  UNIQUE KEY `name` (`name`)
) ENGINE=InnoDB AUTO_INCREMENT=411 DEFAULT CHARSET=utf8 COMMENT='规则列表';

--
-- Dumping data for table `ya02wmsj_cecoe_auth_rule`
--

INSERT INTO `ya02wmsj_cecoe_auth_rule` VALUES (1,0,'/ActivityOnline/index','文明评议',1,1,'',4,'','','','n'),(2,0,'/Order/index','志愿服务点单',1,1,'',3,'','','','n'),(3,9,'/Monitor/index','远程监管',1,1,'',3,'monitor','','','n'),(4,189,'/Live/index','直播管理',1,1,'',5,'','','','n'),(5,189,'/Media/index','媒资管理',1,1,'',4,'media','','','n'),(8,0,'/Notice/index','通知公告及政策文档',1,1,'',6,'','','','n'),(9,0,'/Check/index','考核评估及远程监管',1,1,'',5,'','','','n'),(10,0,'/SystemConfig/index','系统管理',1,1,'',10,'','','','n'),(11,10,'/Auth/index','权限控制',1,1,'',0,'authManage','','layui-icon-app','n'),(12,11,'/Auth/getPermissions','权限列表',1,1,'',0,'authManage','authManage/addNode','','n'),(13,11,'/Auth/getUserGroupList','用户组列表',1,1,'',0,'authManage','authManage/powerSettingPlus','','n'),(14,12,'/Auth/addPermission','增加权限',1,1,'',0,'','','','y'),(15,12,'/Auth/updatePermission','修改权限',1,1,'',0,'','','','y'),(16,12,'/Auth/deletePermission','删除权限',1,1,'',0,'','','','y'),(17,13,'/Auth/addUserGroup','新增用户组',1,1,'',0,'','','','y'),(18,13,'/Auth/updateUserGroup','修改用户组',1,1,'',0,'','','','y'),(19,13,'/Auth/disableUserGroup','禁用用户组',1,1,'',0,'','','','y'),(20,13,'/Auth/enableUserGroup','启用用户组',1,1,'',0,'','','','y'),(24,10,'/Node/getNodeList','前端栏目管理',1,1,'',2,'FrontManage','FrontManage/cityList','layui-icon-file','n'),(31,191,'/Organ/getOrganList','组织机构列表',1,1,'',3,'organManage','organManage/organList','','n'),(32,10,'/User/userManage','人员信息管理',1,1,'',0,'userManage','userManage/userManage','layui-icon-user','n'),(33,32,'/User/getAdminUserList','系统用户管理',1,1,'',0,'userManage','userManage/systemUser','','n'),(34,32,'/User/getOrdinaryUserList','公众用户管理',1,1,'',0,'userManage','userManage/ordinaryUser','','n'),(36,10,'/RegionManage/getRegionList','区域信息管理',1,1,'',3,'regionManage','regionManage/regionManage','layui-icon-location','n'),(37,31,'/Organ/getRegionList','获取区域信息',1,1,'',0,'','','','y'),(38,31,'/Organ/addOrgan','增加组织',1,1,'',0,'','','','y'),(39,5,'/Media/getMediaTypeList','视频分类管理',1,1,'',1,'mediatype','mediaType/type','','n'),(40,31,'/Organ/updateOrgan','修改组织',1,1,'',0,'','','','y'),(41,39,'/Media/buildMediaType','创建视频分类',1,1,'',0,'','','','y'),(42,39,'/Media/updateMediaType','修改视频分类',1,1,'',0,'','','','y'),(43,31,'/Organ/deleteOrgan','删除组织',1,1,'',0,'','','','y'),(44,39,'/Media/deleteMediaType','删除视频分类',1,1,'',0,'','','','y'),(45,39,'/Media/hiddenMediaType','隐藏视频分类',1,1,'',0,'','','','y'),(46,5,'/Media/getMediaVideoList','视频文件管理',1,1,'',0,'media','media/docManage','','n'),(47,46,'/Media/addMediaVideo','上传视频',1,1,'',0,'','','','y'),(48,46,'/Media/editMediaVideo','修改视频',1,1,'',0,'','','','y'),(49,46,'/Media/videoDisable','屏蔽视频',1,1,'',0,'','','','y'),(50,46,'/Media/videoRecover','恢复视频',1,1,'',0,'','','','y'),(51,46,'/Media/deleteMediaVideo','删除视频',1,1,'',0,'','','','y'),(52,46,'/Media/getVideoUrl','视频预览',1,1,'',0,'','','','y'),(53,4,'/Live/getLiveList','直播间管理',1,1,'',0,'live','live/onlineClass','','n'),(54,4,'/Live/getLiveTypeList','直播间类型管理',1,1,'',0,'liveType','liveType/types','','n'),(55,53,'/Live/addLive','新增直播频道',1,1,'',0,'','','','y'),(56,53,'/Live/updateLive','修改直播频道',1,1,'',0,'','','','y'),(57,53,'/Live/pauseLive','禁用直播频道',1,1,'',0,'','','','y'),(58,53,'/Live/resumeLive','解禁直播频道',1,1,'',0,'','','','y'),(59,53,'/Live/getLiveUrl','获取直播地址',1,1,'',0,'','','','y'),(60,53,'/Live/getLiveStatus','获取直播状态',1,1,'',0,'','','','y'),(61,54,'/Live/addLiveType','增加直播类型',1,1,'',0,'','','','y'),(62,54,'/Live/updateLiveType','修改直播类型',1,1,'',0,'','','','y'),(63,54,'/Live/deleteLiveType','删除直播类型',1,1,'',0,'','','','y'),(70,189,'/Content/getOperateContentList','内容采编',1,1,'',0,'contentManage','contentManage/contentManage','','n'),(71,70,'/Content/addContent','新增',1,1,'',0,'','','','y'),(72,70,'/content/updateContent','修改',1,1,'',0,'','','','y'),(73,70,'/Content/deleteContent','删除',1,1,'',0,'','','','y'),(74,79,'/Content/onOrOfflineContent','上下线',1,1,'',0,'','','','y'),(75,189,'/Content/getAuditContentList','内容审核',1,1,'',0,'auditManage','auditManage/auditContent','','n'),(76,75,'/Content/auditContent','审核/驳回',1,1,'',0,'','','','y'),(77,189,'/Content/getAuditCommentList','评论审核',1,1,'',1,'auditManage','auditManage/auditComments','','n'),(78,77,'/Content/auditComment','审核/驳回',1,1,'',0,'','','','y'),(79,189,'/Content/getPublishContentList','内容发布',1,1,'',0,'releaseManage','releaseManage/releaseContent','','n'),(81,189,'/Content/getPublishCommentList','评论发布',1,1,'',2,'releaseManage','releaseManage/releaseComments','','n'),(83,79,'/Content/publishContent','发布/驳回',1,1,'',0,'','','','y'),(84,81,'/Content/publishComment','发布/驳回',1,1,'',0,'','','','y'),(100,3,'/Camera/getCameraList','监控管理',1,1,'',0,'monitor','monitor/monitor','','n'),(101,3,'/Camera/getCameraTypeList','监控类型管理',1,1,'',0,'monitorType','monitorType/type','','n'),(102,24,'/Node/addNode','增加前端栏目',1,1,'',0,'','','','y'),(103,24,'/Node/updateNode','修改前端栏目',1,1,'',0,'','','','y'),(106,100,'/Camera/addCamera','新增监控',1,1,'',0,'','','','y'),(107,100,'/Camera/updateCamera','修改监控',1,1,'',0,'','','','y'),(108,101,'/Camera/addCameraType','新增监控类型',1,1,'',0,'','','','y'),(109,101,'/Camera/updateCameraType','修改监控类型',1,1,'',0,'','','','y'),(110,101,'/Camera/deleteCameraType','删除监控类型',1,1,'',0,'','','','y'),(111,100,'/Camera/saveStatus','开启/关闭监控',1,1,'',0,'','','','y'),(112,100,'/Camera/deleteCamera','删除监控',1,1,'',0,'','','','y'),(114,10,'/BaseData/index','基础信息管理',1,1,'',0,'baseData','baseData/index','layui-icon-set','n'),(115,114,'/BaseData/getProfessorList','专业人才信息',1,1,'',0,'baseData','baseData/professor','','n'),(117,116999,'/Volunteer/getRegionTeam','区域队伍管理',1,1,'',999,'volunteer','volunteer/region','','n'),(118,236,'/Volunteer/getProfessTeam','志愿组织列表',1,1,'',0,'volunteer','volunteer/profess','','n'),(119,236,'/Volunteer/getServiceType','服务分类管理',1,1,'',0,'serviceType','serviceType/type','','n'),(120,114,'/BaseData/getProfessorTeamList','专业人才队伍',1,1,'',0,'baseData','baseData/professorTeam','','n'),(121,220,'/BaseData/getSpecialList','特殊人群信息',1,1,'',0,'baseData','baseData/special','','n'),(122,220,'/BaseData/getSpecialTypeList','特殊人群分类',1,1,'',0,'baseData','baseData/specialType','','n'),(123,117,'/Volunteer/addVolunteerTeam','添加区域队伍',1,1,'',0,'','volunteer/region','','y'),(124,117,'/Volunteer/updateRegionTeam','修改区域队伍',1,1,'',0,'','volunteer/region','','y'),(125,117,'/Volunteer/deleteRegionTeam','删除区域队伍',1,1,'',0,'','volunteer/region','','y'),(126,119,'/Volunteer/addServiceType','添加服务分类',1,1,'',0,'','volunteer/type','','y'),(127,119,'/Volunteer/updateServiceType','修改服务分类',1,1,'',0,'','volunteer/type','','y'),(128,119,'/Volunteer/deleteServiceType','删除服务分类',1,1,'',0,'','volunteer/type','','y'),(134,118,'/Volunteer/getVolunteerCategoryList','获取志愿者队伍分类',1,1,'',0,'','volunteer/profess','','y'),(135,118,'/Volunteer/addProfessTeam','添加志愿者专业队伍',1,1,'',0,'','volunteer/profess','','y'),(136,118,'/Volunteer/updateProfessTeam','修改志愿者专业队伍',1,1,'',0,'','volunteer/profess','','y'),(137,118,'/Volunteer/deleteProfessTeam','删除志愿者专业队伍',1,1,'',0,'','volunteer/profess','','y'),(140,120,'/BaseData/addTalentTeam','添加专业人才队伍',1,1,'',0,'','','','y'),(141,120,'/BaseData/updateTalentTeam','修改专业人才队伍',1,1,'',0,'','','','y'),(142,120,'/BaseData/deleteTalentTeam','删除专业人才队伍',1,1,'',0,'','','','y'),(145,247,'/Activity/getOnlineActivityList','发布评议',1,1,'',1,'activityManage','activityManage/addActivity','','n'),(148,247,'/Activity/onlineConsole','控制台',1,1,'',0,'activityManage','activityManage/console','','n'),(149,247,'/Activity/getCaseWaitAuditList','方案待审核',1,1,'',0,'activityManage','activityManage/caseWaitAudit','newDefined-icon-orderVerify','n'),(150,247,'/Activity/getCaseAlreadyRejectList','方案已驳回',1,1,'',0,'activityManage','activityManage/caseAlreadyReject','newDefined-icon-orderReject','n'),(152,247,'/Activity/getCaseBeRejectedList','方案被驳回',1,1,'',0,'activityManage','activityManage/caseBeRejected','newDefined-icon-orderBack','n'),(153,247,'/Activity/getAlreadyOnlineList','方案已审核',1,1,'',0,'activityManage','activityManage/alreadyOnline','newDefined-icon-online','n'),(154,247,'/Activity/getMyDealList','办理历史',1,1,'',0,'activityManage','activityManage/myDeal','newDefined-icon-orderHistory','n'),(155,247,'/Activity/getMySubmitList','我发起的',1,1,'',0,'activityManage','activityManage/mySubmit','newDefined-icon-orderMe','n'),(171,33,'/Volunteer/getOrganSystems','获得用户组实践组织',1,1,'',0,'','userManage/systemUser','','y'),(172,33,'/Volunteer/getProfessSystems','获得用户组专业队伍',1,1,'',0,'','userManage/systemUser','','y'),(173,247,'/Activity/getItemList','流程配置',1,1,'',3,'activityConfig','activityConfig/activitySet','','n'),(174,173,'/Activity/addItem','新增',1,1,'',0,'','','','y'),(175,173,'/Activity/updateItem','修改',1,1,'',0,'','','','y'),(176,173,'/Activity/deleteItem','删除',1,1,'',0,'','','','y'),(177,173,'/Activity/updateItemProcess','新增/修改单个流程',1,1,'',0,'','','','y'),(178,173,'/Activity/getItemProcess','获取流程详情',1,1,'',0,'','','','y'),(179,173,'/Activity/saveItemStatus','更改状态',1,1,'',0,'','','','y'),(180,173,'/Activity/deleteItemProcess','删除单个流程',1,1,'',0,'','','','y'),(181,118,'/Volunteer/getProfessOfRegionTree','获取志愿者专业队伍树结构',1,1,'',0,'','volunteer/profess','','y'),(184,115,'/BaseData/addProfessor','添加专业人才',1,1,'',0,'','baseData/professor','','y'),(185,122,'/BaseData/addPeopleType','新增特殊人群分类',1,1,'',0,'','baseData/specialType','','y'),(186,122,'/BaseData/updatePeopleType','修改特殊人群分类',1,1,'',0,'','baseData/specialType','','y'),(187,122,'/BaseData/deletePeopleType','删除特殊人群分类',1,1,'',0,'','baseData/specialType','','y'),(189,0,'/Content/announce','宣传教育',1,1,'',7,'','','','n'),(190,0,'/VisualData/index','可视化数据',1,1,'',9,'','/visualData/screen','','n'),(191,0,'/Organ/manage','组织机构信息',1,1,'',1,'','','','n'),(192,999,'/CarePublic/index','关心群众',1,1,'',999,'','','','n'),(196,121,'/BaseData/addSpecialList','采集特殊人群信息',1,1,'',0,'','baseData/special','','y'),(197,115,'/BaseData/deleteProfessor','删除专业人才',1,1,'',0,'','baseData/professor','','y'),(198,115,'/BaseData/updateProfessor','修改专业人才',1,1,'',0,'','baseData/professor','','y'),(199,8,'/Message/index','通知公告',1,1,'',0,'noticeMessage','','','n'),(200,8,'/Message/doc','文档管理',1,1,'',0,'docManage','','','n'),(202,199,'/Message/getMessage','我发布的',1,1,'',0,'noticeMessage','noticeMessage/myRelease','','n'),(203,199,'/Message/getMessageReceive','我收到的',1,1,'',0,'noticeMessage','noticeMessage/myReceive','','n'),(204,200,'/Message/getDocList','文档列表',1,1,'',0,'docManage','docManage/doc','','n'),(205,200,'/Message/getDocTypeList','文档分类',1,1,'',0,'docManage','docManage/docType','','n'),(206,204,'/Message/addDoc','新增',1,1,'',0,'','','','y'),(207,204,'/Message/updateDoc','修改',1,1,'',0,'','','','y'),(208,204,'/Message/deleteDoc','删除',1,1,'',0,'','','','y'),(209,205,'/Message/addDocType','新增分类',1,1,'',0,'','','','y'),(210,205,'/Message/updateDocType','修改分类',1,1,'',0,'','','','y'),(211,205,'/Message/deleteDocType','删除分类',1,1,'',0,'','','','y'),(212,256,'/AssessManage/index','积分排名',1,1,'',0,'assessManage','','','n'),(213,256,'/AssessManage/getPointSystem','积分配置',1,1,'',0,'assessConfig','assessConfig/index','','n'),(214,212,'/AssessManage/getVolunteerOrder','志愿者积分排名',1,1,'',0,'assessManage','assessManage/volunteer','','n'),(215,212,'/AssessManage/getVolunteerTeamOrder','志愿者队伍积分排名',1,1,'',0,'assessManage','assessManage/volunteerTeam','','n'),(216,212,'/AssessManage/getPracticeOrganOrder','实践组织积分排名',1,1,'',0,'assessManage','assessManage/practice','','n'),(217,192,'/CarePublic/getCareList','关心记录',1,1,'',0,'carePublic','carePublic/index','','n'),(218,121,'/BaseData/updateSpecialList','编辑特殊人群信息',1,1,'',0,'','baseData/special','','y'),(219,121,'/BaseData/deleteSpecialList','删除特殊人群信息',1,1,'',0,'','baseData/special','','y'),(220,192,'/BaseData/manage','基础信息管理',1,1,'',0,'baseData','','','n'),(221,217,'/CarePublic/getSpecialsTree','获取关心对象',1,1,'',0,'','','','y'),(222,217,'/CarePublic/addCareInfo','新增',1,1,'',0,'','','','y'),(223,217,'/CarePublic/updateCareInfo','修改',1,1,'',0,'','','','y'),(224,217,'/CarePublic/deleteCareInfo','删除',1,1,'',0,'','','','y'),(225,226,'/Order/accumulate','发起点单活动',1,1,'',15,'orderManage','orderManage/accumulate','','n'),(226,2,'/Order/work','活动及点单',1,1,'',0,'orderWork','','','n'),(227,226,'/Order/console','控制台',1,1,'',1,'orderWork','orderWork/console','newDefined-icon-orderMe','n'),(228,226,'/Order/getWaitReceiveList','待接单列表',1,1,'',4,'orderWork','orderWork/waitReceive','newDefined-icon-wait_order','n'),(229,226,'/Order/getWaitDealList','待办结列表',1,1,'',5,'orderWork','orderWork/waitDeal','newDefined-icon-orderEnd','n'),(230,226,'/Order/getWaitAuditList','待审核列表',1,1,'',6,'orderWork','orderWork/waitAudit','newDefined-icon-waitAudit','n'),(231,226,'/Order/getAlreadyFileList','已归档列表',1,1,'',8,'orderWork','orderWork/alreadyFile','newDefined-icon-orderFill','n'),(232,226,'/Order/getMyDealList','办理历史',1,1,'',13,'orderWork','orderWork/myDeal','newDefined-icon-orderHistory','n'),(233,226,'/Order/getSubmitList','我发起的',1,1,'',14,'orderWork','orderWork/mySubmit','newDefined-icon-orderMe','n'),(235,229,'/Activity/getOrderActivityVolunteers','办结获取志愿者数据',1,1,'',1,'','','','y'),(236,0,'/Organ/volunteer','志愿组织信息',1,1,'',2,'','','','n'),(239,0,'/MyCommunity/index','我的社区',1,1,'',8,'','','','n'),(247,1,'/Community/comment','评一评',1,1,'',0,'eventWork','','','n'),(248,1,'/Community/tell','议一议',1,0,'',999,'eventWork','','','n'),(249,248,'/Content/discuzOperate','议题采编',1,1,'',0,'eventWork','','','n'),(250,247,'/Activity/getPublicWaitAuditList','公众评议待审核',1,0,'',0,'activityManage','activityManage/publicWaitAudit','newDefined-icon-orderVerify','n'),(255,190,'/VisualData/screen','数据展示',1,1,'',0,'','/visualData/screen','','n'),(256,9,'/Check/check','考核评估',1,1,'',0,'','','','n'),(259,248,'/Content/discuzAudit','议题审核',1,1,'',2,'auditManage','','','n'),(260,248,'/Content/discuzRelease','议题发布',1,1,'',3,'','','','n'),(261,191,'/Leader/index','领导组织管理',1,1,'',4,'LeaderManage','LeaderManage/leaderList','','n'),(262,261,'/Leader/getLeaderList','领导组织列表',1,1,'',0,'LeaderManage','LeaderManage/leaderList','','n'),(263,261,'/Leader/getJobList','职务架构列表',1,1,'',0,'LeaderManage','LeaderManage/jobList','','n'),(265,259,'/Content/getDiscuzAuditList','内容列表',1,1,'',1,'auditManage','auditManage/auditDiscuz','','n'),(266,260,'/Content/getDiscuzPublicList','内容列表',1,1,'',0,'releaseManage','releaseManage/publicDiscuz','','n'),(278,263,'/Leader/addJob','添加职务架构',1,1,'',0,'LeaderManage','LeaderManage/jobList','','y'),(279,263,'/Leader/updateJob','修改职务架构',1,1,'',0,'LeaderManage','LeaderManage/jobList','','y'),(280,263,'/Leader/deleteJob','删除职务架构',1,1,'',0,'LeaderManage','LeaderManage/jobList','','y'),(286,262,'/Leader/getJobs','获取对应架构职务',1,1,'',0,'LeaderManage','LeaderManage/leaderList','','y'),(287,262,'/Leader/addLeader','添加领导组织',1,1,'',0,'LeaderManage','LeaderManage/leaderList','','y'),(288,262,'/Leader/updateLeader','修改领导组织',1,1,'',0,'LeaderManage','LeaderManage/leaderList','','y'),(293,247,'/Activity/getActivityTypes','获取活动类型',1,1,'',2,'','','','y'),(294,225,'/Order/addOrderActivity','新增点单活动',1,1,'',0,'','','','y'),(297,202,'/Message/editNotice','编辑公告',1,1,'',0,'','','','y'),(298,202,'/Message/editMessage','编辑消息',1,1,'',0,'','','','y'),(299,202,'/Message/delNotice','删除公告',1,1,'',0,'','','','y'),(300,203,'/Message/getMessageInfo','读取消息',1,1,'',0,'','','','y'),(301,202,'/Message/getNoticeTargetTree','获取有权限发布的公告对象树',1,1,'',0,'','','','y'),(302,202,'/Message/getMessageTargetTree','获取有权限发送的消息对象树',1,1,'',0,'','','','y'),(303,33,'/User/addAdminUser','新增',1,1,'',0,'','','','y'),(304,145,'/Activity/addOnlineActivity','新增',1,1,'',0,'','','','y'),(305,145,'/Activity/updateOnlineActivity','修改',1,1,'',0,'','','','y'),(306,145,'/Activity/deleteOnlineActivity','删除',1,1,'',0,'','','','y'),(311,259,'/Content/getAuditDiscuzCommentList','评论列表',1,1,'',2,'auditManage','auditManage/auditDiscuzComments','','n'),(314,260,'/Content/getPublishDiscuzCommentList','评论列表',1,1,'',0,'releaseManage','releaseManage/releaseDiscuzComment','','n'),(317,265,'/Content/auditDiscuzContent','审核/驳回',1,1,'',0,'','','','y'),(318,311,'/Content/auditDiscuzComment','审核/驳回',1,1,'',0,'','','','y'),(319,266,'/Content/publishDiscuzContent','发布/驳回',1,1,'',0,'','','','y'),(321,314,'/Content/publishDiscuzComment','发布/驳回',1,1,'',0,'','','','y'),(322,100,'/Camera/getCameraUrl','查看监控',1,1,'',0,'','','','y'),(323,2,'/TinyWish/index','微心愿',1,1,'',4,'tinywish','','','n'),(326,323,'/TinyWish/getWishAuditList','心愿申报审核',1,1,'',1,'tinywish','tinywish/wishAudit','','n'),(327,323,'/TinyWish/getClaimWishAuditList','心愿认领审核',1,1,'',1,'tinywish','tinywish/claimWishAudit','','n'),(328,323,'/TinyWish/getFinishWishAuditList','心愿办结审核',1,1,'',1,'tinywish','tinywish/finishWishAudit','','n'),(329,326,'/TinyWish/auditWish','通过/驳回',1,1,'',0,'','','','y'),(330,327,'/TinyWish/auditClaimWish','通过/驳回',1,1,'',1,'tinywish','claimWishAudit','','y'),(331,328,'/TinyWish/auditFinishWish','通过/驳回',1,1,'',0,'','','','y'),(333,303,'/User/updateAdminUser','修改',1,1,'',0,'','','','y'),(340,247,'/Activity/getThemeList','活动主题',1,1,'',1,'activityManage','activityManage/theme','newDefined-icon-themeList','n'),(341,340,'/Activity/addTheme','新增主题分类',1,1,'',0,'activityManage','activityManage/theme','','y'),(342,340,'/Activity/updateTheme','修改主题分类',1,1,'',0,'activityManage','activityManage/theme','','y'),(343,340,'/Activity/deleteTheme','删除主题分类',1,1,'',0,'activityManage','activityManage/theme','','y'),(347,239,'/ServeInfo/index','服务管理',1,1,'',1,'','','','n'),(348,347,'/ServeInfo/getServeCategories','服务分类',1,1,'',99,'ServeInfo','ServeInfo/category','','n'),(349,347,'/ServeInfo/getServeInfoList','服务信息',1,1,'',1,'ServeInfo','ServeInfo/serve','','n'),(350,348,'/ServeInfo/addServeCategory','新增分类',1,1,'',0,'','','','y'),(351,348,'/ServeInfo/updateServeCategory','修改分类',1,1,'',0,'','','','y'),(352,348,'/ServeInfo/deleteServeCategory','删除分类',1,1,'',0,'','','','y'),(353,349,'/ServeInfo/addServeInfo','新增',1,1,'',0,'','','','y'),(354,349,'/ServeInfo/updateServeInfo','修改',1,1,'',0,'','','','y'),(355,349,'/ServeInfo/deleteServeInfo','删除',1,1,'',0,'','','','y'),(356,247,'/Activity/getActivityThemes','获取活动主题',1,1,'',2,'','','','y'),(357,189,'/ServeInfo/getInquireList','教育查询链接',1,1,'',100,'ServeInfo','ServeInfo/inquire','','n'),(358,357,'/ServeInfo/addInquire','新增',1,1,'',0,'','','','y'),(359,357,'/ServeInfo/updateInquire','修改',1,1,'',0,'','','','y'),(360,357,'/ServeInfo/deleteInquire','删除',1,1,'',0,'','','','y'),(361,226,'/Order/getItemList','流程配置',1,1,'',16,'orderConfig','orderConfig/orderSet','','n'),(362,361,'/Order/addItem','新增',1,1,'',0,'','','','y'),(363,361,'/Order/updateItem','修改',1,1,'',0,'','','','y'),(364,361,'/Order/deleteItem','删除',1,1,'',0,'','','','y'),(365,361,'/Order/updateItemProcess','新增/修改单个流程',1,1,'',0,'','','','y'),(366,361,'/Order/getItemProcess','获取流程详情',1,1,'',0,'','','','y'),(367,361,'/Order/saveItemStatus','更改状态',1,1,'',0,'','','','y'),(368,361,'/Order/deleteItemProcess','删除单个流程',1,1,'',0,'','','','y'),(369,226,'/Order/getWaitFileList','待归档列表',1,1,'',7,'orderWork','orderWork/waitFile','newDefined-icon-wait_fill','n'),(370,226,'/Order/getPreAuditList','预审核列表',1,1,'',2,'orderWork','orderWork/preAudit','newDefined-icon-pre_audit','n'),(371,226,'/Order/getPreAuditRejectList','预审已驳回列表',1,1,'',11,'orderWork','orderWork/preAuditReject','newDefined-icon-audit_back','n'),(372,226,'/Order/getWaitAssignList','待派单列表',1,1,'',3,'orderWork','orderWork/waitAssign','newDefined-icon-wait_assign','n'),(373,226,'/Order/getBeRejectedList','被驳回（待重办）列表',1,1,'',10,'orderWork','orderWork/beReject','newDefined-icon-orderBack','n'),(374,226,'/Order/getRejectedList','已驳回列表',1,1,'',9,'orderWork','orderWork/reject','newDefined-icon-orderReject','n'),(375,226,'/Order/getPreAuditBeRejectList','预审被驳回列表',1,1,'',12,'orderWork','orderWork/preAuditBeReject','newDefined-icon-audit_reject','n'),(377,249,'/Content/getDiscuzOperateList','内容列表',1,1,'',0,'contentManage','contentManage/discuzManage','','n'),(378,377,'/Content/addDiscuz','新增',1,1,'',0,'','','','y'),(379,377,'/content/updateDiscuz','修改',1,1,'',0,'','','','y'),(380,377,'/content/deleteDiscuz','删除',1,1,'',0,'','','','y'),(381,377,'/content/onOrOfflineDiscuz','上下线',1,1,'',0,'','','','y'),(396,239,'/ServeInfo/getNonMaterialList','发现非遗',1,1,'',1,'ServeInfo','ServeInfo/nonMaterialList','','n'),(397,239,'/ServeInfo/getNetInfoList','社情收集',1,1,'',2,'ServeInfo','ServeInfo/netInfoList','','n'),(398,70,'/content/updateDraft','保存草稿',1,1,'',0,'','','','y'),(399,70,'/content/deleteDraft','删除草稿',1,1,'',0,'','','','y'),(400,2,'/Zyh/index','兑福利',1,1,'',5,'benefits','','','n'),(401,400,'/Zyh/getGoodsList','商品列表',1,1,'',1,'benefits','benefits/goods','','n'),(402,400,'/Zyh/getExchangeList','兑换记录',1,1,'',2,'benefits','benefits/exchange','','n'),(403,400,'/Zyh/getRefundList','退还记录',1,1,'',3,'benefits','benefits/refund','','n'),(404,401,'/Zyh/addGoods','新增商品',1,1,'',1,'','','','y'),(405,401,'/Zyh/editGoods','修改商品',1,1,'',2,'','','','y'),(406,401,'/Zyh/upGoods','上架商品',1,1,'',3,'','','','y'),(407,401,'/Zyh/downGoods','下架商品',1,1,'',4,'','','','y'),(408,401,'/Zyh/changeStatus','领取',1,1,'',0,'','','','y'),(409,79,'/Content/setTopStatus','推荐/取消推荐',1,1,'',0,'','','','y'),(410,247,'/Activity/getActivityResults','查看评议结果',1,1,'',2,'','','','y');

--
-- Table structure for table `ya02wmsj_cecoe_base_ppl`
--

CREATE TABLE `ya02wmsj_cecoe_base_ppl` (
  `id` int(10) unsigned NOT NULL AUTO_INCREMENT COMMENT '表ID',
  `uuid` char(32) NOT NULL COMMENT '编号  AD0-*****',
  `cardid` varchar(19) NOT NULL DEFAULT '' COMMENT '证件号码主键身份证编码应符合gb 11643',
  `id_type` char(3) NOT NULL DEFAULT '111' COMMENT '证件类型编码应符合ga/t 517',
  `people_type` char(2) DEFAULT '01' COMMENT '人口类型',
  `name` varchar(31) NOT NULL DEFAULT '' COMMENT '姓名',
  `old_name` varchar(13) NOT NULL DEFAULT '' COMMENT '小名',
  `phone` varchar(81) NOT NULL DEFAULT '' COMMENT '手机号码，多个号码以逗号(,)分隔，最多存10个手机号',
  `other_phone` varchar(31) NOT NULL DEFAULT '' COMMENT '其他联系方式',
  `sex` char(1) NOT NULL DEFAULT '9' COMMENT '性别，编码应符合gb/t 2261.1',
  `residence_addr` varchar(201) NOT NULL DEFAULT '' COMMENT '户籍门（楼）详址',
  `inhabited_area` varchar(201) DEFAULT '' COMMENT '实际居住地',
  `birth_day` date NOT NULL DEFAULT '1970-01-01' COMMENT '格式为“yyyy-mm-dd”',
  `birth_place` varchar(201) NOT NULL DEFAULT '' COMMENT '出生地',
  `national` char(2) NOT NULL DEFAULT '01' COMMENT '民族,编码应符合gb/t 3304',
  `poly` char(2) NOT NULL DEFAULT '13' COMMENT '政治面貌 编码应符合gb/t 4762-1984',
  `degree` char(2) NOT NULL DEFAULT '90' COMMENT '学历 编码应符合gb/t 4658 2006',
  `marital` char(2) NOT NULL DEFAULT '90' COMMENT '婚姻状态 编码应符合gb/t 2261.2 2003',
  `country` smallint(5) unsigned NOT NULL DEFAULT '156' COMMENT '国籍',
  `blood_type` enum('a','b','ab','o','n') NOT NULL DEFAULT 'n' COMMENT '血型',
  `workunit` varchar(21) NOT NULL DEFAULT '' COMMENT '工作单位',
  `email` varchar(30) NOT NULL DEFAULT '' COMMENT '邮箱',
  `intro` varchar(1000) NOT NULL DEFAULT '' COMMENT '个人情况',
  `ctime` timestamp NOT NULL DEFAULT CURRENT_TIMESTAMP COMMENT '添加时间',
  PRIMARY KEY (`id`),
  UNIQUE KEY `u_idx_1` (`uuid`)
) ENGINE=InnoDB AUTO_INCREMENT=769 DEFAULT CHARSET=utf8 COMMENT='人口基础信息';

--
-- Dumping data for table `ya02wmsj_cecoe_base_ppl`
--

INSERT INTO `ya02wmsj_cecoe_base_ppl` VALUES (244,'ff2f9e265bab43a98231ed487d6cd69b','','111','01','陈本义','','15706805989','','1','','','2020-04-29','','01','13','90','90',156,'n','','','','2020-03-20 08:54:10'),(246,'2b10d51f38144edcbef13f1c96b4414d','','111','01','150****0305','','15068750305','','0','','','2020-05-08','','01','13','90','90',156,'n','','','','2020-03-23 02:03:13'),(249,'982d8a09db9b4c79b1b100e3071fb920','','111','01','','','15258843993','','0','','','2020-03-23','','01','13','90','90',156,'n','','','','2020-03-23 02:18:35'),(256,'f62b055d90d64875b26b2b6d39a59138','','111','01','李毅','','15269365869','','1','','','1980-03-23','','01','13','90','90',156,'n','','','','2020-03-23 03:05:43'),(257,'aea302ff0a894b129266a5fcac2a3743','','111','01','蒋义城','','15356892547','','1','','','2020-04-30','','01','13','90','90',156,'n','','','','2020-03-23 03:06:48'),(258,'068a1d3dad2842a7b046a58bd798cfa6','','111','01','赵丽伟','','15356329854','','1','','','1978-05-15','','01','13','90','90',156,'n','','','','2020-03-23 03:07:35'),(259,'57108ee3e5d4408eb104551d179b2657','','111','01','韩健辉','','15385692364','','1','','','1979-05-18','','01','13','90','90',156,'n','','','','2020-03-23 03:08:58'),(260,'e933e3f04c85424b807adf7e5c0e4b48','','111','01','李春光','','15325693568','','2','','','1978-05-20','','01','13','90','90',156,'n','','','','2020-03-23 03:09:46'),(262,'37f316ca06494d059cfd0bafe1ab5e8f','','111','01','严安','','15161531512','','0','','','1970-01-01','','01','13','90','90',156,'n','','','','2020-03-23 05:34:22'),(263,'bb146100ace649a4aac3f27aa1f09b9c','','111','01','','','13858671585','','0','','','1970-01-01','','01','13','90','90',156,'n','','','','2020-03-23 06:26:12'),(264,'8abbec18ddc84f2c9156834c85bd5df5','','111','01','杨珂阳','','15269356369','','2','','','2020-03-23','','01','13','90','90',156,'n','','','','2020-03-23 06:44:58'),(265,'d3a543037ce6446994e236af44c7a752','','111','01','许子文','','15258962365','','2','','','2020-04-30','','01','13','90','90',156,'n','','','','2020-03-23 06:45:50'),(266,'f6c059f7dccc49c4a6416b756fdc40b2','','111','01','吕安邦','','15269359653','','1','','','2020-03-23','','01','13','90','90',156,'n','','','','2020-03-23 07:07:38'),(267,'e5dd0d27b0fe41ff959d0804761b6671','','111','01','赵斌','','15252639856','','1','','','2020-03-23','','01','13','90','90',156,'n','','','','2020-03-23 07:08:36'),(268,'bab5bed5198249b5b3001e73ea879eda','','111','01','马俊一','','15258693265','','1','','','2020-03-23','','01','13','90','90',156,'n','','','','2020-03-23 07:09:25'),(269,'c1c0b56a155748a2b75fff29db091c81','','111','01','李明','','15252636987','','1','','','2020-03-23','','01','13','90','90',156,'n','','','','2020-03-23 07:10:23'),(270,'a1b5c20ba0c949869298133d3fe5d169','','111','01','libra','','17326044678','','1','','','2020-04-25','','01','13','90','90',156,'n','','','','2020-03-23 09:20:51'),(271,'97dab42630364208b93443bbe7b60f81','','111','01','','','18337126748','','0','','','2020-03-25','','01','13','90','90',156,'n','','','','2020-03-23 09:45:33'),(272,'5e7e3675e9da4b87aa949419a477bd87','','111','01','','','15888608517','','0','','','2020-05-08','','01','13','90','90',156,'n','','','','2020-03-24 00:19:07'),(273,'7eba9d5845994ee8bed952cc4c9bc177','','111','01','','','15988945288','','0','','','1970-01-01','','01','13','90','90',156,'n','','','','2020-03-24 01:06:28'),(274,'a2a6938f5be34857ab06b0fda2040f40','','111','01','Tina','','13083981897','','2','','','2020-04-19','','01','13','90','90',156,'n','','','','2020-03-24 01:26:51'),(275,'74a1ef21f9b74696b6bc8da1b6b995f9','','111','01','张晓敏','','13758246442','','1','','','2020-05-08','','01','13','90','90',156,'n','','','','2020-03-24 02:08:22'),(276,'0911b213274c44f08104432c0d5680a4','','111','01','','','17858409880','','0','','','2020-04-28','','01','13','90','90',156,'n','','','','2020-03-24 09:14:18'),(277,'f145f8936c0a4cba8d6adf2bcc410d25','','111','01','','','18967659021','','0','','','2020-04-18','','01','13','90','90',156,'n','','','','2020-03-25 03:02:08'),(280,'0fb56a51cd124b90b7796885abdeb932','','111','01','','','18267839955','','0','','','1970-01-01','','01','13','90','90',156,'n','','','','2020-03-25 03:51:31'),(281,'04e68979aba44c338f0be5f969f67df2','','111','01','','','18372177240','','0','','','2020-03-25','','01','13','90','90',156,'n','','','','2020-03-25 06:43:18'),(282,'602b8da281ba480d8a4c638eabc6de04','','111','01','','','18258039670','','0','','','2020-04-23','','01','13','90','90',156,'n','','','','2020-03-25 07:51:57'),(283,'dcedc69a57ce4d72b2320de00d19c3d2','','111','01','','','13665770370','','0','','','2020-03-25','','01','13','90','90',156,'n','','','','2020-03-25 08:11:14'),(284,'bfa140d0c9754c478bacffe60114037b','','111','01','','','13958583522','','0','','','2020-03-25','','01','13','90','90',156,'n','','','','2020-03-25 08:11:54'),(285,'605914f4822c4e18943168c940d81060','','111','01','','','13806560653','','0','','','2020-03-25','','01','13','90','90',156,'n','','','','2020-03-25 08:15:49'),(286,'584275b26f874a7ead320dd94c8be323','','111','01','','','15937274579','','0','','','2020-04-12','','01','13','90','90',156,'n','','','','2020-03-25 08:16:21'),(287,'e22ddd68090847faa7ad0ade8e5cd50b','','111','01','','','13958561009','','0','','','2020-03-25','','01','13','90','90',156,'n','','','','2020-03-25 08:23:09'),(288,'fd91163d217642aeb179077476735a09','','111','01','','','13586100637','','0','','','2020-03-25','','01','13','90','90',156,'n','','','','2020-03-25 08:52:50'),(289,'54d4fe8835b14d6694061861c2a1fa2c','','111','01','','','13666895533','','0','','','2020-03-25','','01','13','90','90',156,'n','','','','2020-03-25 12:22:11'),(290,'5a84eebdd6fc47589de65d15ebb2de8d','','111','01','','','13606767555','','0','','','2020-03-25','','01','13','90','90',156,'n','','','','2020-03-25 12:35:52'),(291,'c1b5160c1cc245139b1991abc2cabc18','','111','01','','','13958556600','','0','','','2020-05-07','','01','13','90','90',156,'n','','','','2020-03-25 13:07:39'),(292,'13934aed9fea41058248f1c1b7045068','','111','01','','','13858608078','','0','','','2020-03-25','','01','13','90','90',156,'n','','','','2020-03-25 15:21:10'),(293,'41dc02ef48704edfa7f273405143d9f8','','111','01','','','17826856972','','0','','','1970-01-01','','01','13','90','90',156,'n','','','','2020-03-26 03:17:45'),(297,'e6d47f5f00a14e9fbb1188a51b8659e7','','111','01','黄加棋','','18357747058','','1','','','2020-05-08','','01','13','90','90',156,'n','','','','2020-03-26 03:43:03'),(298,'b212060217984a6581c5b484997e0a17','','111','01','','','13958523556','','0','','','2020-03-27','','01','13','90','90',156,'n','','','','2020-03-27 01:14:20'),(299,'087211183e98402fae79b49f2e1e6392','','111','01','','','13958596510','','0','','','2020-03-27','','01','13','90','90',156,'n','','','','2020-03-27 01:50:48'),(300,'9369c0de31f3404fbe40f445056bbd64','','111','01','墨初@','','15200000001','','2','','','2020-03-28','','01','13','90','90',156,'n','','','','2020-03-28 06:00:25'),(301,'28f169fa39fe4e09bd5469be6c60532f','','111','01','树深时见鹿','','15200000002','','1','','','2020-03-28','','01','13','90','90',156,'n','','','','2020-03-28 07:32:24'),(302,'5aba4b3dc2bc4fc49b3228dae028e972','','111','01','指间轻纱°','','15200000003','','2','','','2020-03-28','','01','13','90','90',156,'n','','','','2020-03-28 07:33:36'),(303,'5af3f4cb4f484ba887481f6c4a657f95','','111','01','流星划过sky','','15200000004','','1','','','2020-03-28','','01','13','90','90',156,'n','','','','2020-03-28 07:35:51'),(304,'6111946965dd4de2acfae55a9e774877','','111','01','智慧科协发布','','15200000005','','1','','','2020-03-28','','01','13','90','90',156,'n','','','','2020-03-28 07:36:16'),(305,'27b10bdbb553432eb467be8469bb632f','','111','01','教育局发布','','15200000006','','1','','','2020-03-28','','01','13','90','90',156,'n','','','','2020-03-28 07:36:36'),(306,'1a9c4977a5fb468f9f87cc73510301b2','','111','01','凝眸う','','15200000007','','2','','','2020-03-28','','01','13','90','90',156,'n','','','','2020-03-28 07:36:56'),(307,'35f0f30a755e488e956232f058c69a05','','111','01','半窗疏影','','15200000008','','2','','','2020-03-28','','01','13','90','90',156,'n','','','','2020-03-28 07:37:19'),(308,'17268df82e0948a0b8f52955a1670fb8','','111','01','斜阳下° 微笑 ╮','','15200000009','','2','','','2020-03-28','','01','13','90','90',156,'n','','','','2020-03-28 07:38:03'),(309,'e69d7d241af64e76817639410d1e6cf6','','111','01','初雪','','15200000010','','2','','','2020-03-28','','01','13','90','90',156,'n','','','','2020-03-28 07:38:25'),(310,'9bd8e281a8aa41868b90b65ac3acccf3','','111','01','临海发布','','15200000011','','1','','','2020-03-28','','01','13','90','90',156,'n','','','','2020-03-28 07:38:53'),(311,'60b0129aa4e64097b11c7f1bce63fd6c','','111','01','文明实践中心','','15200000012','','1','','','2020-03-28','','01','13','90','90',156,'n','','','','2020-03-28 07:51:16'),(312,'c5c90ef932ac43e282ce62b20a9df0b4','','111','01','','','13736208308','','0','','','2020-03-30','','01','13','90','90',156,'n','','','','2020-03-30 01:48:26'),(313,'fd10d6b89cec4a4cb59f423d3acb2485','','111','01','','','13736204342','','0','','','2020-05-08','','01','13','90','90',156,'n','','','','2020-03-30 02:29:17'),(314,'a2c82daefb4a478c951410412616d207','','111','01','','','13575822695','','0','','','2020-04-16','','01','13','90','90',156,'n','','','','2020-03-30 02:35:16'),(315,'42f6aa997f16466193ab684d7727dce1','','111','01','方德友','','13706768881','','1','','','2020-03-30','','01','13','90','90',156,'n','','','','2020-03-30 02:46:42'),(316,'67b2a9dace124a849c7168747cf1619c','','111','01','张老师','','13605816591','','1','','','2020-05-06','','01','13','90','90',156,'n','','','','2020-03-30 05:00:30'),(317,'99cbb083d75c477ca4054781e3b1d102','','111','01','未知用户','','13857131128','','0','','','2020-03-31','','01','13','90','90',156,'n','','','','2020-03-31 05:37:08'),(319,'0bda64c16a66440e86cd5b5e5e442c0e','','111','01','章来泉','','18258188664','','1','','','2020-04-17','','01','13','90','90',156,'n','','','','2020-04-01 07:55:41'),(320,'9346ce6505034a558311de0101c209ff','','111','01','文化社区采编','','15269658456','','1','','','2020-04-01','','01','13','90','90',156,'n','','','','2020-04-01 11:47:12'),(321,'840e52afdd284ab5a248a9054cdf8f00','','111','01','','','13958551085','','0','','','2020-05-08','','01','13','90','90',156,'n','','','','2020-04-02 08:38:26'),(322,'d529638c8efa4f79857d76bcdb3c7d67','','111','01','','','18958576633','','0','','','2020-04-03','','01','13','90','90',156,'n','','','','2020-04-03 00:35:45'),(323,'e349684d83b146f99c9a951758a2bf84','','111','01','anson_yan','','18999999999','','1','','','2020-04-03','','01','13','90','90',156,'n','','','','2020-04-03 07:43:55'),(324,'c39419700a19470581640027f7d6dbca','','111','01','139****8713','','13982268713','','0','','','2020-05-09','','01','13','90','90',156,'n','','','','2020-04-03 15:44:25'),(325,'c13d6595fe1c4edcaadc2f146c21f26e','','111','01','','','13018955800','','0','','','2020-04-07','','01','13','90','90',156,'n','','','','2020-04-07 08:12:57'),(327,'90ee2060f62e419c9dec9355ecef9231','','111','01','沈俊','','15397017519','','1','','','2020-05-06','','01','13','90','90',156,'n','','','','2020-04-08 06:10:25'),(328,'60a39148807e42a4abade7937eeec8d8','','111','01','张副总','','15068882217','','1','','','2020-04-28','','01','13','90','90',156,'n','','','','2020-04-10 02:14:38'),(329,'f0a1d97672b540cf81df09e553762556','','111','01','','','13157190917','','0','','','2020-04-25','','01','13','90','90',156,'n','','','','2020-04-12 04:41:45'),(330,'9a616424837a4a62b3aa819e2adf718b','','111','01','','','13626602022','','0','','','2020-04-13','','01','13','90','90',156,'n','','','','2020-04-13 04:34:11'),(331,'68acfe75b37c49baacefd4a350395cef','','111','01','','','13736528291','','0','','','2020-04-18','','01','13','90','90',156,'n','','','','2020-04-18 02:20:04'),(332,'2b55589801464d169dbba755acd27827','','111','01','','','15867784648','','0','','','2020-04-19','','01','13','90','90',156,'n','','','','2020-04-19 08:33:16'),(333,'4ac2e51c84ae4884ac1bb55c2af2c3cf','','111','01','','','15868105227','','0','','','1970-01-01','','01','13','90','90',156,'n','','','','2020-04-20 06:07:11'),(334,'899c1208b5cc4a968b4d3c80dc9c6c67','','111','01','','','13586158500','','0','','','2020-05-05','','01','13','90','90',156,'n','','','','2020-04-21 00:38:01'),(335,'77d6d91928674829a8dc7c182bf8329c','','111','01','','','13958576633','','0','','','2020-05-02','','01','13','90','90',156,'n','','','','2020-04-22 01:29:06'),(336,'ecac20c516e14a7992e23a515abac3f3','','111','01','','','13958565664','','0','','','2020-05-08','','01','13','90','90',156,'n','','','','2020-04-22 01:39:27'),(337,'3b87c499a9f54806ac7ecee744a1446e','','111','01','','','15215826861','','0','','','2020-05-04','','01','13','90','90',156,'n','','','','2020-04-22 06:37:37'),(338,'7c3e9c4426c84c83a48a8a6b32ca4c8b','','111','01','','','13560770371','','0','','','2020-04-22','','01','13','90','90',156,'n','','','','2020-04-22 08:40:52'),(339,'71a843a0ab4149b28f5d99aaa082dab1','','111','01','','','18221042205','','0','','','2020-05-07','','01','13','90','90',156,'n','','','','2020-04-23 06:40:18'),(340,'b2eb2d340f214f61958e0740bee42e43','','111','01','','','15601859991','','0','','','2020-04-27','','01','13','90','90',156,'n','','','','2020-04-26 04:31:22'),(341,'6afeb9d24e994f8b9e021663050e772e','','111','01','','','13402023732','','0','','','2020-04-27','','01','13','90','90',156,'n','','','','2020-04-27 06:51:52'),(343,'b9af275cdcff475e8f7b3f11784859fa','','111','01','李梦楠','','15200000013','','2','','','2020-04-30','','01','13','90','90',156,'n','','','','2020-04-30 12:42:10'),(344,'a819d9bc03084818ae7745d267038c31','','111','01','李亚男','','15200000014','','2','','','2020-04-30','','01','13','90','90',156,'n','','','','2020-04-30 13:05:21'),(345,'b8f3a6691d1d43799b7de2069e0ce361','','111','01','','','13666869191','','0','','','2020-05-01','','01','13','90','90',156,'n','','','','2020-05-01 08:11:09'),(346,'e28b3eeb954d4ccaad5ed5d4a50da25b','','111','01','','','15967652800','','0','','','2020-05-04','','01','13','90','90',156,'n','','','','2020-05-04 03:39:36'),(347,'a4ecd68f217c43288978cfc2fbe55b74','','111','01','','','13386569021','','0','','','2020-05-08','','01','13','90','90',156,'n','','','','2020-05-06 01:16:15'),(348,'7f0f1c8c91784c86b7afe5e57b685924','','111','01','李明宇','','15200000015','','1','','','2020-05-06','','01','13','90','90',156,'n','','','','2020-05-06 02:26:34'),(349,'233dbc2837f244869a27c6e6bfc1b1f8','','111','01','','','18019381669','','0','','','2020-05-08','','01','13','90','90',156,'n','','','','2020-05-06 02:57:45'),(350,'ce08486e2f3f4a89986c10d8070a7132','','111','01','张强','','15200000020','','1','','','2020-05-05','','01','13','90','90',156,'n','','','','2020-05-06 09:21:51'),(351,'96e6453cc28e474899c30af1ff5d8754','','111','01','许玲娅','','13819675310','','0','','','1980-10-02','','01','13','90','90',156,'n','','','','2020-05-07 03:03:09'),(352,'1f69fc1f63ef47508117f3a42d480af2','','111','01','张荣伟','','13586135015','','0','','','1963-09-12','','01','13','90','90',156,'n','','','','2020-05-07 03:03:09'),(353,'01e1f04859c448e8a8ef43cc1fe84893','','111','01','王科','','15888619119','','0','','','1985-07-04','','01','13','90','90',156,'n','','','','2020-05-07 03:03:09'),(354,'87e7bdfec2d24b9eb787adb830500f70','','111','01','郑小华','','13958566561','','0','','','1977-12-28','','01','13','90','90',156,'n','','','','2020-05-07 03:03:10'),(355,'895ca8d78fae4104b1ef24012a70c142','','111','01','冯伟涛','','15990643963','','0','','','1993-07-11','','01','13','90','90',156,'n','','','','2020-05-07 03:03:10'),(356,'b4ae2046a8204f70b40c5a3d5cd9029f','','111','01','叶波','','13777675008','','0','','','1979-01-12','','01','13','90','90',156,'n','','','','2020-05-07 03:03:10'),(357,'873ed7f9f0dc46de8ef850fca469f0ec','','111','01','金樱子','','13566423331','','0','','','1987-08-28','','01','13','90','90',156,'n','','','','2020-05-07 03:03:10'),(358,'e3bc9dab533442f79d9e626fe719fa8f','','111','01','褚肖凯','','15057294197','','0','','','1997-10-08','','01','13','90','90',156,'n','','','','2020-05-07 03:03:10'),(359,'afaac448fc2647039289c5f21278f303','','111','01','干兢','','18958598053','','0','','','1985-11-06','','01','13','90','90',156,'n','','','','2020-05-07 03:03:10'),(360,'3d5a14b673694d03a963929540ac8038','','111','01','金爱青','','13706762018','','0','','','1976-02-05','','01','13','90','90',156,'n','','','','2020-05-07 03:03:11'),(361,'4eb7afc99ceb4c7b8ed3eb03033287fd','','111','01','冯济峰','','13958568525','','0','','','1963-05-06','','01','13','90','90',156,'n','','','','2020-05-07 03:03:11'),(362,'780a042de78f474bb8a26a52a57ddc06','','111','01','史恩明','','13665775938','','0','','','1974-11-15','','01','13','90','90',156,'n','','','','2020-05-07 03:03:11'),(363,'a0f244323e9f496f89084b95d179d01c','','111','01','李亦晨','','13626682035','','0','','','1987-10-24','','01','13','90','90',156,'n','','','','2020-05-07 03:03:11'),(364,'9d040b985013449582da1ac154ed9a39','','111','01','祝若凡','','13586281005','','0','','','1993-05-23','','01','13','90','90',156,'n','','','','2020-05-07 03:03:11'),(365,'65f24016f1ab4150ac216a773d431d2b','','111','01','许勰','','13968561861','','0','','','1984-06-25','','01','13','90','90',156,'n','','','','2020-05-07 03:03:11'),(366,'99cc538f827343998fd993c899ca3111','','111','01','胡余好','','13586121518','','0','','','1970-07-25','','01','13','90','90',156,'n','','','','2020-05-07 03:03:12'),(367,'e2e2174791724a9797b7c81e0f13d8f4','','111','01','潘葛真源','','13626681232','','0','','','1990-10-07','','01','13','90','90',156,'n','','','','2020-05-07 03:03:12'),(368,'4a87b9bbcca247998d8171f3ca61da23','','111','01','姜永','','13586119370','','0','','','1980-01-18','','01','13','90','90',156,'n','','','','2020-05-07 03:03:12'),(369,'f7b3b0ed34eb463d9ec116540a2a65d7','','111','01','林萍','','13958576071','','0','','','1971-06-01','','01','13','90','90',156,'n','','','','2020-05-07 03:03:12'),(370,'22969a3950a54bb8977caf85a44f021e','','111','01','应豪','','13706761388','','0','','','1993-09-30','','01','13','90','90',156,'n','','','','2020-05-07 03:03:12'),(371,'9355b01ed5c0420bbdc7de63d4ec7eef','','111','01','尤田','','13676659036','','0','','','1989-04-18','','01','13','90','90',156,'n','','','','2020-05-07 03:03:13'),(372,'00bf8622f2aa4a19a7c57bd5454809c0','','111','01','王海红','','13088627881','','0','','','1966-06-22','','01','13','90','90',156,'n','','','','2020-05-07 03:03:13'),(373,'b714150340f643a4ad7860f8c3649ca0','','111','01','朱笑烨','','15888671596','','0','','','1997-07-09','','01','13','90','90',156,'n','','','','2020-05-07 03:03:13'),(374,'9b7b1632e9684df9958f4b1744c52c42','','111','01','屈骏伟','','13819635368','','0','','','1982-10-28','','01','13','90','90',156,'n','','','','2020-05-07 03:03:13'),(375,'70cb57497653463fb27c50911c8737a4','','111','01','王斌','','18257666301','','0','','','1983-10-02','','01','13','90','90',156,'n','','','','2020-05-07 03:03:13'),(376,'48732c2bf2a041808ae2cab68a492555','','111','01','林成','','15214788483','','0','','','1994-08-23','','01','13','90','90',156,'n','','','','2020-05-07 03:03:13'),(377,'82fb4b08e35449a485ab78aa23b9581b','','111','01','王永舟','','13757603600','','0','','','1963-05-26','','01','13','90','90',156,'n','','','','2020-05-07 03:03:14'),(378,'2e95ad85289c4a4f8476aa1721915460','','111','01','郭巧慧','','13738680048','','0','','','1989-12-02','','01','13','90','90',156,'n','','','','2020-05-07 03:03:14'),(379,'dc94910d28e940518ef7aced62b33cce','','111','01','吕华','','18858670321','','0','','','1987-03-21','','01','13','90','90',156,'n','','','','2020-05-07 03:03:14'),(380,'aca4269e7ecd47b3a148d2ea5243d1c8','','111','01','叶露','','18968586703','','0','','','1986-12-03','','01','13','90','90',156,'n','','','','2020-05-07 03:03:14'),(381,'d4f34461efe346dfbc7fdc4b4028c832','','111','01','王孝靖','','13867665062','','0','','','1980-09-08','','01','13','90','90',156,'n','','','','2020-05-07 03:03:14'),(382,'99ddb4a47c714e66812a789f082f3f3e','','111','01','金志华','','13777671228','','0','','','1977-06-07','','01','13','90','90',156,'n','','','','2020-05-07 03:03:14'),(383,'f96ae2c22a594ebf819c9a11d9598f94','','111','01','蔡凌坚','','13757615385','','0','','','1979-01-20','','01','13','90','90',156,'n','','','','2020-05-07 03:03:15'),(384,'d461765f49e84f37bb1e0ad9e382877e','','111','01','林仙红','','13757607661','','0','','','1967-12-01','','01','13','90','90',156,'n','','','','2020-05-07 03:03:15'),(385,'62b1855743a347a29b05b52c9d650e31','','111','01','陈杰','','13586159965','','0','','','1980-02-19','','01','13','90','90',156,'n','','','','2020-05-07 03:03:15'),(386,'303119c65df8487495f359191b424bb0','','111','01','朱秀敏','','18857630998','','0','','','1988-09-18','','01','13','90','90',156,'n','','','','2020-05-07 03:03:15'),(387,'f8718b1e0b9b4797be8ad6bf0cba772f','','111','01','马洛','','15214788792','','0','','','1994-04-30','','01','13','90','90',156,'n','','','','2020-05-07 03:03:15'),(388,'3eae5b503f1f4223a0fdf5c88d2b60c1','','111','01','朱晓兰','','13326091158','','0','','','1981-12-22','','01','13','90','90',156,'n','','','','2020-05-07 03:03:15'),(389,'3fd694c65b2546f7937dacecc5cf95b4','','111','01','李绍泰','','13732328532','','0','','','1988-10-10','','01','13','90','90',156,'n','','','','2020-05-07 03:03:15'),(390,'ab212a9c61f5491d90303c6f18627a98','','111','01','','','18601720352','','0','','','2020-05-07','','01','13','90','90',156,'n','','','','2020-05-07 04:55:46'),(391,'ff42c3e80b8842c4a89e0e4836992b53','','111','01','池晓明','','13306768227','','1','','','1985-01-21','','01','13','90','90',156,'n','','','','2020-05-07 08:56:06'),(392,'5443eaf43c244591b38c7c13629fa626','','111','01','王雨超','','13989672188','','0','','','1963-10-03','','01','13','90','90',156,'n','','','','2020-05-07 09:34:19'),(393,'29dfe40ebccb4faebc5e33c228c1f907','','111','01','李诚','','13750668837','','0','','','2020-05-07','','01','13','90','90',156,'n','','','','2020-05-07 09:44:41'),(394,'64679ed6a7d7414ca1a9a7085a70ad42','','111','01','叶冬兰','','13511479808','','0','','','2020-05-07','','01','13','90','90',156,'n','','','','2020-05-07 09:44:44'),(395,'8d5691fc0357450d95a4adc0a8276d97','','111','01','蒋秋仙','','13575896029','','0','','','2020-05-07','','01','13','90','90',156,'n','','','','2020-05-07 09:44:46'),(396,'88a5c463d6464813a2de94f7a61a9f18','','111','01','叶晓怡','','18768129691','','0','','','2020-05-07','','01','13','90','90',156,'n','','','','2020-05-07 09:44:49'),(397,'6e36e9faed1e4d41956cdff08a0fee85','','111','01','华玲','','13362631879','','0','','','2020-05-07','','01','13','90','90',156,'n','','','','2020-05-07 09:44:52'),(398,'25c9a0ae6be94113a107a258df993bb3','','111','01','陈品','','13606658269','','0','','','2020-05-07','','01','13','90','90',156,'n','','','','2020-05-07 09:44:55'),(399,'e189fdd3db21451e9b4e8d37a2788093','','111','01','王玉琴','','13357636556','','0','','','2020-05-07','','01','13','90','90',156,'n','','','','2020-05-07 09:44:59'),(400,'cfddef351a4e4134a65265c853b8648b','','111','01','戴英妹','','15988904018','','0','','','2020-05-07','','01','13','90','90',156,'n','','','','2020-05-07 09:45:03'),(401,'d3ea4956fa3d4c63aa3f5476c2d44878','','111','01','邱士勇','','13666432726','','0','','','2020-05-07','','01','13','90','90',156,'n','','','','2020-05-07 09:45:07'),(402,'2d7b2cce7c454efcaf15c757a39214cb','','111','01','邬彩燕','','13757697951','','0','','','2020-05-07','','01','13','90','90',156,'n','','','','2020-05-07 09:45:11'),(403,'e9e0c6f5a4e44ae99f6e7ea8d185e7a9','','111','01','应凤娇','','18906559907','','0','','','2020-05-07','','01','13','90','90',156,'n','','','','2020-05-07 09:45:15'),(404,'4b70a58b07cf4de39a40ece3e005385d','','111','01','朱玲琴','','17757698921','','0','','','2020-05-07','','01','13','90','90',156,'n','','','','2020-05-07 09:45:19'),(405,'c71ad95aacb44bb69e34d11535874fc3','','111','01','金烈强','','13905868189','','0','','','2020-05-07','','01','13','90','90',156,'n','','','','2020-05-07 09:45:24'),(406,'e041ef43d639411fb2a56cc38bea1edc','','111','01','娄玲敏','','13666861033','','0','','','2020-05-07','','01','13','90','90',156,'n','','','','2020-05-07 09:45:28'),(407,'38d528fbdb8e4e458cbd1feeeed31f3e','','111','01','朱慧珠','','13858609891','','0','','','2020-05-07','','01','13','90','90',156,'n','','','','2020-05-07 09:45:33'),(408,'fdd8c47f719a445c8bd2fed45f93873b','','111','01','王 娟','','13634089137','','0','','','2020-05-07','','01','13','90','90',156,'n','','','','2020-05-07 09:45:39'),(409,'1c4d014c2b7e491f9550fcefe36eb583','','111','01','王巧巧','','15268858320','','0','','','2020-05-07','','01','13','90','90',156,'n','','','','2020-05-07 09:45:44'),(410,'def4d6af9e5347a3a9689fc419f61a2a','','111','01','陈玉仙','','15305761668','','0','','','2020-05-07','','01','13','90','90',156,'n','','','','2020-05-07 09:56:53'),(411,'e1dd4247f98b4e08a62ed42c4d2e2034','','111','01','沈晓仟','','15857671711','','0','','','2020-05-07','','01','13','90','90',156,'n','','','','2020-05-07 09:56:59'),(412,'d5b20a3e1fff434db397143bb0b9c236','','111','01','周涛','','18858645116','','0','','','2020-05-07','','01','13','90','90',156,'n','','','','2020-05-07 09:57:05'),(413,'5bb6d2873f154fdaaebecce4037b8946','','111','01','徐连正','','13511448768','','0','','','2020-05-07','','01','13','90','90',156,'n','','','','2020-05-07 09:57:11'),(414,'63860276691c45859c02268c13c5962e','','111','01','杨玲燕','','15057666724','','0','','','2020-05-07','','01','13','90','90',156,'n','','','','2020-05-07 09:57:17'),(415,'6ff018e70c374e5285e4a1e2c0dae034','','111','01','金利利','','18858617341','','0','','','2020-05-07','','01','13','90','90',156,'n','','','','2020-05-07 09:57:24'),(416,'5dde47ab6d7c4549992ff2fb0b4dfb55','','111','01','何方军','','13968568447','','0','','','2020-05-07','','01','13','90','90',156,'n','','','','2020-05-07 09:57:31'),(417,'2fb408e96fd646258e01254bc8102b7e','','111','01','黄彩萍','','13515868110','','0','','','2020-05-07','','01','13','90','90',156,'n','','','','2020-05-07 09:57:37'),(418,'6de787d9c08342529dc1ceeb26dbee94','','111','01','朱苓娟','','13750679089','','0','','','2020-05-07','','01','13','90','90',156,'n','','','','2020-05-07 09:57:44'),(419,'f72f50a8ebbe40c9aa03227020b5fb26','','111','01','黄桂芳','','13676620455','','0','','','2020-05-07','','01','13','90','90',156,'n','','','','2020-05-07 09:57:52'),(420,'fca5ca98131c4f78a2b88a49a637ad61','','111','01','张莉玲','','15167673766','','0','','','2020-05-07','','01','13','90','90',156,'n','','','','2020-05-07 09:57:59'),(421,'9498f4c68aa847cf8a93aa54740c3afd','','111','01','顾世通','','13819675833','','0','','','2020-05-07','','01','13','90','90',156,'n','','','','2020-05-07 09:58:07'),(422,'5fbcd3dadeaa4150b365c009b15d4696','','111','01','陈财玉','','15967652393','','0','','','2020-05-07','','01','13','90','90',156,'n','','','','2020-05-07 09:58:14'),(423,'1e23f25087054ce6a59dcf1e4480a540','','111','01','黄小燕','','18906555596','','0','','','2020-05-07','','01','13','90','90',156,'n','','','','2020-05-07 09:58:22'),(424,'9f10b724e9c64e35a5230183ba16bccb','','111','01','陈玲玲','','15968626078','','0','','','2020-05-07','','01','13','90','90',156,'n','','','','2020-05-07 09:58:30'),(425,'08970c4e60c54c87981a5fab396c60d2','','111','01','梅妙林','','13626675818','','0','','','2020-05-07','','01','13','90','90',156,'n','','','','2020-05-07 09:58:39'),(426,'844b4a2b4b0d469b87a9e23e8275961f','','111','01','钱祖兴','','15325651811','','0','','','2020-05-07','','01','13','90','90',156,'n','','','','2020-05-07 09:58:47'),(427,'7d363c8b7fa14b2db647864c20ed4c20','','111','01','黄道福','','15325568218','','0','','','2020-05-07','','01','13','90','90',156,'n','','','','2020-05-07 09:58:56'),(428,'cec50274977648d7a325c09222dd81ca','','111','01','钱光辉','','15888671028','','0','','','2020-05-07','','01','13','90','90',156,'n','','','','2020-05-07 09:59:05'),(429,'e982441ad54f44718eec2cbe3c656024','','111','01','鲍冬芳','','13058805285','','0','','','2020-05-07','','01','13','90','90',156,'n','','','','2020-05-07 09:59:14'),(430,'4c4cd0c10ece48e5b97716b02f9b5315','','111','01','黄林华','','15868692785','','0','','','2020-05-07','','01','13','90','90',156,'n','','','','2020-05-07 09:59:24'),(431,'de7e164bbae94f2fbbcafe94ea2d96ac','','111','01','马利君','','13184359396','','0','','','2020-05-07','','01','13','90','90',156,'n','','','','2020-05-07 09:59:33'),(432,'b4e4ab4c6e754122bedea1142af804eb','','111','01','马勃','','13634088711','','0','','','2020-05-07','','01','13','90','90',156,'n','','','','2020-05-07 09:59:42'),(433,'67e01ed0b1454b50a05118066b0c3c1c','','111','01','钱光杰','','13515869767','','0','','','2020-05-07','','01','13','90','90',156,'n','','','','2020-05-07 09:59:52'),(434,'24eeaf21560141f38fa524f9adf75860','','111','01','邵先舟','','18767685866','','0','','','2020-05-07','','01','13','90','90',156,'n','','','','2020-05-07 10:00:03'),(435,'befbf626454543c391004bebe0c350a4','','111','01','金幼芬','','13586158883','','0','','','2020-05-07','','01','13','90','90',156,'n','','','','2020-05-07 10:00:13'),(436,'e43fa04cd87b42478f32e0b5753c073f','','111','01','吴帮祥','','15957626081','','0','','','2020-05-07','','01','13','90','90',156,'n','','','','2020-05-07 10:00:24'),(437,'6826269bc58c48c29881b57c929d69d2','','111','01','邵惠玲','','13757698508','','0','','','2020-05-07','','01','13','90','90',156,'n','','','','2020-05-07 10:00:35'),(438,'f3496c836f124002bf3be8e23b319fb8','','111','01','王鸯鸯','','13819628171','','0','','','2020-05-07','','01','13','90','90',156,'n','','','','2020-05-07 10:00:46'),(439,'ba3eb23a3ea74169aeb02ec53d652792','','111','01','吴彩从','','13736512635','','0','','','2020-05-07','','01','13','90','90',156,'n','','','','2020-05-07 10:00:57'),(440,'9db8fb33ab1c4be491b26c2c8f6d1808','','111','01','赵仙桃','','15157608549','','0','','','2020-05-07','','01','13','90','90',156,'n','','','','2020-05-07 10:01:09'),(441,'50b43bb80c0d431dac6bc485a740a9d9','','111','01','周远跃','','13750631117','','0','','','2020-05-07','','01','13','90','90',156,'n','','','','2020-05-07 10:01:21'),(442,'1a8f439633f24ce992314c336a19af74','','111','01','陈春莲','','13586288587','','0','','','2020-05-07','','01','13','90','90',156,'n','','','','2020-05-07 10:01:33'),(443,'d746691f6df549808509921a9284aec2','','111','01','董显掌','','18968519290','','0','','','2020-05-07','','01','13','90','90',156,'n','','','','2020-05-07 10:01:45'),(444,'beea135b8065441ca92bdfbdb580d0e8','','111','01','陈斌娜','','15058358920','','0','','','2020-05-07','','01','13','90','90',156,'n','','','','2020-05-07 10:01:57'),(445,'305110b3e3e143c18b75c46c2b8e6bb1','','111','01','冯花','','13586133277','','0','','','2020-05-07','','01','13','90','90',156,'n','','','','2020-05-07 10:02:10'),(446,'e0215f147d72447d9ac101b5d3c56e7b','','111','01','徐维强','','13018871838','','0','','','2020-05-07','','01','13','90','90',156,'n','','','','2020-05-07 10:02:23'),(447,'2ab8da1e999a4f3cb653c720224da1b8','','111','01','王美丽','','13968482740','','0','','','2020-05-07','','01','13','90','90',156,'n','','','','2020-05-07 10:02:36'),(448,'86b2a46c2c3e4cea93a550b64d29c7c9','','111','01','尹三河','','18957671353','','0','','','2020-05-07','','01','13','90','90',156,'n','','','','2020-05-07 10:02:49'),(449,'ea0354e6192e4e82963014a5443ab38f','','111','01','潘海英','','13566866112','','0','','','2020-05-07','','01','13','90','90',156,'n','','','','2020-05-07 10:03:03'),(450,'cf8353a75dbf4c1ebd1a27c9244ee47e','','111','01','李卫娇','','15825475878','','0','','','2020-05-07','','01','13','90','90',156,'n','','','','2020-05-07 10:03:16'),(451,'7f4c762818314f2f984ff11721bd6b97','','111','01','项道标','','13566497490','','0','','','2020-05-07','','01','13','90','90',156,'n','','','','2020-05-07 10:03:30'),(452,'c5de89feb49f4f6585bf8b3555dddb62','','111','01','吴利平','','15867061378','','0','','','2020-05-07','','01','13','90','90',156,'n','','','','2020-05-07 10:03:43'),(453,'2e64720482d04a31988b32b0115ad5a8','','111','01','蔡时林','','13566891106','','0','','','2020-05-07','','01','13','90','90',156,'n','','','','2020-05-07 10:03:57'),(454,'777216a683e445e6a237c6ddcc6b9c01','','111','01','杨花玉','','15267280010','','0','','','2020-05-07','','01','13','90','90',156,'n','','','','2020-05-07 10:04:11'),(455,'63f61c286cbe4e72b41cd985b8c20030','','111','01','严玲芳','','13757602250','','0','','','2020-05-07','','01','13','90','90',156,'n','','','','2020-05-07 10:04:26'),(456,'b8b58753d0a84a918b9a6032e43f8eaf','','111','01','项薇红','','13575895105','','0','','','2020-05-07','','01','13','90','90',156,'n','','','','2020-05-07 10:04:41'),(457,'7ddec1a58d7f4484a3710c51bddb8e81','','111','01','徐华','','15395768859','','0','','','2020-05-07','','01','13','90','90',156,'n','','','','2020-05-07 10:04:55'),(458,'0f30df5c128b4a37944f8e85f5709402','','111','01','陈玲玲','','15990610814','','0','','','2020-05-07','','01','13','90','90',156,'n','','','','2020-05-07 10:05:10'),(459,'719a2752327a4b4d853abd23fd3866be','','111','01','周荷仙','','13216999153','','0','','','2020-05-07','','01','13','90','90',156,'n','','','','2020-05-07 10:05:25'),(460,'b991ef5471ee4da9a13605cc72f059b0','','111','01','方慧玲','','13777674530','','0','','','2020-05-07','','01','13','90','90',156,'n','','','','2020-05-07 10:05:41'),(461,'5320ba48a87a402e8c77501942d2b647','','111','01','林灵飞','','13626684882','','0','','','2020-05-07','','01','13','90','90',156,'n','','','','2020-05-07 10:05:57'),(462,'2704c572242040299ad67e2431ad0775','','111','01','金丽君','','13634027298','','0','','','2020-05-07','','01','13','90','90',156,'n','','','','2020-05-07 10:06:13'),(463,'34c7c01225664b3ebdbdce0ce35cbebe','','111','01','项珊珊','','15957627835','','0','','','2020-05-07','','01','13','90','90',156,'n','','','','2020-05-07 10:06:29'),(464,'9cbd8c04e1a94da8804b7214b56cb8d2','','111','01','陈彩琴','','13566867327','','0','','','2020-05-07','','01','13','90','90',156,'n','','','','2020-05-07 10:06:45'),(465,'09ec40e847884a8b8933e791cb5279a1','','111','01','林雪芳','','15968618945','','0','','','2020-05-07','','01','13','90','90',156,'n','','','','2020-05-07 10:07:01'),(466,'95535a20482a4210ac1360157b780dfa','','111','01','徐丽君','','15867083912','','0','','','2020-05-07','','01','13','90','90',156,'n','','','','2020-05-07 10:07:18'),(467,'6049f8ff2c10412ebdc21e35a11cce28','','111','01','葛会红','','13575819659','','0','','','2020-05-07','','01','13','90','90',156,'n','','','','2020-05-07 10:07:34'),(468,'e39c6b04faa245b78a1fef1c67a91a9a','','111','01','周崇玉','','13757608052','','0','','','2020-05-07','','01','13','90','90',156,'n','','','','2020-05-07 10:07:51'),(469,'3e2b21eb083349d18de84a31a15bc448','','111','01','葛丹丹','','15888673016','','0','','','2020-05-07','','01','13','90','90',156,'n','','','','2020-05-07 10:08:08'),(470,'d02bce8a23d8407d805e1ade6fe0b5da','','111','01','金绿燕','','13757602402','','0','','','2020-05-07','','01','13','90','90',156,'n','','','','2020-05-07 10:08:26'),(471,'8a4cde9954d64310bd0e33639fbcb2c6','','111','01','郑昌法','','18967653185','','0','','','2020-05-07','','01','13','90','90',156,'n','','','','2020-05-07 10:08:43'),(472,'47a6f8e55a8e452ea4b3d1cc308bbbea','','111','01','陶丹丹','','18768130538','','0','','','2020-05-07','','01','13','90','90',156,'n','','','','2020-05-07 10:09:01'),(473,'3e3ba112ed134d21a4e7c218f19fd9e5','','111','01','葛修香','','13968431656','','0','','','2020-05-07','','01','13','90','90',156,'n','','','','2020-05-07 10:09:19'),(474,'2c22d8b83206455eab90fcb60aa03763','','111','01','李丽萍','','13736549880','','0','','','2020-05-07','','01','13','90','90',156,'n','','','','2020-05-07 10:09:37'),(475,'73f07816cd874c0bae5dc8cb218f8e49','','111','01','陶小土','','13665775138','','0','','','2020-05-07','','01','13','90','90',156,'n','','','','2020-05-07 10:09:55'),(476,'39d7987571aa4edebd4ca6127b999d69','','111','01','林伟贞','','13586131318','','0','','','2020-05-07','','01','13','90','90',156,'n','','','','2020-05-07 10:10:14'),(477,'8f5e487c42df40b698bb9c3a12bb94a3','','111','01','李灵鹰','','13486228828','','0','','','2020-05-07','','01','13','90','90',156,'n','','','','2020-05-07 10:10:32'),(478,'9ecbe22bb5da4dd595eed09b7245f328','','111','01','李叔云','','13018893615','','0','','','2020-05-07','','01','13','90','90',156,'n','','','','2020-05-07 10:10:51'),(479,'26c4f52f4631499ebafd48fce1500846','','111','01','黄玲敏','','13575897924','','0','','','2020-05-07','','01','13','90','90',156,'n','','','','2020-05-07 10:11:11'),(480,'7c9077caa63e491d8b1f8c50c69e518b','','111','01','金霞霞','','15058606183','','0','','','2020-05-07','','01','13','90','90',156,'n','','','','2020-05-07 10:11:30'),(481,'81d2cf6c3f364b33ade63f4bb9b8b5e9','','111','01','葛宁芳','','13906586813','','0','','','2020-05-07','','01','13','90','90',156,'n','','','','2020-05-07 10:11:50'),(482,'31cfda3db2354bdba17fff17cacafb39','','111','01','陈希','','15067689359','','0','','','2020-05-07','','01','13','90','90',156,'n','','','','2020-05-07 10:12:10'),(483,'7c8dea5749a24b4fb8aac12be2ca5a73','','111','01','陈丽芳','','13073838599','','0','','','2020-05-07','','01','13','90','90',156,'n','','','','2020-05-07 10:12:30'),(484,'8e5acdd65b06483f96b61d25b6650786','','111','01','金爱青','','13757609132','','0','','','2020-05-07','','01','13','90','90',156,'n','','','','2020-05-07 10:12:51'),(485,'8ce76eeba77d4a1aaedddbd8f03e5fc8','','111','01','卢靖','','15967650408','','0','','','2020-05-07','','01','13','90','90',156,'n','','','','2020-05-07 10:13:11'),(486,'9017693e287349a8bfd101b3a590a139','','111','01','郑金','','13867665399','','0','','','2020-05-07','','01','13','90','90',156,'n','','','','2020-05-07 10:13:31'),(487,'f1d1b9a322c641f2b17969bd72355409','','111','01','王丽娟','','15967695368','','0','','','2020-05-07','','01','13','90','90',156,'n','','','','2020-05-07 10:13:51'),(488,'62d5c8a7cd9e4f568761a44ca2932235','','111','01','卜金龙','','13736624868','','0','','','2020-05-07','','01','13','90','90',156,'n','','','','2020-05-07 10:14:12'),(489,'7204aec6d7fa4c749bfd3fedce5c5aa5','','111','01','项玲萍','','13634089437','','0','','','2020-05-07','','01','13','90','90',156,'n','','','','2020-05-07 10:14:33'),(490,'c6278d2e19f144a4846153ff70104e98','','111','01','李均福','','15858668307','','0','','','2020-05-07','','01','13','90','90',156,'n','','','','2020-05-07 10:14:54'),(491,'176ba412620749f0b84447058728fcf5','','111','01','金林国','','13905869487','','0','','','2020-05-07','','01','13','90','90',156,'n','','','','2020-05-07 10:15:15'),(492,'bd538c3640854779972787ea03e7b28c','','111','01','李恭清','','13958593848','','0','','','2020-05-07','','01','13','90','90',156,'n','','','','2020-05-07 10:15:37'),(493,'ed5b0f7a39484c609e7966228471eea1','','111','01','葛展鹏','','15757591699','','0','','','2020-05-07','','01','13','90','90',156,'n','','','','2020-05-07 10:15:59'),(494,'535cb0eacd97439c9aa345a4de65b19c','','111','01','金统朝','','13058865586','','0','','','2020-05-07','','01','13','90','90',156,'n','','','','2020-05-07 10:16:22'),(495,'6a3ef1aca9364e939601ca2398e4fbbb','','111','01','王宇航','','13819639635','','0','','','2020-05-07','','01','13','90','90',156,'n','','','','2020-05-07 10:16:44'),(496,'2d4c80798d6e47aea3de680c78ae69d3','','111','01','李娜','','15267612366','','0','','','2020-05-07','','01','13','90','90',156,'n','','','','2020-05-07 10:17:06'),(497,'0285a5304af9498c8d53442daff7fa95','','111','01','项海娇','','13819637169','','0','','','2020-05-07','','01','13','90','90',156,'n','','','','2020-05-07 10:17:29'),(498,'354cd4f0e6fc49cea0b27da4fd75f83c','','111','01','金崇考','','13736620300','','0','','','2020-05-07','','01','13','90','90',156,'n','','','','2020-05-07 10:17:52'),(499,'a84ee961344e47d7878949a653e795fd','','111','01','徐雪青','','15267605627','','0','','','2020-05-07','','01','13','90','90',156,'n','','','','2020-05-07 10:18:15'),(500,'80462f9bd6d441ad90b0a8425df45b47','','111','01','陈教彪','','13757698280','','0','','','2020-05-07','','01','13','90','90',156,'n','','','','2020-05-07 10:18:38'),(501,'73e39dca80ac4e01b5d0b6cb82454c94','','111','01','李海清','','13575897383','','0','','','2020-05-07','','01','13','90','90',156,'n','','','','2020-05-07 10:19:02'),(502,'32398e19c827476c9553463bc29d8b2e','','111','01','马玲芳','','13958564559','','0','','','2020-05-07','','01','13','90','90',156,'n','','','','2020-05-07 10:19:26'),(503,'fa49df0af8774804baad24d704d43c6e','','111','01','林斌','','15888666338','','0','','','2020-05-07','','01','13','90','90',156,'n','','','','2020-05-07 10:19:49'),(504,'6dd1b432fb2a4fb99b235f96407abcaa','','111','01','李灵燕','','15957689777','','0','','','2020-05-07','','01','13','90','90',156,'n','','','','2020-05-07 10:20:14'),(505,'e7f66d1c8bc84188bed0015a8c561267','','111','01','余米米','','13738685442','','0','','','2020-05-07','','01','13','90','90',156,'n','','','','2020-05-07 10:20:38'),(506,'60fa73a347724920992efb055628d238','','111','01','叶娇','','13757628077','','0','','','2020-05-07','','01','13','90','90',156,'n','','','','2020-05-07 10:21:03'),(507,'cdad4a8750404bf3b442b72bb1f0317e','','111','01','罗苏芽','','13486251628','','0','','','2020-05-07','','01','13','90','90',156,'n','','','','2020-05-07 10:21:27'),(508,'9806242a1be145f698064fb252339c0f','','111','01','王加良','','15867600383','','0','','','2020-05-07','','01','13','90','90',156,'n','','','','2020-05-07 10:21:52'),(509,'0cc430cbbdfd44a58e7602322c261ea1','','111','01','陈海仙','','13566652192','','0','','','2020-05-07','','01','13','90','90',156,'n','','','','2020-05-07 10:22:17'),(510,'6a225acbf2f542159720c3ec7ceb7a04','','111','01','谢良湖','','19957637129','','0','','','2020-05-07','','01','13','90','90',156,'n','','','','2020-05-07 10:22:43'),(511,'f71d807ae1d9433d9c09163cef5baf78','','111','01','李湘','','18267646257','','0','','','2020-05-07','','01','13','90','90',156,'n','','','','2020-05-07 10:23:09'),(512,'d4737739626f4c018f133d306d4e49ab','','111','01','张海鹰','','15858673889','','0','','','2020-05-07','','01','13','90','90',156,'n','','','','2020-05-07 10:23:34'),(513,'034e7a1e812745e194244d657b3d6b7a','','111','01','裘国强','','13566408408','','0','','','2020-05-07','','01','13','90','90',156,'n','','','','2020-05-07 10:24:00'),(514,'8808f467ac8d491b901312cb00005a8e','','111','01','朱炳照','','15257617943','','0','','','2020-05-07','','01','13','90','90',156,'n','','','','2020-05-07 10:24:26'),(515,'71c4e6a323cb4a1a8c66504e8114313f','','111','01','李芬芳','','13305863775','','0','','','2020-05-07','','01','13','90','90',156,'n','','','','2020-05-07 10:24:52'),(516,'71ebd73385644f919ec4d2a30424d5ac','','111','01','李方前','','15057239188','','0','','','2020-05-07','','01','13','90','90',156,'n','','','','2020-05-07 10:25:18'),(517,'a56e698e8bbd4e08a1930e8bf131445d','','111','01','汤亚平','','15068686844','','0','','','2020-05-07','','01','13','90','90',156,'n','','','','2020-05-07 10:25:45'),(518,'9884fa82f8ee423790780a9e635f024e','','111','01','李佳佳','','15168691613','','0','','','2020-05-07','','01','13','90','90',156,'n','','','','2020-05-07 10:26:11'),(519,'e886184de8f141d5a65ce7c07649be6e','','111','01','陈金玉','','13486251919','','0','','','2020-05-07','','01','13','90','90',156,'n','','','','2020-05-07 10:26:39'),(520,'a96746cd20414f2d9fa649aaf94c5f84','','111','01','张益蒙','','13616695926','','0','','','2020-05-07','','01','13','90','90',156,'n','','','','2020-05-07 10:27:06'),(521,'e7c272039ea745c9933f0628e9d47b49','','111','01','李美玉','','13706551448','','0','','','2020-05-07','','01','13','90','90',156,'n','','','','2020-05-07 10:27:33'),(522,'9ed5dcd9f0dc4417b890bdcd2df6ee8c','','111','01','李星月','','13586117351','','0','','','2020-05-07','','01','13','90','90',156,'n','','','','2020-05-07 10:28:01'),(523,'160c5ddf1bb2494aae02b3e1a67f94b0','','111','01','陈先锋','','17757699262','','0','','','2020-05-07','','01','13','90','90',156,'n','','','','2020-05-07 10:28:29'),(524,'4fc0f302653c446aa6124aea688de861','','111','01','章仁选','','13857696625','','0','','','2020-05-07','','01','13','90','90',156,'n','','','','2020-05-07 10:28:57'),(525,'febddbfd4f0948f39e5625f59365acf6','','111','01','王晓琴','','13757694880','','0','','','2020-05-07','','01','13','90','90',156,'n','','','','2020-05-07 10:29:25'),(526,'46a4927d01cf488090e96d8ec58693d1','','111','01','李九妹','','13706542853','','0','','','2020-05-07','','01','13','90','90',156,'n','','','','2020-05-07 10:29:53'),(527,'832b091dab9348049afa61f07a5ca596','','111','01','詹良伟','','13575820786','','0','','','2020-05-07','','01','13','90','90',156,'n','','','','2020-05-07 10:30:22'),(528,'e3cf3a3dce7548dc8600a09e3cf4956e','','111','01','王炜烽','','13736523974','','0','','','2020-05-07','','01','13','90','90',156,'n','','','','2020-05-07 10:30:51'),(529,'03f0d9cbc51d42439a270649dc0dd3c7','','111','01','徐素青','','13736522422','','0','','','2020-05-07','','01','13','90','90',156,'n','','','','2020-05-07 10:31:20'),(530,'67a48af8d86c4722bb748df6b50523ef','','111','01','朱怡','','13666433381','','0','','','2020-05-07','','01','13','90','90',156,'n','','','','2020-05-07 10:31:50'),(531,'67ef97e67e514114b7c7ff687b52761a','','111','01','余卫星','','18006577612','','0','','','2020-05-07','','01','13','90','90',156,'n','','','','2020-05-07 10:32:20'),(532,'4e86e480bc8d43569e65065d9204194f','','111','01','胡卫中','','18667614550','','0','','','2020-05-07','','01','13','90','90',156,'n','','','','2020-05-07 10:32:49'),(533,'bef70f9a854e466fb7b2616e9a0fbdd6','','111','01','詹灵平','','13736520841','','0','','','2020-05-07','','01','13','90','90',156,'n','','','','2020-05-07 10:33:19'),(534,'50a5b645146348e6a0e8cf14acde275f','','111','01','金卫星','','13676652088','','0','','','2020-05-07','','01','13','90','90',156,'n','','','','2020-05-07 10:33:49'),(535,'1d2a7e7fa0a04f7285faffb098c05342','','111','01','胡林君','','13968432688','','0','','','2020-05-07','','01','13','90','90',156,'n','','','','2020-05-07 10:34:19'),(536,'4810a0f6365d48519db7db58d2dab123','','111','01','蔡领燕','','18967655773','','0','','','2020-05-07','','01','13','90','90',156,'n','','','','2020-05-07 10:34:50'),(537,'d97bed32f7694338bafd4fef3c6c1332','','111','01','蒋苹苹','','13735826041','','0','','','2020-05-07','','01','13','90','90',156,'n','','','','2020-05-07 10:35:20'),(538,'43b14d4a42a54476a36cddc9bebad3a9','','111','01','吴冬娥','','15257613109','','0','','','2020-05-07','','01','13','90','90',156,'n','','','','2020-05-07 10:35:51'),(539,'eec4030c98d64e22bc31f7f6d9571678','','111','01','胡永卫','','15867666825','','0','','','2020-05-07','','01','13','90','90',156,'n','','','','2020-05-07 10:36:23'),(540,'0d06bfaca88e478e8e5a23ca4b376835','','111','01','张宏本','','13454682233','','0','','','2020-05-07','','01','13','90','90',156,'n','','','','2020-05-07 10:36:54'),(541,'b27524dc5552463c89f3b520c890d8f3','','111','01','秦晓晓','','18257669809','','0','','','2020-05-07','','01','13','90','90',156,'n','','','','2020-05-07 10:37:26'),(542,'ff58e613ee69493b9b4d260e89c926e8','','111','01','罗桂春','','13634085619','','0','','','2020-05-07','','01','13','90','90',156,'n','','','','2020-05-07 10:37:57'),(543,'8206ea79f23241038b45d52b97ced26b','','111','01','金光联','','13958540175','','0','','','2020-05-07','','01','13','90','90',156,'n','','','','2020-05-07 10:38:29'),(544,'f44f469d477947c9aeebd7140635a98e','','111','01','林群','','13586137558','','0','','','2020-05-07','','01','13','90','90',156,'n','','','','2020-05-07 10:39:01'),(545,'1a5b26fd55eb4d1a924fe776f7863a2b','','111','01','王伯淳','','18906555359','','0','','','2020-05-07','','01','13','90','90',156,'n','','','','2020-05-07 10:39:33'),(546,'7128c6007372485789e12debcab2791e','','111','01','陈敏燕','','13566895753','','0','','','2020-05-07','','01','13','90','90',156,'n','','','','2020-05-07 10:40:06'),(547,'597a9ff5a84b4f75ad2e221ea38a7be0','','111','01','上官秀芹','','15988907668','','0','','','2020-05-07','','01','13','90','90',156,'n','','','','2020-05-07 10:40:39'),(548,'303ed48ce11346bd98ac88215412f44d','','111','01','屈华荣','','13566431263','','0','','','2020-05-07','','01','13','90','90',156,'n','','','','2020-05-07 10:41:13'),(549,'a481ffb992634254ba680ea70ca827c3','','111','01','单威','','15858676787','','0','','','2020-05-07','','01','13','90','90',156,'n','','','','2020-05-07 10:41:46'),(550,'110239072811476cb7bc0f0b4e251c6b','','111','01','金菊仙','','13586149642','','0','','','2020-05-07','','01','13','90','90',156,'n','','','','2020-05-07 10:42:20'),(551,'2a2285b3662f4d74b47256db99b78ba7','','111','01','屈巧燕','','13750634861','','0','','','2020-05-07','','01','13','90','90',156,'n','','','','2020-05-07 10:42:54'),(552,'9c74012c6c3d4199b63b05af99bf8250','','111','01','侯孟超','','15257643801','','0','','','2020-05-07','','01','13','90','90',156,'n','','','','2020-05-07 10:43:28'),(553,'5f5b836faea046eab930d6b4c7150605','','111','01','李邦正','','18815227189','','0','','','2020-05-07','','01','13','90','90',156,'n','','','','2020-05-07 10:44:02'),(554,'7b63f87b1b214cc993dbc470b49dcdc0','','111','01','王建','','15657699333','','0','','','2020-05-07','','01','13','90','90',156,'n','','','','2020-05-07 10:44:36'),(555,'de1047495e514513a0a41852d8d2c0e8','','111','01','娄远多','','13957635432','','0','','','2020-05-07','','01','13','90','90',156,'n','','','','2020-05-07 10:45:11'),(556,'d73bcbfe0e2e4f7f966bec835610c58c','','111','01','屈羽祥','','15257619536','','0','','','2020-05-07','','01','13','90','90',156,'n','','','','2020-05-07 10:45:46'),(557,'47689c53219249e19dfe3a16c448146f','','111','01','梅金盛','','13858609056','','0','','','2020-05-07','','01','13','90','90',156,'n','','','','2020-05-07 10:46:21'),(558,'cbf57339703f43378dd52b9b240b1170','','111','01','金龙掌','','15757612955','','0','','','2020-05-07','','01','13','90','90',156,'n','','','','2020-05-07 10:46:56'),(559,'686a249ca6b24efdbf294cc4ce060a91','','111','01','郭美芳','','15824038051','','0','','','2020-05-07','','01','13','90','90',156,'n','','','','2020-05-07 10:47:32'),(560,'08ab0e823aed4006819a6c3b53468e5e','','111','01','杨勇军','','13058732388','','0','','','2020-05-07','','01','13','90','90',156,'n','','','','2020-05-07 10:48:07'),(561,'313ffb3996144648b0ea284be884433e','','111','01','金士辉','','13757606668','','0','','','2020-05-07','','01','13','90','90',156,'n','','','','2020-05-07 10:48:43'),(562,'a21e8f72cb284a2c8b63c5612436dc69','','111','01','郭佳佳','','18605867867','','0','','','2020-05-07','','01','13','90','90',156,'n','','','','2020-05-07 10:49:18'),(563,'a0e5c2de0fbc4bf2bd2b90cd8cfd8883','','111','01','屈玲香','','13676654639','','0','','','2020-05-07','','01','13','90','90',156,'n','','','','2020-05-07 10:49:55'),(564,'1f7eae9d04844a7c97e60fe7c76abe48','','111','01','童亚玲','','13665771566','','0','','','2020-05-07','','01','13','90','90',156,'n','','','','2020-05-07 10:50:32'),(565,'6d78e89f264d4d71a6ac241fd74406b9','','111','01','洪慧单','','13968606543','','0','','','2020-05-07','','01','13','90','90',156,'n','','','','2020-05-07 10:51:08'),(566,'ed5c6dae0f2847d7a95606e499892a84','','111','01','陈晶晶','','15958628339','','0','','','2020-05-07','','01','13','90','90',156,'n','','','','2020-05-07 10:51:45'),(567,'2fee04f576b24b17b7aa514beb56088e','','111','01','吴文华','','13706767208','','0','','','2020-05-07','','01','13','90','90',156,'n','','','','2020-05-07 10:52:22'),(568,'338074a017864a46a7bc412f42161cd3','','111','01','方卫刚','','13586117783','','0','','','2020-05-07','','01','13','90','90',156,'n','','','','2020-05-07 10:52:59'),(569,'40b75cefd6594be9b2a574c05d5b66cc','','111','01','葛余多','','13819675577','','0','','','2020-05-07','','01','13','90','90',156,'n','','','','2020-05-07 10:53:36'),(570,'5a8d87e3154b40d9b7b2d169407c905c','','111','01','王茂春','','13757606855','','0','','','2020-05-07','','01','13','90','90',156,'n','','','','2020-05-07 10:54:14'),(571,'5f45b4e2059b4da9885cb464fc41cb44','','111','01','李林菊','','13566892432','','0','','','2020-05-07','','01','13','90','90',156,'n','','','','2020-05-07 10:54:52'),(572,'de0e0e1aaf4e46b49be331af91de0ee0','','111','01','虞定冬','','18758636317','','0','','','2020-05-07','','01','13','90','90',156,'n','','','','2020-05-07 10:55:30'),(573,'78e7eadfba0e454b8553f2678c9dfda5','','111','01','金崇敬','','13606652138','','0','','','2020-05-07','','01','13','90','90',156,'n','','','','2020-05-07 10:56:08'),(574,'99c8fdb81ae64028938074fbbbf9b439','','111','01','刘观香','','15958697836','','0','','','2020-05-07','','01','13','90','90',156,'n','','','','2020-05-07 10:56:46'),(575,'91accc88189648b8a568137d45ec20bf','','111','01','吴娅丽','','15168612852','','0','','','2020-05-07','','01','13','90','90',156,'n','','','','2020-05-07 10:57:25'),(576,'7fd865dd107c469d932ba9a0e5d94146','','111','01','朱先友','','13515861086','','0','','','2020-05-07','','01','13','90','90',156,'n','','','','2020-05-07 10:58:04'),(577,'231c187a80754a62b4d81cc5c56e8048','','111','01','张喜平','','13706762298','','0','','','2020-05-07','','01','13','90','90',156,'n','','','','2020-05-07 10:58:43'),(578,'619667a51da24a4a800d64cad95b0d56','','111','01','王云妹','','18857641623','','0','','','2020-05-07','','01','13','90','90',156,'n','','','','2020-05-07 10:59:22'),(579,'62221a3bab7341039e0d3e4ef4c73859','','111','01','李昌法','','13454677599','','0','','','2020-05-07','','01','13','90','90',156,'n','','','','2020-05-07 11:00:01'),(580,'cb5fc532361d488299e802329e14f0e9','','111','01','罗道鲁','','13750600725','','0','','','2020-05-07','','01','13','90','90',156,'n','','','','2020-05-07 11:00:43'),(581,'fa54c04444094956b7b395c03094e861','','111','01','郑王芳','','13867683075','','0','','','2020-05-07','','01','13','90','90',156,'n','','','','2020-05-07 11:01:23'),(582,'5150f083a86141b694f99e1e88957f0e','','111','01','王萍','','13655863106','','0','','','2020-05-07','','01','13','90','90',156,'n','','','','2020-05-07 11:02:04'),(583,'dbe08ca7f85e4c809fff3bc9c381a5da','','111','01','陈建芽','','15057238608','','0','','','2020-05-07','','01','13','90','90',156,'n','','','','2020-05-07 11:02:45'),(584,'fe3961c91b574fc2846936f2df5f8a5e','','111','01','宋万兵','','13566433580','','0','','','2020-05-07','','01','13','90','90',156,'n','','','','2020-05-07 11:03:26'),(585,'5279369d8ecc405fb4dd2c3bf7f7606e','','111','01','柳惠江','','13566409478','','0','','','2020-05-07','','01','13','90','90',156,'n','','','','2020-05-07 11:04:07'),(586,'0c396727581d40b1b0d81ce82f9516c5','','111','01','陈先龙','','13736201780','','0','','','2020-05-07','','01','13','90','90',156,'n','','','','2020-05-07 11:04:49'),(587,'b360af980f30451d8e316dd04a2cdd82','','111','01','金礼高','','13586112989','','0','','','2020-05-07','','01','13','90','90',156,'n','','','','2020-05-07 11:05:31'),(588,'a95b946a9bd74e169d7e8149002d28e2','','111','01','王可平','','13958582095','','0','','','2020-05-07','','01','13','90','90',156,'n','','','','2020-05-07 11:06:13'),(589,'d59ef2739d28481d92d32aa2f51ef6e4','','111','01','项文静','','15712655805','','0','','','2020-05-07','','01','13','90','90',156,'n','','','','2020-05-07 11:06:55'),(590,'1c0ea6824eeb45e6af8bb1b1f622cbeb','','111','01','王梅芳','','15067660767','','0','','','2020-05-07','','01','13','90','90',156,'n','','','','2020-05-07 11:07:37'),(591,'09dec81895e9408ab088190200fde78b','','111','01','俞慧芬','','18304811188','','0','','','2020-05-07','','01','13','90','90',156,'n','','','','2020-05-07 11:08:19'),(592,'199352c411d24bb1ac8cccaea83765c2','','111','01','王飞','','13666400337','','0','','','2020-05-07','','01','13','90','90',156,'n','','','','2020-05-07 11:09:02'),(593,'e3d2a05248db4280baa93e3287fc99c3','','111','01','林良青','','13566868939','','0','','','2020-05-07','','01','13','90','90',156,'n','','','','2020-05-07 11:09:45'),(594,'78221d5c7cdb495386ee50b5828b996a','','111','01','王玲英','','13566893786','','0','','','2020-05-07','','01','13','90','90',156,'n','','','','2020-05-07 11:10:29'),(595,'a1ae577aa3b94abc9fb232b3d811ee27','','111','01','娄光辉','','13958548997','','0','','','2020-05-07','','01','13','90','90',156,'n','','','','2020-05-07 11:11:12'),(596,'73d2fc64099647c99b1a7e5a9dc7368c','','111','01','王丽琴','','13750638956','','0','','','2020-05-07','','01','13','90','90',156,'n','','','','2020-05-07 11:11:56'),(597,'8a9af39095cc4ad1b0a3a5451fe58496','','111','01','娄双丹','','13676650579','','0','','','2020-05-07','','01','13','90','90',156,'n','','','','2020-05-07 11:12:39'),(598,'b60855cd704541e6af0c9587694ea7e7','','111','01','金雪琴','','13958583989','','0','','','2020-05-07','','01','13','90','90',156,'n','','','','2020-05-07 11:13:23'),(599,'bd1ed4d3d5b4437d9590c4d22f89f1e8','','111','01','王玲芬','','18968580039','','0','','','2020-05-07','','01','13','90','90',156,'n','','','','2020-05-07 11:14:07'),(600,'7953b8fa195349bd814ed767656f24f4','','111','01','戴彩女','','13566890695','','0','','','2020-05-07','','01','13','90','90',156,'n','','','','2020-05-07 11:14:50'),(601,'7808cbe402ae4c0a837f9c155dab79f9','','111','01','柯丽虹','','13958590309','','0','','','2020-05-07','','01','13','90','90',156,'n','','','','2020-05-07 11:15:36'),(602,'febbed9efe9b4764b27999c9b34ed039','','111','01','戴克兵','','13958593137','','0','','','2020-05-07','','01','13','90','90',156,'n','','','','2020-05-07 11:16:20'),(603,'79bbc2d82c7141c18f60910dccf6bf18','','111','01','张珍珍','','18805864426','','0','','','2020-05-07','','01','13','90','90',156,'n','','','','2020-05-07 11:17:05'),(604,'ba286409b0ee408482d9235d497fdf63','','111','01','赖月琴','','13515865277','','0','','','2020-05-07','','01','13','90','90',156,'n','','','','2020-05-07 11:17:50'),(605,'e6b7067082094fb8867fcda55e616e06','','111','01','王先喜','','13157605810','','0','','','2020-05-07','','01','13','90','90',156,'n','','','','2020-05-07 11:18:36'),(606,'41a5987061614de7af9f57aea3817166','','111','01','刘慧娣','','15867658526','','0','','','2020-05-07','','01','13','90','90',156,'n','','','','2020-05-07 11:19:22'),(607,'403d2332af6e4282a512966e334cf4ce','','111','01','徐香娥','','13736523396','','0','','','2020-05-07','','01','13','90','90',156,'n','','','','2020-05-07 11:20:09'),(608,'6f789cbe131a45a399ef4257a9b52b8b','','111','01','陈敏华','','13586131075','','0','','','2020-05-07','','01','13','90','90',156,'n','','','','2020-05-07 11:20:55'),(609,'90923b300a9949e3942ea95df59f06be','','111','01','周选芳','','15958639846','','0','','','2020-05-07','','01','13','90','90',156,'n','','','','2020-05-07 11:21:41'),(610,'ebd1ce85c880468b80ba935c21808626','','111','01','张阳春','','13058850733','','0','','','2020-05-07','','01','13','90','90',156,'n','','','','2020-05-07 11:22:28'),(611,'40f6b9a4da8d4b57b06e8fb932035e5e','','111','01','陈小霞','','13566888406','','0','','','2020-05-07','','01','13','90','90',156,'n','','','','2020-05-07 11:23:14'),(612,'73aaeb9263de4f508737ed63844629f5','','111','01','王飞','','13184368878','','0','','','2020-05-07','','01','13','90','90',156,'n','','','','2020-05-07 11:24:01'),(613,'3c428c5fea0e4759a66f1e5ec6addb4e','','111','01','胡仁满','','13750639212','','0','','','2020-05-07','','01','13','90','90',156,'n','','','','2020-05-07 11:24:49'),(614,'3f6fa71b2ebb41b4a1cac916439ed749','','111','01','林芳','','15558517858','','0','','','2020-05-07','','01','13','90','90',156,'n','','','','2020-05-07 11:25:36'),(615,'eed4b03ec66941a0bebf33a8419898af','','111','01','王飞','','13586122085','','0','','','2020-05-07','','01','13','90','90',156,'n','','','','2020-05-07 11:26:23'),(616,'ee87090eb600487fb77af57db59e0f16','','111','01','张灵灵','','13666411957','','0','','','2020-05-07','','01','13','90','90',156,'n','','','','2020-05-07 11:27:11'),(617,'d81b863dbd784893898a90d4082b3cf6','','111','01','杨彩君','','18248698390','','0','','','2020-05-07','','01','13','90','90',156,'n','','','','2020-05-07 11:27:59'),(618,'5fc4496e77994ccb904fe0b7c572a584','','111','01','赵世高','','13486232829','','0','','','2020-05-07','','01','13','90','90',156,'n','','','','2020-05-07 11:28:47'),(619,'a5ad66946a874e5eaa1e73b29691f651','','111','01','王正马','','13575899170','','0','','','2020-05-07','','01','13','90','90',156,'n','','','','2020-05-07 11:29:36'),(620,'76542045a7af4fb0825ce9629b47e85a','','111','01','朱红琴','','13606654858','','0','','','2020-05-07','','01','13','90','90',156,'n','','','','2020-05-07 11:30:25'),(621,'e99902dbb1034406801ef025422c1713','','111','01','蒋秀顺','','13750669952','','0','','','2020-05-07','','01','13','90','90',156,'n','','','','2020-05-07 11:31:14'),(622,'7bae0bb6188d41f683656ad83014aa8c','','111','01','李挥军','','15068655655','','0','','','2020-05-07','','01','13','90','90',156,'n','','','','2020-05-07 11:32:03'),(623,'e85c546fdc6b4de8a083a7fa31190253','','111','01','阮金春','','13819679299','','0','','','2020-05-07','','01','13','90','90',156,'n','','','','2020-05-07 11:32:52'),(624,'c0c7da1863d34907b2d39ffbf1fffe8c','','111','01','冯瑛英','','13666896537','','0','','','2020-05-07','','01','13','90','90',156,'n','','','','2020-05-07 11:33:42'),(625,'e28671c26cb8478ea4ed099457647ed2','','111','01','许心正','','13634087772','','0','','','2020-05-07','','01','13','90','90',156,'n','','','','2020-05-07 11:34:31'),(626,'801d9afd54f14dabb51a96ee5cc49ff0','','111','01','王宝富','','13567565421','','0','','','2020-05-07','','01','13','90','90',156,'n','','','','2020-05-07 11:35:21'),(627,'a9eb39c0db1443a9aea139b3f114f736','','111','01','陈进军','','13655863848','','0','','','2020-05-07','','01','13','90','90',156,'n','','','','2020-05-07 11:36:10'),(628,'b492a8c4da654aadaf82a5cbb5e1183c','','111','01','陈巧芬','','13736622913','','0','','','2020-05-07','','01','13','90','90',156,'n','','','','2020-05-07 11:37:00'),(629,'04d8cabd73564d7c93ebfbdaa4235e11','','111','01','王志伟','','13666473700','','0','','','2020-05-07','','01','13','90','90',156,'n','','','','2020-05-07 11:37:50'),(630,'28cfc5c8cb8a4c2da6867f9dd9edaf90','','111','01','郑  统','','18967697521','','0','','','2020-05-07','','01','13','90','90',156,'n','','','','2020-05-07 11:38:41'),(631,'d102598a8a0742dfbab4a6103301bb95','','111','01','吴燕萍','','18767685253','','0','','','2020-05-07','','01','13','90','90',156,'n','','','','2020-05-07 11:39:31'),(632,'0305d92e53e44436b104127f04ad1f1b','','111','01','龚欠礼','','13968500961','','0','','','2020-05-07','','01','13','90','90',156,'n','','','','2020-05-07 11:40:27'),(633,'88071520903f4256a6de45742d8e42c1','','111','01','毛志慧','','13857639565','','0','','','2020-05-07','','01','13','90','90',156,'n','','','','2020-05-07 11:41:20'),(634,'e6cfabeb6cf848a9b5b1e90e36b179e7','','111','01','胡优飞','','13586122499','','0','','','2020-05-07','','01','13','90','90',156,'n','','','','2020-05-07 11:42:11'),(635,'fc93593c88db40cba2d59adff873542c','','111','01','汪维标','','15267285932','','0','','','2020-05-07','','01','13','90','90',156,'n','','','','2020-05-07 11:43:03'),(636,'0b37e8c3c3014c329311129f136c63ef','','111','01','黄勤福','','13058850091','','0','','','2020-05-07','','01','13','90','90',156,'n','','','','2020-05-07 11:43:55'),(637,'8f8e994035504b8686e79885c3b26f41','','111','01','汪锦新','','13058828189','','0','','','2020-05-07','','01','13','90','90',156,'n','','','','2020-05-07 11:44:47'),(638,'aba14131695541d0857a51f2d1c49fe8','','111','01','章娟娟','','13958579090','','0','','','2020-05-07','','01','13','90','90',156,'n','','','','2020-05-07 11:45:40'),(639,'8393c60e40b14d8ca4b9cc02140060be','','111','01','池作改','','13454686219','','0','','','2020-05-07','','01','13','90','90',156,'n','','','','2020-05-07 11:46:33'),(640,'69be78b6a09e458e8745a690f8bcfb16','','111','01','章德化','','18857673232','','0','','','2020-05-07','','01','13','90','90',156,'n','','','','2020-05-07 11:47:26'),(641,'a29803c9b88e40a4a1b7e0f018b5448b','','111','01','金永水','','15005862631','','0','','','2020-05-07','','01','13','90','90',156,'n','','','','2020-05-07 11:48:20'),(642,'4b6354e0ee604c40848e744c74c2f648','','111','01','吴忠秀','','15068629918','','0','','','2020-05-07','','01','13','90','90',156,'n','','','','2020-05-07 11:49:14'),(643,'e12dc08430a3403d96fb9d5851c5c9ff','','111','01','林玉珍','','13058619963','','0','','','2020-05-07','','01','13','90','90',156,'n','','','','2020-05-07 11:50:08'),(644,'dc447c79610741138ecb23a14beb077b','','111','01','金仁泽','','13806562721','','0','','','2020-05-07','','01','13','90','90',156,'n','','','','2020-05-07 11:51:03'),(645,'5b916653141f400196b7244751b2f6f1','','111','01','章日能','','13105633402','','0','','','2020-05-07','','01','13','90','90',156,'n','','','','2020-05-07 11:51:58'),(646,'131681a12c4049e4b7f588c6886737b8','','111','01','孙文兰','','13116507515','','0','','','2020-05-07','','01','13','90','90',156,'n','','','','2020-05-07 11:52:53'),(647,'63f4b7c867c8407a933d5cb4c71e2224','','111','01','虞选顶','','13575816006','','0','','','2020-05-07','','01','13','90','90',156,'n','','','','2020-05-07 11:53:49'),(648,'d4d91b6b306b4153a2565333ea119fe2','','111','01','郭功善','','18857657808','','0','','','2020-05-07','','01','13','90','90',156,'n','','','','2020-05-07 11:54:45'),(649,'9cd31f97184744ee8f29b7bcaab79d47','','111','01','虞彦裕','','13336791600','','0','','','2020-05-07','','01','13','90','90',156,'n','','','','2020-05-07 11:55:41'),(650,'7032a6139d3943498cb0fd9c0ac7226a','','111','01','何金庆','','13806561272','','0','','','2020-05-07','','01','13','90','90',156,'n','','','','2020-05-07 11:56:37'),(651,'86544182467140f48a0b422d9cb93c88','','111','01','陈雨来','','13093806470','','0','','','2020-05-07','','01','13','90','90',156,'n','','','','2020-05-07 11:57:34'),(652,'9fccd39102974f56b172a4895f842697','','111','01','何方地','','13666860927','','0','','','2020-05-07','','01','13','90','90',156,'n','','','','2020-05-07 11:58:30'),(653,'df9b56911ff944d8bb15f83d8c97f667','','111','01','林启明','','15157265128','','0','','','2020-05-07','','01','13','90','90',156,'n','','','','2020-05-07 11:59:27'),(654,'472eb870e7c54362bd0b6e64bfdbc0b7','','111','01','胡方宝','','13666861946','','0','','','2020-05-07','','01','13','90','90',156,'n','','','','2020-05-07 12:00:26'),(655,'762825eddd924d9abad7f69e9a1b5bd7','','111','01','包彦楚','','13586131322','','0','','','2020-05-07','','01','13','90','90',156,'n','','','','2020-05-07 12:01:24'),(656,'6fb0083711d449e4a466bf5a719f7514','','111','01','毛国良','','13706761849','','0','','','2020-05-07','','01','13','90','90',156,'n','','','','2020-05-07 12:02:24'),(657,'3793cb060c534eb6babaeb908ecff163','','111','01','包启蒋','','13906769155','','0','','','2020-05-07','','01','13','90','90',156,'n','','','','2020-05-07 12:03:23'),(658,'ba362641c70e468f939569240a50efff','','111','01','蔡财胜','','13736620798','','0','','','2020-05-07','','01','13','90','90',156,'n','','','','2020-05-07 12:04:21'),(659,'d08f645107ba4bc6b0cf26428c36e1e2','','111','01','吕继福','','13757621623','','0','','','2020-05-07','','01','13','90','90',156,'n','','','','2020-05-07 12:05:21'),(660,'c12bb87617494c2ab78d38ec1ecdb7cf','','111','01','郑丹','','15867693820','','0','','','2020-05-07','','01','13','90','90',156,'n','','','','2020-05-07 12:06:21'),(661,'71e6a710452244ba89c317bd6a14f3c5','','111','01','周仲鲁','','13757626465','','0','','','2020-05-07','','01','13','90','90',156,'n','','','','2020-05-07 12:07:20'),(662,'859fae52c48543618234fb06ecf76fb4','','111','01','王玲','','18268351105','','0','','','2020-05-07','','01','13','90','90',156,'n','','','','2020-05-07 12:08:21'),(663,'7681df88ea614dc7ab9ae71fa47cdec0','','111','01','陈大群','','13706760669','','0','','','2020-05-07','','01','13','90','90',156,'n','','','','2020-05-07 12:09:21'),(664,'69c8d7967b4e4d2bbd20eb2f27820d32','','111','01','王千','','13958567923','','0','','','2020-05-07','','01','13','90','90',156,'n','','','','2020-05-07 12:10:22'),(665,'8d2729a871684a618b1aece3935686b6','','111','01','王晓菲','','13566863276','','0','','','2020-05-07','','01','13','90','90',156,'n','','','','2020-05-07 12:11:23'),(666,'0a73d898f18647aab8c69c245d78730e','','111','01','李昌金','','13515863983','','0','','','2020-05-07','','01','13','90','90',156,'n','','','','2020-05-07 12:12:24'),(667,'430b68cacc604c3299de0ee05e9d3ce9','','111','01','徐红燕','','18267672119','','0','','','2020-05-07','','01','13','90','90',156,'n','','','','2020-05-07 12:13:25'),(668,'5e15a1f7a73e436fb61e945be13f87d8','','111','01','尤再武','','13175469988','','0','','','2020-05-07','','01','13','90','90',156,'n','','','','2020-05-07 12:14:27'),(669,'f7562d7780d644768b89d67f214f33d7','','111','01','陈丽萍','','15257615121','','0','','','2020-05-07','','01','13','90','90',156,'n','','','','2020-05-07 12:15:29'),(670,'7ae540531074485d8826ab5c63a2eb47','','111','01','王子燕','','13757621582','','0','','','2020-05-07','','01','13','90','90',156,'n','','','','2020-05-07 12:16:31'),(671,'e48963f6faba4157b8cfb4851bf71aa5','','111','01','金丹丹','','13819627024','','0','','','2020-05-07','','01','13','90','90',156,'n','','','','2020-05-07 12:17:34'),(672,'c8bf769fe9e9481baed6d7aeeab527d6','','111','01','徐敏','','13757622502','','0','','','2020-05-07','','01','13','90','90',156,'n','','','','2020-05-07 12:18:36'),(673,'4dd3de912dbd49b08b64d0b73f1f897a','','111','01','王会明','','13626643728','','0','','','2020-05-07','','01','13','90','90',156,'n','','','','2020-05-07 12:19:39'),(674,'047fdb19691b44a9ae9519e6bfe82321','','111','01','尤彩玲','','13586232370','','0','','','2020-05-07','','01','13','90','90',156,'n','','','','2020-05-07 12:20:42'),(675,'533b6c8ce4ca4a4bad00c2adb1925a38','','111','01','周萍','','15888649979','','0','','','2020-05-07','','01','13','90','90',156,'n','','','','2020-05-07 12:22:36'),(676,'44a356dbd71f46e9bdd980aee4180ebc','','111','01','金彩燕','','13566455071','','0','','','2020-05-07','','01','13','90','90',156,'n','','','','2020-05-07 12:23:39'),(677,'75f2100a45ba4cadba0bdf95b367249c','','111','01','尤秋香','','15968619073','','0','','','2020-05-07','','01','13','90','90',156,'n','','','','2020-05-07 12:24:42'),(678,'c1c925d0726d4d46a6f8fdcb46655dce','','111','01','金彩娟','','13626675422','','0','','','2020-05-07','','01','13','90','90',156,'n','','','','2020-05-07 12:25:45'),(679,'b9cd68aaec894b92a92f478ece021ef4','','111','01','冯玲燕','','15168661980','','0','','','2020-05-07','','01','13','90','90',156,'n','','','','2020-05-07 12:26:49'),(680,'2513e06f5dca4e0890dc73d4414153eb','','111','01','冯言营','','18767641159','','0','','','2020-05-07','','01','13','90','90',156,'n','','','','2020-05-07 12:27:53'),(681,'d9548417e1ce49018846ddadbc743804','','111','01','周明','','13857676836','','0','','','2020-05-07','','01','13','90','90',156,'n','','','','2020-05-07 12:28:59'),(682,'c549702f25f94d0ea3ad6718eed92008','','111','01','何凤娇','','15968681708','','0','','','2020-05-07','','01','13','90','90',156,'n','','','','2020-05-07 12:30:05'),(683,'c2057061fcd14cfba3775b7dbd6303b0','','111','01','陈云','','13306589123','','0','','','2020-05-07','','01','13','90','90',156,'n','','','','2020-05-07 12:31:10'),(684,'d9f9d24913a7405a8ee7bc62f8f66319','','111','01','侯崇勇','','13675136633','','0','','','2020-05-07','','01','13','90','90',156,'n','','','','2020-05-07 12:32:16'),(685,'fbe321e84adf4bce8ff0843eb1859b11','','111','01','蒋王德','','13175352795','','0','','','2020-05-07','','01','13','90','90',156,'n','','','','2020-05-07 12:33:23'),(686,'4ad54092bd8a4764b84d4740ef3aa911','','111','01','汤雪琴','','13867645805','','0','','','2020-05-07','','01','13','90','90',156,'n','','','','2020-05-07 12:34:29'),(687,'6645a4a276fd4531a8d472a17c95155a','','111','01','冯珏','','13666833065','','0','','','2020-05-07','','01','13','90','90',156,'n','','','','2020-05-07 12:35:35'),(688,'ddb7d03c4d1945a0a1499617c440a7df','','111','01','陈超','','18857625055','','0','','','2020-05-07','','01','13','90','90',156,'n','','','','2020-05-07 12:36:42'),(689,'410948e2ddf942d1a443b200a2cc3a3e','','111','01','张斌','','15325632933','','0','','','2020-05-07','','01','13','90','90',156,'n','','','','2020-05-07 12:37:49'),(690,'c309343fcf0d475291f3c1af677f61d4','','111','01','陈海青','','13185766809','','0','','','2020-05-07','','01','13','90','90',156,'n','','','','2020-05-07 12:38:56'),(691,'5ada16a53c2546558ff293c648049b71','','111','01','陈信广','','13958551672','','0','','','2020-05-07','','01','13','90','90',156,'n','','','','2020-05-07 12:40:03'),(692,'93614365b4c04619af910c84bb043375','','111','01','冯玲萍','','13738508284','','0','','','2020-05-07','','01','13','90','90',156,'n','','','','2020-05-07 12:41:11'),(693,'997aaa39c12f4553a3618a2c40d72718','','111','01','冯虹','','13736666512','','0','','','2020-05-07','','01','13','90','90',156,'n','','','','2020-05-07 12:42:19'),(694,'a0e4be41da8a42bab1e78b2c378ef084','','111','01','王珍珍','','13566672922','','0','','','2020-05-07','','01','13','90','90',156,'n','','','','2020-05-07 12:43:27'),(695,'e9bfaacaa0e94a729c87f9b5a938f4cd','','111','01','朱新兴','','13738560333','','0','','','2020-05-07','','01','13','90','90',156,'n','','','','2020-05-07 12:44:36'),(696,'dc6c26bd69e3439eb242f7afda9c2842','','111','01','周希洪','','15868690468','','0','','','2020-05-07','','01','13','90','90',156,'n','','','','2020-05-07 12:45:45'),(697,'40a60f92dfdb43a49e51edc2f7d80760','','111','01','洪晓珍','','15257618277','','0','','','2020-05-07','','01','13','90','90',156,'n','','','','2020-05-07 12:46:54'),(698,'f14a2dea5edc47b38ea342a25ade01ae','','111','01','应玲吉','','13989679754','','0','','','2020-05-07','','01','13','90','90',156,'n','','','','2020-05-07 12:48:03'),(699,'f0459a66959a4f00b3b7c4e44c233c38','','111','01','朱  红','','15857699956','','0','','','2020-05-07','','01','13','90','90',156,'n','','','','2020-05-07 12:49:13'),(700,'15350100051b428da8f9ded27e120af7','','111','01','朱群飞','','13738685376','','0','','','2020-05-07','','01','13','90','90',156,'n','','','','2020-05-07 12:50:24'),(701,'a11b4aabd7af4f0aad86104d625498ab','','111','01','包荣德','','13706550359','','0','','','2020-05-07','','01','13','90','90',156,'n','','','','2020-05-07 12:51:33'),(702,'ada1d6090673434caf06527c2b879d1c','','111','01','马夏青','','18067727197','','0','','','2020-05-07','','01','13','90','90',156,'n','','','','2020-05-07 12:52:43'),(703,'867a8e2cd38f45afb5bbee107a5bd94d','','111','01','杨建秋','','13073819358','','0','','','2020-05-07','','01','13','90','90',156,'n','','','','2020-05-07 12:53:53'),(704,'9392d65a337e43ea8ac46f13c8eca316','','111','01','洪正富','','13586118488','','0','','','2020-05-07','','01','13','90','90',156,'n','','','','2020-05-07 12:55:04'),(705,'1dffdfb2064d401c82756ee6307ec6b3','','111','01','方德华','','13655865496','','0','','','2020-05-07','','01','13','90','90',156,'n','','','','2020-05-07 12:56:14'),(706,'3822da0dc188486097b29a3859ebcbb4','','111','01','毕广银','','13566892318','','0','','','2020-05-07','','01','13','90','90',156,'n','','','','2020-05-07 12:57:26'),(707,'4b6e41b88e7a4326be1ef7a9390aa091','','111','01','胡赛华','','13736625364','','0','','','2020-05-07','','01','13','90','90',156,'n','','','','2020-05-07 12:58:38'),(708,'df18286873e44056a3652bc954f2f4cb','','111','01','郭杏芬','','13905868504','','0','','','2020-05-07','','01','13','90','90',156,'n','','','','2020-05-07 12:59:50'),(709,'62a7aebc821641a5974851b9e6453946','','111','01','鲍彩红','','13738566786','','0','','','2020-05-07','','01','13','90','90',156,'n','','','','2020-05-07 13:01:03'),(710,'c805bfab4b2941e5b9b54b9438639f3e','','111','01','赵巧辉','','13958576261','','0','','','2020-05-07','','01','13','90','90',156,'n','','','','2020-05-07 13:02:18'),(711,'473c9b2319074e2faf59ffd52bd232f9','','111','01','谢道正','','13819622377','','0','','','2020-05-07','','01','13','90','90',156,'n','','','','2020-05-07 13:03:31'),(712,'f9fb0af275fd41fea95d1a604eb8dbd8','','111','01','徐志立','','13968568786','','0','','','2020-05-07','','01','13','90','90',156,'n','','','','2020-05-07 13:04:44'),(713,'1162709a7e98457ca7450c79a04bf654','','111','01','沈敏德','','13566867148','','0','','','2020-05-07','','01','13','90','90',156,'n','','','','2020-05-07 13:05:57'),(714,'ef25dcda37ac431e87603a9b8b714eb4','','111','01','许小萍','','13456692532','','0','','','2020-05-07','','01','13','90','90',156,'n','','','','2020-05-07 13:07:12'),(715,'f3204e672b984b64bf8f055616986d08','','111','01','郭于镯','','13750684950','','0','','','2020-05-07','','01','13','90','90',156,'n','','','','2020-05-07 13:08:26'),(716,'2d2970473c764a839f8136f235fc1839','','111','01','倪肖肖','','13858608584','','0','','','2020-05-07','','01','13','90','90',156,'n','','','','2020-05-07 13:09:40'),(717,'cfe79f6ff397465985ec382907c56f80','','111','01','王建波','','13586109699','','0','','','2020-05-07','','01','13','90','90',156,'n','','','','2020-05-07 13:10:54'),(718,'fa6c9b257cfc4e39afece67a7850fdee','','111','01','陈佩瑜','','13757628993','','0','','','2020-05-07','','01','13','90','90',156,'n','','','','2020-05-07 13:12:09'),(719,'7852201996b24e3892772a1775cb5d7f','','111','01','谢定富','','13454698525','','0','','','2020-05-07','','01','13','90','90',156,'n','','','','2020-05-07 13:13:24'),(720,'3f2e4644f8274d49bfb3d2f6a11fb2cf','','111','01','彭庆飞','','13566435360','','0','','','2020-05-07','','01','13','90','90',156,'n','','','','2020-05-07 13:14:38'),(721,'c83a47d5ce9e483c90a93ba6a2a6f54f','','111','01','方吉升','','13676651086','','0','','','2020-05-07','','01','13','90','90',156,'n','','','','2020-05-07 13:15:53'),(722,'a099d64cf7e84b00b0de14f1d25d1404','','111','01','许从祺','','13706766813','','0','','','2020-05-07','','01','13','90','90',156,'n','','','','2020-05-07 13:17:09'),(723,'b83f694b87d5481195025ba1164d5e8b','','111','01','何慧','','13757618669','','0','','','2020-05-07','','01','13','90','90',156,'n','','','','2020-05-07 13:18:24'),(724,'6ecaa5ae04e04b31883147906051001b','','111','01','徐海兵','','13586108745','','0','','','2020-05-07','','01','13','90','90',156,'n','','','','2020-05-07 13:19:39'),(725,'c8eba2c12e4a408d8b9de35c0f669f1b','','111','01','程正志','','13586109372','','0','','','2020-05-07','','01','13','90','90',156,'n','','','','2020-05-07 13:20:56'),(726,'e577d8e68bd74235a71194cb9b7a6989','','111','01','钱天波','','13806564883','','0','','','2020-05-07','','01','13','90','90',156,'n','','','','2020-05-07 13:22:11'),(727,'a85bbb1b3fe54a6fbc5728de41441fc2','','111','01','单文娟','','18357682751','','0','','','2020-05-07','','01','13','90','90',156,'n','','','','2020-05-07 13:23:27'),(728,'e7e450feb2894d3b9cd1226969b9dc75','','111','01','程紫漪','','13586138546','','0','','','2020-05-07','','01','13','90','90',156,'n','','','','2020-05-07 13:24:44'),(729,'21e7dfd4756f48c694810a2ba2a1210f','','111','01','林红辉','','13958576989','','0','','','2020-05-07','','01','13','90','90',156,'n','','','','2020-05-07 13:26:00'),(730,'48fd99f771084be89b1710fcf25e8e88','','111','01','应凤娟','','15325678789','','0','','','2020-05-07','','01','13','90','90',156,'n','','','','2020-05-07 13:27:18'),(731,'da6a64cd75aa4f2abfcc0c80243b7692','','111','01','叶文葵','','13575820972','','0','','','2020-05-07','','01','13','90','90',156,'n','','','','2020-05-07 13:28:35'),(732,'e2ae9bde6bf544cd846b6e1a6ed16144','','111','01','童利平','','18158603140','','0','','','2020-05-07','','01','13','90','90',156,'n','','','','2020-05-07 13:29:51'),(733,'2c7b09b2c32641359b1b717de4d3ce71','','111','01','鲍正德','','13606652418','','0','','','2020-05-07','','01','13','90','90',156,'n','','','','2020-05-07 13:31:10'),(734,'f897aadcd5344aea98d16bf85427016d','','111','01','鲍君浩','','13958597113','','0','','','2020-05-07','','01','13','90','90',156,'n','','','','2020-05-07 13:32:28'),(735,'03db0949707b422ab74ca1d1eea9c9b0','','111','01','程慧超','','15068666677','','0','','','2020-05-07','','01','13','90','90',156,'n','','','','2020-05-07 13:33:46'),(736,'8ba8a60cfa50422c9d5d93315f81292a','','111','01','陈如永','','13511448534','','0','','','2020-05-07','','01','13','90','90',156,'n','','','','2020-05-07 13:35:04'),(737,'73faf3b4db4046c0af5df1cc1a31ac8d','','111','01','孙向娥','','18267622475','','0','','','2020-05-07','','01','13','90','90',156,'n','','','','2020-05-07 13:36:23'),(738,'5cdd2e0928634f0f81dcab4a8b8d5748','','111','01','姚九利','','15968613776','','0','','','2020-05-07','','01','13','90','90',156,'n','','','','2020-05-07 13:37:42'),(739,'787b077e41434d519145c9a6fd474340','','111','01','叶忠源','','13357672215','','0','','','2020-05-07','','01','13','90','90',156,'n','','','','2020-05-07 13:39:00'),(740,'6d5250d75aa14a369773316c71c6dc46','','111','01','叶启生','','13758629689','','0','','','2020-05-07','','01','13','90','90',156,'n','','','','2020-05-07 13:40:20'),(741,'87362f68b583420d99bb8182042143fb','','111','01','金国卫','','13757698656','','0','','','2020-05-07','','01','13','90','90',156,'n','','','','2020-05-07 13:41:39'),(742,'575e67834f3f4d3a8890862e3bfcd971','','111','01','朱贵','','15381801213','','0','','','2020-05-07','','01','13','90','90',156,'n','','','','2020-05-07 13:42:58'),(743,'13681fdafc344135ba9b5b8c2a7abc36','','111','01','朱玲君','','13736629087','','0','','','2020-05-07','','01','13','90','90',156,'n','','','','2020-05-07 13:44:16'),(744,'66a740ff076a48a4b07992ecfeaaf737','','111','01','陈军','','13736203599','','0','','','2020-05-07','','01','13','90','90',156,'n','','','','2020-05-07 13:45:36'),(745,'ab065f724c864053a80bf6d874680ff6','','111','01','金菊萍','','13736510127','','0','','','2020-05-07','','01','13','90','90',156,'n','','','','2020-05-07 13:46:56'),(746,'8d7b32bf98504a04a79a7d2e386d64a2','','111','01','朱明利','','15867668371','','0','','','2020-05-07','','01','13','90','90',156,'n','','','','2020-05-07 13:48:16'),(747,'a5e2949b59624f139e76cf85ee974714','','111','01','刘佩兰','','13706551015','','0','','','2020-05-07','','01','13','90','90',156,'n','','','','2020-05-07 13:49:37'),(748,'cfa45c319db84f2684446da7468f8706','','111','01','郑志形','','15167624153','','0','','','2020-05-07','','01','13','90','90',156,'n','','','','2020-05-07 13:50:58'),(749,'b238ccb138e84e83a819e7f3ddc7ac74','','111','01','梁彩仙','','13958595268','','0','','','2020-05-07','','01','13','90','90',156,'n','','','','2020-05-07 13:52:19'),(750,'d0ea790e618643729b437a42af02fa7a','','111','01','朱仲英','','13666869832','','0','','','2020-05-07','','01','13','90','90',156,'n','','','','2020-05-07 13:53:40'),(751,'a2a9828df8b04b1ab58412f6e48fd591','','111','01','常会玲','','13586109626','','0','','','2020-05-07','','01','13','90','90',156,'n','','','','2020-05-07 13:55:02'),(752,'dd450d76a95b481b8c2c936b0214587f','','111','01','许亚丽','','18869986696','','0','','','2020-05-07','','01','13','90','90',156,'n','','','','2020-05-07 13:56:23'),(753,'21a46b9de5c041548033a43d2ec0716a','','111','01','梁寒青','','17398581659','','0','','','2020-05-07','','01','13','90','90',156,'n','','','','2020-05-07 13:57:45'),(754,'d92a5e46ceb54b7dae551a522beadd68','','111','01','梁苏日','','13958588498','','0','','','2020-05-07','','01','13','90','90',156,'n','','','','2020-05-07 13:59:07'),(755,'f6e6f04fb68e47609efb4d88d6b17161','','111','01','陈月明','','15557678095','','0','','','2020-05-07','','01','13','90','90',156,'n','','','','2020-05-07 14:00:29'),(756,'1cd4a70388e140719836d451a8c307c4','','111','01','朱琴','','13655865198','','0','','','2020-05-07','','01','13','90','90',156,'n','','','','2020-05-07 14:01:53'),(757,'a42661243a0849ee823d7e19e721c370','','111','01','钱祖华','','13958564503','','1','','','2020-05-08','','01','13','90','90',156,'n','','','','2020-05-08 06:34:51'),(758,'8c76eb5d388348bb9562c3fc65606b41','','111','01','','','13486382632','','0','','','2020-05-09','','01','13','90','90',156,'n','','','','2020-05-08 07:00:20'),(759,'2677032252cc43b985911d2bf8c13210','','111','01','钱祖华','','13958564503','','1','','','2020-05-08','','01','13','90','90',156,'n','','','','2020-05-08 08:58:17'),(760,'11551635db254b3b9eecd3b56cabf73f','','111','01','钱祖华','','13958564503','','1','','','2020-05-08','','01','13','90','90',156,'n','','','','2020-05-08 09:08:05'),(761,'3b5c75e098e940a48585f19e1851aa9f','','111','01','钱祖华','','13958564503','','1','','','2020-05-08','','01','13','90','90',156,'n','','','','2020-05-08 09:10:20'),(762,'dc9eb2ef69c1471985b5232a531ad35d','','111','01','官海愉','','18258680901','','1','','','2020-05-08','','01','13','90','90',156,'n','','','','2020-05-08 09:12:19'),(763,'230ce702cb3d4dee94a3547ca8a6b943','','111','01','赖灵光','','13157611552','','1','','','2020-05-08','','01','13','90','90',156,'n','','','','2020-05-08 09:13:00'),(764,'fd94133597ea4e74acd80fc71b2a269d','','111','01','袁娅萍','','15057623060','','2','','','2020-05-08','','01','13','90','90',156,'n','','','','2020-05-08 09:13:23'),(765,'748150baf1c24d008b8f91ee0a0ada8e','','111','01','高美萍','','15355652960','','2','','','2020-05-08','','01','13','90','90',156,'n','','','','2020-05-08 09:30:05'),(766,'f988c62617cd4a55918842ac2eba30d3','','111','01','','','13857136373','','0','','','2020-05-09','','01','13','90','90',156,'n','','','','2020-05-09 02:44:04'),(767,'91b3fbb1c3684191beced2579f8a850a','','111','01','','','13331905021','','0','','','2020-05-09','','01','13','90','90',156,'n','','','','2020-05-09 02:48:29'),(768,'09b41d5d90844cc5ad86422f1a0d364d','','111','01','','','18672989951','','0','','','2020-05-09','','01','13','90','90',156,'n','','','','2020-05-09 03:30:19');

--
