--
-- Host: localhost    Database: dangjian
-- ------------------------------------------------------


--
-- Table structure for table `yl_activity`
--

CREATE TABLE `yl_activity` (
  `id` int(10) unsigned NOT NULL AUTO_INCREMENT COMMENT '表ID',
  `name` varchar(101) NOT NULL DEFAULT '' COMMENT '活动名称',
  `content` text COMMENT '活动描述',
  `start_time` timestamp NOT NULL DEFAULT '0000-00-00 00:00:00' COMMENT '活动开始时间',
  `end_time` timestamp NOT NULL DEFAULT '0000-00-00 00:00:00' COMMENT '活动结束时间',
  `need_sign` enum('n','y') NOT NULL DEFAULT 'n' COMMENT '活动是否需要公众用户报名,默认n',
  `sign_num` smallint(5) unsigned NOT NULL DEFAULT '0' COMMENT '招募志愿者人数',
  `sign_start_time` timestamp NOT NULL DEFAULT '0000-00-00 00:00:00' COMMENT '报名开始时间',
  `sign_end_time` timestamp NOT NULL DEFAULT '0000-00-00 00:00:00' COMMENT '报名结束时间',
  `hosts` varchar(100) NOT NULL DEFAULT '' COMMENT '主办方',
  `address` varchar(201) NOT NULL DEFAULT '' COMMENT '活动开展地点',
  `form_id` int(10) unsigned NOT NULL DEFAULT '0' COMMENT '活动展现形式  关联activity_form表ID',
  `theme_id` int(10) NOT NULL DEFAULT '0' COMMENT '活动主题，关联activity_theme表id',
  `node_id` int(10) NOT NULL DEFAULT '0' COMMENT '栏目id',
  `status` enum('待审核','已驳回','上线','下线') NOT NULL DEFAULT '待审核' COMMENT '状态',
  `icon_path` varchar(60) NOT NULL DEFAULT '' COMMENT '封面图片',
  `man_id` char(32) NOT NULL DEFAULT '' COMMENT '活动发起人 关联user表uuid',
  `ctime` datetime NOT NULL DEFAULT '1970-01-01 00:00:00' COMMENT '创建时间',
  `audit_user_id` char(32) NOT NULL DEFAULT '' COMMENT '审核人 关联user表uuid',
  `audit_time` datetime NOT NULL DEFAULT '1970-01-01 00:00:00' COMMENT '审核时间',
  `reject_reason` varchar(201) NOT NULL DEFAULT '' COMMENT '驳回说明',
  `sort` int(10) unsigned NOT NULL DEFAULT '99' COMMENT '文章排序',
  `top_status` enum('n','y') NOT NULL DEFAULT 'n' COMMENT '是否推荐首页',
  `top_icon` varchar(201) NOT NULL DEFAULT '' COMMENT '推荐图片',
  `ext_id` int(10) unsigned NOT NULL DEFAULT '0' COMMENT '如果是征询，关联到consult表id；如果是投票，关联到vote表id；如果是答题，关联到online_test表id；',
  PRIMARY KEY (`id`)
) ENGINE=InnoDB AUTO_INCREMENT=5 DEFAULT CHARSET=utf8mb4 COMMENT='活动表';

--
-- Dumping data for table `yl_activity`
--


--
-- Table structure for table `yl_activity_form`
--

CREATE TABLE `yl_activity_form` (
  `id` int(10) unsigned NOT NULL AUTO_INCREMENT COMMENT '表ID',
  `name` varchar(101) NOT NULL DEFAULT '' COMMENT '分类名称',
  `type` enum('online','offline') DEFAULT 'online' COMMENT '活动类型 online-线上  offline-线下',
  `ctime` timestamp NOT NULL DEFAULT '0000-00-00 00:00:00' COMMENT '类型添加时间',
  PRIMARY KEY (`id`)
) ENGINE=InnoDB AUTO_INCREMENT=5 DEFAULT CHARSET=utf8mb4 COMMENT='活动形式表';

--
-- Dumping data for table `yl_activity_form`
--

INSERT INTO `yl_activity_form` VALUES (1,'评选','online','2020-12-22 01:23:19'),(2,'征询','online','2020-12-22 01:23:19'),(3,'答题','online','2020-12-22 01:23:19'),(4,'志愿招募','offline','2020-12-22 01:23:19');

--
-- Table structure for table `yl_conf`
--

CREATE TABLE `yl_conf` (
  `id` smallint(5) unsigned NOT NULL AUTO_INCREMENT COMMENT '表ID',
  `ckey` varchar(30) NOT NULL DEFAULT '' COMMENT '配置键值',
  `cvalue` text NOT NULL COMMENT '配置值',
  `descs` varchar(50) NOT NULL DEFAULT '' COMMENT '配置描述',
  `ctime` timestamp NOT NULL DEFAULT CURRENT_TIMESTAMP COMMENT '配置生效时间',
  PRIMARY KEY (`id`)
) ENGINE=InnoDB AUTO_INCREMENT=13 DEFAULT CHARSET=utf8mb4 COMMENT='系统设置表';

--
-- Dumping data for table `yl_conf`
--

INSERT INTO `yl_conf` VALUES (1,'book_borrow_date','60','图书可借阅时长','2019-09-09 22:15:00'),(2,'login_ip_times','5','达到“登录错误次数”时IP锁定','2019-09-09 22:15:00'),(3,'login_ip_time','1800','登录IP锁定时长/秒','2019-09-09 22:15:00'),(4,'login_un_times','10','达到“登录错误次数”时用户名锁定','2019-09-09 22:15:00'),(5,'login_un_time','3600','用户名锁定时长/秒','2019-09-09 22:15:00'),(6,'sms_expire','300','短信有效期时长/分钟','2019-09-09 22:15:00'),(7,'pwd_weak_list','123456,000000,111111,123123,112233,123321,654321,666666,888888,1234567,5201314,11111111,88888888,66666666,12345678,123456789,987654321,1234567890,9876543210,abc123,a1b2c3,aaa111,123qwe,adobe123,passw0rd,qwerty,monkey,shadow,azerty,abcdef,abcabc,qweasd,passwd,dragon,master,ashley,bailey,qazwsx,woaini,letmein,michael,wohenni,password,iloveyou,photoshop,sunshine,password1,princess,trustno1,football,p@ssword,asdfghjkl,baseball,superman,zhangwei,wangwei,147258369','弱密码列表','2019-09-24 06:39:51'),(8,'pwd_strong_switch','y','弱密码校验是否开启','2019-09-24 06:39:51'),(9,'notes_point','3','读书笔记积分','2019-09-24 06:39:51'),(10,'third_token_expire','2592000','第三方授权码有效时长','2020-02-21 07:20:00'),(11,'third_token_refresh_expire','31104000','第三方授权码有效时长','2020-02-21 07:20:00'),(12,'download_repeat_switch','on','','2020-09-21 08:58:57');

--
-- Table structure for table `yl_consult`
--

CREATE TABLE `yl_consult` (
  `id` int(10) unsigned NOT NULL AUTO_INCREMENT COMMENT '表ID',
  `c_title` varchar(101) NOT NULL DEFAULT '' COMMENT '征询标题',
  `c_pic` varchar(201) NOT NULL DEFAULT '' COMMENT '有图征询图片',
  `c_content` varchar(301) NOT NULL DEFAULT '' COMMENT '征询内容',
  PRIMARY KEY (`id`)
) ENGINE=InnoDB AUTO_INCREMENT=5 DEFAULT CHARSET=utf8mb4 COMMENT='事项征询表';

--
-- Dumping data for table `yl_consult`
--

INSERT INTO `yl_consult` VALUES (2,'21313','','胡金戈于是便'),(3,'区域规划征询','','区域规划征询'),(4,'你对本次党支部警示教育活动满不满意？','','对本次警示教育活动，结合实际对照检查，谈体会、谈认识。你对本次活动满意吗？');

--
-- Table structure for table `yl_consult_option`
--

CREATE TABLE `yl_consult_option` (
  `id` int(10) unsigned NOT NULL AUTO_INCREMENT COMMENT '表ID',
  `consult_id` int(10) unsigned NOT NULL DEFAULT '0' COMMENT '征询ID，对应consult表ID',
  `option_desc` varchar(301) NOT NULL DEFAULT '' COMMENT '选项描述',
  `vote_number` mediumint(8) NOT NULL DEFAULT '0' COMMENT '投票数',
  `consult_adj` mediumint(8) NOT NULL DEFAULT '0' COMMENT '微调票数，可以是负数',
  PRIMARY KEY (`id`),
  KEY `yl_consult_option_fk_1` (`consult_id`),
  CONSTRAINT `yl_consult_option_fk_1` FOREIGN KEY (`consult_id`) REFERENCES `yl_consult` (`id`) ON DELETE CASCADE
) ENGINE=InnoDB AUTO_INCREMENT=10 DEFAULT CHARSET=utf8mb4 COMMENT='征询选项表';

--
-- Dumping data for table `yl_consult_option`
--

INSERT INTO `yl_consult_option` VALUES (3,2,'1',0,0),(4,2,'2',0,0),(5,3,'同意',10,2),(6,3,'反对',1,0),(7,3,'中立',2,0),(8,4,'满意',9,0),(9,4,'不满意',1,0);

--
-- Table structure for table `yl_consult_record`
--

CREATE TABLE `yl_consult_record` (
  `id` int(10) unsigned NOT NULL AUTO_INCREMENT COMMENT '表ID',
  `consult_id` int(10) unsigned NOT NULL DEFAULT '0' COMMENT '征询ID，对应consult表ID',
  `consult_option_id` int(10) unsigned NOT NULL DEFAULT '0' COMMENT '征询选项,对应consult_option表ID',
  `uuid` varchar(32) NOT NULL DEFAULT '' COMMENT '用户uuid，关联user表uuid,主要用于移动和h5端',
  `stb_type` enum('stb_id','ca_no','stb_ip') NOT NULL DEFAULT 'stb_id' COMMENT '机顶盒唯一标识类型',
  `stb_id` varchar(51) NOT NULL DEFAULT '' COMMENT '机顶盒唯一标识',
  `join_time` datetime NOT NULL DEFAULT '1970-01-01 00:00:00' COMMENT '投票时间',
  PRIMARY KEY (`id`),
  KEY `yl_consult_record_fk_1` (`consult_id`),
  KEY `yl_consult_record_fk_2` (`consult_option_id`),
  CONSTRAINT `yl_consult_record_fk_1` FOREIGN KEY (`consult_id`) REFERENCES `yl_consult` (`id`) ON DELETE CASCADE,
  CONSTRAINT `yl_consult_record_fk_2` FOREIGN KEY (`consult_option_id`) REFERENCES `yl_consult_option` (`id`) ON DELETE CASCADE
) ENGINE=InnoDB AUTO_INCREMENT=6 DEFAULT CHARSET=utf8mb4 COMMENT='征询结果表';

--
-- Dumping data for table `yl_consult_record`
--

INSERT INTO `yl_consult_record` VALUES (1,3,5,'f7721013e39a4306a0dd96b9ae9589a3','stb_id','','2021-01-01 00:00:00'),(2,3,6,'1a8340ec19e14853940889cb7753937d','stb_id','','2021-01-01 00:00:00'),(3,3,7,'c845765990724681b9acbf465bd8329b','stb_id','','1970-01-01 00:00:00'),(4,3,7,'feb5db5a3bab40b39e1e2ca1fbe0a485','stb_id','','1970-01-01 00:00:00'),(5,3,6,'57ac4d52a64041838e2f2a67c617c088','stb_id','','1970-01-01 00:00:00');

--
-- Table structure for table `yl_content`
--

CREATE TABLE `yl_content` (
  `id` int(10) unsigned NOT NULL AUTO_INCREMENT COMMENT '表ID',
  `title` varchar(201) NOT NULL DEFAULT '' COMMENT '标题',
  `contents` text COMMENT '内容',
  `vid` varchar(20) NOT NULL DEFAULT '' COMMENT '关联网易云视频vid',
  `icon_path` varchar(302) NOT NULL DEFAULT '' COMMENT '封面图片',
  `type` enum('图文','全屏视频','相册') NOT NULL DEFAULT '图文' COMMENT '内容样式',
  `node_id` varchar(51) NOT NULL DEFAULT '0' COMMENT '所属栏目ID',
  `status` enum('草稿','待审核','已审核','驳回','上线','下线') NOT NULL DEFAULT '待审核' COMMENT '文章状态',
  `pics` varchar(1002) NOT NULL DEFAULT '' COMMENT '内容资源（图片）路径',
  `reject_reason` varchar(201) NOT NULL DEFAULT '' COMMENT '驳回意见',
  `operate_user_id` char(32) NOT NULL DEFAULT '' COMMENT '录入人uuid，关联user表uuid',
  `audit_user_id` char(32) NOT NULL DEFAULT '' COMMENT '审核人uuid，关联user表uuid',
  `release_user_id` char(32) NOT NULL DEFAULT '' COMMENT '发布人uuid，关联user表uuid',
  `operate_time` timestamp NOT NULL DEFAULT CURRENT_TIMESTAMP COMMENT '录入时间',
  `audit_time` timestamp NOT NULL DEFAULT '0000-00-00 00:00:00' COMMENT '审核时间',
  `release_time` timestamp NOT NULL DEFAULT '0000-00-00 00:00:00' COMMENT '发布时间',
  `publish_time` timestamp NOT NULL DEFAULT '0000-00-00 00:00:00' COMMENT '实际发布时间',
  `sort` int(10) unsigned NOT NULL DEFAULT '99' COMMENT '文章排序',
  `top_status` enum('n','y') NOT NULL DEFAULT 'n' COMMENT '是否推荐首页',
  `top_icon` varchar(201) NOT NULL DEFAULT '' COMMENT '推荐图片',
  `organ_id` int(10) unsigned NOT NULL DEFAULT '0' COMMENT '所属组织ID',
  `isperson` enum('y','n') NOT NULL DEFAULT 'n' COMMENT '是否人物类内容',
  `iscomment` enum('y','n') NOT NULL DEFAULT 'y' COMMENT '内容是否允许评论',
  `aid` varchar(20) NOT NULL DEFAULT '' COMMENT '音频vid,关联网易云视频vid',
  `tag_ids` varchar(101) NOT NULL DEFAULT '' COMMENT '标签ID，多个用逗号隔开',
  PRIMARY KEY (`id`)
) ENGINE=InnoDB AUTO_INCREMENT=60 DEFAULT CHARSET=utf8mb4 COMMENT='内容表';

--
-- Dumping data for table `yl_content`
--

INSERT INTO `yl_content` VALUES (13,'临海市各部门开展工作会议','1!!2!!3!!4!!5!!6','','/uploads/pic/20210119/4cbe38026aa77296d2da98600b089dde.jpg','相册','24','上线','/uploads/pic/20210119/211ca12640f6aeb8e656c29072d4df41.jpg,/uploads/pic/20210119/e27e62a16bd45932ebd142418434a8c1.jpg,/uploads/pic/20210119/63d08f9dbe06bbfbf14bdd568716420f.jpg,/uploads/pic/20210119/4b903e7f24d817f05c6ebe6ff80df3b8.jpg,/uploads/pic/20210119/738496ab439cf1b577bb1151982228da.jpg,/uploads/pic/20210119/ce737852e897872e41901a3c664e39c8.jpg','','4c8f125cd4334b248dceed93ee330685','','','2021-01-19 08:56:35','0000-00-00 00:00:00','2021-01-19 08:56:35','0000-00-00 00:00:00',99,'n','',0,'n','y','',''),(15,'浙江临海打造特色党建路','<p><img data-index=\"1611035528577-0\" src=\"/uploads/pic/20210119/dd3601aa820de22724278f6497f66cd6.jpg\" alt=\"\"> </p><p>  近日，浙江省临海市尤溪镇王扇村群众在当地交通运输部门指导下，为乡村公路安装防护网，防止碎石掉落，保障百姓出行安全。 临海市充分发挥三级路长制作用，开展联创共建，构建三级养护网络，打造了一批特色党建路，“爱路、护路、养路、敬路”已成为社会共识。&nbsp;</p>','','/uploads/pic/20210119/dd3601aa820de22724278f6497f66cd6.jpg','图文','24','上线','/uploads/pic/20210119/dd3601aa820de22724278f6497f66cd6.jpg','','4c8f125cd4334b248dceed93ee330685','','','2021-01-19 05:52:33','0000-00-00 00:00:00','2021-01-19 05:52:33','0000-00-00 00:00:00',99,'n','',0,'n','y','',''),(16,'临海：“党建+”激发基层治理新动能','<p>  党的基层组织是党全部工作和战斗力的基础。去年以来，临海创新“党建+”新模式，扎实推进基层社会治理四个平台和全科网格建设，激发派驻干部和农村党员的先锋模范作用，打通服务群众的“最后一公里”。</p><p>  市委常委、临海市委书记蔡永波说，要不断强化政治引领和服务群众功能，努力提高基层党组织的凝聚力、战斗力，为打造全面小康标杆市、再创千年古城新辉煌、建设活力品质幸福临海提供坚强的组织保证。</p><p><strong>激发“智治”活力开创闭环管理新模式</strong></p><p>  不久前，在临海市沿江镇综合信息指挥室，工作人员通过基层治理信息系统收到网格员上传的一条关于道路两侧搭建临时瓜果售卖棚存在安全隐患的信息后，立即将该信息流转到综合执法平台，城管、路政、国土等部门派驻干部第一时间赶赴现场劝离流动摊点、拆除临时棚。</p><p>  而后，为更好地服务该路段两侧果农，沿江镇就近安置，为摊贩提供统一售卖点，使其规范经营，实现群众需求和城市管理的双赢。</p><p>  高效处置的背后，得益于临海市以党建统领、智慧治理、联动融合的工作理念。</p><p>  基层治理体系“四个平台”建设，是浙江省一项重大改革。它将镇（街道）和部门派驻机构承担的职能相近、职责交叉和协作密切的日常管理服务事务进行整合，形成综治工作、市场监管、综合执法、便民服务4个功能性工作平台。</p><p>  在此基础上，临海在该市19个镇（街道）均设立综合信息指挥室，由各镇（街道）分管政法的党委副书记兼任主任，统筹协调指挥“四个平台”，确保信息在平台间的流转及时畅通，形成无缝对接。</p><p>  在临海市沿江、邵家渡等地，党建、民政、食品卫生、安监、消防等涉及基层社会治理的部门工作纳入网格，有效融合平安建设信息网、12345处理平台、便民服务网和食品安全网，通过“线上交办、线下督办”机制，确保事件处理及时、到位，基层管理和服务得到大幅提升。</p><p><strong>激励干部作为点燃“联合党建”新引擎</strong></p><p>  周一学习夜，大田街道四楼会议室里座无虚席。大田行政执法中队中队长郭俊伟和其他“四个平台”派驻干部一样，结束了一天的小城镇环境综合整治联合执法，开始做起了学习笔记。</p><p>  如何最大限度激发“四个平台”派驻干部活力，解决镇（街道）执法力量不足问题？</p><p>  “在镇街成立派驻单位联合党支部，由镇街党委（党工委）统一管理。”临海市委组织部常务副部长蒋琪说，临海自去年5月被省委组织部确定为“自主型”职能部门派驻镇街干部属地管理工作试点单位以来，以灵活化调配、清单化履职、属地化管理和多元化激励，统筹加强部门派驻镇街干部管理。</p><p>  一招妙子满盘活。成立“四个平台”派驻单位联合党支部，派驻人员日常管理下沉、人事任免下沉、干部考核下沉、经济待遇下沉，有效破解了基层治理中“事多人少”等突出难题，权责清晰、功能集成、扁平一体、运行高效、执行有力的镇（街道）管理体制和机制逐步形成。</p><p>  临海市委组织部相关负责人告诉记者，为抓实派驻干部到岗履职，临海市还制定出台了《派驻干部考核管理办法》《派驻干部日常管理细则》，对属地考勤率低的派驻干部不予评定优秀等次。他们还建立了派驻干部退回机制，2017年退回了2名派驻干部。同时，坚持从派驻干部中选拔人才。截至目前，共有4名派驻干部被提拔为副科级领导，8名派驻干部被列为市管后备干部。 &nbsp;&nbsp;</p><p><strong>激活服务末梢“红色微网格”连民心</strong></p><p>  一幢幢别墅式民房拔地而起，一件件民生实事暖人心窝，一块块“示范”“先进”牌匾挂进了沿江镇上金村办公楼里。“我们所有的党员，都是‘四个平台’网格员。”上金村党支部书记郑希云告诉记者，去年来，村里打破了原先按片区划分党员联系户的传统模式，按照“就亲、就近、就便”原则，由党员自主认领联系户、构筑“红色微网格”，让党员真正进得了门、说得上话、办得了事，让“党建+”治理模式发挥实效。</p><p>  村里还成立了“红色代办”志愿服务队，以村党群服务中心为红色驿站，为群众提供“点单式”服务，助力“最多跑一次”和“四个平台”向基层一线延伸。</p><p>  “多元合一、一员多用”，临海市把从严管理农村党员队伍作为推进农村基层治理的重要部分，精细科学划分网格，全市1389个网格的全科网格员实现了联系、服务、管理全覆盖，充分发挥了基层党组织在服务群众、基层治理中的战斗堡垒作用。</p>','','/uploads/pic/20210119/14623f17e5141a27e287328a05e3048b.jpg','图文','24','上线','','','4c8f125cd4334b248dceed93ee330685','','','2021-01-26 03:10:58','0000-00-00 00:00:00','2021-01-26 03:10:58','0000-00-00 00:00:00',99,'n','',0,'n','y','',''),(17,'台州临海市依托“青春约定”推进“青春党建”','<p style=\"margin-bottom: 15px; font-family: 宋体; background-color: rgb(255, 255, 255);\">　　台州临海市在推进“青春党建”工作中，立足于助推两新组织健康发展和青年党团员成长成才，通过组织开展“青春约定”活动，全面培养两新组织青年党团员的契约精神，营造了事事争先进、人人争先锋的良好氛围，有效激活了两新组织党团组织的工作活力。</p><p style=\"margin-bottom: 15px; font-family: 宋体; background-color: rgb(255, 255, 255);\">　　<strong>“协商”定约，让青春在展示中见证。</strong>一是量力提约。结合两新组织青年党团员个性特点，组织开展“我和企业有个约定”行动，改变以往“纵向要求”做法，由青年党团员主动量力提出约定内容，有什么样的职业专长、能力特长，就约定什么样的内容。如永强集团青年党员、车缝车间副主任陈慧芬结合岗位实际，约定“带头把好产品车缝质量、带头开展节能降耗”。二是对话签约。在定约过程中，注重以平等的理念引导，切实尊重青年的主体地位，对于青年党团员提出的约定内容，由党团组织牵头召开对话会进行综合评估，帮助分析约定的内容是否科学合理，能否切实可行，最后根据分析情况，适当修改和调整，并签订履约协议。如永新休闲公司通过对话会，改进约定8项，要求重新提约15人次，充分兼顾了公司和个人发展需要。三是互动亮约。开展“你的约定我见证”活动，引导青年党团员根据岗位要求和约定内容相互签订“约定卡”，亮出自己的目标和理想，充分展示青年党团员积极向上的青春风貌，最大限度调动青年热情，凝聚青年情感，激发青年活力。</p><p style=\"margin-bottom: 15px; font-family: 宋体; background-color: rgb(255, 255, 255);\">　　<strong>“助推”履约，让青春在践行中闪光。</strong>一是下派履约辅导员。从各镇(街道)和市委两新工委成员单位中挑选工作经验丰富、业务能力较强的机关干部或优秀团干部，组建成“青春约定”履辅导员队伍，按照两新组织党团组织隶属关系，分别进行“一对一”或“一对多”专项履约辅导，其中市委两新工委成员单位重点辅导双重管理两新组织。截至目前，已选派辅导员共三批1200余人次。二是成立履约“加油团”。在认真梳理全市青年志愿者队伍的基础上，从中招募成员组建两新组织“青春约定”履约“加油团”，现有成员300多名。通过组织开展以“送文艺、送安全、送健康、送温暖、送活力”为主要内容的“加油履约”活动，为两新组织青年党团员践行约定呐喊助威。三是建立履约互助团。在全市具有一定代表性的两新组织中，选取新经济组织党或团组织20家，新社会组织党或团组织10家，开展“二对一”跨领域履约互助。如台州中衡会计师事务所与东海翔集团开展履约互助后，已为东海翔集团提供财务诊断服务3次，发现问题15个，并帮助其进行了规范和完善，有效规避了风险。</p><p style=\"margin-bottom: 15px; font-family: 宋体; background-color: rgb(255, 255, 255);\">　　<strong>“立体”评约，让青春在激励中前行。</strong>一是注重自我评价。要求每位参与“青春约定”的青年党团员每周制定履约计划表，并记载履约进展情况。每月一次小结，对计划完成情况进行自我评价，剖析存在的问题和不足，及早制定改进措施。二是引入三方评定。每季度组织开展由两新组织领导层、党团组织和镇(街道)三方参与的“青春约定”履约情况点评会，综合履行情况和职工群众的评价，按“优秀、良好、一般、较差”进行分类定级，并给予通报，发挥经常性鞭策作用。三是搭建青年秀场。开展“履约达人秀”大赛，鼓励两新组织青年党团员将本人的“青春约定”履约情况“秀”出来，接受他人“PK”，将获胜者评为“履约达人”，并在临海共青团网站《履约达人秀》栏目中进行展示宣传，同时授予“金牌信用户”称号。</p>','','/uploads/pic/20210119/abe5ea9e2585b07ffb249e798693a3d5.jpg','图文','24','上线','','','4c8f125cd4334b248dceed93ee330685','','','2021-01-19 08:55:10','0000-00-00 00:00:00','2021-01-19 08:55:10','0000-00-00 00:00:00',99,'n','',0,'n','y','',''),(18,'3月24日临海市党建工作会议以视频会议形式召开','<p><strong>梅式苗指出</strong></p><p>　　过去一年，全市各级党组织坚持以党的政治建设为统领，围绕中心抓党建，全面从严抓党建，强化责任抓党建，主题教育深入开展、思想基础全面夯实，干部队伍忠诚担当、干事创业氛围浓厚，基层基础更加扎实、战斗堡垒全面建强，“五严”要求落地落实、正风反腐成效显著，党的建设取得了新进展、展现了新面貌。特别是新冠肺炎疫情发生以来，全市各级党组织强化担当，主动作为，充分发挥战斗堡垒作用；广大党员干部舍小家、顾大家，坚守岗位、连续奋战，切实发挥了战疫主力军的作用。</p><p><strong>梅式苗强调</strong></p><p>　　我市召开的“全民总动员、全域齐攻坚、打好总体战、打赢翻身仗”誓师大会，市委市政府的态度很坚决，就是要以必胜的信心，打赢翻身仗，奋力夺取经济社会发展和党建考核“双优秀”。打赢翻身仗，党建是引领，也是必须要打赢的关键一仗。要紧盯全年目标任务，保持目标不变、信心不变、决心不变，持续发力、快速推进。</p><p><strong>梅式苗要求</strong></p><p>　　●&nbsp;要聚力“两个维护”，狠抓政治建设。切实深化理论武装，巩固拓展主题教育成果，严明政治纪律规矩，以强烈的担当抓好“两手”、打赢“两战”，实现维护意识和维护能力相统一。</p><p>　　●&nbsp;要聚力实干担当，狠抓干部队伍建设。突出实干实绩选人用人，实战历练培养干部，严管厚爱干部，健全完善干部大监督工作机制，为选准用好干部提供参考。</p><p>　　●&nbsp;要聚力基层基础，狠抓基层党建。主动服务中心工作，全面深化“双整双全”建设，高质量抓好村级组织换届工作，大力实施支部组织力提升工程，全面夯实保障“两手硬、两战赢”的基层基础。</p><p>　　●&nbsp;要聚力民心人心，狠抓工作合力。汇聚精神力量，凝聚统战合力，抢占人才高地，守牢意识形态阵地，把方方面面的积极性都调动起来，团结一切可以团结的力量，为打赢“两战”夯实最坚实思想基础、凝聚最广泛力量，作出新的贡献。</p><p>　　●&nbsp;要聚力清廉临海，狠抓正风肃纪。做到党委主体责任、纪委监委监督责任、党委书记第一责任和班子成员“一岗双责”四责协同，深入纠治“四风”，一体推进“三不”，精准有力监督，把“严”的主基调长期坚持下去，把“督”的突出作用切实发挥出来，为打赢“两战”、夺取“双胜”提供坚强纪律和作风保证。</p><p><img data-index=\"1611035747381-0\" src=\"/uploads/pic/20210119/fda8ae1e7db98252acbd20e259543a3b.jpg\" alt=\"\"> </p>','','/uploads/pic/20210119/fda8ae1e7db98252acbd20e259543a3b.jpg','图文','24','上线','/uploads/pic/20210119/fda8ae1e7db98252acbd20e259543a3b.jpg','','4c8f125cd4334b248dceed93ee330685','','','2021-01-26 03:07:09','0000-00-00 00:00:00','2021-01-26 03:07:09','0000-00-00 00:00:00',99,'n','',0,'n','y','',''),(19,'浙江临海：“银耀古城”激发城市基层治理新活力','<p>  广大离退休干部不仅是“宝贵财富”，更是“重要资源”“重要力量”。近年来，浙江省临海市积极探索把离退休干部党建有机融入城市基层党建，按照离退休干部党员“关系在单位、活动在区域、奉献在社会”要求，在社区推进“银耀党支部”建设，构建市离退休干部党工委牵头抓总、街道党工委共同参与、社区“银耀”支部引领带动、小区网格发挥作用、楼栋“银龄”勇做先锋的工作格局，推动“银耀”党支部与辖区单位党组织深度融合，实现管理同心、发展齐心、服务暖心，激发城市基层治理新活力，有效提升群众获得感、幸福感。</p><p><strong>一、背景与起因</strong></p><p>  随着我国城镇化进程的快速推进，经济转型升级加快、基层治理日益艰巨复杂，社会结构趋于多元、群众诉求复杂多样，城市基层党建工作也出现了许多新问题、新矛盾、新挑战。尤其是社区工作任务日益繁重，存在着“人口密度高、困难群体多、治安状况复杂、旧小区改造难”等诸多繁杂的社会治理难题，但由于社区人员配置少、经费不足等问题日益突出，原有的“社区抓社区、单位抓单位”的党建模式，显得有些“势单力薄”“力不从心”。</p><p>  离退休干部作为干部队伍的一个重要组成部分，更是社会发展和稳定的一支重要力量，他们具有人数众多、阅历资深、热情度高的特点，尤其是处理复杂问题，经验丰富。目前，临海市共有离退休干部10026人，其中离休174人、退休9852人，党员4083人。离退休干部由“单位人”向“社会人”转变后，他们期待能够发挥自身余热，为社会做些力所能及的事。如何利用好这个资源，引导他们发挥自身的政治优势、经验优势、威望优势，更好地参与城市基层党建和社会治理，意义重大。</p><p>  临海市在深思熟虑、广纳意见、反复论证的基础上，以区域化党建为总抓手，以社区党建为突破口，创新基层党组织设置，按照离退休干部党员“关系在单位，活动在区域，奉献在社会”原则和“离退休党员在哪里，银耀党支部就建到哪里”要求，在社区设置离退休干部“银耀”党支部，实施“银耀古城”行动，凝聚辖区共建力量。</p><p><strong>二、主要做法</strong></p><p>  （一）以银耀党支部为核心，搭建网络化银耀组织体系。一是成立离退休干部党工委。在台州市率先成立离退休干部党工委，建立健全党工委工作职责、议事规则，加强对全市离退休干部党建和“银耀古城”工程的指导、督促、检查。二是成立银耀党支部。在社区推进“银耀党支部”建设，明确其虚拟化、功能型定位，打造离退休干部“红色同心家园”。在离退休党员中，选优“银耀”党支部书记，配强“银耀”党支部委员，实行“专职委员+兼职委员”制，每个支部吸纳3名在辖区内有代表性和影响力的老同志担任专职委员，在社区吸纳有影响力的驻地单位1-2名党务工作人员担任兼职委员。三是成立红色网格。将社区划分为若干个网格单元，每个网格至少配备1名“银耀”党支部专兼职委员、社区工作人员、社区片警，组成管理团队，协同推进社区治理。同时，以各小区的退休党员为首选，担任楼道长，发挥老同志一线信息员、调解员、服务员、巡逻员和监督员作用。</p><p>  （二）以“一库一室一网”为基础，建立专业化银耀服务队伍。一是建立“银耀”人才资源库。注重打破块状模式，对全市1万多名离退休干部详细信息进行排摸，重点掌握兴趣爱好、居住社区、退休前从事职业等情况，筛选出1405名有专业特长的老党员，建立“银耀”人才资源库。二是建立“银耀”党员先锋工作室。在全面摸查社区志愿服务需求基础上，把“银耀”志愿者的专项技能和社区居民的特定需求结合起来。依托社区公共服务中心、小区邻里中心等阵地，设立董台宝矛盾调解工作室、陈云芳医疗保健工作室、夏小雨老年维权工作室等7个“银耀”党员先锋工作室。三是建立“银耀”三级志愿服务网。在市级层面，成立“银耀”志愿服务总队，下辖矛盾纠纷调解团、红色宣讲团、科技帮扶团等10支市级老干部党员志愿服务团队；在街道部门层面，设立“银耀”志愿服务分队，如在崇和门广场设立离退休干部志愿服务分队，常年开展志愿服务；在社区层面，成立夕阳红守护队、夕阳红调解团、陪聊陪医志愿服务队、“生命之光”健康俱乐部等25支志愿服务小队，构建市、街道部门、社区三级联动的“银耀”志愿服务体系。</p><p>  （三）以“四联四促”为重点，构建精细化银耀服务体系。一是服务联动促提升。根据“银耀”党支部党员专业特长和服务意向，组织老党员深入各个小区，为空巢老人、留守儿童、孤残人员等人员提供家政、家电维修、爱心代办、法律法规政策宣传、医疗保健等服务。同时，制作“连心卡”和“便民服务手册”，发放给社区老年人、残疾人，并免费为他们提供上门为老服务，目前已服务社区居民3000余人次。二是资源联享促优化。以社区为“基本单元”，吸纳驻社区的部门、学校、医院等企事业单位老同志为“联盟成员”，开展“契约化”共建，推动形成以社区党组织为核心，各类基层组织积极参与、有序运转的共建共享模式。如南门社区的老干部一堂课公益项目，在认领单位巾山小学的积极参与下，开展了剪纸进校园活动。三是平安联创促和谐。充分发挥老党员、老干部的政治优势、经验优势、资源优势，积极参与基层社会治理，开展平安巡逻、矛盾纠纷调解、信访积案化解等行动，助力平安临海建设。如鹿城社区成立由560人组成的夕阳红守护队，从周一到周五，日夜巡逻，风雨无阻，成为社区一道靓丽的风景线，辖区刑事发案率5年来下降近五成，鹿城社区也由原来的治安乱点、邪教防控点、城区脏乱点，变成了平安高地、和谐阵地、文明散播地。四是文明联手促规范。设立离退休党员示范岗、划定离退休党员责任区，深入开展“大自查我承诺”“大包干我服务”“大攻坚我带头”等先锋行动，以党员身份的“曝光率”赢得群众信任感和服务满意度。如在全国文明城市创建中，离退休党员劝导团自发组织18支小分队，500多名离退休干部连续40多天风雨无阻轮流参与志愿劝导，助力文明创建，协助解决乱停车、乱堆放等不文明问题，以实际行动助力文明城市创建。</p><p>  （四）以常态长效为目标，健全规范化银耀服务机制。一是强化制度保障。完善社区志愿服务制度，实现社会发展需求、社区居民需求与志愿服务供给的有效对接。建立注册登记、培训、需求对接、服务记录、嘉许回馈等制度，使志愿服务运作有序。二是注重正向激励。实施“服务积分”制，推行离退休党员志愿服务登记卡、联系卡、承诺单，将离退休党员参与志愿服务的次数、时长和为社区建设中所做的贡献等折合成积分，用于兑换生活用品或公益服务，有效形成了“奉献—回报—奉献”的健康良性发展模式。三是定期评先评优。充分挖掘老干部身上的闪光点，选树一批在推进“银耀古城”行动中表现突出的先进典型，由市委市政府主要领导不定期进行表彰，用“群星效应”进一步激活、汇聚、弘扬新风尚。最美老干部案例《不忘初心，最美夕阳》在临海市党建微电影大赛中获一等奖；临海市夕阳红文艺宣传队获得台州市最美老干部服务团队称号；陈云芳、王义耕被推选为首届“感动临海十大人物”，入选中国好人榜、浙江好人榜。</p><p><strong>三、成效与反响</strong></p><p>  （一）最大限度提升社区治理水平。通过实施“银耀古城”行动，引导离退休党员走出单位“小圈子”，融入社区“大社会”，积极参与城市社区社会治理等，解决了一大批物业纠纷、邻里矛盾、民生救助、文化惠民等问题，实现了服务力量的有效集中，切实提高了城市基层党建引领社会治理能力。</p><p>  （二）最大限度激活凝聚释放老同志正能量。通过实施“银耀古城”行动，充分发挥老干部的政治优势、经验优势、威望优势，老干部志愿服务工作有主题、有内容、有载体、有成效，真正体现了党委有号召、居民有需求、社会有要求、老干部有行动，树立了社区治理的典型，提升了社区居民的获得感、幸福感和安全感。</p><p>  （三）最大限度实现社区资源共建共享。通过推动“银耀”党支部和驻区单位党组织“契约化”共建，打破相互间的壁垒和隔阂，实现组织共建、资源共享、活动互联，凝聚思想共识，加强组织衔接，实现了社会功能有机整合。</p><p><strong>四、几点启示</strong></p><p>  1.要坚持党建引领，共建共享。加强城市社会治理，关键要发挥基层党组织领导作用，充分整合各类组织、各方力量、各种资源。通过把离退休干部党建有机融入城市基层党建，推进“银耀党支部”建设，进一步构建了以社区党组织为核心，各类基层组织积极参与、有序运转的共建共享模式。</p><p>  2.要坚持立足实际，务实创新。设计务实管用的平台载体，是离退休干部党员助推城市社会治理的关键。“银耀古城”行动把离退休干部党员的所能所愿与城市治理的所需所盼有机结合，紧贴他们的特点和需求，深化开展系列银耀志愿服务活动，有力激发他们献余热、作贡献、立新功的热情。</p><p>  3.要坚持正向激励，科学引导。把评选、表彰和宣传离退休党员干部先进典型，作为组织引导老同志参加“银耀古城”的重要抓手，通过拍摄党建微电影、评选最美服务团队等形式，充分发挥示范带动作用，激励广大老同志学有榜样、比有标杆。</p>','','/uploads/pic/20210119/13651b009ac14541b3dea45b1036141d.jpg','图文','24','上线','','','4c8f125cd4334b248dceed93ee330685','','','2021-01-26 03:06:58','0000-00-00 00:00:00','2021-01-26 03:06:58','0000-00-00 00:00:00',99,'n','',0,'n','y','',''),(20,'党建引领 激发活力 临海市构建党建+品牌+活力的发展模式','<p>  近年来，临海财政部门坚持以党建为引领，加快推进财政文化工作，构建了“党建+品牌+活力”的特色文化发展模式。</p><p><strong>党建引领，坚定财税干部理想信念</strong></p><p>  坚持将强党建作为推进财政文化发展的重要引擎，认真开展“不忘初心、牢记使命”主题教育活动，全体干部牢固树立树牢“四个意识”坚定“四个自信”坚决做到“两个维护”，使“铁一般的信仰、铁一般的信念、铁一般的纪律、铁一般的担当”内化于心，外化于行。以“不忘初心、牢记使命”主题教育活动同“上门服务至少一次”“三服务”有机结合，创新“财税+”工作举措，联合税务、经信、发改、科技、商务等部门，送扶持政策、送发展理念、送创新项目，切实解决企业发展中的“痛点”“难点”问题，与企业组建了38个课题组，把企业的困难化为全市攻坚的课题；积极开展政策宣讲10场次，走访服务对象7580户，解决各类问题3850个。组织党员干部赴河头姚宅、仙居上张乡姚岸、天台后岸、桃渚镇洞港知青农场以及头门港展览馆、党建阵地开展开展党建系列活动，提升干部党性修养，促使全体干部职工“铁心跟党走，绝对听指挥”，共组织268人次。以党建引领推进各项工作的做法，被中央机关工委《紫光阁》杂志、全国行政体制改革研究会和人民网联合评选为“创新性优秀”案例。</p><p>  &nbsp;</p><p><strong>树立品牌，唱响财税文化时代强音</strong></p><p>  以打造临海财政文化品牌为目标，积极创新，不断加强财政文化建设。根据习近平总书记提出的与企业“亲与清”和服务三农、建立“三位一体”新型农村合作体系等要求，将临海实例以故事形式进行艺术加工拍摄的反映财政干部服务企业、服务三农的微电影《税风亲清》《第一书记》《最多跑一次》，分别荣获第四届、第五届、第六届亚洲微电影艺术节“金海棠奖”。成立了临海市知联会国资分会，开展了“走进国企”系列活动，赴文旅集团开展了文化产业交流会，举办了“凝聚新力量，共创新发展”首届团建活动。赴城投举办了“城投杯”企业篮球联谊赛，参观了市政协城建交通组委会工作室、市城投集团党建文化阵地等，凝聚向心力，画好同心圆，共组织73人次参观，广大干部的认同感和归属感不断增强。坚持精准扶贫、绿色发展，出台了加快现代农业发展三十条政策和对扶贫工作的一系列文件，设立了消除集体经济薄弱村发展基金1亿元，国务院2000万元、省政府3个1000万元的奖励资金，为打赢脱贫攻坚战提供坚实的政治和财力保障。相关工作入选“不忘初心，牢记使命”主题教育案例，被《贯彻落实习近平新时代中国特色社会主义思想、在改革发展稳定中攻坚克难案例》一书收录，在全国推广。</p><p>  &nbsp;</p><p><strong>激发活力，</strong><strong>书写青春飞扬崭新篇章</strong></p><p>  青年是传播文化的重要力量，临海市局高度重视青年的创造力和想象力，成立了文化创意中心，鼓励青年干部利用业余时间集思广益，做好文化宣传工作。举办“学习十九大精神 传承红色财税文化”“不忘初心跟党走&nbsp;财政铁军立新功”等朗诵比赛，通过比赛公开选举团委书记。优秀选手以《不忘初心立潮头》为题代表临海市局参加台州市财政系统文艺晚会，参加了临海市微型党课比赛，获得第一名，被选为台州市微型党课参赛选手，获得二等奖。成立了党员干部突击队、青年突击队及灾后重建突击队三大突击队伍，出动党员干部和青年干部共517人，在“利奇马”台风袭击临海、新冠疫情防控、复工复产等期间奔赴一线，下基层、下企业、送政策、鼓信心，开展抗洪救灾等志愿活动，冲锋在前，攻坚克难，充分展现了青年人的活力和担当。全局荣获全省财税系统集体三等功，被省委、省政府授予浙江省模范集体荣誉称号。</p>','','/uploads/pic/20210119/9124ce91bd9f3d1c157636987eeba97b.jpg','图文','24','上线','','','4c8f125cd4334b248dceed93ee330685','','','2021-01-26 03:06:09','0000-00-00 00:00:00','2021-01-26 03:06:09','0000-00-00 00:00:00',99,'n','',0,'n','y','',''),(21,'临海市中小学党建工作暨党风廉政建设会议召开','<p>  为全面贯彻落实台州市、临海市党建工作会议精神及省教育厅、台州市教育局有关全面从严治党暨清廉学校建设会议精神，坚定不移地以习近平新时代中国特色社会主义思想伟大旗帜和党的十九大精神为指导，高标准落实新时代全面从严治党要求，聚焦“书香党建、清风校园”建设，聚力“狠抓作风、大抓质量”行动，以高质量党建为重振临海教育雄风提供坚强的政治保证。4月23日下午，临海市中小学党建工作暨党风廉政建设会议在大洋小学北校区观澜剧场召开。</p><p>  市委组织部副部长、市委“两新”工委书记汪庆源，市纪委监委派驻第四纪检组组长沈阳应邀出席会议。市教育局班子成员、机关全体干部，全市各级各类学校党组织书记、校长、副书记(分管班子)、党务干部，各镇(街道)中心幼儿园园长等400余人参加会议。会议由市教育局党委委员郎伯能主持。</p><p>  首先，与会人员自由参观了大洋小学以“天然图画“为核心文化特质精心打造的校园文化建设。</p><p>  参观结束后，与会人员集中观澜剧场观看临海市警示教育片，从警示教育片中吸取教训，做到举一反三，警钟长鸣。</p><p>  大抓党建，抓大党建。大洋小学、回浦中学和杜桥实验中学分别就“校园文化”“书香党建”“德育工作”进行经验交流发言。三位代表的精彩分享为与会人员带来了学校党建工作的新启发、新思路。</p><p>  大洋小学作《找“点”，拉“线”，成“圆”》经验交流</p><p>  回浦中学作《回浦桃李沁鼻香，书香党建别样红》经验交流</p><p>  杜桥实验中学作《“墨·艺”浸润，立德树人》经验交流</p><p>  大会表彰了2018年度教育系统先进基层党组织、优秀党务工作者和优秀共产党员，并对获得先进基层党组织的15所学校党组织进行现场授牌表彰。</p><p>  市教育局党委书记、局长蒋友辉与各学校签订党风廉政建设和教育行风建设责任书。</p><p><img data-index=\"1611035990635-0\" src=\"/uploads/pic/20210119/0369c488c2f9b09a56f33e8ef842bf05.jpg\" alt=\"\"></p><p>  市纪委监委派驻第四纪检组组长沈阳讲话，他肯定了新一届市教育局党委领导班子党建工作的力度、广度和深度，并就党风廉政建设提出了三点意见：一是认清形势，时刻保持头脑清醒;二是强化担当，深入推进责任落实;三是挺纪在前，全面深化作风建设。同时，他希望大家在新时代新目标下，在市教育局新一届领导班子带领下，共同努力，各项工作能够再上新台阶。</p><p>  最后，市教育局党委书记、局长蒋友辉部署今年党建和党风廉政等有关工作。蒋友辉局长围绕“打造书香党建、创建清风校园，以高质量党建为重振临海教育雄风提供强大政治保证”这一主题，重点提出三方面意见。一是肯定成绩、总结经验，简要总结了过去一年我市教育系统党建工作和党风廉政建设情况，要求进一步增强做好党建工作的信心和决心;二是提高认识、正视不足，分析了当前我市中小学党建工作和党风廉政建设存在的突出问题，并要求切实增强做好新时代教育系统党建工作的思想自觉和政治自觉;三是以党的政治建设为统领，以打造“书香党建·清风校园”为核心，以“五大聚焦、五大增强”为工作重点，具体部署了今年党建工作和党风廉政建设。</p><p>  最后，蒋局长还结合工作实际，重点部署、强调了下阶段招生政策改革、校园安全工作、人事制度改革、教学质量提升、学生体质健康和青少年近视防控等五项重点工作。</p><p>  市教育局党委委员郎伯能作大会总结，要求局机关和全市各级各类学校根据市委市政府和局党委的工作部署，突出重点、迅速行动，集中精力、狠抓落实，要以高度的自觉、饱满的热情、奔跑的状态，做到真管党、严治党，全面加强党的建设，推进全面从严治党落地生根，为重振临海教育雄风、建设活力品质幸福临海作出不懈努力。</p>','','/uploads/pic/20210119/0369c488c2f9b09a56f33e8ef842bf05.jpg','图文','24','上线','/uploads/pic/20210119/0369c488c2f9b09a56f33e8ef842bf05.jpg','','4c8f125cd4334b248dceed93ee330685','','','2021-01-26 03:05:23','0000-00-00 00:00:00','2021-01-26 03:05:23','0000-00-00 00:00:00',99,'n','',0,'n','y','',''),(22,'【临海市】“5S”管理焕发党建新活力','<p cms-style=\"font-L\">　　党建强，则发展强。</p><p cms-style=\"font-L\">　　今年来，临海市以组织力评估体系为机关党建工作绘制清晰“施工图”，精耕细作，激活社会发展“一池春水”，为高质量发展注入强劲动能。</p><p cms-style=\"font-L\">　　“把创新作为破难提质的重要途径，深入实施机关支部组织力提升工程。”临海市委书记梅式苗说，“以高质量的机关党建引领保障机关建设，在助力‘两战两赢’中担当有为，为‘重要窗口’建设增添亮丽底色。”</p><p cms-style=\"font-L\">　　<font cms-style=\"font-L\">“书香”赋能 理论武装走深走实</font></p><p cms-style=\"font-L\">　　“开始抢答！”日前，临海市“建设清廉机关 创建模范机关”党建知识竞赛上，随着主持人一声令下，蓄势待发的选手们分秒必争，踊跃按下抢答器，精彩回答获得阵阵掌声。</p><p cms-style=\"font-L\">　　以赛促学、学以广才、赋能事业，聚焦政治引领“主心骨”，临海市创新模式，通过推行审读验学、品读研学、解读导学等“三学”模式，邀请理论专家、党校老师、党政机关领导干部授课解读，已累计组织“你问我答”、读书竞赛联赛、机关大党课等活动100余场。</p><p cms-style=\"font-L\">　　“政治领导力作为组织力体系的重要组成，我们在面上以‘思想引领、读书立心’为抓手，提升党员干部党性修养，进而提升各支部政治领导力，夯实战斗堡垒作用。”临海市委直属机关工委常务副书记朱连心说，“前不久，我们创办的‘初心读书社’获得了全国优秀成果征集活动二等奖。”</p><p cms-style=\"font-L\">　　书香满机关，学习成习惯。围绕“系列讲话、重要窗口、党史国史、党纪党规、两战两赢”等方面拟定学习主题，该市38个“初心读书社”构建形成了全市机关读书矩阵，300多个机关支部周一学习夜、“万名党员大培训”常态化开展，“分享悦读、榜样领读”“支部书记讲党课”等蔚然成风。</p><p cms-style=\"font-L\">　　<font cms-style=\"font-L\">铁军淬炼 争当先锋“答卷人”</font></p><p cms-style=\"font-L\">　　21天突破尤汛分洪隧洞政策处理；8天完成余温公路分户评估丈量，3天完成土地清表……首创“钉单”工作法，汛桥镇以“党建+”重点项目为抓手，全面提升党员干部执行力，展现基层铁军满格的战斗力。</p><p cms-style=\"font-L\">　　抓好党员先进性与服务大局的融合，临海市市场监管局全局党员干部在小微企业和个体工商户“两直”纾困期间连续无休奋战，完成补助总量20310户，居台州第一；兑付金额1.16亿余元，兑付速度居台州第一。</p><p cms-style=\"font-L\">　　在9月的临海市“建设清廉机关 创建模范机关”推进会上，汛桥镇、市场监管局在内的机关党建工作各类先进名单一公布，掀起了新一轮比学赶超争先热潮。</p><p cms-style=\"font-L\">　　把党旗插到招商引资、项目攻坚、科技新长征、民营经济高质量发展一线，让党员干部在“两战两赢”的主战场上争当高效出彩的模范，今年以来，临海深入开展机关党员“双报到双服务”活动，组建“驻企帮帮团”，全市2414名机关党员干部分批次下沉到村社、企业，1200余名机关党员结对企业，帮助协商解决问题500余起。</p><p cms-style=\"font-L\">　　“抓实党建，工作就有了凝聚力、战斗力、推动力。”临海市委常委、组织部长董金喜总结道，“中心工作部署到哪里，党建工作就统领到哪里，党支部战斗堡垒和党员先锋模范作用就发挥到哪里。”</p>','','/uploads/pic/20210119/7b00a6f1b8fb90bea7e657bf10131cef.jpg','图文','24','上线','','','4c8f125cd4334b248dceed93ee330685','','','2021-01-26 03:04:46','0000-00-00 00:00:00','2021-01-26 03:04:46','0000-00-00 00:00:00',99,'n','',0,'n','y','',''),(23,'临海市检察院召开2020年党建工作专题研究会','<p><img data-index=\"1611036216054-0\" src=\"/uploads/pic/20210119/a97d20cb1dc2b2fc27d2bf1a5baa384b.jpg\" alt=\"\"> <img data-index=\"1611036216054-1\" src=\"/uploads/pic/20210119/6251fdcdf2cbaa41eb8d51f1c933456a.jpg\" alt=\"\"> </p><p>  2020年5月19日下午，临海市人民检察院在院七楼会议室召开2020年党建工作专题研究会，会议由院党组成员、政治部主任、机关党委书记郑尚茂主持，院领导、机关党委专职副书记、各支部书记和委员参加此次会议。</p><p>  会上，院机关党委专职副书记和各支部书记围绕2020年党建工作进行汇报，并就如何进一步深化支部品牌建设、加强党内监督工作做出了详细阐述。</p><p><img data-index=\"1611036259754-0\" src=\"/uploads/pic/20210119/a2e4c2ad66e2ea2b5a7e3e174aa8b4a0.jpg\" alt=\"\"> </p><p>  最后，院党组书记、检察长庞威强调，要始终坚持党对检察工作的全面领导，树牢“四个意识”、坚定“四个自信”，践行“两个维护”，围绕检察工作中心大局，突出思想政治引领。我院党建工作虽然取得一定的成绩，但还是要不断努力。近期我院制定出台了《关于进一步加强支部工作意见》，各支部都按照《工作意见》的具体要求进行了换届选举，选优配强了支部委员队伍。党的建设永远在路上，只有进行时，没有休止符。同时庞检提出四点要求：一是忠诚党的建设要落在热爱党的建设上；二是要努力形成、践行抓党建的高标准——就是以高度的政治自觉、法治自觉和检察自觉做好党建工作；三是不仅愿做、更要会做善做党建工作；四是要切实扛起党建的责任，细化党建目标。</p>','','/uploads/pic/20210119/a97d20cb1dc2b2fc27d2bf1a5baa384b.jpg','图文','24','上线','/uploads/pic/20210119/a97d20cb1dc2b2fc27d2bf1a5baa384b.jpg,/uploads/pic/20210119/6251fdcdf2cbaa41eb8d51f1c933456a.jpg,/uploads/pic/20210119/a2e4c2ad66e2ea2b5a7e3e174aa8b4a0.jpg','','4c8f125cd4334b248dceed93ee330685','','','2021-02-26 01:34:32','0000-00-00 00:00:00','2021-02-26 01:34:32','0000-00-00 00:00:00',99,'n','',0,'n','y','3356068006',''),(36,'2020年党支部动态','<p>  2020年12月9日，党委办公室、党委统战部党支部联党委宣传部党支部共同开展“初心与使命”主题党日活动，传承革命精神，增强使命意识。</p><p><img data-index=\"1611802107100-0\" src=\"/uploads/pic/20210128/a6088a088e4e758d56503cd820bd9c3d.jpg\" alt=\"\"> </p><p>  上午，支部全体在职党员和党委宣传部支部全体在职党员参加了驻苏部属高校淮海战役革命文化研讨会暨淮海战役胜利70周年纪念活动。纪念活动上，大家与驻苏9所部属高校的师生代表一起向淮海战役烈士纪念塔敬献花篮，并庄严宣誓，缅怀革命先烈。仪式结束后，两个支部的全体党员在纪念塔下重温了入党誓词，并参观了淮海战役纪念馆。通过参观和聆听讲解，对淮海战役的战争背景、主要过程和重要意义有了全面而深入的了解，深刻地体会到了淮海战役所蕴藏的丰富的革命文化内涵，深刻认识到了党依靠群众求胜利的工作作风和斗争艺术，深切感受到了中国共产党为中国人民谋幸福、为中华民族谋复兴的伟大初心和使命。&nbsp;</p><p><img data-index=\"1611802123542-0\" src=\"/uploads/pic/20210128/6a6f944cddd5764a23aee3b414c957aa.jpg\" alt=\"\"> </p><p>  下午，支部党员在江苏省科技镇长团徐州鼓楼团负责同志的陪同下，调研参观了徐州市鼓楼区产业规划展示中心。支部成员在工作人员的带领下进入展厅内部，对“4+2主导产业链、5+1新兴产业链、鼓楼高新区的三大板块、十个园区、十个平台”进行了详细了解。随后，支部成员一起参观了鼓楼区云创科技园，对3D打印等高新技术创新成果等进行了深入了解。近距离感受科技创新对推动引领经济社会发展的同时，也进一步增强了高校党支部在服务科技创新成果转化，服务国家区域经济建设的责任感使命感。</p><p>  通过此次主题党日活动，支部同志们纷纷表示，将不忘党员初心、传承红色基因，立足岗位职责、勇担时代使命，为东南大学“双一流”建设，为实现中国梦贡献最大力量。</p>','','/uploads/pic/20210128/c6be811bb8dfc343777f72af89444b10.jpg','图文','25','上线','/uploads/pic/20210128/a6088a088e4e758d56503cd820bd9c3d.jpg,/uploads/pic/20210128/6a6f944cddd5764a23aee3b414c957aa.jpg','','4c8f125cd4334b248dceed93ee330685','','','2021-01-28 06:07:09','0000-00-00 00:00:00','2021-01-28 06:07:09','0000-00-00 00:00:00',99,'n','',0,'n','y','',''),(37,'学党章 知党史——党支部开展专题学习会','<p>  &nbsp;&nbsp;为认真学习党章、严格遵守党章，树立严实标尺，弘扬担当精神，不断增强党员的党性修养。12月11日下午，经管系党支部开展“学党章&nbsp;&nbsp;知党史&nbsp;&nbsp;绘党情 书党恩”——《中国共产党章程》专题学习会，本次专题学习会分为“学党章知党史”和“绘党情书党恩”两个部分，会议由经管系党支部书记孙天慧主持，经管系全体党员参会。</p><p>  &nbsp; 在“学党章、知党史”环节，经管系党支部书记孙天慧首先带领大家从“党章的概述、党章的总纲、党章的条文、学习和遵守党章”四个方面进行学习，全面领会党的纲领、党的宗旨以及党员的义务和权利。随后，孙书记着重强调了学习党章的具体要求，要求全体党员教师保持政治过硬的本色、牢记党员使命，提高遵守党章、贯彻党章、维护党章的意识；并对照党章找出差距，以党章为规矩，以党章为镜鉴，用党章规范行为，提升党性修养；在遵守党章基本准则和规定的基础上，将党章作为必修课学习好、贯彻好、落实好，内化于心，外化于形，做一名新时代的合格党员。</p><p><img data-index=\"1611814161723-0\" src=\"/uploads/pic/20210128/a590942a1b5582e8ccff50e81e15b068.jpg\" alt=\"\">&nbsp;</p><p><img data-index=\"1611814166221-0\" src=\"/uploads/pic/20210128/ba718ac878498b7cddcf09af0ae7ec86.jpg\" alt=\"\"> </p><p>  在“绘党史、书党恩”环节，为了讴歌对党的热爱、抒发对祖国和人民奋发图强所创造的丰功伟绩的赞叹，展现时代特色和精神风貌，经管系党员教师拿起绘笔，用深情的文字书写党情，用神奇的画笔绘出深深党恩，把对党的真挚祝福、对党章的学习体会凝聚在笔尖上，挥洒在画纸上，用笔抒情写意，用墨传情言志，讴歌党的丰功伟绩。</p><p><img data-index=\"1611814225316-0\" src=\"/uploads/pic/20210128/39e5df9f3271552a79ba523ead808de0.jpg\" alt=\"\"> </p><p>  认真学习党章、严格遵守党章，是加强党的建设的一项基础性经常性工作，也是全党同志的应尽义务和庄严责任，通过此次专题学习会，强化了全体党员学习党章、遵守党章的意识，增强了党支部的创造力、凝聚力、战斗力，对增强党员教师的党性修养、提升党支部的战斗堡垒作用具有重要的理论和实践意义。</p><p><br></p>','','/uploads/pic/20210128/39d4de7bd3e3ddb5dc9db2dbf484bf59.jpg','图文','25','上线','/uploads/pic/20210128/a590942a1b5582e8ccff50e81e15b068.jpg,/uploads/pic/20210128/ba718ac878498b7cddcf09af0ae7ec86.jpg,/uploads/pic/20210128/39e5df9f3271552a79ba523ead808de0.jpg','','4c8f125cd4334b248dceed93ee330685','','','2021-03-09 02:43:39','0000-00-00 00:00:00','2021-03-09 02:43:39','0000-00-00 00:00:00',99,'n','',0,'n','y','',''),(39,'全国脱贫攻坚总结表彰大会','','3365903094','/uploads/pic/20210302/87c547bd808b103b8abb765f556fa3dc.png','全屏视频','27','上线','','','4c8f125cd4334b248dceed93ee330685','','','2021-03-02 07:33:59','0000-00-00 00:00:00','2021-03-02 07:33:59','0000-00-00 00:00:00',99,'n','',0,'n','y','','3'),(40,'“国史讲堂”第二季“党史微课”','','3367854038','/uploads/pic/20210302/6ace45b31ef3d10b5df0af17b4b27515.png','全屏视频','27','上线','','','4c8f125cd4334b248dceed93ee330685','','','2021-03-02 07:49:24','0000-00-00 00:00:00','2021-03-02 07:49:24','0000-00-00 00:00:00',99,'n','',0,'n','y','','1'),(41,'新中国政治制度是如何确立的','','3367873499','/uploads/pic/20210302/b89954b2a27c0e1a0b431c908c1ea93d.png','全屏视频','27','上线','','','4c8f125cd4334b248dceed93ee330685','','','2021-03-02 08:07:55','0000-00-00 00:00:00','2021-03-02 08:07:55','0000-00-00 00:00:00',99,'n','',0,'n','y','','1'),(42,'从新时代发展看中国特色社会主义理论自信','','3367892055','/uploads/pic/20210302/61384d6261daccf0c7c6a021df48e6de.png','全屏视频','27','上线','','','4c8f125cd4334b248dceed93ee330685','','','2021-03-02 08:18:33','0000-00-00 00:00:00','2021-03-02 08:18:33','0000-00-00 00:00:00',99,'n','',0,'n','y','','2'),(43,'习近平新时代中国特色社会主义思想指引“十三五”经济社会发展','','3367915374','/uploads/pic/20210302/14c4b1b2db8319b9e2a4216ad9e85776.png','全屏视频','27','上线','','','4c8f125cd4334b248dceed93ee330685','','','2021-03-02 08:38:39','0000-00-00 00:00:00','2021-03-02 08:38:39','0000-00-00 00:00:00',99,'n','',0,'n','y','','2'),(44,'读《习近平谈治国理政》','','3369414779','/uploads/pic/20210303/40ff06238e2d51aed0822ec3ffdf1d42.jpg','全屏视频','28','上线','','','4c8f125cd4334b248dceed93ee330685','','','2021-03-03 07:26:09','0000-00-00 00:00:00','2021-03-03 07:26:09','0000-00-00 00:00:00',99,'n','',0,'n','y','','5'),(45,'数字经济带你洞察未来','','3369418563','/uploads/pic/20210303/b71f5cff922f89dfb5cebf4352c59ee1.jpg','全屏视频','28','上线','','','4c8f125cd4334b248dceed93ee330685','','','2021-03-03 07:25:59','0000-00-00 00:00:00','2021-03-03 07:25:59','0000-00-00 00:00:00',99,'n','',0,'n','y','','5'),(46,'习近平谈“一带一路”','','3369423373','/uploads/pic/20210303/87a52ba001cf16e2f54000996ee7bb0b.jpg','全屏视频','28','上线','','','4c8f125cd4334b248dceed93ee330685','','','2021-03-03 07:25:38','0000-00-00 00:00:00','2021-03-03 07:25:38','0000-00-00 00:00:00',99,'n','',0,'n','y','','6'),(47,'新时代对党员的总要求','','3370649045','/uploads/pic/20210304/bf1507b908b149bbf4865535e8d61e8d.jpg','全屏视频','28','上线','','','4c8f125cd4334b248dceed93ee330685','','','2021-03-04 02:00:21','0000-00-00 00:00:00','2021-03-04 02:00:21','0000-00-00 00:00:00',99,'n','',0,'n','y','','5'),(48,'创建党建标准体系','','3370641832','/uploads/pic/20210304/0c3ed1d300ae78338916ade5beedb070.png','全屏视频','28','上线','','','4c8f125cd4334b248dceed93ee330685','','','2021-03-04 02:07:29','0000-00-00 00:00:00','2021-03-04 02:07:29','0000-00-00 00:00:00',99,'n','',0,'n','y','','5'),(49,'新时代战略思想','','3370655227','/uploads/pic/20210304/9bc0320345ff42c4af50359e5c232cc4.png','全屏视频','28','上线','','','4c8f125cd4334b248dceed93ee330685','','','2021-03-04 02:08:09','0000-00-00 00:00:00','2021-03-04 02:08:09','0000-00-00 00:00:00',99,'n','',0,'n','y','','5'),(50,'纪念建军91周年','','3370659498','/uploads/pic/20210304/0cd188458dc806cfd74abd59a2100c9a.png','全屏视频','27','上线','','','4c8f125cd4334b248dceed93ee330685','','','2021-03-04 02:17:16','0000-00-00 00:00:00','2021-03-04 02:17:16','0000-00-00 00:00:00',99,'n','',0,'n','y','','1'),(54,'“牢记初心，不忘使命”重走垦荒路','<p>  10月10日至11日，椒江广电中心党组理论学习中心组在大陈岛举行“重走垦荒路”主题教育第二次专题学习会。中心党组领导和支部全体党员登上了凤尾山顶，瞻仰垦荒纪念碑，并在纪念碑前重温入党誓词；走访了岛上在建重点工程项目，参观了大陈岛陈列室，重温习近平总书记“一次上岛、两次回信”重要指示精神、重温大陈岛垦荒历史、追寻垦荒足迹，感悟奋斗初心，汲取信仰力量，守初心、担使命，做新时代的垦荒人。在大陈镇的学习课堂，召开了集中学习会，自学《习近平关于“不忘初心、牢记使命”论述摘编》和党章，中心党组领导和全体党员结合自身工作，分享交流学习体会。</p><p><img data-index=\"1615258085498-0\" src=\"/uploads/pic/20210309/a56e7970ce5b8aa346056e6f5228b7c4.jpg\" alt=\"\"> <img data-index=\"1615258085498-1\" src=\"/uploads/pic/20210309/022f2937ed256df6fd47ae02f66aa6ae.jpg\" alt=\"\"> <img data-index=\"1615258085498-2\" src=\"/uploads/pic/20210309/a81504560c92f26f5650a08094f00aef.jpg\" alt=\"\"> </p><p><br></p>','','/uploads/pic/20210309/f2ade23f721a391c8156ce9640ab44e9.jpg','图文','25','上线','/uploads/pic/20210309/a56e7970ce5b8aa346056e6f5228b7c4.jpg,/uploads/pic/20210309/022f2937ed256df6fd47ae02f66aa6ae.jpg,/uploads/pic/20210309/a81504560c92f26f5650a08094f00aef.jpg','','4c8f125cd4334b248dceed93ee330685','','','2021-03-09 02:48:44','0000-00-00 00:00:00','2021-03-09 02:48:44','0000-00-00 00:00:00',99,'n','',0,'n','y','',''),(55,'台州档案馆参观+观影','<p>  11月4号下午，椒江广电中心机关党支部组织全体党员，参观了在台州市档案馆展出的“不忘初心、牢记使命”主题教育档案文献展。一份份珍贵的红色档案文献，生动再现了一代又一代中国共产党人的奋斗历程，为所有党员上了一堂生动的党课。</p><p><img data-index=\"1615258232278-0\" src=\"/uploads/pic/20210309/9abe7f7cfb767aee1e678601be677ad7.jpg\" alt=\"\">&nbsp;</p><p><img data-index=\"1615258258619-0\" src=\"/uploads/pic/20210309/b88929a64aac47906ad8bf14ff5f0974.jpg\" alt=\"\"> </p><p><img data-index=\"1615258242607-0\" src=\"/uploads/pic/20210309/e21d74ea82fa6b1f56694bb63941d126.jpg\" alt=\"\"> </p><p><font face=\"宋体\">  当晚，中心还还组织全体员工观看了爱国主义教育电影《我和我的祖国》。</font></p><p><p><img data-index=\"1615258297462-0\" src=\"/uploads/pic/20210309/c059be960d9f97067676c97f52ea803b.jpg\" alt=\"\"> </p></p><p><p><img data-index=\"1615258271504-0\" src=\"/uploads/pic/20210309/09b8e7083840a955c67c3ba4ad1ca53a.jpg\" alt=\"\"></p></p>','','/uploads/pic/20210309/f5cbfe77d54197fcdde079bc9f89298b.jpg','图文','25','上线','/uploads/pic/20210309/9abe7f7cfb767aee1e678601be677ad7.jpg,/uploads/pic/20210309/b88929a64aac47906ad8bf14ff5f0974.jpg,/uploads/pic/20210309/e21d74ea82fa6b1f56694bb63941d126.jpg,/uploads/pic/20210309/c059be960d9f97067676c97f52ea803b.jpg,/uploads/pic/20210309/09b8e7083840a955c67c3ba4ad1ca53a.jpg','','4c8f125cd4334b248dceed93ee330685','','','2021-03-09 02:52:22','0000-00-00 00:00:00','2021-03-09 02:52:22','0000-00-00 00:00:00',99,'n','',0,'n','y','',''),(57,'新时代中国特色社会主义民主政治的创新发展','<p class=\"text_align-justify text_indent-2em\" data-source=\"cke\">  发展社会主义民主政治是新时代坚持和发展中国特色社会主义的重要内容，也是新时代坚持和发展中国特色社会主义的根本保证。党的十八大以来，以习近平同志为核心的党中央站在历史和时代高度，不断深化对共产党执政规律、社会主义建设规律、人类社会发展规律的认识，不断深化对政治文明演进规律、民主政治发展规律的认识，开辟了马克思主义国家治理学说的新境界。在制度建设上更加注重系统集成、协同高效，更加注重体系化，是习近平新时代中国特色社会主义思想的显著特征。新时代我国民主政治的一个重要特点就是在统筹推进党的领导制度体系建设、人民当家作主制度体系建设、中国特色社会主义法治体系建设、国家治理体系建设、协商民主制度体系建设中，实现新时代中国特色社会主义民主政治建设从制度到制度体系的飞跃，推动新时代中国特色社会主义民主政治向更高水平、更高质量稳步发展。</p><p class=\"text_align-justify text_indent-2em\" data-source=\"cke\">  新时代中国特色社会主义民主政治的基本内涵</p><p class=\"text_align-justify text_indent-2em\" data-source=\"cke\">  政治科学旨在简洁明了地概括重要的政治概念并以此揭示政治实践的本质内涵，它要回答：什么是政治？什么是民主政治？什么是社会主义民主政治？社会主义民主政治与西方民主政治有什么区别？为什么会产生不同的民主政治？什么是中国特色社会主义民主政治？今天，我们尤其需要回答的关键问题是：新时代中国特色社会主义民主政治是什么？</p><p class=\"text_align-justify text_indent-2em\" data-source=\"cke\">  习近平总书记深刻指出：“我国社会主义民主是维护人民根本利益的最广泛、最真实、最管用的民主”，“人民当家作主是社会主义民主政治的本质和核心。人民民主是社会主义的生命。没有民主就没有社会主义，就没有社会主义的现代化，就没有中华民族伟大复兴。”新时代中国特色社会主义民主政治，是党领导人民当家作主，依法治理国家，以人民民主制度体系发展成果倾听人民呼声、回应人民期待、凝聚人民力量，实现“两个一百年”奋斗目标，实现中华民族伟大复兴的中国梦这一使命任务。我们理解，这样一句话阐释了新时代中国特色社会主义民主政治的基本内涵。</p><p class=\"text_align-justify text_indent-2em\" data-source=\"cke\">  党的领导是人民当家作主和依法治国的根本保障，人民当家作主是社会主义民主政治的本质特征，依法治国是党领导人民当家作主、治理国家的基本方式，三者有机统一于我国社会主义民主政治伟大实践，其中的两个行动主体即党和人民，一个共同的行为主题即治理国家。</p><p class=\"text_align-justify text_indent-2em\" data-source=\"cke\">  新时代推进中国特色社会主义民主政治建设的重要意义</p><p class=\"text_align-justify text_indent-2em\" data-source=\"cke\">  民主政治是建立在经济社会基础上的上层建筑。因此，世界历史和现实生活中付诸实施的民主政治无不具有特定的阶级性质。任何一种民主政治的阶级实质、制度特征、运行特点，归根结底都是由在该国社会经济关系中居于统治地位的阶级的根本利益、价值观念和意识形态决定的，并受到该国历史沿革、民族传统和经济文化水平的影响。因此，世界各国的民主政治呈现多元的发展形态。</p><p class=\"text_align-justify text_indent-2em\" data-source=\"cke\">  对一个国家而言，究竟哪种民主政治形态才是更加合理的？遵循一个根本标准，即是否真正“以人民为中心”，是否真正做到了“人民至上”。只有始终同人民在一起，时刻牢记“为了谁、依靠谁、我是谁”，才能切实维护人民的根本利益，才能得到人民的高度认同和真心拥护。人民是历史的创造者。“得众则得国，失众则失国”“得民心者得天下，失民心者失天下”，揭示的就是这样一个真理。习近平总书记强调，“人心是最大的政治，共识是奋进的动力”，这是对人类社会历史发展规律的深刻揭示。从本质上讲，“人心”就是人们的所思所想、所愿所盼；“共识”就是人们一致的思想、共同的愿望。个体的所思所想汇聚成集体的共识，进而激发集体行动，而人心就成为决定性的力量，就成为“最大的政治”。</p><p class=\"text_align-justify text_indent-2em\" data-source=\"cke\">  发展最广泛、最真实、最彻底的人民民主是中国共产党与生俱来的理想追求和矢志不渝的奋斗方向。在革命战争、社会主义建设和改革开放不同历史时期，我们党都对发展民主政治进行了卓有成效的探索，取得了开创性成就，奠定了我国政治建设和政治文明发展的坚实基础。党的十八大以来，以习近平同志为核心的党中央坚定不移走中国特色社会主义政治发展道路，坚持党的领导、人民当家作主、依法治国有机统一，总揽全局、协调各方，积极稳妥推进政治体制改革，用制度体系保证人民当家作主，推动协商民主广泛、多层次、制度化发展，全面贯彻党的民族政策、宗教政策，巩固和发展最广泛的爱国统一战线，凝聚起“同心共筑中国梦”的强大力量，为中华民族的伟大复兴提供强大的制度支撑和政治保障。</p><p class=\"text_align-justify text_indent-2em\" data-source=\"cke\">  当今世界正经历百年未有之大变局，人类文明走到了一个新的“十字路口”。是否实行并不断发展民主政治，是衡量一种政治制度、一种社会形态文明程度的重要标准。过去相当长一个历史时期，以美国为代表的西方国家以其“自由市场经济+民主政治制度”为至上范本，宣称为人类社会提供所谓“普世”的政治制度解决方案。今天，由信息化、智能化引领的新技术革命正深刻地改变着人们的思维方式、生产方式、生活方式、组织动员形式等，西方政治体制暴露出党争严重、政策短视、决策低效等困境，民粹主义在美国兴起蔓延，英国围绕脱欧议题反复辗转，欧盟陷入迷茫纠结……我们看到，资本主义政治体制的民主“遮羞布”已经被撕去，资本主义民主政治的本质及其不可调和的内生性矛盾与危机正在加速显现。与此形成鲜明比照的是，中国特色社会主义民主政治的显著特色和巨大优势更加凸显，保障我国经济社会发展“两个奇迹”的顺利实现。我国综合国力大幅跃升，人民群众的获得感、幸福感、安全感持续增强，14亿中国人民更加凝聚团结，中华民族伟大复兴呈现光明前景。在大变局和历史交汇处，日益走近世界舞台中央的中国人民要为人类文明发展作出新的更大历史性贡献，就必然要在民主政治建设与发展方面取得新的更大成就、更大进步，真正形成超越西方政治文明的划时代创造，形成更高层次、更高形态的民主政治制度及其运行机制。</p><p class=\"text_align-justify text_indent-2em\" data-source=\"cke\">  新时代中国特色社会主义民主政治的根本性建设</p><p class=\"text_align-justify text_indent-2em\" data-source=\"cke\">  制度优势是一个国家的最大优势，制度竞争是国家间最根本的竞争。以什么样的思路来谋划和推进中国社会主义民主政治建设，在国家政治生活中具有管根本、管全局、管长远的重要作用。社会主义民主政治制度是在我国历史传承、文化传统、经济社会发展的基础上长期发展、渐进改进、内生性演化的结果。回溯历史，我们可以看到我国社会主义民主政治制度不断完善发展的轨迹。党的十一届三中全会推动了思想解放，在观念上为社会主义民主政治的发展扫除了障碍，由此展开制度化与法治化建设，使社会主义制度文明建设进入新的历史阶段。在改革开放历史进程中，党和国家不断强调发展民主政治的重要作用及其重大意义。邓小平同志指出，“没有民主就没有社会主义，就没有社会主义的现代化”，“我们进行社会主义现代化建设，是要在经济上赶上发达的资本主义国家，在政治上创造比资本主义国家的民主更高更切实的民主”；党的十六大报告提出，“党内民主是党的生命”；党的十七大报告指出，“人民民主是社会主义的生命”。改革开放四十多年来，我国民主政治建设在取得丰硕理论成果的同时，也不断积极探索民主政治的发展道路和实现形式。</p><p class=\"text_align-justify text_indent-2em\" data-source=\"cke\">  中国特色社会主义进入新时代，如何使民主制度的协同效应得到最大发挥，是迫切需要解决的重要问题。习近平总书记指出，“发展社会主义民主政治，关键是要增加和扩大我们的优势和特点，而不是要削弱和缩小我们的优势和特点”。无论是从有效保证人民享有更广泛、更充分的权利和自由的角度出发，还是从有效调节国家政治关系、发展充满活力的政党关系、民族关系、阶级关系、海内外同胞关系等方面着眼，社会主义民主政治的发展必然要经历一个制度上不断丰富并且向构建完善制度体系进阶的过程。这其中既要有科学指导思想，又要有严谨制度安排；既要有明确价值取向，又要具备有效实现形式，从而构成一个渐趋定型和成熟的复杂制度体系。</p><p class=\"text_align-justify text_indent-2em\" data-source=\"cke\">  “制度化”强调方向性，而“制度体系”则强调整体性和系统性，能够为制度之间的相互支撑提供保障，使其形成协同效应，让制度的效能得到最大限度地释放，从而把开拓正确道路、发展科学理论、建设有效制度有机统一起来。党的十八大报告对制度体系提出了全面和系统的要求，即全面建成小康社会，必须“坚决破除一切妨碍科学发展的思想观念和体制机制弊端，构建系统完备、科学规范、运行有效的制度体系，使各方面制度更加成熟更加定型”；党的十八届三中全会指出，“到2020年，在重要领域和关键环节改革上取得决定性成果，形成系统完备、科学规范、运行有效的制度体系，使各方面制度更加成熟更加定型”；党的十九大进一步明确了“全面深化改革总目标是完善和发展中国特色社会主义制度、推进国家治理体系和治理能力现代化”，更加突出了中国特色社会主义制度“体系化”建设的特征，注重从整体上和宏观上建立健全中国特色社会主义制度。除了进一步突出了党的十八大报告所提出的一般意义上的“制度体系”概念之外，党的十九大报告还提出了建设“人民当家作主制度体系”“国家安全制度体系”“党内法规制度体系”“生态文明制度体系”等明确要求。在此基础上，党的十九届四中全会进一步提出“坚持和完善人民当家作主制度体系，发展社会主义民主政治”，从而不断健全民主制度，丰富民主形式，拓宽民主渠道，使各方面制度和国家治理更好体现人民意志、保障人民权益、激发人民创造力。构建系统完备、科学规范、运行有效的制度体系，充分发挥我国社会主义制度优越性，意味着我国在制度建设上更加注重相互支撑、更加注重协同高效、更加注重体系化现代化。</p><p class=\"text_align-justify text_indent-2em\" data-source=\"cke\">  新时代中国特色社会主义民主政治创新发展的具体体现</p><p class=\"text_align-justify text_indent-2em\" data-source=\"cke\">  实现党的领导、人民当家作主、依法治国三者的有机统一，系统推进党的领导制度体系、人民当家作主制度体系、中国特色社会主义法治体系、国家治理体系、协商民主制度体系五个方面的重要制度体系建设，构成新时代中国特色社会主义民主政治的“四梁八柱”，使新时代中国特色社会主义民主政治更加成熟定型，确保了国家政治生活的民主化、法治化，进而保障了我国政治生态持续向好，为中华民族伟大复兴提供了强大政治支撑。</p><p class=\"text_align-justify text_indent-2em\" data-source=\"cke\">  党的领导是中国特色社会主义最本质的特征，是中国特色社会主义制度的最大优势。党的领导必须是全面的、系统的、整体的。作为最高政治领导力量，中国共产党不断健全总揽全局、协调各方的党的领导制度体系，从理想信念自我锻造、行动落实高度自觉、履职尽责协同发力、群众路线血肉联系、增强本领担当作为和推进全面从严治党等六大方面不断加强自身建设。特别需要指出的是，党的十八大报告在明确“制度体系”概念的同时，还重点提出了要加强“党内民主制度体系”建设，明确“党内民主是党的生命”，“要坚持民主集中制，健全党内民主制度体系，以党内民主带动人民民主”。党的十八届四中全会提出“加强党内法规制度建设”，党的十九大报告进一步提出“加快形成覆盖党的领导和党的建设各方面的党内法规制度体系”，党的十九届四中全会就“坚持和完善党的领导制度体系，提高党科学执政、民主执政、依法执政水平”作出了全面部署。</p><p class=\"text_align-justify text_indent-2em\" data-source=\"cke\">  人民当家作主是社会主义民主政治建设的本质与核心。坚持和完善人民当家作主制度体系，要坚持和完善人民代表大会制度、中国共产党领导的多党合作和政治协商制度、巩固和发展最广泛的爱国统一战线、民族区域自治制度、基层群众自治制度等，以不断完善的制度体系保证人民当家作主。人民代表大会制度是保证人民当家作主的根本政治制度，也是支撑我国国家治理体系和治理能力的根本政治制度。在庆祝全国人民代表大会成立六十周年大会上，习近平总书记指出：“人民的眼睛是雪亮的，人民是无所不在的监督力量。只有让人民来监督政府，政府才不会懈怠；只有人人起来负责，才不会人亡政息。”通过人民当家作主制度体系建设，民主选举、民主协商、民主决策、民主管理、民主监督的实行得到了制度保障，不仅丰富了民主形式，也拓宽了民主渠道。</p><p class=\"text_align-justify text_indent-2em\" data-source=\"cke\">  全面依法治国是坚持和发展中国特色社会主义的本质要求和重要保障，坚持依法治国、依法执政、依法行政共同推进，坚持法治国家、法治政府、法治社会一体建设，能够为中国特色社会主义民主政治建设提供法治保障。“国无常强，无常弱。奉法者强则国强，奉法者弱则国弱。”我国社会主义制度保证了人民当家作主的主体地位，也保证了人民在全面推进依法治国中的主体地位。关于党的领导和依法治国的关系，习近平总书记指出，“社会主义法治必须坚持党的领导，党的领导必须依靠社会主义法治。在我国，法是党的主张和人民意愿的统一体现，党领导人民制定宪法法律，党领导人民实施宪法法律，党自身必须在宪法法律范围内活动，这就是党的领导力量的体现”。2014年2月，在中央全面深化改革领导小组第二次会议上，习近平总书记强调，“凡属重大改革都要于法有据”。党的十八届四中全会作出《中共中央关于全面推进依法治国若干重大问题的决定》，明确规定党政主要负责人是履行推进法治建设第一责任人，在人大建立了宪法宣誓制度，积极推行政府法律顾问制度，切实增强了我们党运用法律手段领导和治理国家的能力。依托形成完备的法律规范体系、高效的法治实施体系、严密的法治监督体系、有力的法治保障体系和完善的党内法规体系等五大体系，中国特色社会主义法治体系建设把各方面的工作有机串联起来，确保了国家治理体系协调顺畅地运行。</p><p class=\"text_align-justify text_indent-2em\" data-source=\"cke\">  国家治理体系是社会主义民主政治建设的重要内容，而发展社会主义民主政治也是推进国家治理体系和治理能力现代化的题中应有之义。党的十八届三中全会第一次提出国家治理体系和治理能力现代化问题，明确了全面深化改革的总目标。党的十九届四中全会指出，我国国家治理一切工作和活动都依照中国特色社会主义制度展开，我国国家治理体系和治理能力是中国特色社会主义制度及其执行能力的集中体现。习近平总书记指出：“看一个制度好不好、优越不优越，要从政治上、大的方面去评判和把握。”我国国家治理体系和治理能力现代化建设，伴随改革发展的全面深入持续推进，在为人民群众生产生活提供高质量治理服务的同时，也为社会主义民主政治建设提供了广阔的探索实践舞台。在制度和实践层面，中国特色社会主义民主政治建设也在推进社会主义制度优势更好地转化为治理效能。国家治理体系与中国特色社会主义民主政治建设的协同互动，一同亮明并践行中国共产党作为马克思主义政党所坚守的人民至上的根本立场。</p><p class=\"text_align-justify text_indent-2em\" data-source=\"cke\">  协商民主是实现党的领导的重要方式，是我国社会主义民主政治的特有形式和独特优势。协商民主源于以团结与民主为主题的最广泛的爱国统一战线，它也是党的群众路线在政治领域的重要体现。习近平总书记指出，“协商民主是我国社会主义民主政治的特有形式和独特优势，是党的群众路线在政治领域的重要体现”，“要完善协商民主制度和工作机制，推进协商民主广泛多层制度化发展”。党的十九届四中全会强调我国新型政党制度优势，提出：“坚持社会主义协商民主的独特优势，统筹推进政党协商、人大协商、政府协商、政协协商、人民团体协商、基层协商以及社会组织协商，构建程序合理、环节完整的协商民主体系，完善协商于决策之前和决策实施之中的落实机制，丰富有事好商量、众人的事情由众人商量的制度化实践”。协商民主所追求的是全方位、多领域和深层次的民主参与，协商主体从政党、政府、人民团体、社会组织到普通群众，协商内容从政治领域到社会领域，协商层面从中央、地方到基层，绝不是仅局限于某一群体、某个方面或某个层级。多层次、广泛化、制度化的协商民主形式使得新时代中国特色社会主义民主政治生活，避免了西方资本主义偏重于凸显投票权利的形式主义民主，确保民主回归价值本真。正如习近平总书记所指出：“在人民内部各方面广泛商量的过程，就是发扬民主、集思广益的过程，就是统一思想、凝聚共识的过程，就是科学决策、民主决策的过程，就是实现人民当家作主的过程。”</p><p class=\"text_align-justify text_indent-2em\" data-source=\"cke\">  综上，新时代中国特色社会主义民主政治的创新发展，不仅深刻总结社会主义民主政治建设经验，深刻揭示社会主义民主政治建设规律，同时也深刻把握新时代中国特色社会主义民主政治建设重大问题，推动中国化马克思主义民主政治建设思想进入新境界，为增强社会主义民主政治建设效能指明了前进方向、提供了根本遵循，昭示着人类政治文明的发展方向。随着我国民主政治实践的深入推进和新冠肺炎疫情防控等非传统安全问题带来的系统深刻检验，新时代中国特色社会主义民主政治创新发展的根本性意义和创造性价值将进一步显现。</p>','','/uploads/pic/20210312/7037aa8a8fc48ed9a174ba838e8d20f3.png','图文','24','上线','','','4c8f125cd4334b248dceed93ee330685','','','2021-03-12 08:32:43','0000-00-00 00:00:00','2021-03-12 08:32:43','0000-00-00 00:00:00',99,'n','',0,'n','y','3383762927',''),(58,'疫情之下“一带一路”如何推进','','3383867859','/uploads/pic/20210312/408d56fe12696532b7aaa69a23856781.png','全屏视频','28','上线','','','4c8f125cd4334b248dceed93ee330685','','','2021-03-12 09:26:46','0000-00-00 00:00:00','2021-03-12 09:26:46','0000-00-00 00:00:00',99,'n','',0,'n','y','','6'),(59,'21123123123','2323哈哈哈2323哈哈哈2323哈哈哈2323哈哈哈2323哈哈哈2323哈哈哈2323哈哈哈2323哈哈哈2323哈哈哈2323哈哈哈2323哈哈哈2323哈哈哈2323哈哈哈2323哈哈哈2323哈哈哈2323哈哈哈2323哈哈哈2323哈哈哈2323哈哈哈2323哈哈哈2323哈哈哈2323哈哈哈2323哈哈哈2323哈哈哈2323哈哈哈2323哈哈哈2323哈哈哈2323哈哈哈2323哈哈哈2323哈哈哈2323哈哈哈2323哈哈哈2323哈哈哈2323哈哈哈','','/uploads/pic/20210316/dc0974341122f2161667db6c7ba97060.png','图文','27','待审核','','','4c8f125cd4334b248dceed93ee330685','','','2021-03-16 08:31:11','0000-00-00 00:00:00','2021-03-16 08:31:11','0000-00-00 00:00:00',99,'n','',0,'n','y','','3');

--
-- Table structure for table `yl_data_bloodtype`
--

CREATE TABLE `yl_data_bloodtype` (
  `id` tinyint(3) unsigned NOT NULL AUTO_INCREMENT COMMENT '表ID',
  `code` char(1) NOT NULL DEFAULT '' COMMENT '编码',
  `name` varchar(3) NOT NULL DEFAULT '' COMMENT '名称',
  PRIMARY KEY (`id`)
) ENGINE=InnoDB AUTO_INCREMENT=7 DEFAULT CHARSET=utf8mb4 COMMENT='血型表应符合GA/T 2000.37-2014';

--
-- Dumping data for table `yl_data_bloodtype`
--

INSERT INTO `yl_data_bloodtype` VALUES (1,'0','不明'),(2,'1','A型'),(3,'2','B型'),(4,'3','O型'),(5,'4','AB型'),(6,'9','其他');

--
-- Table structure for table `yl_data_country`
--

CREATE TABLE `yl_data_country` (
  `id` tinyint(3) unsigned NOT NULL AUTO_INCREMENT COMMENT '表ID',
  `code` char(3) NOT NULL DEFAULT '' COMMENT '编码',
  `name` varchar(14) NOT NULL DEFAULT '' COMMENT '名称',
  PRIMARY KEY (`id`)
) ENGINE=InnoDB AUTO_INCREMENT=247 DEFAULT CHARSET=utf8mb4 COMMENT='国籍表';

--
-- Dumping data for table `yl_data_country`
--

INSERT INTO `yl_data_country` VALUES (1,'156','中国'),(2,'158','中国台湾'),(3,'344','中国香港'),(4,'446','中国澳门'),(5,'4','阿富汗'),(6,'8','阿尔巴尼亚'),(7,'10','南极洲'),(8,'12','阿尔及利亚'),(9,'16','萨摩亚'),(10,'20','安道尔'),(11,'24','安哥拉'),(12,'28','安提瓜和巴布达'),(13,'31','阿塞拜疆'),(14,'32','阿根廷'),(15,'36','澳大利亚'),(16,'40','奥地利'),(17,'44','巴哈马'),(18,'48','巴林'),(19,'50','孟加拉国'),(20,'51','亚美尼亚'),(21,'52','巴巴多斯'),(22,'56','比利时'),(23,'60','百慕大群岛'),(24,'64','不丹'),(25,'68','玻利维亚'),(26,'70','波斯尼亚和黑塞哥维那'),(27,'72','博茨瓦纳'),(28,'74','布韦岛'),(29,'76','巴西'),(30,'84','伯利兹'),(31,'86','印度洋领地'),(32,'90','所罗门群岛'),(33,'92','维尔京群岛'),(34,'96','文莱'),(35,'100','保加利亚'),(36,'104','缅甸'),(37,'108','布隆迪'),(38,'112','白俄罗斯'),(39,'116','柬埔寨'),(40,'120','喀麦隆'),(41,'124','加拿大'),(42,'132','佛得角'),(43,'136','开曼群岛'),(44,'140','中非共和国'),(45,'144','斯里兰卡'),(46,'148','乍得'),(47,'152','智利'),(48,'162','圣诞岛'),(49,'166','科科斯群岛（基灵群岛）'),(50,'170','哥伦比亚'),(51,'174','科摩罗'),(52,'175','马约特岛'),(53,'178','刚果'),(54,'180','刚果民主共和国'),(55,'184','库克群岛'),(56,'188','哥斯达黎加'),(57,'191','克罗地亚'),(58,'192','古巴'),(59,'196','塞浦路斯'),(60,'203','捷克共和国'),(61,'204','贝宁'),(62,'208','丹麦'),(63,'212','多米尼加'),(64,'214','多米尼加共和国'),(65,'218','厄瓜多尔'),(66,'222','萨尔瓦多'),(67,'226','赤道几内亚'),(68,'231','埃塞俄比亚'),(69,'232','厄立特里亚'),(70,'233','爱沙尼亚'),(71,'234','法罗群岛'),(72,'238','福克兰群岛(马尔维纳斯群岛)'),(73,'239','南乔治亚和南桑德威奇群岛'),(74,'242','斐济群岛'),(75,'246','芬兰'),(76,'248','奥兰群岛(芬兰属)'),(77,'250','法国'),(78,'254','法属圭亚那'),(79,'258','法属波利尼西亚'),(80,'260','法属南极地区'),(81,'262','吉布提'),(82,'266','加蓬'),(83,'268','乔治亚'),(84,'270','冈比亚'),(85,'275','巴勒斯坦当局'),(86,'276','德国'),(87,'288','加纳'),(88,'292','直布罗陀'),(89,'296','基里巴斯'),(90,'300','希腊'),(91,'304','格陵兰'),(92,'308','格林纳达'),(93,'312','瓜德罗普岛'),(94,'316','关岛'),(95,'320','危地马拉'),(96,'324','几内亚'),(97,'328','圭亚那'),(98,'332','海地'),(99,'334','赫德和麦克唐纳群岛'),(100,'336','梵蒂冈城'),(101,'340','洪都拉斯'),(102,'348','匈牙利'),(103,'352','冰岛'),(104,'356','印度'),(105,'360','印度尼西亚'),(106,'364','伊朗'),(107,'368','伊拉克'),(108,'372','爱尔兰'),(109,'376','以色列'),(110,'380','意大利'),(111,'384','科特迪瓦'),(112,'388','牙买加'),(113,'392','日本'),(114,'398','哈萨克斯坦'),(115,'400','约旦'),(116,'404','肯尼亚'),(117,'408','朝鲜'),(118,'410','韩国'),(119,'414','科威特'),(120,'417','吉尔吉斯斯坦'),(121,'418','老挝'),(122,'422','黎巴嫩'),(123,'426','莱索托'),(124,'428','拉脱维亚'),(125,'430','利比里亚'),(126,'434','利比亚'),(127,'438','列支敦士登'),(128,'440','立陶宛'),(129,'442','卢森堡'),(130,'450','马达加斯加'),(131,'454','马拉维'),(132,'458','马来西亚'),(133,'462','马尔代夫'),(134,'466','马里'),(135,'470','马耳他'),(136,'474','马提尼克岛'),(137,'478','毛里塔尼亚'),(138,'480','毛里求斯'),(139,'484','墨西哥'),(140,'492','摩纳哥'),(141,'496','蒙古'),(142,'498','摩尔多瓦'),(143,'499','门的内哥罗(黑山)'),(144,'500','蒙特塞拉特'),(145,'504','摩洛哥'),(146,'508','莫桑比克'),(147,'512','阿曼'),(148,'516','纳米比亚'),(149,'520','瑙鲁'),(150,'524','尼泊尔'),(151,'528','荷兰'),(152,'530','荷属安的列斯群岛'),(153,'533','阿鲁巴'),(154,'540','新喀里多尼亚'),(155,'548','瓦努阿图'),(156,'554','新西兰'),(157,'558','尼加拉瓜'),(158,'562','尼日尔'),(159,'566','尼日利亚'),(160,'570','纽埃'),(161,'574','诺福克岛'),(162,'578','挪威'),(163,'580','北马里亚纳群岛'),(164,'581','小奥特兰群岛'),(165,'583','密克罗尼西亚'),(166,'584','马绍尔群岛'),(167,'585','帕劳群岛'),(168,'586','巴基斯坦'),(169,'591','巴拿马'),(170,'598','巴布亚新几内亚'),(171,'600','巴拉圭'),(172,'604','秘鲁'),(173,'608','菲律宾'),(174,'612','皮特克恩群岛'),(175,'616','波兰'),(176,'620','葡萄牙'),(177,'624','几内亚比绍'),(178,'626','东帝汶'),(179,'630','波多黎各'),(180,'634','卡塔尔'),(181,'638','留尼汪岛'),(182,'642','罗马尼亚'),(183,'643','俄罗斯'),(184,'646','卢旺达'),(185,'652','圣巴泰勒米'),(186,'654','圣赫勒拿岛'),(187,'659','圣基茨和尼维斯'),(188,'660','安圭拉岛'),(189,'662','圣卢西亚'),(190,'663','圣马丁'),(191,'666','圣皮埃尔岛和密克隆岛'),(192,'670','圣文森特和格林纳丁斯'),(193,'674','圣马力诺'),(194,'678','圣多美和普林西比'),(195,'682','沙特阿拉伯'),(196,'686','塞内加尔'),(197,'688','塞尔维亚'),(198,'690','塞舌尔'),(199,'694','塞拉利昂'),(200,'702','新加坡'),(201,'703','斯洛伐克'),(202,'704','越南'),(203,'705','斯洛文尼亚'),(204,'706','索马里'),(205,'710','南非'),(206,'716','津巴布韦'),(207,'724','西班牙'),(208,'732','西撒哈拉'),(209,'736','苏丹'),(210,'740','苏里南'),(211,'744','斯瓦尔巴群岛和扬马延'),(212,'748','斯威士兰'),(213,'752','瑞典'),(214,'756','瑞士'),(215,'760','叙利亚'),(216,'762','塔吉克斯坦'),(217,'764','泰国'),(218,'768','多哥'),(219,'772','托克劳'),(220,'776','汤加'),(221,'780','特立尼达和多巴哥'),(222,'784','阿拉伯联合酋长国'),(223,'788','突尼斯'),(224,'792','土耳其'),(225,'795','土库曼斯坦'),(226,'796','特克斯群岛和凯科斯群岛'),(227,'798','图瓦卢'),(228,'800','乌干达'),(229,'804','乌克兰'),(230,'807','马其顿(南斯拉夫共和国)'),(231,'818','埃及'),(232,'826','英国'),(233,'831','格恩西'),(234,'832','泽西'),(235,'833','马恩岛'),(236,'834','坦桑尼亚'),(237,'840','美国'),(238,'850','维尔京群岛'),(239,'854','布基纳法索'),(240,'858','乌拉圭'),(241,'860','乌兹别克斯坦'),(242,'862','委内瑞拉'),(243,'876','瓦利斯群岛和富图纳群岛'),(244,'882','萨摩亚'),(245,'887','也门'),(246,'894','赞比亚');

--
-- Table structure for table `yl_data_education`
--

CREATE TABLE `yl_data_education` (
  `id` tinyint(3) unsigned NOT NULL AUTO_INCREMENT COMMENT '表ID',
  `code` char(2) NOT NULL DEFAULT '' COMMENT '编码',
  `name` char(2) NOT NULL DEFAULT '' COMMENT '名称',
  PRIMARY KEY (`id`)
) ENGINE=InnoDB AUTO_INCREMENT=12 DEFAULT CHARSET=utf8mb4 COMMENT='学历表应符合gb/t 4658 2006';

--
-- Dumping data for table `yl_data_education`
--

INSERT INTO `yl_data_education` VALUES (1,'11','博士'),(2,'14','硕士'),(3,'21','学士'),(4,'31','专科'),(5,'41','中专'),(6,'44','职高'),(7,'47','技校'),(8,'61','高中'),(9,'71','初中'),(10,'81','小学'),(11,'90','其他');

--
-- Table structure for table `yl_data_gender`
--

CREATE TABLE `yl_data_gender` (
  `id` tinyint(3) unsigned NOT NULL AUTO_INCREMENT COMMENT '表ID',
  `code` char(1) NOT NULL DEFAULT '' COMMENT '编码',
  `name` varchar(3) NOT NULL DEFAULT '' COMMENT '名称',
  PRIMARY KEY (`id`)
) ENGINE=InnoDB AUTO_INCREMENT=5 DEFAULT CHARSET=utf8mb4 COMMENT='性别表应符合gb/t 2261.1';

--
-- Dumping data for table `yl_data_gender`
--

INSERT INTO `yl_data_gender` VALUES (1,'0','未填写'),(2,'1','男'),(3,'2','女'),(4,'9','保密');

--
-- Table structure for table `yl_data_health`
--

CREATE TABLE `yl_data_health` (
  `id` tinyint(3) unsigned NOT NULL AUTO_INCREMENT COMMENT '表ID',
  `code` char(1) NOT NULL DEFAULT '' COMMENT '编码',
  `name` varchar(5) NOT NULL DEFAULT '' COMMENT '名称',
  PRIMARY KEY (`id`)
) ENGINE=InnoDB AUTO_INCREMENT=5 DEFAULT CHARSET=utf8mb4 COMMENT='健康状态表应符合GB/T 2261.3';

--
-- Dumping data for table `yl_data_health`
--

INSERT INTO `yl_data_health` VALUES (1,'1','健康或良好'),(2,'2','一般或较弱'),(3,'3','有慢性病'),(4,'6','残疾');

--
-- Table structure for table `yl_data_idtype`
--

CREATE TABLE `yl_data_idtype` (
  `id` tinyint(3) unsigned NOT NULL AUTO_INCREMENT COMMENT '表ID',
  `code` char(3) NOT NULL DEFAULT '' COMMENT '编码',
  `name` varchar(31) NOT NULL DEFAULT '' COMMENT '名称',
  PRIMARY KEY (`id`)
) ENGINE=InnoDB AUTO_INCREMENT=38 DEFAULT CHARSET=utf8mb4 COMMENT='证件类型表应符合ga/t 517';

--
-- Dumping data for table `yl_data_idtype`
--

INSERT INTO `yl_data_idtype` VALUES (1,'111','居民身份证'),(2,'114','军官证'),(3,'115','警官证'),(4,'414','普通护照'),(5,'5','户口本'),(6,'6','外交护照'),(7,'7','公务护照'),(8,'8','因公普通护照'),(9,'9','台湾居民来往大陆通行证'),(10,'3','港澳居民来往内地通行证'),(11,'11','华侨回国定居证'),(12,'12','台湾居民定居证'),(13,'13','普通签证'),(14,'14','外国人旅行证'),(15,'15','外国人居留许可'),(16,'17','外国人永久居留证'),(17,'112','临时居民身份证'),(18,'116','暂住证'),(19,'219','结婚证'),(20,'335','机动车驾驶证'),(21,'415','旅行证'),(22,'416','入出境通行证'),(23,'417','外国人出入境证'),(24,'419','海员证'),(25,'420','香港热别行政区护照'),(26,'421','澳门特别行政区护照'),(27,'423','澳门特别行政区旅行证'),(28,'512','台湾居民来往大陆通行证'),(29,'513','往来港澳通行证'),(30,'515','前往港澳通行证'),(31,'516','港澳同胞回乡证'),(32,'517','大陆居民往来台湾通行证'),(33,'518','因公往来香港澳门特别行政区通行证'),(34,'551','华侨回国定居证'),(35,'552','台湾居民定居证'),(36,'554','外国人居留证'),(37,'555','外国人临时居留证');

--
-- Table structure for table `yl_data_intoreason`
--

CREATE TABLE `yl_data_intoreason` (
  `id` tinyint(3) unsigned NOT NULL AUTO_INCREMENT COMMENT '表ID',
  `code` char(2) NOT NULL DEFAULT '' COMMENT '编码',
  `name` varchar(4) NOT NULL DEFAULT '' COMMENT '名称',
  PRIMARY KEY (`id`)
) ENGINE=InnoDB AUTO_INCREMENT=11 DEFAULT CHARSET=utf8mb4 COMMENT='流动人口流入原因表';

--
-- Dumping data for table `yl_data_intoreason`
--

INSERT INTO `yl_data_intoreason` VALUES (1,'01','务工'),(2,'02','务农'),(3,'03','经商'),(4,'04','学习培训'),(5,'05','婚嫁'),(6,'06','随迁'),(7,'07','治病疗养'),(8,'08','投亲靠友'),(9,'09','工作调动'),(10,'99','其他');

--
-- Table structure for table `yl_data_marital`
--

CREATE TABLE `yl_data_marital` (
  `id` tinyint(3) unsigned NOT NULL AUTO_INCREMENT COMMENT '表ID',
  `code` char(2) NOT NULL DEFAULT '' COMMENT '编码',
  `name` char(2) NOT NULL DEFAULT '' COMMENT '名称',
  PRIMARY KEY (`id`)
) ENGINE=InnoDB AUTO_INCREMENT=9 DEFAULT CHARSET=utf8mb4 COMMENT='婚姻状态表应符合gb/t 2261.2 2003';

--
-- Dumping data for table `yl_data_marital`
--

INSERT INTO `yl_data_marital` VALUES (1,'10','未婚'),(2,'20','已婚'),(3,'21','初婚'),(4,'22','再婚'),(5,'23','复婚'),(6,'30','丧偶'),(7,'40','离婚'),(8,'90','未知');

--
-- Table structure for table `yl_data_military`
--

CREATE TABLE `yl_data_military` (
  `id` tinyint(3) unsigned NOT NULL AUTO_INCREMENT COMMENT '表ID',
  `code` char(1) NOT NULL DEFAULT '' COMMENT '编码',
  `name` varchar(10) NOT NULL DEFAULT '' COMMENT '名称',
  PRIMARY KEY (`id`)
) ENGINE=InnoDB AUTO_INCREMENT=7 DEFAULT CHARSET=utf8mb4 COMMENT='兵役状态表，应符合GA/T 2000.36-2014';

--
-- Dumping data for table `yl_data_military`
--

INSERT INTO `yl_data_military` VALUES (1,'0','未服兵役'),(2,'1','退出现役'),(3,'2','士兵预备役'),(4,'3','军官预备役'),(5,'4','服现役'),(6,'9','其他');

--
-- Table structure for table `yl_data_national`
--

CREATE TABLE `yl_data_national` (
  `id` tinyint(3) unsigned NOT NULL AUTO_INCREMENT COMMENT '表ID',
  `code` char(2) NOT NULL DEFAULT '' COMMENT '编码',
  `name` varchar(9) NOT NULL DEFAULT '' COMMENT '名称',
  PRIMARY KEY (`id`)
) ENGINE=InnoDB AUTO_INCREMENT=59 DEFAULT CHARSET=utf8mb4 COMMENT='民族表应符合gb/t 3304';

--
-- Dumping data for table `yl_data_national`
--

INSERT INTO `yl_data_national` VALUES (1,'01','汉族'),(2,'02','蒙古族'),(3,'03','回族'),(4,'04','藏族'),(5,'05','维吾尔族'),(6,'06','苗族'),(7,'07','彝族'),(8,'08','壮族'),(9,'09','布依族'),(10,'10','朝鲜族'),(11,'11','满族'),(12,'12','侗族'),(13,'13','瑶族'),(14,'14','白族'),(15,'15','土家族'),(16,'16','哈尼族'),(17,'17','哈萨克族'),(18,'18','傣族'),(19,'19','黎族'),(20,'20','傈僳族'),(21,'21','佤族'),(22,'22','畲族'),(23,'23','高山族'),(24,'24','拉祜族'),(25,'25','水族'),(26,'26','东乡族'),(27,'27','纳西族'),(28,'28','景颇族'),(29,'29','柯尔克孜族'),(30,'30','土族'),(31,'31','达斡尔族'),(32,'32','仫佬族'),(33,'33','羌族'),(34,'34','布朗族'),(35,'35','撒拉族'),(36,'36','毛难族'),(37,'37','仡佬族'),(38,'38','锡伯族'),(39,'39','阿昌族'),(40,'40','普米族'),(41,'41','塔吉克族'),(42,'42','怒族'),(43,'43','乌孜别克族'),(44,'44','俄罗斯族'),(45,'45','鄂温克族'),(46,'46','崩龙族'),(47,'47','保安族'),(48,'48','裕固族'),(49,'49','京族'),(50,'50','塔塔尔族'),(51,'51','独龙族'),(52,'52','鄂伦春族'),(53,'53','赫哲族'),(54,'54','门巴族'),(55,'55','珞巴族'),(56,'56','基诺族'),(57,'97','其他'),(58,'98','外国血统中国籍人士');

--
-- Table structure for table `yl_data_peopletype`
--

CREATE TABLE `yl_data_peopletype` (
  `id` tinyint(3) unsigned NOT NULL AUTO_INCREMENT COMMENT '表ID',
  `code` char(2) NOT NULL DEFAULT '' COMMENT '编码',
  `name` char(10) NOT NULL DEFAULT '' COMMENT '名称',
  PRIMARY KEY (`id`)
) ENGINE=InnoDB AUTO_INCREMENT=4 DEFAULT CHARSET=utf8mb4 COMMENT='人口类型表';

--
-- Dumping data for table `yl_data_peopletype`
--

INSERT INTO `yl_data_peopletype` VALUES (1,'01','户籍人口'),(2,'02','常住居民'),(3,'03','外来人口租房户');

--
-- Table structure for table `yl_data_political`
--

CREATE TABLE `yl_data_political` (
  `id` tinyint(3) unsigned NOT NULL AUTO_INCREMENT COMMENT '表ID',
  `code` char(2) NOT NULL DEFAULT '' COMMENT '编码',
  `name` varchar(12) NOT NULL DEFAULT '' COMMENT '名称',
  PRIMARY KEY (`id`)
) ENGINE=InnoDB AUTO_INCREMENT=14 DEFAULT CHARSET=utf8mb4 COMMENT='政治面貌表应符合gb/t 4762-1984';

--
-- Dumping data for table `yl_data_political`
--

INSERT INTO `yl_data_political` VALUES (1,'13','群众'),(2,'01','中国共产党党员'),(3,'02','中国共产党预备党员'),(4,'03','中国共产主义青年团团员'),(5,'04','中国国民党革命委员会会员'),(6,'05','中国民主同盟盟员'),(7,'06','中国民主建国会会员'),(8,'07','中国民主促进会会员'),(9,'08','中国农工民主党党员'),(10,'09','中国致公党党员'),(11,'10','九三学社社员'),(12,'11','台湾民主自治同盟盟员'),(13,'12','无党派民主人土');

--
-- Table structure for table `yl_data_relationship`
--

CREATE TABLE `yl_data_relationship` (
  `id` tinyint(3) unsigned NOT NULL AUTO_INCREMENT COMMENT '表ID',
  `code` char(2) NOT NULL DEFAULT '' COMMENT '编码',
  `name` varchar(15) NOT NULL DEFAULT '' COMMENT '名称',
  PRIMARY KEY (`id`)
) ENGINE=InnoDB AUTO_INCREMENT=85 DEFAULT CHARSET=utf8mb4 COMMENT='户主关系表编码应符合GB/T 4761';

--
-- Dumping data for table `yl_data_relationship`
--

INSERT INTO `yl_data_relationship` VALUES (1,'01','本人'),(2,'02','户主'),(3,'10','配偶'),(4,'11','夫'),(5,'12','妻'),(6,'20','子'),(7,'21','独生子'),(8,'22','长子'),(9,'23','次子'),(10,'24','三子'),(11,'25','四子'),(12,'26','五子'),(13,'27','养子或继子'),(14,'28','女婿'),(15,'29','其他儿子'),(16,'30','女'),(17,'31','独生女'),(18,'32','长女'),(19,'33','次女'),(20,'34','三女'),(21,'35','四女'),(22,'36','五女'),(23,'37','养女或继女'),(24,'38','儿媳'),(25,'39','其他女儿'),(26,'40','孙子、孙女或外孙子、外孙女'),(27,'41','孙子'),(28,'42','孙女'),(29,'43','外孙子'),(30,'44','外孙女'),(31,'45','孙媳妇或外孙媳妇'),(32,'46','孙女婿或外孙女婿'),(33,'47','曾孙子或外曾孙子'),(34,'48','曾孙女或外曾孙女'),(35,'49','其他孙子、孙女或外孙子、外孙女'),(36,'50','父母'),(37,'51','父亲'),(38,'52','母亲'),(39,'53','公公'),(40,'54','婆婆'),(41,'55','岳父'),(42,'56','岳母'),(43,'57','继父或养父'),(44,'58','继母或养母'),(45,'59','其他父母关系'),(46,'60','祖父母或外祖父母'),(47,'61','祖父'),(48,'62','祖母'),(49,'63','外祖父'),(50,'64','外祖母'),(51,'65','配偶的祖父母或外祖父母'),(52,'66','曾祖父'),(53,'67','曾祖母'),(54,'68','配偶的曾祖父母或外曾祖父母'),(55,'69','其他祖父母或外祖父母关系'),(56,'70','兄弟姐妹'),(57,'71','兄'),(58,'72','嫂'),(59,'73','弟'),(60,'74','弟媳'),(61,'75','姐姐'),(62,'76','姐夫'),(63,'77','妹妹'),(64,'78','妹夫'),(65,'79','其他兄弟姐妹'),(66,'80','其他'),(67,'81','伯父'),(68,'82','伯母'),(69,'83','叔父'),(70,'84','婶母'),(71,'85','舅父'),(72,'86','舅母'),(73,'87','姨父'),(74,'88','姨母'),(75,'89','姑父,'),(76,'90','姑母'),(77,'91','堂兄弟、堂姐妹'),(78,'92','表兄弟、表姐妹'),(79,'93','侄子'),(80,'94','侄女'),(81,'95','外甥'),(82,'96','外甥女'),(83,'97','其他亲属'),(84,'99','非亲属');

--
-- Table structure for table `yl_data_religious`
--

CREATE TABLE `yl_data_religious` (
  `id` tinyint(3) unsigned NOT NULL AUTO_INCREMENT COMMENT '表ID',
  `code` char(2) NOT NULL DEFAULT '' COMMENT '编码',
  `name` varchar(5) NOT NULL DEFAULT '' COMMENT '名称',
  PRIMARY KEY (`id`)
) ENGINE=InnoDB AUTO_INCREMENT=10 DEFAULT CHARSET=utf8mb4 COMMENT='宗教信仰表应符合GA 214.12';

--
-- Dumping data for table `yl_data_religious`
--

INSERT INTO `yl_data_religious` VALUES (1,'00','无宗教信仰'),(2,'10','佛教'),(3,'20','喇嘛教'),(4,'30','道教'),(5,'40','天主教'),(6,'50','基督教'),(7,'60','东正教'),(8,'70','伊斯兰教'),(9,'99','其他');

--
-- Table structure for table `yl_data_unit_type`
--

CREATE TABLE `yl_data_unit_type` (
  `id` mediumint(8) unsigned NOT NULL AUTO_INCREMENT COMMENT '表ID',
  `code` char(2) NOT NULL DEFAULT '' COMMENT '编码',
  `name` varchar(10) NOT NULL DEFAULT '' COMMENT '名称',
  PRIMARY KEY (`id`)
) ENGINE=InnoDB AUTO_INCREMENT=12 DEFAULT CHARSET=utf8mb4 COMMENT='城市部件类型表';

--
-- Dumping data for table `yl_data_unit_type`
--

INSERT INTO `yl_data_unit_type` VALUES (1,'01','井盖'),(2,'02','公交站场'),(3,'03','停车场'),(4,'04','垃圾箱'),(5,'05','户外广告'),(6,'06','公共厕所'),(7,'07','路灯'),(8,'08','消防栓'),(9,'09','交通标志牌'),(10,'10','变压器'),(11,'11','监控探头');

--
-- Table structure for table `yl_data_visit_type`
--

CREATE TABLE `yl_data_visit_type` (
  `id` int(2) unsigned NOT NULL AUTO_INCREMENT,
  `code` char(2) NOT NULL DEFAULT '' COMMENT '编码',
  `name` varchar(10) NOT NULL DEFAULT '' COMMENT '名称',
  PRIMARY KEY (`id`)
) ENGINE=InnoDB AUTO_INCREMENT=3 DEFAULT CHARSET=utf8mb4 COMMENT='走访类型表';

--
-- Dumping data for table `yl_data_visit_type`
--

INSERT INTO `yl_data_visit_type` VALUES (1,'01','事件回访'),(2,'02','社情民意');

--
-- Table structure for table `yl_documents`
--

CREATE TABLE `yl_documents` (
  `id` int(10) unsigned NOT NULL AUTO_INCREMENT COMMENT '表ID',
  `name` varchar(50) NOT NULL COMMENT '原始文件名',
  `encode_name` varchar(32) NOT NULL COMMENT '转散列文件名',
  `orig_path` varchar(60) NOT NULL COMMENT '原始文件存储路径',
  `documents_category_id` int(10) unsigned NOT NULL DEFAULT '0' COMMENT '文件分类ID',
  `extension` varchar(20) NOT NULL COMMENT '文件格式(后缀)',
  `size` int(10) unsigned NOT NULL COMMENT '文件大小',
  `creator_uuid` char(32) NOT NULL COMMENT '上传人UUID',
  `ctime` int(10) unsigned NOT NULL COMMENT '上传时间',
  `modifier_uuid` char(32) NOT NULL DEFAULT '' COMMENT '更新人UUID',
  `mtime` int(10) NOT NULL DEFAULT '0' COMMENT '最后更新时间',
  `version` int(10) unsigned NOT NULL DEFAULT '1' COMMENT '当前文件版本',
  `is_limit` enum('y','n') NOT NULL DEFAULT 'n' COMMENT '是否限制访问',
  `pdf_path` varchar(60) NOT NULL COMMENT '转pdf的路径',
  PRIMARY KEY (`id`)
) ENGINE=InnoDB AUTO_INCREMENT=100 DEFAULT CHARSET=utf8mb4 COMMENT='文档表';

--
-- Dumping data for table `yl_documents`
--

INSERT INTO `yl_documents` VALUES (1,'师训工作总结','','',0,'docx',0,'4c8f125cd4334b248dceed93ee330685',1611627548,'',0,1,'n',''),(2,'1b6c0171b95ac3aeaafecf3a19910f5e','','/uploads/wps/2/1/1b6c0171b95ac3aeaafecf3a19910f5e.docx',0,'docx',12870,'4c8f125cd4334b248dceed93ee330685',1611627696,'',0,1,'n',''),(3,'师训工作总结','','/uploads/wps/3/1/师训工作总结.docx',0,'docx',19419,'4c8f125cd4334b248dceed93ee330685',1611627826,'',0,1,'n',''),(4,'党员组织生活规则','','/uploads/wps/4/1/党员组织生活规则.docx',0,'docx',12890,'4c8f125cd4334b248dceed93ee330685',1611629828,'',0,1,'n',''),(5,'党建会议文档','','/uploads/wps/5/1/党建会议文档.docx',0,'docx',31074,'4c8f125cd4334b248dceed93ee330685',1611711130,'',0,1,'n',''),(6,'党建会议文档','','/uploads/wps/6/1/党建会议文档.docx',0,'docx',31074,'4c8f125cd4334b248dceed93ee330685',1611802996,'',0,1,'n',''),(7,'党建会议文档','','/uploads/wps/7/1/党建会议文档.docx',0,'docx',31074,'4c8f125cd4334b248dceed93ee330685',1611883269,'',0,1,'n',''),(8,'志愿汇新时代文明实践中心接口对外','','/uploads/wps/8/1/志愿汇新时代文明实践中心接口对外.pdf',0,'pdf',498270,'4c8f125cd4334b248dceed93ee330685',1612248577,'',0,1,'n',''),(9,'activity','','/uploads/wps/9/1/activity.xlsx',0,'xlsx',10470,'4c8f125cd4334b248dceed93ee330685',1612489114,'',0,1,'n',''),(10,'activity','','/uploads/wps/10/1/activity.xlsx',0,'xlsx',10470,'4c8f125cd4334b248dceed93ee330685',1612489166,'',0,1,'n',''),(11,'activity','','/uploads/wps/11/1/activity.xlsx',0,'xlsx',10470,'4c8f125cd4334b248dceed93ee330685',1612489219,'',0,1,'n',''),(12,'activity','','/uploads/wps/12/1/activity.xlsx',0,'xlsx',10470,'4c8f125cd4334b248dceed93ee330685',1612489245,'',0,1,'n',''),(13,'activity','','/uploads/wps/13/1/activity.xlsx',0,'xlsx',10470,'4c8f125cd4334b248dceed93ee330685',1612489383,'',0,1,'n',''),(14,'activity','','/uploads/wps/14/1/activity.xlsx',0,'xlsx',10470,'4c8f125cd4334b248dceed93ee330685',1612489497,'',0,1,'n',''),(15,'activity','','/uploads/wps/15/1/activity.xlsx',0,'xlsx',10470,'4c8f125cd4334b248dceed93ee330685',1612489521,'',0,1,'n',''),(16,'activity','','/uploads/wps/16/1/activity.xlsx',0,'xlsx',10470,'4c8f125cd4334b248dceed93ee330685',1612489849,'',0,1,'n',''),(17,'activity','','/uploads/wps/17/1/activity.xlsx',0,'xlsx',10470,'4c8f125cd4334b248dceed93ee330685',1612489879,'',0,1,'n',''),(18,'activity','','/uploads/wps/18/1/activity.xlsx',0,'xlsx',10470,'4c8f125cd4334b248dceed93ee330685',1612490002,'',0,1,'n',''),(19,'activity','','/uploads/wps/19/1/activity.xlsx',0,'xlsx',10470,'4c8f125cd4334b248dceed93ee330685',1612490025,'',0,1,'n',''),(20,'activity','','/uploads/wps/20/1/activity.xlsx',0,'xlsx',10470,'4c8f125cd4334b248dceed93ee330685',1612490166,'',0,1,'n',''),(21,'activity','','/uploads/wps/21/1/activity.xlsx',0,'xlsx',10470,'4c8f125cd4334b248dceed93ee330685',1612490364,'',0,1,'n',''),(22,'newRegion191219','','/uploads/wps/22/1/newRegion191219.xlsx',0,'xlsx',32323,'4c8f125cd4334b248dceed93ee330685',1612490409,'',0,1,'n',''),(23,'activity','','/uploads/wps/23/1/activity.xlsx',0,'xlsx',10500,'4c8f125cd4334b248dceed93ee330685',1612492258,'',0,1,'n',''),(24,'activity','','/uploads/wps/24/1/activity.xlsx',0,'xlsx',10506,'4c8f125cd4334b248dceed93ee330685',1612492318,'',0,1,'n',''),(25,'activity','','/uploads/wps/25/1/activity.xlsx',0,'xlsx',10538,'4c8f125cd4334b248dceed93ee330685',1612492405,'',0,1,'n',''),(26,'activity','','/uploads/wps/26/1/activity.xlsx',0,'xlsx',10622,'4c8f125cd4334b248dceed93ee330685',1612492634,'',0,1,'n',''),(27,'activity','','/uploads/wps/27/1/activity.xlsx',0,'xlsx',10622,'4c8f125cd4334b248dceed93ee330685',1612668798,'',0,1,'n',''),(28,'activity','','/uploads/wps/28/1/activity.xlsx',0,'xlsx',10622,'4c8f125cd4334b248dceed93ee330685',1612669532,'',0,1,'n',''),(29,'activity','','/uploads/wps/29/1/activity.xlsx',0,'xlsx',10470,'4c8f125cd4334b248dceed93ee330685',1612669622,'',0,1,'n',''),(30,'activity','','/uploads/wps/30/1/activity.xlsx',0,'xlsx',10470,'4c8f125cd4334b248dceed93ee330685',1612669670,'',0,1,'n',''),(31,'activity','','/uploads/wps/31/1/activity.xlsx',0,'xlsx',10470,'4c8f125cd4334b248dceed93ee330685',1612670307,'',0,1,'n',''),(32,'newRegion201009','','/uploads/wps/32/1/newRegion201009.xlsx',0,'xlsx',37035,'4c8f125cd4334b248dceed93ee330685',1612678868,'',0,1,'n',''),(33,'activity123','828a788d07dfaf3f2824b540a12ca101','/uploads/wps/33/1/activity.xlsx',1,'xlsx',10470,'4c8f125cd4334b248dceed93ee330685',1612920878,'',0,1,'n',''),(34,'newRegion191219','2baf0ca806bf33f398a6e7314b84a75e','/uploads/wps/34/1/newRegion191219.xlsx',1,'xlsx',32323,'4c8f125cd4334b248dceed93ee330685',1612921162,'',0,1,'n',''),(39,'Web页面启动APK','5894be6514394d35004d668415d37692','/uploads/wps/39/1/Web页面启动APK.pdf',1,'pdf',478279,'4c8f125cd4334b248dceed93ee330685',1613611622,'',0,1,'n',''),(40,'用户基本信息导入模板','7f1a21f5b716990111ce3d6d901f8d07','/uploads/wps/40/1/用户基本信息导入模板.xls',1,'xls',39424,'4c8f125cd4334b248dceed93ee330685',1613611678,'',0,1,'n',''),(41,'activity','','/uploads/wps/41/1/activity.xlsx',0,'xlsx',10470,'4c8f125cd4334b248dceed93ee330685',1614319692,'',0,1,'n',''),(42,'党组书记厉永兵讲党课','','/uploads/wps/42/1/党组书记厉永兵讲党课.docx',0,'docx',454537,'4c8f125cd4334b248dceed93ee330685',1614320150,'',0,1,'n',''),(43,'支部书记丁巍讲党课','','/uploads/wps/43/1/支部书记丁巍讲党课.doc',0,'doc',2821632,'4c8f125cd4334b248dceed93ee330685',1614394752,'',0,1,'n',''),(44,'学习十九届四中全会','','',0,'doc',0,'4c8f125cd4334b248dceed93ee330685',1614395910,'',0,1,'n',''),(45,'学习十九届四中全会','','',0,'doc',0,'4c8f125cd4334b248dceed93ee330685',1614395916,'',0,1,'n',''),(46,'学习十九届四中全会','','',0,'doc',0,'4c8f125cd4334b248dceed93ee330685',1614395978,'',0,1,'n',''),(47,'学习十九届四中全会','','/uploads/wps/47/1/学习十九届四中全会.doc',0,'doc',9197568,'4c8f125cd4334b248dceed93ee330685',1614396053,'',0,1,'n',''),(48,'学习十九届四中全会','','/uploads/wps/48/1/学习十九届四中全会.doc',0,'doc',9197568,'4c8f125cd4334b248dceed93ee330685',1614396214,'',0,1,'n',''),(49,'全体党员大会记录','','/uploads/wps/49/1/全体党员大会记录.doc',0,'doc',1457664,'4c8f125cd4334b248dceed93ee330685',1614396830,'',0,1,'n',''),(50,'6','','/uploads/wps/50/1/6.6党风廉政教育部署会.doc',0,'6党风廉政教育部署会',1469952,'4c8f125cd4334b248dceed93ee330685',1614409410,'',0,1,'n',''),(51,'6','','/uploads/wps/51/1/6.6党风廉政教育部署会.doc',0,'6党风廉政教育部署会',1469952,'4c8f125cd4334b248dceed93ee330685',1614409439,'',0,1,'n',''),(52,'椒江广电中心召开2018年党风廉政建设推进会  报送材料','','/uploads/wps/52/1/椒江广电中心召开2018年党风廉政建设推进会  报送材料.doc',0,'doc',1484800,'4c8f125cd4334b248dceed93ee330685',1614409445,'',0,1,'n',''),(53,'党风廉政教育部署会','','/uploads/wps/53/1/党风廉政教育部署会.doc',0,'doc',1469952,'4c8f125cd4334b248dceed93ee330685',1614409473,'',0,1,'n',''),(54,'全体党员大会记录','','/uploads/wps/54/1/全体党员大会记录.doc',0,'doc',1460736,'4c8f125cd4334b248dceed93ee330685',1615176191,'',0,1,'n',''),(55,'全体党员大会记录','','/uploads/wps/55/1/全体党员大会记录.doc',0,'doc',3592704,'4c8f125cd4334b248dceed93ee330685',1615180783,'',0,1,'n',''),(56,'党风廉政教育部署会','','/uploads/wps/56/1/党风廉政教育部署会.doc',0,'doc',1459200,'4c8f125cd4334b248dceed93ee330685',1615181599,'',0,1,'n',''),(57,'顶胜淘宝培训合同','','/uploads/wps/57/1/顶胜淘宝培训合同.docx',0,'docx',26914,'f7721013e39a4306a0dd96b9ae9589a3',1615272392,'',0,1,'n',''),(58,'标题','','/uploads/wps/58/1/标题.docx',0,'docx',306978,'f7721013e39a4306a0dd96b9ae9589a3',1615272590,'',0,1,'n',''),(59,'标题','','/uploads/wps/59/1/标题.docx',0,'docx',306978,'f7721013e39a4306a0dd96b9ae9589a3',1615272661,'',0,1,'n',''),(60,'标题','','/uploads/wps/60/1/标题.docx',0,'docx',306978,'f7721013e39a4306a0dd96b9ae9589a3',1615272689,'',0,1,'n',''),(61,'标题','','/uploads/wps/61/1/标题.docx',0,'docx',306978,'f7721013e39a4306a0dd96b9ae9589a3',1615272771,'',0,1,'n',''),(62,'标题','','/uploads/wps/62/1/标题.docx',0,'docx',306978,'f7721013e39a4306a0dd96b9ae9589a3',1615272856,'',0,1,'n',''),(63,'Web页面启动APK','','/uploads/wps/63/1/Web页面启动APK.pdf',0,'pdf',478279,'f7721013e39a4306a0dd96b9ae9589a3',1615274392,'',0,1,'n',''),(64,'标题','','/uploads/wps/64/1/标题.docx',0,'docx',306978,'4c8f125cd4334b248dceed93ee330685',1615353906,'',0,1,'n',''),(65,'redis-1','','/uploads/wps/65/1/redis-1.docx',0,'docx',0,'4c8f125cd4334b248dceed93ee330685',1615354009,'',0,1,'n',''),(66,'redis-1','','/uploads/wps/66/1/redis-1.docx',0,'docx',0,'4c8f125cd4334b248dceed93ee330685',1615354321,'',0,1,'n',''),(67,'标题','','/uploads/wps/67/1/标题.docx',0,'docx',306978,'4c8f125cd4334b248dceed93ee330685',1615354396,'',0,1,'n',''),(68,'redis-1','','/uploads/wps/68/1/redis-1.docx',0,'docx',0,'4c8f125cd4334b248dceed93ee330685',1615354441,'',0,1,'n',''),(69,'ThinkPHP6','','/uploads/wps/69/1/ThinkPHP6.0.docx',0,'0',57730,'4c8f125cd4334b248dceed93ee330685',1615354449,'',0,1,'n',''),(70,'redis-1','','/uploads/wps/70/1/redis-1.docx',0,'docx',0,'4c8f125cd4334b248dceed93ee330685',1615354527,'',0,1,'n',''),(71,'redis-1','','/uploads/wps/71/1/redis-1.docx',0,'docx',0,'4c8f125cd4334b248dceed93ee330685',1615354555,'',0,1,'n',''),(72,'redis-1','','/uploads/wps/72/1/redis-1.docx',0,'docx',0,'4c8f125cd4334b248dceed93ee330685',1615354592,'',0,1,'n',''),(73,'redis-1','','/uploads/wps/73/1/redis-1.docx',0,'docx',0,'4c8f125cd4334b248dceed93ee330685',1615354596,'',0,1,'n',''),(74,'标题','','/uploads/wps/74/1/标题.docx',0,'docx',306978,'4c8f125cd4334b248dceed93ee330685',1615354603,'',0,1,'n',''),(75,'ya01wlsq_indoj','','',0,'zip',0,'4c8f125cd4334b248dceed93ee330685',1615354788,'',0,1,'n',''),(76,'newRegion191219','','/uploads/wps/76/1/newRegion191219.xlsx',0,'xlsx',32323,'4c8f125cd4334b248dceed93ee330685',1615354796,'',0,1,'n',''),(77,'newRegion201009','','/uploads/wps/77/1/newRegion201009.xlsx',0,'xlsx',37035,'4c8f125cd4334b248dceed93ee330685',1615354811,'',0,1,'n',''),(78,'redis-1','','/uploads/wps/78/1/redis-1.docx',0,'docx',0,'4c8f125cd4334b248dceed93ee330685',1615355077,'',0,1,'n',''),(79,'标题','','/uploads/wps/79/1/标题.docx',0,'docx',306978,'4c8f125cd4334b248dceed93ee330685',1615355130,'',0,1,'n',''),(80,'newRegion191219','','/uploads/wps/80/1/newRegion191219.xlsx',0,'xlsx',32323,'4c8f125cd4334b248dceed93ee330685',1615355192,'',0,1,'n',''),(81,'ThinkPHP6','','/uploads/wps/81/1/ThinkPHP6.0.docx',0,'0',57730,'4c8f125cd4334b248dceed93ee330685',1615355199,'',0,1,'n',''),(82,'redis-1','','/uploads/wps/82/1/redis-1.docx',0,'docx',0,'4c8f125cd4334b248dceed93ee330685',1615355203,'',0,1,'n',''),(83,'newRegion191219','','/uploads/wps/83/1/newRegion191219.xlsx',0,'xlsx',32323,'4c8f125cd4334b248dceed93ee330685',1615355253,'',0,1,'n',''),(84,'newRegion201009','','/uploads/wps/84/1/newRegion201009.xlsx',0,'xlsx',37035,'4c8f125cd4334b248dceed93ee330685',1615355258,'',0,1,'n',''),(85,'排序2','','/uploads/wps/85/1/排序2.xls',0,'xls',18114048,'4c8f125cd4334b248dceed93ee330685',1615355267,'',0,1,'n',''),(86,'redis-1','','/uploads/wps/86/1/redis-1.docx',0,'docx',0,'4c8f125cd4334b248dceed93ee330685',1615355288,'',0,1,'n',''),(87,'newRegion191219','','/uploads/wps/87/1/newRegion191219.xlsx',0,'xlsx',32323,'4c8f125cd4334b248dceed93ee330685',1615355329,'',0,1,'n',''),(88,'redis-1','','/uploads/wps/88/1/redis-1.docx',0,'docx',0,'4c8f125cd4334b248dceed93ee330685',1615355582,'',0,1,'n',''),(89,'newRegion191219','','/uploads/wps/89/1/newRegion191219.xlsx',0,'xlsx',32323,'4c8f125cd4334b248dceed93ee330685',1615355587,'',0,1,'n',''),(90,'redis-1','','/uploads/wps/90/1/redis-1.docx',0,'docx',0,'4c8f125cd4334b248dceed93ee330685',1615356427,'',0,1,'n',''),(91,'newRegion191219','','/uploads/wps/91/1/newRegion191219.xlsx',0,'xlsx',32323,'4c8f125cd4334b248dceed93ee330685',1615356495,'',0,1,'n',''),(92,'ThinkPHP6','','/uploads/wps/92/1/ThinkPHP6.0.docx',0,'0',57730,'4c8f125cd4334b248dceed93ee330685',1615356542,'',0,1,'n',''),(93,'ThinkPHP6.0','','/uploads/wps/93/1/ThinkPHP6.0.docx',0,'docx',57730,'4c8f125cd4334b248dceed93ee330685',1615357245,'',0,1,'n',''),(94,'newRegion191219','','/uploads/wps/94/1/newRegion191219.xlsx',0,'xlsx',32323,'4c8f125cd4334b248dceed93ee330685',1615357406,'',0,1,'n',''),(95,'activity','','/uploads/wps/95/1/activity.xlsx',0,'xlsx',10470,'4c8f125cd4334b248dceed93ee330685',1615357413,'',0,1,'n',''),(96,'redis-1','','/uploads/wps/96/1/redis-1.docx',0,'docx',0,'f7721013e39a4306a0dd96b9ae9589a3',1615358070,'',0,1,'n',''),(97,'标题','','/uploads/wps/97/1/标题.docx',0,'docx',306978,'f7721013e39a4306a0dd96b9ae9589a3',1615358078,'',0,1,'n',''),(98,'newRegion201009','','/uploads/wps/98/1/newRegion201009.xlsx',0,'xlsx',37035,'f7721013e39a4306a0dd96b9ae9589a3',1615430646,'',0,1,'n',''),(99,'activity','828a788d07dfaf3f2824b540a12ca101','/uploads/wps/99/1/activity.xlsx',1,'xlsx',10470,'4c8f125cd4334b248dceed93ee330685',1615876841,'',0,1,'n','');

--
-- Table structure for table `yl_documents_access`
--

CREATE TABLE `yl_documents_access` (
  `id` int(10) unsigned NOT NULL AUTO_INCREMENT COMMENT '表ID',
  `documents_id` int(10) unsigned NOT NULL COMMENT '文件ID',
  `uuid` char(32) NOT NULL COMMENT '用户UUID',
  `permission` enum('read','write','none') NOT NULL DEFAULT 'read' COMMENT '权限',
  `expire` int(10) unsigned NOT NULL COMMENT '有效期（整型），0表示永远有效',
  `ctime` int(10) unsigned NOT NULL COMMENT '创建时间',
  PRIMARY KEY (`id`)
) ENGINE=InnoDB AUTO_INCREMENT=95 DEFAULT CHARSET=utf8mb4 COMMENT='文档权限';

--
-- Dumping data for table `yl_documents_access`
--

INSERT INTO `yl_documents_access` VALUES (1,2,'4c8f125cd4334b248dceed93ee330685','write',0,1611627696),(2,3,'4c8f125cd4334b248dceed93ee330685','write',0,1611627826),(3,4,'4c8f125cd4334b248dceed93ee330685','write',0,1611629828),(4,5,'4c8f125cd4334b248dceed93ee330685','write',0,1611711130),(5,6,'4c8f125cd4334b248dceed93ee330685','write',0,1611802996),(6,7,'4c8f125cd4334b248dceed93ee330685','write',0,1611883269),(7,8,'4c8f125cd4334b248dceed93ee330685','write',0,1612248577),(8,9,'4c8f125cd4334b248dceed93ee330685','write',0,1612489114),(9,10,'4c8f125cd4334b248dceed93ee330685','write',0,1612489166),(10,11,'4c8f125cd4334b248dceed93ee330685','write',0,1612489219),(11,12,'4c8f125cd4334b248dceed93ee330685','write',0,1612489245),(12,13,'4c8f125cd4334b248dceed93ee330685','write',0,1612489383),(13,14,'4c8f125cd4334b248dceed93ee330685','write',0,1612489497),(14,15,'4c8f125cd4334b248dceed93ee330685','write',0,1612489521),(15,16,'4c8f125cd4334b248dceed93ee330685','write',0,1612489849),(16,17,'4c8f125cd4334b248dceed93ee330685','write',0,1612489879),(17,18,'4c8f125cd4334b248dceed93ee330685','write',0,1612490002),(18,19,'4c8f125cd4334b248dceed93ee330685','write',0,1612490025),(19,20,'4c8f125cd4334b248dceed93ee330685','write',0,1612490166),(20,21,'4c8f125cd4334b248dceed93ee330685','write',0,1612490364),(21,22,'4c8f125cd4334b248dceed93ee330685','write',0,1612490409),(22,23,'4c8f125cd4334b248dceed93ee330685','write',0,1612492258),(23,24,'4c8f125cd4334b248dceed93ee330685','write',0,1612492319),(24,25,'4c8f125cd4334b248dceed93ee330685','write',0,1612492405),(25,26,'4c8f125cd4334b248dceed93ee330685','write',0,1612492634),(26,27,'4c8f125cd4334b248dceed93ee330685','write',0,1612668798),(27,28,'4c8f125cd4334b248dceed93ee330685','write',0,1612669532),(28,29,'4c8f125cd4334b248dceed93ee330685','write',0,1612669622),(29,30,'4c8f125cd4334b248dceed93ee330685','write',0,1612669670),(30,31,'4c8f125cd4334b248dceed93ee330685','write',0,1612670307),(31,32,'4c8f125cd4334b248dceed93ee330685','write',0,1612678868),(32,33,'4c8f125cd4334b248dceed93ee330685','write',0,1612920878),(33,34,'4c8f125cd4334b248dceed93ee330685','write',0,1612921162),(38,39,'4c8f125cd4334b248dceed93ee330685','write',0,1613611622),(39,40,'4c8f125cd4334b248dceed93ee330685','write',0,1613611678),(40,41,'4c8f125cd4334b248dceed93ee330685','write',0,1614319692),(41,42,'4c8f125cd4334b248dceed93ee330685','write',0,1614320150),(42,43,'4c8f125cd4334b248dceed93ee330685','write',0,1614394752),(43,47,'4c8f125cd4334b248dceed93ee330685','write',0,1614396053),(44,48,'4c8f125cd4334b248dceed93ee330685','write',0,1614396214),(45,49,'4c8f125cd4334b248dceed93ee330685','write',0,1614396830),(46,50,'4c8f125cd4334b248dceed93ee330685','write',0,1614409410),(47,51,'4c8f125cd4334b248dceed93ee330685','write',0,1614409439),(48,52,'4c8f125cd4334b248dceed93ee330685','write',0,1614409445),(49,53,'4c8f125cd4334b248dceed93ee330685','write',0,1614409473),(50,54,'4c8f125cd4334b248dceed93ee330685','write',0,1615176191),(51,55,'4c8f125cd4334b248dceed93ee330685','write',0,1615180783),(52,56,'4c8f125cd4334b248dceed93ee330685','write',0,1615181599),(53,57,'f7721013e39a4306a0dd96b9ae9589a3','write',0,1615272392),(54,58,'f7721013e39a4306a0dd96b9ae9589a3','write',0,1615272590),(55,59,'f7721013e39a4306a0dd96b9ae9589a3','write',0,1615272661),(56,60,'f7721013e39a4306a0dd96b9ae9589a3','write',0,1615272689),(57,61,'f7721013e39a4306a0dd96b9ae9589a3','write',0,1615272771),(58,62,'f7721013e39a4306a0dd96b9ae9589a3','write',0,1615272856),(59,63,'f7721013e39a4306a0dd96b9ae9589a3','write',0,1615274392),(60,64,'4c8f125cd4334b248dceed93ee330685','write',0,1615353907),(61,65,'4c8f125cd4334b248dceed93ee330685','write',0,1615354009),(62,66,'4c8f125cd4334b248dceed93ee330685','write',0,1615354321),(63,67,'4c8f125cd4334b248dceed93ee330685','write',0,1615354396),(64,68,'4c8f125cd4334b248dceed93ee330685','write',0,1615354441),(65,69,'4c8f125cd4334b248dceed93ee330685','write',0,1615354449),(66,70,'4c8f125cd4334b248dceed93ee330685','write',0,1615354527),(67,71,'4c8f125cd4334b248dceed93ee330685','write',0,1615354555),(68,72,'4c8f125cd4334b248dceed93ee330685','write',0,1615354592),(69,73,'4c8f125cd4334b248dceed93ee330685','write',0,1615354596),(70,74,'4c8f125cd4334b248dceed93ee330685','write',0,1615354603),(71,76,'4c8f125cd4334b248dceed93ee330685','write',0,1615354796),(72,77,'4c8f125cd4334b248dceed93ee330685','write',0,1615354811),(73,78,'4c8f125cd4334b248dceed93ee330685','write',0,1615355077),(74,79,'4c8f125cd4334b248dceed93ee330685','write',0,1615355130),(75,80,'4c8f125cd4334b248dceed93ee330685','write',0,1615355192),(76,81,'4c8f125cd4334b248dceed93ee330685','write',0,1615355199),(77,82,'4c8f125cd4334b248dceed93ee330685','write',0,1615355203),(78,83,'4c8f125cd4334b248dceed93ee330685','write',0,1615355253),(79,84,'4c8f125cd4334b248dceed93ee330685','write',0,1615355258),(80,85,'4c8f125cd4334b248dceed93ee330685','write',0,1615355267),(81,86,'4c8f125cd4334b248dceed93ee330685','write',0,1615355288),(82,87,'4c8f125cd4334b248dceed93ee330685','write',0,1615355329),(83,88,'4c8f125cd4334b248dceed93ee330685','write',0,1615355582),(84,89,'4c8f125cd4334b248dceed93ee330685','write',0,1615355587),(85,90,'4c8f125cd4334b248dceed93ee330685','write',0,1615356427),(86,91,'4c8f125cd4334b248dceed93ee330685','write',0,1615356495),(87,92,'4c8f125cd4334b248dceed93ee330685','write',0,1615356543),(88,93,'4c8f125cd4334b248dceed93ee330685','write',0,1615357245),(89,94,'4c8f125cd4334b248dceed93ee330685','write',0,1615357406),(90,95,'4c8f125cd4334b248dceed93ee330685','write',0,1615357413),(91,96,'f7721013e39a4306a0dd96b9ae9589a3','write',0,1615358070),(92,97,'f7721013e39a4306a0dd96b9ae9589a3','write',0,1615358078),(93,98,'f7721013e39a4306a0dd96b9ae9589a3','write',0,1615430646),(94,99,'4c8f125cd4334b248dceed93ee330685','write',0,1615876841);

--
-- Table structure for table `yl_documents_category`
--

CREATE TABLE `yl_documents_category` (
  `id` int(10) unsigned NOT NULL AUTO_INCREMENT COMMENT '表ID',
  `name` varchar(100) NOT NULL COMMENT '分类名称',
  `desc` varchar(100) NOT NULL COMMENT '分类描述',
  `creator_uuid` char(32) NOT NULL COMMENT '添加操作员UUID',
  `ctime` int(10) unsigned NOT NULL COMMENT '添加时间',
  PRIMARY KEY (`id`)
) ENGINE=InnoDB AUTO_INCREMENT=4 DEFAULT CHARSET=utf8mb4 COMMENT='文档分类';

--
-- Dumping data for table `yl_documents_category`
--

INSERT INTO `yl_documents_category` VALUES (1,'默认分类','默认','4c8f125cd4334b248dceed93ee330685',1612919527);

--
-- Table structure for table `yl_documents_logs`
--

CREATE TABLE `yl_documents_logs` (
  `id` int(10) unsigned NOT NULL AUTO_INCREMENT COMMENT '表ID',
  `documents_id` int(10) unsigned NOT NULL COMMENT '文件ID',
  `ctime` int(10) unsigned NOT NULL COMMENT '操作时间',
  `operator_uuid` char(32) NOT NULL DEFAULT '' COMMENT '操作用户',
  `type` enum('visit','save','rename') NOT NULL DEFAULT 'visit' COMMENT '操作类型',
  `remark` varchar(200) NOT NULL COMMENT '备注',
  PRIMARY KEY (`id`)
) ENGINE=InnoDB AUTO_INCREMENT=137 DEFAULT CHARSET=utf8mb4 COMMENT='文档访问历史';

--
-- Dumping data for table `yl_documents_logs`
--

INSERT INTO `yl_documents_logs` VALUES (1,19,1612685785,'30e9ff83d6b0490fa84c0c160f47e2bf','visit','：访问了文档《activity.xlsx》'),(2,19,1612685871,'4c8f125cd4334b248dceed93ee330685','visit','刚刚：访问了文档《activity.xlsx》'),(3,19,1612686004,'4c8f125cd4334b248dceed93ee330685','visit','刚刚：访问了文档《activity.xlsx》'),(4,19,1612686266,'4c8f125cd4334b248dceed93ee330685','visit','刚刚：访问了文档《activity.xlsx》'),(5,19,1612686579,'4c8f125cd4334b248dceed93ee330685','visit','刚刚：访问了文档《activity.xlsx》'),(6,19,1612686608,'4c8f125cd4334b248dceed93ee330685','visit','刚刚：访问了文档《activity.xlsx》'),(7,19,1612686943,'4c8f125cd4334b248dceed93ee330685','visit','刚刚：访问了文档《activity.xlsx》'),(8,19,1612686960,'4c8f125cd4334b248dceed93ee330685','visit','刚刚：访问了文档《activity.xlsx》'),(9,19,1612687267,'4c8f125cd4334b248dceed93ee330685','visit','刚刚：访问了文档《activity.xlsx》'),(10,19,1612687282,'4c8f125cd4334b248dceed93ee330685','visit','刚刚：访问了文档《activity.xlsx》'),(11,19,1612687300,'4c8f125cd4334b248dceed93ee330685','visit','刚刚：访问了文档《activity.xlsx》'),(12,19,1612687327,'4c8f125cd4334b248dceed93ee330685','visit','刚刚：访问了文档《activity.xlsx》'),(13,19,1612688208,'4c8f125cd4334b248dceed93ee330685','visit','刚刚：访问了文档《activity.xlsx》'),(14,19,1612688247,'4c8f125cd4334b248dceed93ee330685','visit','刚刚：访问了文档《activity.xlsx》'),(15,19,1612688314,'4c8f125cd4334b248dceed93ee330685','visit','刚刚：访问了文档《activity.xlsx》'),(16,19,1612688337,'4c8f125cd4334b248dceed93ee330685','visit','刚刚：访问了文档《activity.xlsx》'),(17,19,1612688409,'4c8f125cd4334b248dceed93ee330685','visit','刚刚：访问了文档《activity.xlsx》'),(18,19,1612688421,'4c8f125cd4334b248dceed93ee330685','visit','刚刚：访问了文档《activity.xlsx》'),(19,19,1612688488,'4c8f125cd4334b248dceed93ee330685','visit','刚刚：访问了文档《activity.xlsx》'),(20,19,1612688592,'4c8f125cd4334b248dceed93ee330685','visit','刚刚：访问了文档《activity.xlsx》'),(21,19,1612688636,'4c8f125cd4334b248dceed93ee330685','visit','刚刚：访问了文档《activity.xlsx》'),(22,19,1612688741,'4c8f125cd4334b248dceed93ee330685','visit','刚刚：访问了文档《activity.xlsx》'),(23,19,1612688762,'4c8f125cd4334b248dceed93ee330685','visit','刚刚：访问了文档《activity.xlsx》'),(24,19,1612688850,'4c8f125cd4334b248dceed93ee330685','visit','刚刚：访问了文档《activity.xlsx》'),(25,19,1612688877,'4c8f125cd4334b248dceed93ee330685','visit','刚刚：访问了文档《activity.xlsx》'),(26,19,1612688890,'4c8f125cd4334b248dceed93ee330685','visit','刚刚：访问了文档《activity.xlsx》'),(27,2,1612688939,'4c8f125cd4334b248dceed93ee330685','visit','刚刚：访问了文档《1b6c0171b95ac3aeaafecf3a19910f5e.docx》'),(28,2,1612688975,'4c8f125cd4334b248dceed93ee330685','visit','刚刚：访问了文档《1b6c0171b95ac3aeaafecf3a19910f5e.docx》'),(29,19,1612689184,'4c8f125cd4334b248dceed93ee330685','visit','刚刚：访问了文档《activity.xlsx》'),(30,2,1612689286,'4c8f125cd4334b248dceed93ee330685','visit','刚刚：访问了文档《1b6c0171b95ac3aeaafecf3a19910f5e.docx》'),(31,2,1612689335,'4c8f125cd4334b248dceed93ee330685','visit','刚刚：访问了文档《1b6c0171b95ac3aeaafecf3a19910f5e.docx》'),(32,2,1612689350,'4c8f125cd4334b248dceed93ee330685','visit','刚刚：访问了文档《1b6c0171b95ac3aeaafecf3a19910f5e.docx》'),(33,19,1612689372,'4c8f125cd4334b248dceed93ee330685','visit','刚刚：访问了文档《activity.xlsx》'),(34,19,1612689386,'4c8f125cd4334b248dceed93ee330685','visit','刚刚：访问了文档《activity.xlsx》'),(35,19,1612689435,'4c8f125cd4334b248dceed93ee330685','visit','刚刚：访问了文档《activity.xlsx》'),(36,19,1612689452,'4c8f125cd4334b248dceed93ee330685','visit','刚刚：访问了文档《activity.xlsx》'),(37,19,1612689527,'4c8f125cd4334b248dceed93ee330685','visit','刚刚：访问了文档《activity.xlsx》'),(38,19,1612689549,'4c8f125cd4334b248dceed93ee330685','visit','刚刚：访问了文档《activity.xlsx》'),(39,19,1612689968,'4c8f125cd4334b248dceed93ee330685','visit','刚刚：访问了文档《activity.xlsx》'),(40,19,1612690027,'4c8f125cd4334b248dceed93ee330685','visit','刚刚：访问了文档《activity.xlsx》'),(41,2,1612690044,'4c8f125cd4334b248dceed93ee330685','visit','刚刚：访问了文档《1b6c0171b95ac3aeaafecf3a19910f5e.docx》'),(42,19,1612690479,'4c8f125cd4334b248dceed93ee330685','visit','刚刚：访问了文档《activity.xlsx》'),(43,19,1612746565,'4c8f125cd4334b248dceed93ee330685','visit','刚刚：访问了文档《activity.xlsx》'),(44,19,1612923749,'4c8f125cd4334b248dceed93ee330685','visit','刚刚：访问了文档《activity.xlsx》'),(45,19,1612923990,'4c8f125cd4334b248dceed93ee330685','visit','刚刚：访问了文档《activity.xlsx》'),(46,19,1612924499,'4c8f125cd4334b248dceed93ee330685','visit','刚刚：访问了文档《activity.xlsx》'),(47,34,1612924955,'4c8f125cd4334b248dceed93ee330685','visit','刚刚：访问了文档《newRegion191219.xlsx》'),(48,33,1612924986,'4c8f125cd4334b248dceed93ee330685','visit','刚刚：访问了文档《activity123.xlsx》'),(59,20,1612928017,'4c8f125cd4334b248dceed93ee330685','visit','刚刚：访问了文档《activity》'),(74,19,1612939339,'4c8f125cd4334b248dceed93ee330685','visit','刚刚：访问了文档《activity》'),(75,19,1612939525,'4c8f125cd4334b248dceed93ee330685','visit','刚刚：访问了文档《activity》'),(91,33,1613611551,'4c8f125cd4334b248dceed93ee330685','visit','刚刚：访问了文档《activity.xlsx》'),(92,39,1613611629,'4c8f125cd4334b248dceed93ee330685','visit','刚刚：访问了文档《Web页面启动APK.pdf》'),(93,40,1613611683,'4c8f125cd4334b248dceed93ee330685','visit','刚刚：访问了文档《用户基本信息导入模板.xls》'),(94,40,1613611900,'4c8f125cd4334b248dceed93ee330685','visit','刚刚：访问了文档《用户基本信息导入模板.xls》'),(95,40,1613640512,'4c8f125cd4334b248dceed93ee330685','visit','刚刚：访问了文档《用户基本信息导入模板.xls》'),(96,34,1613640531,'4c8f125cd4334b248dceed93ee330685','visit','刚刚：访问了文档《newRegion191219.xlsx》'),(97,93,1615357393,'4c8f125cd4334b248dceed93ee330685','visit','刚刚：访问了文档《ThinkPHP6.0.docx》'),(98,94,1615357416,'4c8f125cd4334b248dceed93ee330685','visit','刚刚：访问了文档《newRegion191219.xlsx》'),(99,95,1615357420,'4c8f125cd4334b248dceed93ee330685','visit','刚刚：访问了文档《activity.xlsx》'),(100,96,1615362779,'f7721013e39a4306a0dd96b9ae9589a3','visit','王海玲：访问了文档《redis-1.docx》'),(101,97,1615362783,'f7721013e39a4306a0dd96b9ae9589a3','visit','王海玲：访问了文档《标题.docx》'),(102,98,1615430649,'f7721013e39a4306a0dd96b9ae9589a3','visit','王海玲：访问了文档《newRegion201009.xlsx》'),(103,99,1615876846,'4c8f125cd4334b248dceed93ee330685','visit','刚刚：访问了文档《activity.xlsx》'),(104,99,1615968177,'4c8f125cd4334b248dceed93ee330685','visit','刚刚：访问了文档《activity.xlsx》'),(105,99,1615968188,'4c8f125cd4334b248dceed93ee330685','visit','刚刚：访问了文档《activity.xlsx》'),(106,99,1615968201,'4c8f125cd4334b248dceed93ee330685','visit','刚刚：访问了文档《activity.xlsx》'),(107,99,1615968211,'4c8f125cd4334b248dceed93ee330685','visit','刚刚：访问了文档《activity.xlsx》'),(108,99,1615968225,'4c8f125cd4334b248dceed93ee330685','visit','刚刚：访问了文档《activity.xlsx》'),(109,99,1615968242,'4c8f125cd4334b248dceed93ee330685','visit','刚刚：访问了文档《activity.xlsx》'),(110,99,1615968255,'4c8f125cd4334b248dceed93ee330685','visit','刚刚：访问了文档《activity.xlsx》'),(111,99,1615968266,'4c8f125cd4334b248dceed93ee330685','visit','刚刚：访问了文档《activity.xlsx》'),(112,99,1615968282,'4c8f125cd4334b248dceed93ee330685','visit','刚刚：访问了文档《activity.xlsx》'),(113,99,1615968295,'4c8f125cd4334b248dceed93ee330685','visit','刚刚：访问了文档《activity.xlsx》'),(114,99,1615968311,'4c8f125cd4334b248dceed93ee330685','visit','刚刚：访问了文档《activity.xlsx》'),(115,99,1615968330,'4c8f125cd4334b248dceed93ee330685','visit','刚刚：访问了文档《activity.xlsx》'),(116,99,1615968351,'4c8f125cd4334b248dceed93ee330685','visit','刚刚：访问了文档《activity.xlsx》'),(117,99,1615968376,'4c8f125cd4334b248dceed93ee330685','visit','刚刚：访问了文档《activity.xlsx》'),(118,99,1615968404,'4c8f125cd4334b248dceed93ee330685','visit','刚刚：访问了文档《activity.xlsx》'),(119,99,1615968435,'4c8f125cd4334b248dceed93ee330685','visit','刚刚：访问了文档《activity.xlsx》'),(120,99,1615968466,'4c8f125cd4334b248dceed93ee330685','visit','刚刚：访问了文档《activity.xlsx》'),(121,99,1615968496,'4c8f125cd4334b248dceed93ee330685','visit','刚刚：访问了文档《activity.xlsx》'),(122,99,1615968527,'4c8f125cd4334b248dceed93ee330685','visit','刚刚：访问了文档《activity.xlsx》'),(123,99,1615968558,'4c8f125cd4334b248dceed93ee330685','visit','刚刚：访问了文档《activity.xlsx》'),(124,99,1615968589,'4c8f125cd4334b248dceed93ee330685','visit','刚刚：访问了文档《activity.xlsx》'),(125,99,1615968619,'4c8f125cd4334b248dceed93ee330685','visit','刚刚：访问了文档《activity.xlsx》'),(126,99,1615968650,'4c8f125cd4334b248dceed93ee330685','visit','刚刚：访问了文档《activity.xlsx》'),(127,99,1615968681,'4c8f125cd4334b248dceed93ee330685','visit','刚刚：访问了文档《activity.xlsx》'),(128,99,1615968712,'4c8f125cd4334b248dceed93ee330685','visit','刚刚：访问了文档《activity.xlsx》'),(129,99,1615968743,'4c8f125cd4334b248dceed93ee330685','visit','刚刚：访问了文档《activity.xlsx》'),(130,99,1615968774,'4c8f125cd4334b248dceed93ee330685','visit','刚刚：访问了文档《activity.xlsx》'),(131,99,1615968804,'4c8f125cd4334b248dceed93ee330685','visit','刚刚：访问了文档《activity.xlsx》'),(132,99,1615968835,'4c8f125cd4334b248dceed93ee330685','visit','刚刚：访问了文档《activity.xlsx》'),(133,99,1615968866,'4c8f125cd4334b248dceed93ee330685','visit','刚刚：访问了文档《activity.xlsx》'),(134,99,1615968897,'4c8f125cd4334b248dceed93ee330685','visit','刚刚：访问了文档《activity.xlsx》'),(135,99,1615968928,'4c8f125cd4334b248dceed93ee330685','visit','刚刚：访问了文档《activity.xlsx》'),(136,99,1615969124,'4c8f125cd4334b248dceed93ee330685','visit','刚刚：访问了文档《activity.xlsx》');

--
-- Table structure for table `yl_documents_notify`
--

CREATE TABLE `yl_documents_notify` (
  `id` int(10) unsigned NOT NULL AUTO_INCREMENT COMMENT '表ID',
  `documents_id` int(10) unsigned NOT NULL COMMENT '文件ID',
  `header` varchar(2000) NOT NULL COMMENT '请求头信息',
  `cmd` varchar(2000) NOT NULL COMMENT '操作标识',
  `body` varchar(2000) NOT NULL COMMENT '具体内容',
  `ctime` int(10) unsigned NOT NULL COMMENT '创建时间',
  PRIMARY KEY (`id`)
) ENGINE=InnoDB DEFAULT CHARSET=utf8mb4 COMMENT='文档回调通知';

--
-- Dumping data for table `yl_documents_notify`
--


--
-- Table structure for table `yl_documents_trans`
--

CREATE TABLE `yl_documents_trans` (
  `id` int(10) unsigned NOT NULL AUTO_INCREMENT COMMENT '表ID',
  `documents_id` int(10) unsigned NOT NULL COMMENT '文件ID',
  `extension` varchar(20) NOT NULL COMMENT '文件格式(后缀):word excel ppt pdf',
  `task_id` varchar(50) NOT NULL COMMENT '任务ID',
  `task_progress` tinyint(3) unsigned NOT NULL DEFAULT '0' COMMENT '任务进度,百分比%',
  `task_status` enum('doing','done','fail') NOT NULL DEFAULT 'doing' COMMENT '任务状态',
  `pic_path` varchar(60) NOT NULL DEFAULT '' COMMENT '图片目录',
  PRIMARY KEY (`id`)
) ENGINE=InnoDB AUTO_INCREMENT=51 DEFAULT CHARSET=utf8mb4 COMMENT='文档转图片';

--
-- Dumping data for table `yl_documents_trans`
--

INSERT INTO `yl_documents_trans` VALUES (14,8,'pdf','576514607468777472',100,'done','/uploads/file2pic/pdf/0d5c9dc10a6c1b263aa5eb7ee5dea39e/'),(15,3,'docx','537072c2c2ef47b7a6ec2258166d4402',100,'done','/uploads/file2pic/537072c2c2ef47b7a6ec2258166d4402/'),(16,6,'docx','b22975d94bee4be5b28b80b4b13c0b36',100,'done','/uploads/file2pic/b22975d94bee4be5b28b80b4b13c0b36/'),(17,21,'xlsx','744914b55f2f422ca59effe50531295e',100,'done','/uploads/file2pic/744914b55f2f422ca59effe50531295e/'),(18,22,'xlsx','ccd86359150744c5ba20c959b986bcdc',100,'done','/uploads/file2pic/ccd86359150744c5ba20c959b986bcdc/'),(21,23,'xlsx','7e3e85fa0a9e416eb590ea4819b0d18b',100,'done','/uploads/file2pic/7e3e85fa0a9e416eb590ea4819b0d18b/'),(22,24,'xlsx','2a3c9da7c02042a9929c87d163bb23d3',100,'done','/uploads/file2pic/2a3c9da7c02042a9929c87d163bb23d3/'),(23,25,'xlsx','1f63b63da74f48d3a84a969c00971618',100,'done','/uploads/file2pic/1f63b63da74f48d3a84a969c00971618/'),(24,26,'xlsx','f01cdfe787614b4d89fe48118d111385',100,'done','/uploads/file2pic/f01cdfe787614b4d89fe48118d111385/'),(25,27,'xlsx','a4fc72e770ea4804bc828026158166dc',100,'done','/uploads/file2pic/a4fc72e770ea4804bc828026158166dc/'),(26,28,'xlsx','4dc4fd680e4d4b79aec633c10d38691a',100,'done','/uploads/file2pic/4dc4fd680e4d4b79aec633c10d38691a/'),(27,29,'xlsx','d32b199e41e142cc82edafe80cf6ff83',100,'done','/uploads/file2pic/d32b199e41e142cc82edafe80cf6ff83/'),(28,30,'xlsx','015cd5ceae0c4f468cc39740e0207c01',100,'done','/uploads/file2pic/015cd5ceae0c4f468cc39740e0207c01/'),(29,31,'xlsx','36c7903de7024795970c39ac4a24c744',100,'done','/uploads/file2pic/36c7903de7024795970c39ac4a24c744/'),(30,32,'xlsx','c36eba748e404b969753cf2d80a03b09',100,'done','/uploads/file2pic/c36eba748e404b969753cf2d80a03b09/'),(31,41,'xlsx','f41edb2e63c54ea58a53a7a50f66fe56',100,'done','/uploads/file2pic/f41edb2e63c54ea58a53a7a50f66fe56/'),(32,42,'docx','f06029e48d74446f835ca75f2530488e',100,'done','/uploads/file2pic/f06029e48d74446f835ca75f2530488e/'),(33,43,'doc','3454a577031247e99dd0f67e6a145acd',100,'done','/uploads/file2pic/3454a577031247e99dd0f67e6a145acd/'),(34,47,'doc','38bddf79667048259f0516a8e4addff5',100,'done','/uploads/file2pic/38bddf79667048259f0516a8e4addff5/'),(35,48,'doc','40d552aad1c045bfb04ee31224d3fce0',100,'done','/uploads/file2pic/40d552aad1c045bfb04ee31224d3fce0/'),(36,49,'doc','b15d8f06048646b68410c025035bbf11',100,'done','/uploads/file2pic/b15d8f06048646b68410c025035bbf11/'),(37,50,'6党风廉政教育部署会','aabe9160744f4a7e8e00146b80d60ea3',100,'done','/uploads/file2pic/aabe9160744f4a7e8e00146b80d60ea3/'),(38,51,'6党风廉政教育部署会','8eac3729782f46e5841c2d22f464351e',100,'done','/uploads/file2pic/8eac3729782f46e5841c2d22f464351e/'),(39,52,'doc','9077bffb39954f218984366cf101de11',100,'done','/uploads/file2pic/9077bffb39954f218984366cf101de11/'),(40,53,'doc','19c83e7ea1874785a433d3ea265cc8a3',100,'done','/uploads/file2pic/19c83e7ea1874785a433d3ea265cc8a3/'),(41,54,'doc','248974cf483e48f3b2df3e4711099634',100,'done','/uploads/file2pic/248974cf483e48f3b2df3e4711099634/'),(42,55,'doc','a89eef79bc73482b820bf0dec39e0410',100,'done','/uploads/file2pic/a89eef79bc73482b820bf0dec39e0410/'),(43,56,'doc','461eb72e94f148cc933c076f0a2b0bdc',100,'done','/uploads/file2pic/461eb72e94f148cc933c076f0a2b0bdc/'),(44,57,'docx','3154040c5b8c4c9886eb14e443c5e664',0,'doing',''),(45,58,'docx','5b8167b6d52d498ba91e2f214e8e5830',0,'doing',''),(46,59,'docx','9132ab90f3c24bcd88cdd7f49f9711fb',0,'doing',''),(47,60,'docx','2cdeadf8ce0944cc93e59fe87aff007d',100,'done','/uploads/file2pic/2cdeadf8ce0944cc93e59fe87aff007d/'),(48,61,'docx','1be4370685c447dd9f1fb974060b7e28',100,'done','/uploads/file2pic/1be4370685c447dd9f1fb974060b7e28/'),(49,62,'docx','66b078818b0c4f2398a5aa727435bf2d',100,'done','/uploads/file2pic/66b078818b0c4f2398a5aa727435bf2d/'),(50,63,'pdf','589180201263435776',100,'done','/uploads/file2pic/pdf/5894be6514394d35004d668415d37692/');

--
-- Table structure for table `yl_documents_version`
--

CREATE TABLE `yl_documents_version` (
  `id` int(10) unsigned NOT NULL AUTO_INCREMENT COMMENT '表ID',
  `documents_id` int(10) unsigned NOT NULL COMMENT '文件ID',
  `version` int(10) unsigned NOT NULL COMMENT '版本号',
  `name` varchar(50) NOT NULL COMMENT '文件名',
  `size` int(10) unsigned NOT NULL COMMENT '文件大小',
  `path` char(100) NOT NULL COMMENT '文件路径',
  `ctime` int(10) unsigned NOT NULL COMMENT '版本创建时间',
  `creator_uuid` char(32) NOT NULL DEFAULT '' COMMENT '版本创建用户',
  `extension` varchar(20) NOT NULL COMMENT '文件格式(后缀)',
  `remark` varchar(200) NOT NULL COMMENT '备注',
  PRIMARY KEY (`id`)
) ENGINE=InnoDB AUTO_INCREMENT=96 DEFAULT CHARSET=utf8mb4 COMMENT='文档版本';

--
-- Dumping data for table `yl_documents_version`
--

INSERT INTO `yl_documents_version` VALUES (1,2,1,'1b6c0171b95ac3aeaafecf3a19910f5e',12870,'/uploads/wps/2/1/1b6c0171b95ac3aeaafecf3a19910f5e.docx',1611627696,'4c8f125cd4334b248dceed93ee330685','docx','新建文档《1b6c0171b95ac3aeaafecf3a19910f5e.docx》建立新版本：1'),(2,3,1,'师训工作总结',19419,'/uploads/wps/3/1/师训工作总结.docx',1611627826,'4c8f125cd4334b248dceed93ee330685','docx','新建文档《师训工作总结.docx》建立新版本：1'),(3,4,1,'党员组织生活规则',12890,'/uploads/wps/4/1/党员组织生活规则.docx',1611629828,'4c8f125cd4334b248dceed93ee330685','docx','新建文档《党员组织生活规则.docx》建立新版本：1'),(4,5,1,'党建会议文档',31074,'/uploads/wps/5/1/党建会议文档.docx',1611711130,'4c8f125cd4334b248dceed93ee330685','docx','新建文档《党建会议文档.docx》建立新版本：1'),(5,6,1,'党建会议文档',31074,'/uploads/wps/6/1/党建会议文档.docx',1611802996,'4c8f125cd4334b248dceed93ee330685','docx','新建文档《党建会议文档.docx》建立新版本：1'),(6,7,1,'党建会议文档',31074,'/uploads/wps/7/1/党建会议文档.docx',1611883269,'4c8f125cd4334b248dceed93ee330685','docx','新建文档《党建会议文档.docx》建立新版本：1'),(7,8,1,'志愿汇新时代文明实践中心接口对外',498270,'/uploads/wps/8/1/志愿汇新时代文明实践中心接口对外.pdf',1612248577,'4c8f125cd4334b248dceed93ee330685','pdf','新建文档《志愿汇新时代文明实践中心接口对外.pdf》建立新版本：1'),(8,9,1,'activity',10470,'/uploads/wps/9/1/activity.xlsx',1612489114,'4c8f125cd4334b248dceed93ee330685','xlsx','新建文档《activity.xlsx》建立新版本：1'),(9,10,1,'activity',10470,'/uploads/wps/10/1/activity.xlsx',1612489166,'4c8f125cd4334b248dceed93ee330685','xlsx','新建文档《activity.xlsx》建立新版本：1'),(10,11,1,'activity',10470,'/uploads/wps/11/1/activity.xlsx',1612489219,'4c8f125cd4334b248dceed93ee330685','xlsx','新建文档《activity.xlsx》建立新版本：1'),(11,12,1,'activity',10470,'/uploads/wps/12/1/activity.xlsx',1612489245,'4c8f125cd4334b248dceed93ee330685','xlsx','新建文档《activity.xlsx》建立新版本：1'),(12,13,1,'activity',10470,'/uploads/wps/13/1/activity.xlsx',1612489383,'4c8f125cd4334b248dceed93ee330685','xlsx','新建文档《activity.xlsx》建立新版本：1'),(13,14,1,'activity',10470,'/uploads/wps/14/1/activity.xlsx',1612489497,'4c8f125cd4334b248dceed93ee330685','xlsx','新建文档《activity.xlsx》建立新版本：1'),(14,15,1,'activity',10470,'/uploads/wps/15/1/activity.xlsx',1612489521,'4c8f125cd4334b248dceed93ee330685','xlsx','新建文档《activity.xlsx》建立新版本：1'),(15,16,1,'activity',10470,'/uploads/wps/16/1/activity.xlsx',1612489849,'4c8f125cd4334b248dceed93ee330685','xlsx','新建文档《activity.xlsx》建立新版本：1'),(16,17,1,'activity',10470,'/uploads/wps/17/1/activity.xlsx',1612489879,'4c8f125cd4334b248dceed93ee330685','xlsx','新建文档《activity.xlsx》建立新版本：1'),(17,18,1,'activity',10470,'/uploads/wps/18/1/activity.xlsx',1612490002,'4c8f125cd4334b248dceed93ee330685','xlsx','新建文档《activity.xlsx》建立新版本：1'),(18,19,1,'activity',10470,'/uploads/wps/19/1/activity.xlsx',1612490025,'4c8f125cd4334b248dceed93ee330685','xlsx','新建文档《activity.xlsx》建立新版本：1'),(19,20,1,'activity',10470,'/uploads/wps/20/1/activity.xlsx',1612490166,'4c8f125cd4334b248dceed93ee330685','xlsx','新建文档《activity.xlsx》建立新版本：1'),(20,21,1,'activity',10470,'/uploads/wps/21/1/activity.xlsx',1612490364,'4c8f125cd4334b248dceed93ee330685','xlsx','新建文档《activity.xlsx》建立新版本：1'),(21,22,1,'newRegion191219',32323,'/uploads/wps/22/1/newRegion191219.xlsx',1612490409,'4c8f125cd4334b248dceed93ee330685','xlsx','新建文档《newRegion191219.xlsx》建立新版本：1'),(22,23,1,'activity',10500,'/uploads/wps/23/1/activity.xlsx',1612492258,'4c8f125cd4334b248dceed93ee330685','xlsx','新建文档《activity.xlsx》建立新版本：1'),(23,24,1,'activity',10506,'/uploads/wps/24/1/activity.xlsx',1612492319,'4c8f125cd4334b248dceed93ee330685','xlsx','新建文档《activity.xlsx》建立新版本：1'),(24,25,1,'activity',10538,'/uploads/wps/25/1/activity.xlsx',1612492405,'4c8f125cd4334b248dceed93ee330685','xlsx','新建文档《activity.xlsx》建立新版本：1'),(25,26,1,'activity',10622,'/uploads/wps/26/1/activity.xlsx',1612492634,'4c8f125cd4334b248dceed93ee330685','xlsx','新建文档《activity.xlsx》建立新版本：1'),(26,27,1,'activity',10622,'/uploads/wps/27/1/activity.xlsx',1612668798,'4c8f125cd4334b248dceed93ee330685','xlsx','新建文档《activity.xlsx》建立新版本：1'),(27,28,1,'activity',10622,'/uploads/wps/28/1/activity.xlsx',1612669532,'4c8f125cd4334b248dceed93ee330685','xlsx','新建文档《activity.xlsx》建立新版本：1'),(28,29,1,'activity',10470,'/uploads/wps/29/1/activity.xlsx',1612669622,'4c8f125cd4334b248dceed93ee330685','xlsx','新建文档《activity.xlsx》建立新版本：1'),(29,30,1,'activity',10470,'/uploads/wps/30/1/activity.xlsx',1612669670,'4c8f125cd4334b248dceed93ee330685','xlsx','新建文档《activity.xlsx》建立新版本：1'),(30,31,1,'activity',10470,'/uploads/wps/31/1/activity.xlsx',1612670307,'4c8f125cd4334b248dceed93ee330685','xlsx','新建文档《activity.xlsx》建立新版本：1'),(31,32,1,'newRegion201009',37035,'/uploads/wps/32/1/newRegion201009.xlsx',1612678868,'4c8f125cd4334b248dceed93ee330685','xlsx','新建文档《newRegion201009.xlsx》建立新版本：1'),(32,33,1,'activity123',10470,'/uploads/wps/33/1/activity.xlsx',1612920878,'4c8f125cd4334b248dceed93ee330685','xlsx','新建文档《activity123》建立新版本：1'),(33,34,1,'newRegion191219',32323,'/uploads/wps/34/1/newRegion191219.xlsx',1612921162,'4c8f125cd4334b248dceed93ee330685','xlsx','新建文档《newRegion191219》建立新版本：1'),(39,39,1,'Web页面启动APK',478279,'/uploads/wps/39/1/Web页面启动APK.pdf',1613611622,'4c8f125cd4334b248dceed93ee330685','pdf','新建文档《Web页面启动APK》建立新版本：1'),(40,40,1,'用户基本信息导入模板',39424,'/uploads/wps/40/1/用户基本信息导入模板.xls',1613611678,'4c8f125cd4334b248dceed93ee330685','xls','新建文档《用户基本信息导入模板》建立新版本：1'),(41,41,1,'activity',10470,'/uploads/wps/41/1/activity.xlsx',1614319692,'4c8f125cd4334b248dceed93ee330685','xlsx','新建文档《activity.xlsx》建立新版本：1'),(42,42,1,'党组书记厉永兵讲党课',454537,'/uploads/wps/42/1/党组书记厉永兵讲党课.docx',1614320150,'4c8f125cd4334b248dceed93ee330685','docx','新建文档《党组书记厉永兵讲党课.docx》建立新版本：1'),(43,43,1,'支部书记丁巍讲党课',2821632,'/uploads/wps/43/1/支部书记丁巍讲党课.doc',1614394752,'4c8f125cd4334b248dceed93ee330685','doc','新建文档《支部书记丁巍讲党课.doc》建立新版本：1'),(44,47,1,'学习十九届四中全会',9197568,'/uploads/wps/47/1/学习十九届四中全会.doc',1614396053,'4c8f125cd4334b248dceed93ee330685','doc','新建文档《学习十九届四中全会.doc》建立新版本：1'),(45,48,1,'学习十九届四中全会',9197568,'/uploads/wps/48/1/学习十九届四中全会.doc',1614396214,'4c8f125cd4334b248dceed93ee330685','doc','新建文档《学习十九届四中全会.doc》建立新版本：1'),(46,49,1,'全体党员大会记录',1457664,'/uploads/wps/49/1/全体党员大会记录.doc',1614396830,'4c8f125cd4334b248dceed93ee330685','doc','新建文档《全体党员大会记录.doc》建立新版本：1'),(47,50,1,'6',1469952,'/uploads/wps/50/1/6.6党风廉政教育部署会.doc',1614409410,'4c8f125cd4334b248dceed93ee330685','6党风廉政教育部署会','新建文档《6.6党风廉政教育部署会.doc》建立新版本：1'),(48,51,1,'6',1469952,'/uploads/wps/51/1/6.6党风廉政教育部署会.doc',1614409439,'4c8f125cd4334b248dceed93ee330685','6党风廉政教育部署会','新建文档《6.6党风廉政教育部署会.doc》建立新版本：1'),(49,52,1,'椒江广电中心召开2018年党风廉政建设推进会  报送材料',1484800,'/uploads/wps/52/1/椒江广电中心召开2018年党风廉政建设推进会  报送材料.doc',1614409445,'4c8f125cd4334b248dceed93ee330685','doc','新建文档《椒江广电中心召开2018年党风廉政建设推进会  报送材料.doc》建立新版本：1'),(50,53,1,'党风廉政教育部署会',1469952,'/uploads/wps/53/1/党风廉政教育部署会.doc',1614409473,'4c8f125cd4334b248dceed93ee330685','doc','新建文档《党风廉政教育部署会.doc》建立新版本：1'),(51,54,1,'全体党员大会记录',1460736,'/uploads/wps/54/1/全体党员大会记录.doc',1615176191,'4c8f125cd4334b248dceed93ee330685','doc','新建文档《全体党员大会记录.doc》建立新版本：1'),(52,55,1,'全体党员大会记录',3592704,'/uploads/wps/55/1/全体党员大会记录.doc',1615180783,'4c8f125cd4334b248dceed93ee330685','doc','新建文档《全体党员大会记录.doc》建立新版本：1'),(53,56,1,'党风廉政教育部署会',1459200,'/uploads/wps/56/1/党风廉政教育部署会.doc',1615181599,'4c8f125cd4334b248dceed93ee330685','doc','新建文档《党风廉政教育部署会.doc》建立新版本：1'),(54,57,1,'顶胜淘宝培训合同',26914,'/uploads/wps/57/1/顶胜淘宝培训合同.docx',1615272392,'f7721013e39a4306a0dd96b9ae9589a3','docx','新建文档《顶胜淘宝培训合同.docx》建立新版本：1'),(55,58,1,'标题',306978,'/uploads/wps/58/1/标题.docx',1615272590,'f7721013e39a4306a0dd96b9ae9589a3','docx','新建文档《标题.docx》建立新版本：1'),(56,59,1,'标题',306978,'/uploads/wps/59/1/标题.docx',1615272661,'f7721013e39a4306a0dd96b9ae9589a3','docx','新建文档《标题.docx》建立新版本：1'),(57,60,1,'标题',306978,'/uploads/wps/60/1/标题.docx',1615272689,'f7721013e39a4306a0dd96b9ae9589a3','docx','新建文档《标题.docx》建立新版本：1'),(58,61,1,'标题',306978,'/uploads/wps/61/1/标题.docx',1615272771,'f7721013e39a4306a0dd96b9ae9589a3','docx','新建文档《标题.docx》建立新版本：1'),(59,62,1,'标题',306978,'/uploads/wps/62/1/标题.docx',1615272856,'f7721013e39a4306a0dd96b9ae9589a3','docx','新建文档《标题.docx》建立新版本：1'),(60,63,1,'Web页面启动APK',478279,'/uploads/wps/63/1/Web页面启动APK.pdf',1615274392,'f7721013e39a4306a0dd96b9ae9589a3','pdf','新建文档《Web页面启动APK.pdf》建立新版本：1'),(61,64,1,'标题',306978,'/uploads/wps/64/1/标题.docx',1615353907,'4c8f125cd4334b248dceed93ee330685','docx','新建文档《标题.docx》建立新版本：1'),(62,65,1,'redis-1',0,'/uploads/wps/65/1/redis-1.docx',1615354009,'4c8f125cd4334b248dceed93ee330685','docx','新建文档《redis-1.docx》建立新版本：1'),(63,66,1,'redis-1',0,'/uploads/wps/66/1/redis-1.docx',1615354321,'4c8f125cd4334b248dceed93ee330685','docx','新建文档《redis-1.docx》建立新版本：1'),(64,67,1,'标题',306978,'/uploads/wps/67/1/标题.docx',1615354396,'4c8f125cd4334b248dceed93ee330685','docx','新建文档《标题.docx》建立新版本：1'),(65,68,1,'redis-1',0,'/uploads/wps/68/1/redis-1.docx',1615354441,'4c8f125cd4334b248dceed93ee330685','docx','新建文档《redis-1.docx》建立新版本：1'),(66,69,1,'ThinkPHP6',57730,'/uploads/wps/69/1/ThinkPHP6.0.docx',1615354449,'4c8f125cd4334b248dceed93ee330685','0','新建文档《ThinkPHP6.0.docx》建立新版本：1'),(67,70,1,'redis-1',0,'/uploads/wps/70/1/redis-1.docx',1615354527,'4c8f125cd4334b248dceed93ee330685','docx','新建文档《redis-1.docx》建立新版本：1'),(68,71,1,'redis-1',0,'/uploads/wps/71/1/redis-1.docx',1615354555,'4c8f125cd4334b248dceed93ee330685','docx','新建文档《redis-1.docx》建立新版本：1'),(69,72,1,'redis-1',0,'/uploads/wps/72/1/redis-1.docx',1615354592,'4c8f125cd4334b248dceed93ee330685','docx','新建文档《redis-1.docx》建立新版本：1'),(70,73,1,'redis-1',0,'/uploads/wps/73/1/redis-1.docx',1615354596,'4c8f125cd4334b248dceed93ee330685','docx','新建文档《redis-1.docx》建立新版本：1'),(71,74,1,'标题',306978,'/uploads/wps/74/1/标题.docx',1615354603,'4c8f125cd4334b248dceed93ee330685','docx','新建文档《标题.docx》建立新版本：1'),(72,76,1,'newRegion191219',32323,'/uploads/wps/76/1/newRegion191219.xlsx',1615354796,'4c8f125cd4334b248dceed93ee330685','xlsx','新建文档《newRegion191219.xlsx》建立新版本：1'),(73,77,1,'newRegion201009',37035,'/uploads/wps/77/1/newRegion201009.xlsx',1615354811,'4c8f125cd4334b248dceed93ee330685','xlsx','新建文档《newRegion201009.xlsx》建立新版本：1'),(74,78,1,'redis-1',0,'/uploads/wps/78/1/redis-1.docx',1615355077,'4c8f125cd4334b248dceed93ee330685','docx','新建文档《redis-1.docx》建立新版本：1'),(75,79,1,'标题',306978,'/uploads/wps/79/1/标题.docx',1615355130,'4c8f125cd4334b248dceed93ee330685','docx','新建文档《标题.docx》建立新版本：1'),(76,80,1,'newRegion191219',32323,'/uploads/wps/80/1/newRegion191219.xlsx',1615355192,'4c8f125cd4334b248dceed93ee330685','xlsx','新建文档《newRegion191219.xlsx》建立新版本：1'),(77,81,1,'ThinkPHP6',57730,'/uploads/wps/81/1/ThinkPHP6.0.docx',1615355199,'4c8f125cd4334b248dceed93ee330685','0','新建文档《ThinkPHP6.0.docx》建立新版本：1'),(78,82,1,'redis-1',0,'/uploads/wps/82/1/redis-1.docx',1615355203,'4c8f125cd4334b248dceed93ee330685','docx','新建文档《redis-1.docx》建立新版本：1'),(79,83,1,'newRegion191219',32323,'/uploads/wps/83/1/newRegion191219.xlsx',1615355253,'4c8f125cd4334b248dceed93ee330685','xlsx','新建文档《newRegion191219.xlsx》建立新版本：1'),(80,84,1,'newRegion201009',37035,'/uploads/wps/84/1/newRegion201009.xlsx',1615355258,'4c8f125cd4334b248dceed93ee330685','xlsx','新建文档《newRegion201009.xlsx》建立新版本：1'),(81,85,1,'排序2',18114048,'/uploads/wps/85/1/排序2.xls',1615355267,'4c8f125cd4334b248dceed93ee330685','xls','新建文档《排序2.xls》建立新版本：1'),(82,86,1,'redis-1',0,'/uploads/wps/86/1/redis-1.docx',1615355288,'4c8f125cd4334b248dceed93ee330685','docx','新建文档《redis-1.docx》建立新版本：1'),(83,87,1,'newRegion191219',32323,'/uploads/wps/87/1/newRegion191219.xlsx',1615355329,'4c8f125cd4334b248dceed93ee330685','xlsx','新建文档《newRegion191219.xlsx》建立新版本：1'),(84,88,1,'redis-1',0,'/uploads/wps/88/1/redis-1.docx',1615355582,'4c8f125cd4334b248dceed93ee330685','docx','新建文档《redis-1.docx》建立新版本：1'),(85,89,1,'newRegion191219',32323,'/uploads/wps/89/1/newRegion191219.xlsx',1615355587,'4c8f125cd4334b248dceed93ee330685','xlsx','新建文档《newRegion191219.xlsx》建立新版本：1'),(86,90,1,'redis-1',0,'/uploads/wps/90/1/redis-1.docx',1615356427,'4c8f125cd4334b248dceed93ee330685','docx','新建文档《redis-1.docx》建立新版本：1'),(87,91,1,'newRegion191219',32323,'/uploads/wps/91/1/newRegion191219.xlsx',1615356495,'4c8f125cd4334b248dceed93ee330685','xlsx','新建文档《newRegion191219.xlsx》建立新版本：1'),(88,92,1,'ThinkPHP6',57730,'/uploads/wps/92/1/ThinkPHP6.0.docx',1615356543,'4c8f125cd4334b248dceed93ee330685','0','新建文档《ThinkPHP6.0.docx》建立新版本：1'),(89,93,1,'ThinkPHP6.0',57730,'/uploads/wps/93/1/ThinkPHP6.0.docx',1615357245,'4c8f125cd4334b248dceed93ee330685','docx','新建文档《ThinkPHP6.0.docx》建立新版本：1'),(90,94,1,'newRegion191219',32323,'/uploads/wps/94/1/newRegion191219.xlsx',1615357406,'4c8f125cd4334b248dceed93ee330685','xlsx','新建文档《newRegion191219.xlsx》建立新版本：1'),(91,95,1,'activity',10470,'/uploads/wps/95/1/activity.xlsx',1615357413,'4c8f125cd4334b248dceed93ee330685','xlsx','新建文档《activity.xlsx》建立新版本：1'),(92,96,1,'redis-1',0,'/uploads/wps/96/1/redis-1.docx',1615358070,'f7721013e39a4306a0dd96b9ae9589a3','docx','新建文档《redis-1.docx》建立新版本：1'),(93,97,1,'标题',306978,'/uploads/wps/97/1/标题.docx',1615358078,'f7721013e39a4306a0dd96b9ae9589a3','docx','新建文档《标题.docx》建立新版本：1'),(94,98,1,'newRegion201009',37035,'/uploads/wps/98/1/newRegion201009.xlsx',1615430646,'f7721013e39a4306a0dd96b9ae9589a3','xlsx','新建文档《newRegion201009.xlsx》建立新版本：1'),(95,99,1,'activity',10470,'/uploads/wps/99/1/activity.xlsx',1615876841,'4c8f125cd4334b248dceed93ee330685','xlsx','新建文档《activity》建立新版本：1');

--
-- Table structure for table `yl_meeting`
--

CREATE TABLE `yl_meeting` (
  `id` int(10) unsigned NOT NULL AUTO_INCREMENT COMMENT '表ID',
  `organ_id` int(10) unsigned NOT NULL COMMENT '党组织ID，关联ORGAN表ID',
  `title` varchar(50) NOT NULL DEFAULT '' COMMENT '会议名称',
  `description` varchar(2000) NOT NULL DEFAULT '' COMMENT '会议简介',
  `icon` varchar(60) NOT NULL DEFAULT '' COMMENT '封面图',
  `start_time` timestamp NOT NULL DEFAULT '0000-00-00 00:00:00' COMMENT '开始时间',
  `end_time` timestamp NOT NULL DEFAULT '0000-00-00 00:00:00' COMMENT '结束时间',
  `address` varchar(100) NOT NULL DEFAULT '' COMMENT '会议地点',
  `scope` varchar(50) NOT NULL DEFAULT '' COMMENT '参与范围',
  `hoster` varchar(50) NOT NULL DEFAULT '' COMMENT '主持人',
  `is_advance` enum('y','n') NOT NULL DEFAULT 'n' COMMENT '是否会议预告',
  `uuid` char(32) NOT NULL DEFAULT '' COMMENT '发起人',
  `ctime` timestamp NOT NULL DEFAULT CURRENT_TIMESTAMP COMMENT '提交时间',
  `identifier` mediumint(8) unsigned NOT NULL DEFAULT '0' COMMENT '会议识别码',
  PRIMARY KEY (`id`)
) ENGINE=InnoDB AUTO_INCREMENT=8 DEFAULT CHARSET=utf8mb4 COMMENT='会议表';

--
-- Dumping data for table `yl_meeting`
--

INSERT INTO `yl_meeting` VALUES (2,2,'“学雷锋精神”话题讨论','“学雷锋精神”话题讨论','/uploads/pic/20210304/6728a1486125db4a4d5dde2824a5dd9a.jpg','2021-03-28 00:00:00','2021-03-28 02:00:00','二楼会议室','全体','王海玲','y','4c8f125cd4334b248dceed93ee330685','2021-03-04 02:20:56',123456),(3,2,'机关一支部2021-03-10会议','','','2021-03-10 05:58:10','0000-00-00 00:00:00','临时会议','','','n','','2021-03-10 05:36:31',793514),(4,2,'机关一支部2021-03-10会议','','','2021-03-10 05:58:19','0000-00-00 00:00:00','临时会议','','','n','','2021-03-10 05:37:20',380865),(6,2,'机关一支部2021-03-10会议','','','2021-03-10 07:50:26','0000-00-00 00:00:00','临时会议','','','n','','2021-03-10 07:50:26',890654);

--
-- Table structure for table `yl_meeting_member`
--

CREATE TABLE `yl_meeting_member` (
  `id` int(10) unsigned NOT NULL AUTO_INCREMENT COMMENT '表ID',
  `meeting_id` int(10) unsigned NOT NULL COMMENT '会议ID，关联meeting表ID',
  `uuid` char(32) NOT NULL COMMENT '人员UUID',
  `start_time` timestamp NOT NULL DEFAULT '0000-00-00 00:00:00' COMMENT '加入会议时间',
  `end_time` timestamp NOT NULL DEFAULT '0000-00-00 00:00:00' COMMENT '退出会议时间',
  PRIMARY KEY (`id`),
  KEY `yl_meeting_member_fk_1` (`meeting_id`),
  CONSTRAINT `yl_meeting_member_fk_1` FOREIGN KEY (`meeting_id`) REFERENCES `yl_meeting` (`id`) ON DELETE CASCADE
) ENGINE=InnoDB AUTO_INCREMENT=2 DEFAULT CHARSET=utf8mb4 COMMENT='会议参与人员表';

--
-- Dumping data for table `yl_meeting_member`
--

INSERT INTO `yl_meeting_member` VALUES (1,2,'3fc7ec61c43840beb73c29863c414bf4','0000-00-00 00:00:00','0000-00-00 00:00:00');

--
-- Table structure for table `yl_node_column`
--

CREATE TABLE `yl_node_column` (
  `id` smallint(5) unsigned NOT NULL AUTO_INCREMENT COMMENT '表ID',
  `pid` smallint(5) unsigned NOT NULL DEFAULT '0' COMMENT '节点父ID',
  `title` varchar(10) NOT NULL DEFAULT '' COMMENT '栏目名称',
  `icon` varchar(60) NOT NULL DEFAULT '' COMMENT '栏目图标',
  `level` tinyint(3) unsigned NOT NULL DEFAULT '0' COMMENT '栏目层级',
  `routing` varchar(50) NOT NULL DEFAULT '' COMMENT '前端路由',
  `sort` smallint(5) unsigned NOT NULL DEFAULT '0' COMMENT '节点排序',
  PRIMARY KEY (`id`)
) ENGINE=InnoDB AUTO_INCREMENT=54 DEFAULT CHARSET=utf8mb4 COMMENT='栏目节点表';

--
-- Dumping data for table `yl_node_column`
--

INSERT INTO `yl_node_column` VALUES (1,0,'用户','',0,'',0),(2,0,'角色','',0,'',0),(3,0,'权限','',0,'',0),(4,1,'用户管理','',1,'user/user',0),(5,1,'用户角色管理','',1,'user/userRole',0),(6,2,'角色管理','',1,'role/role',0),(7,3,'栏目权限管理','',1,'role/roleAccessColumn',0),(8,3,'功能权限管理','',1,'role/roleAccessFunction',0),(9,0,'媒资','',0,'',0),(10,9,'媒资文件管理','',1,'vod/vod',0),(11,9,'媒资分类管理','',1,'vod/vodType',0),(12,0,'区域','',0,'',0),(13,12,'区域管理','',1,'region/region',0),(14,0,'栏目','',0,'',0),(15,14,'栏目管理','',1,'node/nodeColumn',0),(16,14,'功能管理','',1,'node/nodeFunction',0),(17,0,'计划&台账','',0,'',0),(18,17,'计划管理','',1,'plan/plan',0),(19,0,'活动','',0,'',0),(20,19,'活动管理','',0,'activity/activity',0),(22,17,'台账管理','',0,'standing_book/standingBook',0),(23,0,'党建资讯','',0,'',1),(24,23,'党建资讯','',0,'party/news',0),(25,23,'支部动态','',0,'party/organNews',0),(26,0,'党建资源库','',0,'',2),(27,26,'党委','',1,'source/dangwei',0),(28,26,'支部','',1,'source/zhibu',2),(29,0,'任务','',0,'',0),(30,29,'待处理','',1,'task/dealing',0),(31,29,'已处理','',1,'task/dealed',1),(32,29,'已超时','',1,'task/deline',2),(33,29,'已撤回','',1,'task/takeback',3),(34,29,'我发起的','',1,'task/launch',4),(35,0,'党建','',0,'',0),(36,35,'党员管理','',1,'user/userParty',0),(37,35,'党外职务','',1,'party/partyPosition',1),(38,35,'组织管理','',1,'party/partyOrgan',2),(39,35,'党费缴纳','',1,'party/partyDues',3),(40,35,'缴纳配置','',1,'party/partyDuesSet',4),(41,35,'党内奖惩','',1,'party/partyRewards',5),(42,0,'文档','',0,'',0),(43,42,'文档分类','',1,'documents/documentsCategory',0),(44,42,'文档文件','',1,'documents/documents',1),(45,35,'民主评议','',1,'party/partyEvaluate',6),(46,35,'谈心谈话','',1,'party/partyTalk',7),(47,35,'基层上报','',1,'party/partyReport',8),(48,26,'标签管理','',1,'source/tag',3),(49,1,'机顶盒用户','',1,'user/userCard',0),(50,0,'视频会议','',0,'',0),(51,50,'会议预告','',1,'meeting/meetingAdvance',0),(52,50,'会议记录','',1,'meeting/meeting',0),(53,35,'资源清单','',1,'party/partyBdResource',0);

--
-- Table structure for table `yl_node_function`
--

CREATE TABLE `yl_node_function` (
  `id` smallint(5) unsigned NOT NULL AUTO_INCREMENT COMMENT '表ID',
  `pid` smallint(5) unsigned NOT NULL DEFAULT '0',
  `title` varchar(60) NOT NULL DEFAULT '' COMMENT '功能名称',
  `routing` varchar(50) CHARACTER SET utf8mb4 COLLATE utf8mb4_bin NOT NULL DEFAULT '' COMMENT '管理端路由',
  `event_name` varchar(20) NOT NULL DEFAULT '' COMMENT '前端按钮事件名称',
  PRIMARY KEY (`id`),
  UNIQUE KEY `u_idx_1` (`routing`)
) ENGINE=InnoDB AUTO_INCREMENT=111 DEFAULT CHARSET=utf8mb4 COMMENT='功能节点表';

--
-- Dumping data for table `yl_node_function`
--

INSERT INTO `yl_node_function` VALUES (1,0,'','CommonData','aa'),(2,1,'获取公共常用数据','CommonData\\value',''),(3,0,'','Conf',''),(4,3,'获取配置信息','Conf\\value',''),(5,0,'','Index',''),(6,5,'','Index\\xyg',''),(7,5,'','Index\\changePwd',''),(8,0,'','Plan',''),(9,8,'显示计划列表','Plan\\index',''),(10,8,'保存新建的计划','Plan\\save',''),(11,8,'保存更新的计划','Plan\\update',''),(12,8,'删除指定计划','Plan\\delete','add'),(13,8,'获取党支部下拉列表','Plan\\organs',''),(14,0,'','Upload',''),(15,14,'图片上传','Upload\\pic',''),(16,14,'zip压缩包上传','Upload\\zip',''),(17,14,'安卓安装包apk上传','Upload\\apk',''),(18,14,'文档上传','Upload\\doc',''),(19,14,'视频上传','Upload\\video',''),(20,14,'音频上传','Upload\\audio',''),(21,14,'删除暂存文件','Upload\\del',''),(22,0,'','Wps',''),(23,22,'','Wps\\fileData',''),(24,22,'','Wps\\fileInfo',''),(25,22,'','Wps\\userInfo',''),(26,22,'','Wps\\fileOnline',''),(27,22,'','Wps\\fileSave',''),(28,22,'','Wps\\fileVersion',''),(29,22,'','Wps\\fileRename',''),(30,22,'','Wps\\fileHistory',''),(31,22,'','Wps\\fileNew',''),(32,22,'','Wps\\onnotify',''),(33,22,'','Wps\\test',''),(34,22,'','Wps\\getUserList',''),(35,22,'','Wps\\getFileListByPage',''),(36,22,'','Wps\\createTemplateFile',''),(37,22,'','Wps\\delFile',''),(38,22,'','Wps\\uploadFile',''),(39,22,'','Wps\\getViewUrlDbPath',''),(40,0,'','documents',''),(41,40,'','Documents',''),(42,41,'显示文档列表','documents\\Documents\\index',''),(43,41,'保存新建的文档','documents\\Documents\\save',''),(44,41,'删除指定文档','documents\\Documents\\delete',''),(45,40,'','DocumentsCategory',''),(46,45,'显示文档分类列表','documents\\DocumentsCategory\\index',''),(47,45,'保存新建的文档分类','documents\\DocumentsCategory\\save',''),(48,45,'保存更新的文档分类','documents\\DocumentsCategory\\update',''),(49,45,'删除指定文档分类','documents\\DocumentsCategory\\delete',''),(50,0,' Class NodeColumn','node',''),(51,50,' Class NodeColumn','NodeColumn',''),(52,51,'获取栏目列表','node\\NodeColumn\\index',''),(53,51,'新增栏目','node\\NodeColumn\\save',''),(54,51,'更新栏目信息','node\\NodeColumn\\update',''),(55,50,'','NodeFunction',''),(56,55,'获取功能列表','node\\NodeFunction\\index',''),(57,55,'更新功能列表信息','node\\NodeFunction\\update',''),(58,0,'','region',''),(59,58,'','Region',''),(60,59,'获取区域列表','region\\Region\\index',''),(61,58,'','RegionBDS',''),(62,61,'获取区域定位数据','region\\RegionBDS\\index',''),(63,0,'','role',''),(64,63,'','Role',''),(65,64,'获取角色列表','role\\Role\\index',''),(66,64,'新增角色','role\\Role\\save',''),(67,64,'更新角色信息','role\\Role\\update',''),(68,64,'删除角色','role\\Role\\delete',''),(69,64,'启用或者禁用角色','role\\Role\\status',''),(70,63,'','RoleAccessColumn',''),(71,70,'获取角色授权栏目列表','role\\RoleAccessColumn\\index',''),(72,70,'授权角色栏目权限','role\\RoleAccessColumn\\update',''),(73,63,'','RoleAccessFunction',''),(74,73,'获取角色授权功能列表','role\\RoleAccessFunction\\index',''),(75,73,'授权角色功能权限','role\\RoleAccessFunction\\update',''),(76,0,'','user',''),(77,76,'','User',''),(78,77,'获取用户列表','user\\User\\index',''),(79,77,'根据姓名搜索普通角色用户','user\\User\\search',''),(80,77,'新增用户信息','user\\User\\save',''),(81,77,'更新用户信息','user\\User\\update',''),(82,77,'导出用户信息','user\\User\\export',''),(83,76,'','UserLogin',''),(84,83,'PC用户登录','user\\UserLogin\\login',''),(85,83,'封禁用户登录权限','user\\UserLogin\\lock',''),(86,83,'解锁用户登录权限','user\\UserLogin\\unlock',''),(87,83,'登出','user\\UserLogin\\logout',''),(88,76,'','UserLoginLogs',''),(89,88,'获取登录日志','user\\UserLoginLogs\\index',''),(90,88,'新增用户登录日志','user\\UserLoginLogs\\save',''),(91,76,'','UserRole',''),(92,91,'获取指定角色用户列表','user\\UserRole\\index',''),(93,91,'更新用户角色','user\\UserRole\\update',''),(94,91,'移除用户角色到普通用户','user\\UserRole\\del',''),(95,0,'','vod',''),(96,95,'','Vod',''),(97,96,'显示媒资列表','vod\\Vod\\index',''),(98,96,'保存新建的媒资','vod\\Vod\\save',''),(99,96,'保存更新的媒资','vod\\Vod\\update',''),(100,96,'删除指定的媒资','vod\\Vod\\delete',''),(101,96,'获取指定媒资的播放地址列表','vod\\Vod\\urls',''),(102,96,'屏蔽指定资源','vod\\Vod\\disable',''),(103,96,'恢复指定资源','vod\\Vod\\recover',''),(104,96,'获取可用的媒资分类列表','vod\\Vod\\types',''),(105,96,'','vod\\Vod\\callbackUrl',''),(106,95,'','VodType',''),(107,106,'显示媒资分类列表','vod\\VodType\\index',''),(108,106,'保存新建的媒资分类','vod\\VodType\\save',''),(109,106,'保存更新的媒资分类','vod\\VodType\\update',''),(110,106,'删除指定媒资分类','vod\\VodType\\delete','');

--
-- Table structure for table `yl_online_test`
--

CREATE TABLE `yl_online_test` (
  `id` int(10) unsigned NOT NULL AUTO_INCREMENT COMMENT '表ID',
  `title` varchar(51) NOT NULL COMMENT '标题',
  `desc` varchar(2000) NOT NULL COMMENT '描述',
  `icon_path` varchar(200) NOT NULL COMMENT '封面',
  `is_limit` enum('y','n') NOT NULL DEFAULT 'n' COMMENT '是否限时答题',
  `start_time` datetime NOT NULL COMMENT '开始时间',
  `end_time` datetime NOT NULL COMMENT '结束时间',
  `creator_uuid` char(32) NOT NULL COMMENT '创建者',
  `ctime` timestamp NOT NULL DEFAULT CURRENT_TIMESTAMP COMMENT '创建时间',
  PRIMARY KEY (`id`)
) ENGINE=InnoDB AUTO_INCREMENT=4 DEFAULT CHARSET=utf8mb4 COMMENT='在线测试表';

--
-- Dumping data for table `yl_online_test`
--

INSERT INTO `yl_online_test` VALUES (2,'党课在线答题','实现“两个一百年”奋斗目标、实现中华民族伟大复兴的中国梦','','n','0000-00-00 00:00:00','0000-00-00 00:00:00','4c8f125cd4334b248dceed93ee330685','2021-01-29 01:17:40'),(3,'“不忘初心、牢记使命”主题教育学习试题','“不忘初心、牢记使命”主题教育学习试题','','n','0000-00-00 00:00:00','0000-00-00 00:00:00','4c8f125cd4334b248dceed93ee330685','2021-02-26 08:33:25');

--
-- Table structure for table `yl_party_bd_resource`
--

CREATE TABLE `yl_party_bd_resource` (
  `id` smallint(5) unsigned NOT NULL AUTO_INCREMENT COMMENT '表ID',
  `organ_id` int(10) unsigned NOT NULL DEFAULT '0' COMMENT '党组织ID',
  `name` varchar(31) NOT NULL DEFAULT '' COMMENT '名称',
  `desc` text COMMENT '描述',
  `uuid` char(32) NOT NULL COMMENT '创建人，关联user表uuid',
  `ctime` timestamp NOT NULL DEFAULT CURRENT_TIMESTAMP COMMENT '添加时间',
  PRIMARY KEY (`id`)
) ENGINE=InnoDB AUTO_INCREMENT=11 DEFAULT CHARSET=utf8mb4 COMMENT='党员社区报到资源表';

--
-- Dumping data for table `yl_party_bd_resource`
--

INSERT INTO `yl_party_bd_resource` VALUES (1,0,'政策宣传','','4c8f125cd4334b248dceed93ee330685','2021-03-12 02:22:32'),(2,0,'文明劝导','','4c8f125cd4334b248dceed93ee330685','2021-03-12 02:22:39'),(3,0,'法律援助','','4c8f125cd4334b248dceed93ee330685','2021-03-12 02:22:45'),(4,0,'医疗保健','','4c8f125cd4334b248dceed93ee330685','2021-03-12 02:22:50'),(5,0,'教育辅导','','4c8f125cd4334b248dceed93ee330685','2021-03-12 02:22:57'),(6,0,'文体活动','','4c8f125cd4334b248dceed93ee330685','2021-03-12 02:23:02'),(7,0,'环境整治','','4c8f125cd4334b248dceed93ee330685','2021-03-12 02:23:07'),(8,0,'治安防范','','4c8f125cd4334b248dceed93ee330685','2021-03-12 02:23:12'),(9,0,'便民服务','','4c8f125cd4334b248dceed93ee330685','2021-03-12 02:23:17');

--
-- Table structure for table `yl_party_dues`
--

CREATE TABLE `yl_party_dues` (
  `id` int(10) unsigned NOT NULL AUTO_INCREMENT,
  `uuid` char(32) NOT NULL COMMENT '党员uuid',
  `years` year(4) NOT NULL DEFAULT '2000' COMMENT '缴纳年份',
  PRIMARY KEY (`id`)
) ENGINE=InnoDB AUTO_INCREMENT=14 DEFAULT CHARSET=utf8mb4 COMMENT='党员缴费表';

--
-- Dumping data for table `yl_party_dues`
--

INSERT INTO `yl_party_dues` VALUES (1,'3fc7ec61c43840beb73c29863c414bf4',2021),(2,'feb5db5a3bab40b39e1e2ca1fbe0a485',2021),(3,'f7721013e39a4306a0dd96b9ae9589a3',2021),(4,'1a8340ec19e14853940889cb7753937d',2021),(5,'c845765990724681b9acbf465bd8329b',2021),(6,'57ac4d52a64041838e2f2a67c617c088',2021),(7,'766824f501de45cf97486d1c95939ace',2021),(8,'ad7077b6fef0426bb6fd14d26afe535f',2021),(9,'f9b9cc0a9f6a4df491401d57ed830a0f',2021),(10,'c9de18c5992f424ca0c2bfbfc7001234',2021);

--
-- Table structure for table `yl_party_dues_detail`
--

CREATE TABLE `yl_party_dues_detail` (
  `id` int(10) unsigned NOT NULL AUTO_INCREMENT COMMENT '表ID',
  `party_dues_id` int(10) unsigned NOT NULL COMMENT '党员交费表id',
  `pay_amount` float(7,2) unsigned NOT NULL DEFAULT '0.00' COMMENT '应缴党费',
  `pay_real` float(7,2) unsigned NOT NULL DEFAULT '0.00' COMMENT '实缴党费',
  `pay_date` date NOT NULL COMMENT '缴费日期',
  `month` tinyint(4) unsigned NOT NULL DEFAULT '0' COMMENT '哪月的党费',
  `pay_type` enum('银联','支付宝','微信支付','线下缴费') NOT NULL DEFAULT '银联' COMMENT '缴费方式',
  `passer` varchar(20) NOT NULL DEFAULT '' COMMENT '经办人',
  `remark` varchar(200) NOT NULL DEFAULT '' COMMENT '备注',
  `ctime` timestamp NOT NULL DEFAULT CURRENT_TIMESTAMP COMMENT '缴费时间',
  PRIMARY KEY (`id`),
  KEY `party_dues_detail_fk_1` (`party_dues_id`),
  CONSTRAINT `party_dues_detail_fk_1` FOREIGN KEY (`party_dues_id`) REFERENCES `yl_party_dues` (`id`)
) ENGINE=InnoDB AUTO_INCREMENT=25 DEFAULT CHARSET=utf8mb4 COMMENT='党费缴纳表';

--
-- Dumping data for table `yl_party_dues_detail`
--

INSERT INTO `yl_party_dues_detail` VALUES (1,1,15.00,15.00,'0000-00-00',1,'银联','','','2020-12-30 09:09:46'),(2,6,20.00,20.00,'0000-00-00',2,'银联','','','2020-12-20 10:25:19'),(3,8,35.00,35.00,'0000-00-00',3,'银联','','','2020-12-24 09:32:19'),(4,9,15.00,15.00,'0000-00-00',4,'银联','','','2020-12-30 04:11:19'),(5,1,60.00,60.00,'0000-00-00',5,'银联','','','2020-12-13 02:11:19'),(6,3,45.00,45.00,'0000-00-00',6,'银联','','','2020-12-30 05:11:19'),(7,5,10.00,10.00,'0000-00-00',7,'银联','','','2020-12-18 08:11:19'),(8,1,5.00,5.00,'0000-00-00',8,'银联','','','2020-12-04 09:11:19'),(9,10,18.00,18.00,'0000-00-00',9,'银联','','','2020-12-14 05:11:19'),(10,2,36.00,36.00,'0000-00-00',1,'银联','','','2020-12-30 09:12:04'),(11,4,57.00,57.00,'0000-00-00',2,'银联','','','2020-12-30 09:12:04'),(12,3,100.00,100.00,'0000-00-00',3,'银联','','','2020-12-30 00:56:04'),(13,2,20.00,20.00,'0000-00-00',4,'银联','','','2020-12-30 09:12:04'),(14,7,25.00,25.00,'0000-00-00',5,'银联','','','2020-12-04 07:32:04'),(15,4,36.00,36.00,'0000-00-00',6,'银联','','','2020-12-16 09:12:04'),(16,2,38.00,38.00,'0000-00-00',7,'银联','','','2020-12-30 01:42:35'),(17,6,78.00,78.00,'0000-00-00',8,'银联','','','2020-12-19 04:18:35'),(18,9,56.00,56.00,'0000-00-00',9,'银联','','','2020-12-10 09:12:04'),(19,2,30.00,30.00,'0000-00-00',10,'银联','','','2020-12-07 09:12:04'),(21,2,30.00,30.00,'0000-00-00',12,'银联','','dfffqqq','2021-02-08 06:23:57'),(24,7,30.00,30.00,'2021-02-13',1,'银联','q','ds','2021-02-08 07:32:26');

--
-- Table structure for table `yl_party_dues_set`
--

CREATE TABLE `yl_party_dues_set` (
  `id` int(10) unsigned NOT NULL AUTO_INCREMENT COMMENT '表ID',
  `uuid` char(32) NOT NULL COMMENT '党员uuid',
  `years` year(4) NOT NULL DEFAULT '2000' COMMENT '年份',
  `pay_amount` varchar(200) NOT NULL DEFAULT '' COMMENT '应缴金额',
  `period` enum('每月','每季度','每年') NOT NULL DEFAULT '每月' COMMENT '缴费周期',
  `announce_date` varchar(200) NOT NULL DEFAULT '' COMMENT '通知缴费日期',
  `limit_date` varchar(200) NOT NULL DEFAULT '' COMMENT '截止缴费日期',
  `ctime` timestamp NOT NULL DEFAULT CURRENT_TIMESTAMP COMMENT '创建时间',
  PRIMARY KEY (`id`)
) ENGINE=InnoDB AUTO_INCREMENT=4 DEFAULT CHARSET=utf8mb4 COMMENT='党费缴纳参数设定表';

--
-- Dumping data for table `yl_party_dues_set`
--

INSERT INTO `yl_party_dues_set` VALUES (3,'766824f501de45cf97486d1c95939ace',2020,'12,13,15,16','每季度','2021-02-18,2021-02-19,2021-02-27,2021-02-26','2021-02-27,2021-02-20,2021-02-28,2021-02-21','2021-02-18 07:19:47');

--
-- Table structure for table `yl_party_evaluate`
--

CREATE TABLE `yl_party_evaluate` (
  `id` int(10) unsigned NOT NULL AUTO_INCREMENT COMMENT '表ID',
  `title` varchar(50) NOT NULL DEFAULT '' COMMENT '标题',
  `content` text COMMENT '介绍',
  `organ_id` int(10) unsigned NOT NULL DEFAULT '0' COMMENT '所属党组织ID',
  `self_start_time` datetime DEFAULT NULL COMMENT '自评开始时间',
  `self_end_time` datetime DEFAULT NULL COMMENT '自评结束时间',
  `each_start_time` datetime DEFAULT NULL COMMENT '互评开始时间',
  `each_end_time` datetime DEFAULT NULL COMMENT '互评结束时间',
  `organ_start_time` datetime DEFAULT NULL COMMENT '组织评议开始时间',
  `organ_end_time` datetime DEFAULT NULL COMMENT '组织评议结束时间',
  `uuid` char(32) NOT NULL COMMENT '发起人',
  `ctime` timestamp NOT NULL DEFAULT CURRENT_TIMESTAMP COMMENT '发起时间',
  PRIMARY KEY (`id`)
) ENGINE=InnoDB AUTO_INCREMENT=6 DEFAULT CHARSET=utf8mb4 COMMENT='民主评议基础表';

--
-- Dumping data for table `yl_party_evaluate`
--

INSERT INTO `yl_party_evaluate` VALUES (3,'标题','测试',2,'2021-02-19 00:00:00','2021-02-19 00:00:00','2021-02-19 00:00:00','2021-02-19 00:00:00','2021-02-19 00:00:00','2021-02-19 00:00:00','4c8f125cd4334b248dceed93ee330685','2021-02-18 09:26:28'),(4,'2021年机关一支部民主评议','本支部将于2021-03-25至2021-03-26 完成党员民主评议工作，请大家积极参与！',2,'2021-03-25 08:00:00','2021-03-25 10:00:00','2021-03-25 13:00:00','2021-03-25 15:00:00','2021-03-26 08:00:00','2021-03-26 11:00:00','4c8f125cd4334b248dceed93ee330685','2021-03-22 02:33:24');

--
-- Table structure for table `yl_party_evaluate_each`
--

CREATE TABLE `yl_party_evaluate_each` (
  `id` int(10) unsigned NOT NULL AUTO_INCREMENT COMMENT '表ID',
  `party_evaluate_id` int(10) unsigned NOT NULL DEFAULT '0' COMMENT '评议ID，关联民主评议基础表ID',
  `content` text COMMENT '评价内容',
  `status` enum('未评','已评') NOT NULL DEFAULT '未评' COMMENT '评价状态',
  `result` enum('优秀','合格','基本合格','不合格') NOT NULL DEFAULT '优秀' COMMENT '评价等级',
  `custom_uuid` char(32) NOT NULL COMMENT '评价党员UUID',
  `uuid` char(32) NOT NULL COMMENT '被评党员UUID',
  `ctime` timestamp NOT NULL DEFAULT CURRENT_TIMESTAMP COMMENT '评价时间',
  PRIMARY KEY (`id`)
) ENGINE=InnoDB DEFAULT CHARSET=utf8mb4 COMMENT='民主评议-党员互评';

--
-- Dumping data for table `yl_party_evaluate_each`
--


--
-- Table structure for table `yl_party_evaluate_organ`
--

CREATE TABLE `yl_party_evaluate_organ` (
  `id` int(10) unsigned NOT NULL AUTO_INCREMENT COMMENT '表ID',
  `party_evaluate_id` int(10) unsigned NOT NULL DEFAULT '0' COMMENT '评议ID，关联民主评议基础表ID',
  `content` text COMMENT '评价内容',
  `status` enum('未评','已评') NOT NULL DEFAULT '未评' COMMENT '评价状态',
  `result` enum('优秀','合格','基本合格','不合格') NOT NULL DEFAULT '优秀' COMMENT '评价等级',
  `manager_uuid` char(32) NOT NULL COMMENT '评价管理员ID',
  `uuid` char(32) NOT NULL COMMENT '被评党员UUID',
  `ctime` timestamp NOT NULL DEFAULT CURRENT_TIMESTAMP COMMENT '评价时间',
  PRIMARY KEY (`id`)
) ENGINE=InnoDB DEFAULT CHARSET=utf8mb4 COMMENT='民主评议-组织评议';

--
-- Dumping data for table `yl_party_evaluate_organ`
--


--
-- Table structure for table `yl_party_evaluate_self`
--

CREATE TABLE `yl_party_evaluate_self` (
  `id` int(10) unsigned NOT NULL AUTO_INCREMENT COMMENT '表ID',
  `party_evaluate_id` int(10) unsigned NOT NULL DEFAULT '0' COMMENT '评议ID，关联民主评议基础表ID',
  `content` text COMMENT '自评内容',
  `status` enum('未评','已评') NOT NULL DEFAULT '未评' COMMENT '评价状态',
  `result` enum('优秀','合格','基本合格','不合格') NOT NULL DEFAULT '优秀' COMMENT '评价等级',
  `uuid` char(32) NOT NULL COMMENT '党员UUID',
  `ctime` timestamp NOT NULL DEFAULT CURRENT_TIMESTAMP COMMENT '评价时间',
  PRIMARY KEY (`id`)
) ENGINE=InnoDB AUTO_INCREMENT=25 DEFAULT CHARSET=utf8mb4 COMMENT='民主评议-党员自评';

--
-- Dumping data for table `yl_party_evaluate_self`
--

INSERT INTO `yl_party_evaluate_self` VALUES (1,1,NULL,'未评','优秀','766824f501de45cf97486d1c95939ace','2021-02-18 06:38:13'),(2,1,NULL,'未评','优秀','feb5db5a3bab40b39e1e2ca1fbe0a485','2021-02-18 06:38:13'),(3,2,NULL,'未评','优秀','766824f501de45cf97486d1c95939ace','2021-02-18 06:43:01'),(4,2,NULL,'未评','优秀','feb5db5a3bab40b39e1e2ca1fbe0a485','2021-02-18 06:43:01'),(5,3,NULL,'未评','优秀','766824f501de45cf97486d1c95939ace','2021-02-18 06:48:55'),(6,3,NULL,'未评','优秀','feb5db5a3bab40b39e1e2ca1fbe0a485','2021-02-18 06:48:55'),(7,3,NULL,'未评','优秀','ad7077b6fef0426bb6fd14d26afe535f','2021-02-18 06:48:55'),(8,3,NULL,'未评','优秀','3fc7ec61c43840beb73c29863c414bf4','2021-02-18 07:19:04'),(9,3,NULL,'未评','优秀','57ac4d52a64041838e2f2a67c617c088','2021-02-18 07:19:04'),(10,4,NULL,'未评','优秀','b5d2e5683d314980934a5fbacf97673c','2021-03-22 02:33:24'),(11,4,NULL,'未评','优秀','51330f3c2c9849d186be38983898ba69','2021-03-22 02:33:24'),(12,4,NULL,'未评','优秀','41d2bdd8dfd2496881eff72bb79c1684','2021-03-22 02:33:24'),(13,4,NULL,'未评','优秀','6c7060ac30d744759a11a45a82276114','2021-03-22 02:33:24'),(14,4,NULL,'未评','优秀','c845765990724681b9acbf465bd8329b','2021-03-22 02:33:24'),(15,4,NULL,'未评','优秀','57ac4d52a64041838e2f2a67c617c088','2021-03-22 02:33:24'),(16,4,NULL,'未评','优秀','ad7077b6fef0426bb6fd14d26afe535f','2021-03-22 02:33:24'),(17,4,NULL,'未评','优秀','feb5db5a3bab40b39e1e2ca1fbe0a485','2021-03-22 02:33:24'),(18,4,NULL,'未评','优秀','766824f501de45cf97486d1c95939ace','2021-03-22 02:33:24'),(19,4,NULL,'未评','优秀','c9de18c5992f424ca0c2bfbfc7001234','2021-03-22 02:33:24'),(20,4,NULL,'未评','优秀','9435e7d9193f4662b51c7fe8c6907369','2021-03-22 02:33:24'),(21,4,NULL,'未评','优秀','f7721013e39a4306a0dd96b9ae9589a3','2021-03-22 02:33:24'),(22,4,NULL,'未评','优秀','1a8340ec19e14853940889cb7753937d','2021-03-22 02:33:24'),(23,4,NULL,'未评','优秀','3fc7ec61c43840beb73c29863c414bf4','2021-03-22 02:33:24'),(24,4,NULL,'未评','优秀','f9b9cc0a9f6a4df491401d57ed830a0f','2021-03-22 02:33:24');

--
-- Table structure for table `yl_party_organ`
--

CREATE TABLE `yl_party_organ` (
  `id` int(10) unsigned NOT NULL AUTO_INCREMENT COMMENT '表ID',
  `organ_name` varchar(30) NOT NULL DEFAULT '' COMMENT '组织名称',
  `organ_intro` varchar(3000) NOT NULL DEFAULT '' COMMENT '组织介绍',
  `organ_pid` int(10) unsigned NOT NULL DEFAULT '0' COMMENT '父级组织ID',
  `levels` tinyint(3) unsigned NOT NULL DEFAULT '0' COMMENT '级别',
  `status` char(1) NOT NULL DEFAULT '0' COMMENT '状态 0 停用,1 正常',
  `is_direct` char(1) NOT NULL DEFAULT '0' COMMENT '状态 0 否,1 是',
  `charge` varchar(20) NOT NULL DEFAULT '' COMMENT '负责人',
  `phone` varchar(50) NOT NULL DEFAULT '' COMMENT '负责人联系方式,多个用","隔开,最填写多3个',
  `sort` int(10) unsigned NOT NULL DEFAULT '0' COMMENT '排序',
  `type` enum('上级党委或党工委','党委','党总支','党支部','党小组') NOT NULL DEFAULT '党支部' COMMENT '类型',
  `longitude` float(10,7) NOT NULL DEFAULT '0.0000000' COMMENT 'GPS经度',
  `latitude` float(10,7) NOT NULL DEFAULT '0.0000000' COMMENT 'GPS纬度',
  `address` varchar(100) NOT NULL DEFAULT '' COMMENT '所在地址',
  `points` mediumint(8) NOT NULL DEFAULT '0' COMMENT '组织积分',
  `ctime` timestamp NOT NULL DEFAULT CURRENT_TIMESTAMP COMMENT '添加时间',
  `class` tinyint(3) unsigned NOT NULL DEFAULT '1' COMMENT '支部届次',
  `quota` tinyint(3) unsigned NOT NULL DEFAULT '0' COMMENT '支部委员配额',
  `start_date` date DEFAULT NULL COMMENT '该届任期开始时间',
  `end_date` date DEFAULT NULL COMMENT '该届任期结束时间',
  `pics` varchar(60) NOT NULL DEFAULT '' COMMENT '组织架构图片',
  PRIMARY KEY (`id`)
) ENGINE=InnoDB AUTO_INCREMENT=18 DEFAULT CHARSET=utf8mb4 COMMENT='党组织';

--
-- Dumping data for table `yl_party_organ`
--

INSERT INTO `yl_party_organ` VALUES (1,'机关党工委','山坞坑村党支部成立于2005年7月9日，现有党员6名，入党积极分子1名，谢健同志为党支部书记。 山坞坑村党支部成立后，按照上级党委要求，积极开展各项工作，组织本支部党员认真学习马列主义、毛泽东思想、邓小平理论及“三个代表”重要思想，学习、宣传、贯彻党的方针、政策，带头执行校党委、机关二总支的决议、决定。每位党员都能认真履行 党员义务，积极参加本支部及机关二总支的各种党组织活动，按时交纳党费，热心公益事业。 山坞坑村党支部带领并教育支部全体党员，为政清廉、遵纪守法、爱岗敬业，树立服务意识，发挥党员的先锋模范作用，支持行政工作，充分发挥党支部的基层组织战斗堡垒作用。',0,0,'1','0','夏军军','15068882217',0,'上级党委或党工委',121.3481903,28.3778610,'浙江省台州市',0,'2020-12-16 02:18:56',1,0,'0000-00-00','0000-00-00','/uploads/pic/20210226/5678a7df54a77d1b046e4029d366de4b.png'),(2,'机关一支部','台州广播电影电视集团机关一支部，现有党员16名，支部委员4名，分别来自集团办公室、经营管理中心、财务核算中心。\n　　支部坚持以科学发展观为统领，深入学习党的十九大精神和习近平新时代中国特色社会主义思想，紧紧围绕集团（总台）中心工作，全面加强党的思想建设、组织建设、作风建设和制度建设，进一步完善党建工作，以提高党组织的凝聚力、战斗力和干部队伍、党员队伍、员工队伍整体素质为目标，不断改善和优化党员队伍结构，充分发挥党支部的战斗堡垒作用和全体党员的先锋模范作用，为我台新时期的发展提供有力的思想和组织保障。',1,1,'1','0','王海玲','13606680297',0,'党支部',121.4108505,28.6632347,'浙江省台州市椒江区葭沚街道中心大道315号台州广播电视总台(中心大道)',0,'2021-02-26 02:39:05',0,0,'0100-01-01','0100-01-01','/uploads/pic/20210312/b6c78c6de4609b6f725fc074050b0285.jpg'),(3,'机关二支部','机关二支部',1,1,'1','0','台州党员','15067777584',0,'党支部',121.4110031,28.6631927,'浙江省台州市椒江区葭沚街道中心大道315号台州广播电视总台(中心大道)',0,'2021-02-26 02:40:23',0,0,'0000-00-00','0000-00-00','/uploads/pic/20210226/5b83221660030938b5809b938aa756a7.jpg'),(12,'第一党小组','一支部第一党小组',2,2,'1','0','一组长','13626580099',0,'党小组',121.1449509,28.8584003,'浙江省台州市',0,'2021-02-26 02:54:05',0,0,'0100-01-01','0100-01-01','/uploads/pic/20210226/73cefd98c858678ee416719eaf669e34.jpg'),(13,'第二党小组','一支部第二党小组',2,2,'1','0','二组长','13626590089',0,'党小组',121.1449509,28.8584003,'浙江省台州市',0,'2021-02-26 02:55:00',0,0,'0100-01-01','0100-01-01','/uploads/pic/20210226/64f4e2f293f015ce5a342a54b0b7a236.jpg'),(14,'第一党小组','二支部第一党小组',3,2,'1','0','一组长','13626580096',0,'党小组',121.1449509,28.8584003,'浙江省台州市',0,'2021-02-26 02:56:40',0,0,'0100-01-01','0100-01-01','/uploads/pic/20210226/a961b45817923de0f81adbb0124e2048.jpg'),(15,'第二党小组','二支部第二党小组',3,2,'1','0','二组长','13626580023',0,'党小组',121.1449509,28.8584003,'浙江省台州市',0,'2021-02-26 03:00:12',0,0,'0000-00-00','0000-00-00','/uploads/pic/20210226/1a1989b22ee3cbabd51a8f5740acb123.jpg');

--
-- Table structure for table `yl_party_position`
--

CREATE TABLE `yl_party_position` (
  `id` int(10) unsigned NOT NULL AUTO_INCREMENT COMMENT '表ID',
  `name` varchar(30) NOT NULL DEFAULT '' COMMENT '职务名称',
  `desc` varchar(3000) NOT NULL DEFAULT '' COMMENT '职务介绍',
  `organ_id` int(10) unsigned NOT NULL DEFAULT '0' COMMENT '所属党组织ID',
  `is_leader` char(1) NOT NULL DEFAULT 'n' COMMENT '是否领导职务 y-是，n-否。默认n',
  `status` char(1) NOT NULL DEFAULT '0' COMMENT '状态 0 停用,1 正常。默认1',
  `sort` int(10) unsigned NOT NULL DEFAULT '0' COMMENT '排序',
  `ctime` timestamp NOT NULL DEFAULT CURRENT_TIMESTAMP COMMENT '添加时间',
  PRIMARY KEY (`id`)
) ENGINE=InnoDB AUTO_INCREMENT=11 DEFAULT CHARSET=utf8mb4 COMMENT='党外职务表';

--
-- Dumping data for table `yl_party_position`
--


--
-- Table structure for table `yl_party_position_relation`
--

CREATE TABLE `yl_party_position_relation` (
  `id` int(10) unsigned NOT NULL AUTO_INCREMENT COMMENT '表ID',
  `uuid` char(32) NOT NULL COMMENT '党员UUID',
  `position_id` int(10) unsigned NOT NULL DEFAULT '0' COMMENT '党外职务ID',
  `ctime` timestamp NOT NULL DEFAULT CURRENT_TIMESTAMP COMMENT '添加时间',
  PRIMARY KEY (`id`)
) ENGINE=InnoDB AUTO_INCREMENT=5 DEFAULT CHARSET=utf8mb4 COMMENT='党员职务关联';

--
-- Dumping data for table `yl_party_position_relation`
--

INSERT INTO `yl_party_position_relation` VALUES (3,'766824f501de45cf97486d1c95939ace',1,'2021-02-03 08:54:29'),(4,'766824f501de45cf97486d1c95939ace',2,'2021-02-03 08:54:29');

--
-- Table structure for table `yl_party_report`
--

CREATE TABLE `yl_party_report` (
  `id` int(10) unsigned NOT NULL AUTO_INCREMENT COMMENT '表ID',
  `content` text COMMENT '上报内容',
  `type` enum('请示报告','思想汇报') NOT NULL DEFAULT '请示报告' COMMENT '上报类型',
  `standing_book_id` int(10) unsigned NOT NULL DEFAULT '0' COMMENT '台账ID,关联STANDING_BOOK表ID',
  `documents_id` varchar(200) NOT NULL DEFAULT '' COMMENT '文档ID,关联DOCUMENTS表ID，多个时用逗号隔开',
  `vid` varchar(200) NOT NULL DEFAULT '' COMMENT '媒资ID,关联VOD表VID，多个时用逗号隔开',
  `sender_uuid` char(32) NOT NULL COMMENT '上报人UUID',
  `receiver_uuid` char(32) NOT NULL COMMENT '主报人UUID',
  `subreceiver_uuid` varchar(200) NOT NULL COMMENT '抄报人UUID，多个时用逗号隔开',
  `ctime` timestamp NOT NULL DEFAULT CURRENT_TIMESTAMP COMMENT '上报时间',
  `status` enum('待审核','已审核','已驳回','待查看','已查看') NOT NULL DEFAULT '待审核' COMMENT '状态',
  PRIMARY KEY (`id`)
) ENGINE=InnoDB AUTO_INCREMENT=6 DEFAULT CHARSET=utf8mb4 COMMENT='基层上报表';

--
-- Dumping data for table `yl_party_report`
--

INSERT INTO `yl_party_report` VALUES (2,'大概需要','请示报告',2,'','','4c8f125cd4334b248dceed93ee330685','766824f501de45cf97486d1c95939ace','feb5db5a3bab40b39e1e2ca1fbe0a485,ad7077b6fef0426bb6fd14d26afe535f','2021-02-19 07:10:53','待审核'),(3,'测试','请示报告',0,'','','4c8f125cd4334b248dceed93ee330685','766824f501de45cf97486d1c95939ace','feb5db5a3bab40b39e1e2ca1fbe0a485,ad7077b6fef0426bb6fd14d26afe535f','2021-03-02 05:20:13','待审核'),(4,'主题党日','请示报告',22,'','','4c8f125cd4334b248dceed93ee330685','766824f501de45cf97486d1c95939ace','feb5db5a3bab40b39e1e2ca1fbe0a485','2021-03-02 08:53:56','已审核'),(5,'党课','请示报告',15,'','','4c8f125cd4334b248dceed93ee330685','766824f501de45cf97486d1c95939ace','feb5db5a3bab40b39e1e2ca1fbe0a485','2021-03-02 08:55:02','已审核');

--
-- Table structure for table `yl_party_report_reply`
--

CREATE TABLE `yl_party_report_reply` (
  `id` int(10) unsigned NOT NULL AUTO_INCREMENT COMMENT '表ID',
  `party_report_id` int(10) unsigned NOT NULL COMMENT '上报表ID，关联party_report表id',
  `content` text COMMENT '回复内容',
  `is_new` enum('y','n') NOT NULL DEFAULT 'y' COMMENT '是否新回复',
  `uuid` char(32) NOT NULL COMMENT '回复人UUID',
  `ctime` timestamp NOT NULL DEFAULT CURRENT_TIMESTAMP COMMENT '回复时间',
  PRIMARY KEY (`id`)
) ENGINE=InnoDB AUTO_INCREMENT=3 DEFAULT CHARSET=utf8mb4 COMMENT='基层上报回复表';

--
-- Dumping data for table `yl_party_report_reply`
--

INSERT INTO `yl_party_report_reply` VALUES (1,5,'可以','y','4c8f125cd4334b248dceed93ee330685','2021-03-02 08:55:32'),(2,4,'可以','y','4c8f125cd4334b248dceed93ee330685','2021-03-02 08:55:41');

--
-- Table structure for table `yl_party_rewards`
--

CREATE TABLE `yl_party_rewards` (
  `id` int(10) unsigned NOT NULL AUTO_INCREMENT COMMENT '表ID',
  `uuid` char(32) NOT NULL COMMENT '党员uuid',
  `reason` text COMMENT '奖惩原因',
  `date` date DEFAULT NULL COMMENT '奖惩时间',
  `ctime` timestamp NOT NULL DEFAULT CURRENT_TIMESTAMP COMMENT '创建时间',
  PRIMARY KEY (`id`)
) ENGINE=InnoDB AUTO_INCREMENT=4 DEFAULT CHARSET=utf8mb4 COMMENT='党费奖惩表';

--
-- Dumping data for table `yl_party_rewards`
--

INSERT INTO `yl_party_rewards` VALUES (1,'766824f501de45cf97486d1c95939ace','aaaaaaaa','2021-02-11','2021-02-08 06:29:50');

--
-- Table structure for table `yl_party_talk`
--

CREATE TABLE `yl_party_talk` (
  `id` int(10) unsigned NOT NULL AUTO_INCREMENT COMMENT '表ID',
  `title` varchar(50) NOT NULL DEFAULT '' COMMENT '谈话主题',
  `content` text COMMENT '谈话内容',
  `talker_uuid` varchar(200) NOT NULL COMMENT '约谈人UUID，多个时用逗号隔开',
  `customer_uuid` varchar(200) NOT NULL COMMENT '被约谈人UUID，多个时用逗号隔开',
  `start_time` datetime NOT NULL COMMENT '谈话开始时间',
  `end_time` datetime NOT NULL COMMENT '谈话结束时间',
  `documents_id` varchar(200) NOT NULL DEFAULT '' COMMENT '文档ID,关联DOCUMENTS表ID，多个时用逗号隔开',
  `vid` varchar(200) NOT NULL DEFAULT '' COMMENT '媒资ID,关联VOD表VID，多个时用逗号隔开',
  `uuid` char(32) NOT NULL COMMENT '上传人',
  `ctime` timestamp NOT NULL DEFAULT CURRENT_TIMESTAMP COMMENT '上传时间',
  PRIMARY KEY (`id`)
) ENGINE=InnoDB AUTO_INCREMENT=2 DEFAULT CHARSET=utf8mb4 COMMENT='谈心谈话记录表';

--
-- Dumping data for table `yl_party_talk`
--


--
-- Table structure for table `yl_plan`
--

CREATE TABLE `yl_plan` (
  `id` int(10) unsigned NOT NULL AUTO_INCREMENT COMMENT '表ID',
  `plan_type` enum('党员大会','支委会','党小组会','党课','主题党日','组织生活会','其他') NOT NULL DEFAULT '党员大会' COMMENT '计划类型',
  `plan_period` enum('年度','季度','月度','其他') NOT NULL DEFAULT '月度' COMMENT '计划周期',
  `organ_id` int(10) unsigned NOT NULL COMMENT '活动党组织ID，关联ORGAN表ID',
  `theme` varchar(50) NOT NULL DEFAULT '' COMMENT '主题',
  `plan_time` date NOT NULL COMMENT '计划开始时间（月）',
  `address` varchar(100) NOT NULL DEFAULT '' COMMENT '计划地点',
  `agenda` varchar(2000) NOT NULL DEFAULT '' COMMENT '议程',
  `scope` varchar(50) NOT NULL DEFAULT '' COMMENT '参与范围描述',
  `uuid` char(32) NOT NULL COMMENT '计划提交人',
  `ctime` timestamp NOT NULL DEFAULT CURRENT_TIMESTAMP COMMENT '提交时间',
  `icon` varchar(60) NOT NULL DEFAULT '' COMMENT '封面图',
  PRIMARY KEY (`id`)
) ENGINE=InnoDB AUTO_INCREMENT=21 DEFAULT CHARSET=utf8mb4 COMMENT='计划表';

--
-- Dumping data for table `yl_plan`
--

INSERT INTO `yl_plan` VALUES (8,'党课','月度',2,'“不忘初心、牢记使命”主题教育专题党课','2021-03-01','浙江省台州市','　　椒江广电中心党组召开“不忘初心、牢记使命”主题教育专题党课，中心党组书记厉永兵围绕重温党的光辉历程守初心担使命、对照党媒初心使命悟初心找差距、坚定历练四个过硬践初心抓落实、深化推进主题教育思初心重实效四个方面，作了题为《守初心 担使命 建设融合传播主流媒体》的专题党课。区委主题教育巡回指导组组长周三喜到会指导并讲话。','机关一支部全体成员','4c8f125cd4334b248dceed93ee330685','2021-02-26 05:21:31',''),(9,'党课','月度',2,'初心使命和新闻人的“以人民为中心”','2021-03-01','浙江省台州市','<p>　　椒江广电中心机关党支部书记丁巍以《初心使命和新闻人的“以人民为中心”》为主题，为全体党员作了“不忘初心、牢记使命”主题教育专题党课报告。专题党课围绕初心使命的核心要义及其渊源、从中国近代新闻史感悟“以人民为中心”、对照新闻前人找差距和不足、新时代基层党媒不忘初心使命和人才队伍建设等方面，多角度、深层次地阐述新闻人的使命担当。</p>','机关二支部权全体成员','4c8f125cd4334b248dceed93ee330685','2021-02-26 05:22:47',''),(10,'党员大会','季度',2,'根据警示教育月各项活动谈体会','2021-03-01','浙江省台州市','<p>　　椒江广电中心机关党支部举行了组织生活会，大家根据警示教育月各项活动，结合实际对照检查，谈体会、谈认识，气氛热烈，成效显著。</p>','全体党员','4c8f125cd4334b248dceed93ee330685','2021-02-26 05:25:34',''),(11,'主题党日','月度',2,'勇立潮头显担当，改革开放再深化','2021-03-01','浙江省台州临海市','<p>　　椒江广电中心机关党支部开展了“勇立潮头显担当 改革开放再深化”主题党日活动。会上，全体党员结合自身工作，开展批评与自我批评。会议要求，全体党员干部要严守底线，对批评与自我批评中存在的不足及时进行改正；要以“一月一主题”提升年为载体，突出政治要求，扛好肩负职责，实干争先，做好示范引领作用。</p>','机关一支部第一党小组全体成员','4c8f125cd4334b248dceed93ee330685','2021-02-26 05:27:28',''),(12,'主题党日','月度',2,'把握大势明责任，凝心聚力重作为','2021-02-01','浙江省台州市人民政府','<p>　　椒江广电中心机关党支部开展了“把握大势明责任，凝心聚力重作为”主题党日活动。会议传达了市、区党代会精神，全市“狠抓产业项目、大抓实体经济”动员大会讲话精神以及全区干部大会讲话精神。会议要求，全体党员干部要贯彻落实好各项学习任务，主动提高业务技能，增强综合素质，在整个中心上下形成比学赶超的学习氛围。要加强党风廉政建设，突出政治属性，严守规矩，真抓严管。</p><p style=\"text-indent: 0px;\"><span style=\"text-indent: 30pt;\">　　会上还组织开展了 “学习强国”平台应用培训并分享学习经验。</span></p><p style=\"text-indent: 0px;\"><span style=\"text-indent: 30pt;\"><br></span></p>','机关二支部第一党小组','4c8f125cd4334b248dceed93ee330685','2021-02-26 05:32:12',''),(13,'党小组会','月度',2,'学习贯彻党的十九届四中全会精神','2021-03-01','临海市市机关一支部会议室','<p><font face=\"宋体\">　　机关一支部第二小组召开学习会，传达学习贯彻党的十九届四中全会精神。会上，党员还学习了新华社相关评论文章《牢筑实现伟大复兴的制度保障</font>——论学习贯彻党的十九届四中全会精神》并展开交流</p><p><font face=\"宋体\">　　随后，全体党员还集中自学《习近平关于</font>“不忘初心、牢记使命”论述摘编》、党章。</p>','机关一支部第二小组全体党员','4c8f125cd4334b248dceed93ee330685','2021-02-27 03:09:40',''),(14,'支委会','季度',2,'党风廉政建设工作','2021-04-01','临海市机关二支部会议大厅','<p><font face=\"宋体\">　　机关二支部召开</font>党风廉政建设工作暨警示教育会议。中心党组成员、副主任丁巍传达了集团2019年党风廉政建设会议精神，中心党组书记、主任厉永兵与中层干部签订《党风廉政建设责任承诺书》，并回顾总结中心2018年党风廉政建设工作，部署2019年党风廉政建设工作，要求全体员工学法纪、明底线、守规矩、严要求、保平安，要突出政治要求、严守纪律规矩，突出真抓严管、扛好肩负之责，突出示范引领、发挥头雁效应。</p>','机关二支部全体班子成员','4c8f125cd4334b248dceed93ee330685','2021-02-27 06:59:33',''),(15,'主题党日','月度',2,'弘扬雷锋精神,争做志愿先锋','2021-04-01','临海市机关一支部','<p><font face=\"宋体\">　　机关一支部第二党小组组织开展了</font>“弘扬雷锋精神 &nbsp;争做志愿先锋”主题党日。全体党员结合自身业务，围绕“党性意识强不强？作风文风实不实？工作效率高不高？采编本领新不新？融合传播多不多？”开展“五问入心、两抓入位”学习大讨论。</p><p><font face=\"宋体\">　　会上，</font>“一月一主题.党员讲党课”环节，支部党员、椒江区宣讲团成员程建平作《垦荒精神与守正创新》讲座，讲座围绕大陈岛垦荒故事以及新媒体环境下如何创新创作进行展开。</p><p>　　会议还传达了省、市、区党建会议精神，浙江省广播电视学习会议精神以及全市宣传思想工作会议精神。</p>','机关一支部第二党小组全体成员','4c8f125cd4334b248dceed93ee330685','2021-02-27 07:13:16',''),(16,'主题党日','月度',2,'坚定理想信念,强化党性修养','2021-05-01','党性教育培训基地','<p><font face=\"宋体\">　　机关二支部第二党小组组织全体党员来到了三门亭旁镇</font>“浙江红旗第一飘”党性教育培训基地，开展“坚定理想信念 强化党性修养”主题党日活动。</p><p>　　党员们认真听取讲解员关于亭旁起义的相关介绍，并通过观看实物、图片、影像等资料，重温<font face=\"宋体\">以包定等为代表的革命先辈们浴血奋战，为共产主义理想信念流血牺牲的峥嵘岁月。</font></p><p>　　随后，全体党员还在纪念碑前向亭旁起义革命烈士献花，并重温入党誓词。</p>','机关二支部第二党小组成员','4c8f125cd4334b248dceed93ee330685','2021-02-27 07:16:35',''),(17,'主题党日','月度',2,'减负不减责任,实干方显担当','2021-06-01','机关一支部会议室','<p><font face=\"宋体\">　　机关一支部与共建单位广厦社区党支部首次联合开展了题为</font>“减负不减责任 &nbsp;实干方显担当”的联建主题党日。会上，椒江区宣讲团成员、支部党员程建平为大家作了《永恒的丰碑——谈大陈岛垦荒精神》主题党课。党课通过一个个大陈岛垦荒的故事，讲述垦荒的历史与垦荒精神的核心。在座党员表示，要进一步传大陈岛垦荒精神，以强烈的担当意识和奋斗精神，勇当新时期“垦荒事业”的举旗手、排头兵，做走在前列的奋进者、勇立潮头的弄潮儿。</p><p><font face=\"宋体\" style=\"text-indent: 24pt;\">　　会议还学习、传达了</font><font face=\"宋体\" style=\"text-indent: 24pt;\">《中国共产党党组工作条例》《关于在全区机关推行</font><span style=\"text-indent: 24pt;\">“蓝本学习法”的通知》《市委办公室市政府办公室关于减轻负担关爱基层的实施意见》。</span></p>','机关一支部全体党员','4c8f125cd4334b248dceed93ee330685','2021-02-27 07:22:49',''),(18,'主题党日','月度',2,'不忘初心强党性,牢记使命抓落实','2021-07-01','机关二支部会议室','<p><font face=\"宋体\">　　为更好统一思想认识，明确目标思路。</font>机关二支部组织开展了“不忘初心强党性 牢记使命抓落实”主题党日并传达学习了《中国共产党党员教育管理工作条例》文件精神。会上，全体党员共同观看了“不忘初心 牢记使命”解读视频，会议要求全体党员干部结合工作实际，把学习教育、调查研究、检视问题、整改落实贯穿主题教育全过程，以主题教育为契机，推动各项工作取得新的更大进展。</p><p><font face=\"宋体\">　　作为本次</font>“党员讲党课”主讲者，支部党员何如德结合自己在基层挂职的工作经历，与分大家分享《例说“党的群众路线”在基层工作中的重要作用》主题心得。</p>','机关二支部全体党员','4c8f125cd4334b248dceed93ee330685','2021-03-04 02:28:00','/uploads/pic/20210304/f4639b2e2b7cf6aab3172f4ce1068c52.png'),(19,'党课','月度',2,'垦荒精神与守正创新','2021-09-01','浙江省台州临海市机关一支部','<div>　　时代发展孕育伟大精神，伟大精神引领时代发展。上世纪五十年代后期，先后5批来自温州、台州等地的467名青年垦荒队员，响应团中央“建设伟大祖国的大陈岛”的号召，毅然登上满目疮痍的大陈岛，以满腔热情、冲天干劲和炽热青春，与驻岛部队一起开始了战天斗地的垦荒和建设事业，把遭受浩劫的“荒岛”变成了充满活力的“东海明珠”。在这沧桑巨变中，铸就了“艰苦创业、奋发图强、无私奉献、开拓创新”的“大陈岛垦荒精神”。</div><div>　　岁月不居，时节如流。历史没有忘记这段艰苦的垦荒岁月，党和中央始终牵挂着大陈岛和垦荒队员。2006年8月，时任浙江省委书记的习近平到大陈岛视察并作出了“大陈岛开发建设大有可为”的重要指示。2010年4月，时任国家副主席的习近平专门给大陈岛老垦荒队员回信，指出“大陈岛正朝着‘小康的大陈、现代化的大陈’目标迈进，相信今后的发展会更好”。2016年六一前夕，习近平总书记又给大陈岛老垦荒队员的后代、椒江区12名小学生回信，希望孩子们牢记老垦荒队员当年的奋斗精神，努力成长为有知识、有品德、有作为的新一代建设者。在中国特色社会主义进入新时代，全党全国人民为实现“两个一百年”奋斗目标，实现中华民族伟大复兴的中国梦共同奋斗的关键历史时期，我们更应接续传承和弘扬大陈岛垦荒精神，并从中汲取奋发前进的精神营养和智慧力量。</div><div><br></div>','第二党小组全体党员','4c8f125cd4334b248dceed93ee330685','2021-02-27 07:54:58',''),(20,'党课','月度',2,'践行初心使命,做守正创新的新时代媒体人','2021-08-01','浙江省台州临海市机关一支部','<p>习近平总书记曾经指出，一个民族、一个国家，必须知道自己是谁，是从哪里来的，要到哪里去，想明白了、想对了，就要坚定不移朝着目标前进。</p>','第一党小组全体党员','4c8f125cd4334b248dceed93ee330685','2021-02-27 07:54:58','');

--
-- Table structure for table `yl_question`
--

CREATE TABLE `yl_question` (
  `id` int(10) unsigned NOT NULL AUTO_INCREMENT COMMENT '表ID',
  `online_test_id` int(10) unsigned NOT NULL COMMENT '所属在线测试ID，关联online_test表ID',
  `type` enum('单选','多选','是非题') NOT NULL DEFAULT '单选' COMMENT '题目类型',
  `ques_title` varchar(101) NOT NULL DEFAULT '' COMMENT '问题标题',
  `ques_content` varchar(301) NOT NULL DEFAULT '' COMMENT '问题描述',
  `ques_pic` varchar(101) NOT NULL DEFAULT '' COMMENT '图片',
  `standard_answer` varchar(21) NOT NULL DEFAULT '' COMMENT '问题标准答案',
  `score` tinyint(2) NOT NULL DEFAULT '0' COMMENT '分数',
  `sort` tinyint(3) NOT NULL DEFAULT '0' COMMENT '排序',
  PRIMARY KEY (`id`),
  KEY `yl_question_fk_1` (`online_test_id`),
  CONSTRAINT `yl_question_fk_1` FOREIGN KEY (`online_test_id`) REFERENCES `yl_online_test` (`id`) ON DELETE CASCADE
) ENGINE=InnoDB AUTO_INCREMENT=9 DEFAULT CHARSET=utf8mb4 COMMENT='题目表';

--
-- Dumping data for table `yl_question`
--

INSERT INTO `yl_question` VALUES (4,2,'单选','','　1、中国共产党以马克思列宁主义、毛泽东思想、邓小平理论、“三个代表”重要思想、科学发展观、______作为自己的行动指南。','','D',50,0),(5,2,'单选','','党的基层委员会、总支部委员会、支部委员会每届任期_____。','','D',50,1),(6,3,'单选','','2019年5月，中共中央政治局召开会议，决定从6月起，在全国自上而下分两批开展（）主题教育。','','A',25,0),(7,3,'单选','','（）是历史的创造者，是决定党和国家前途命运的根本力量。','','B',25,1),(8,3,'多选','','新时代坚持和发展中国特色社会主义的基本方略是（）。','','ABC',50,2);

--
-- Table structure for table `yl_question_option`
--

CREATE TABLE `yl_question_option` (
  `id` int(10) unsigned NOT NULL AUTO_INCREMENT COMMENT '表ID',
  `online_test_id` int(10) unsigned NOT NULL COMMENT '所属在线测试ID，关联online_test表ID',
  `question_id` int(10) unsigned NOT NULL DEFAULT '0' COMMENT '题目ID，对应question表ID',
  `option_name` char(1) NOT NULL DEFAULT '' COMMENT '选项名',
  `option_value` varchar(301) NOT NULL DEFAULT '' COMMENT '选项值',
  PRIMARY KEY (`id`),
  KEY `yl_question_option_fk_1` (`online_test_id`),
  KEY `yl_question_option_fk_2` (`question_id`),
  CONSTRAINT `yl_question_option_fk_1` FOREIGN KEY (`online_test_id`) REFERENCES `yl_online_test` (`id`) ON DELETE CASCADE,
  CONSTRAINT `yl_question_option_fk_2` FOREIGN KEY (`question_id`) REFERENCES `yl_question` (`id`) ON DELETE CASCADE
) ENGINE=InnoDB AUTO_INCREMENT=28 DEFAULT CHARSET=utf8mb4 COMMENT='题目选项表';

--
-- Dumping data for table `yl_question_option`
--

INSERT INTO `yl_question_option` VALUES (11,2,4,'A','新时代中国特色社会主义思想'),(12,2,4,'B','新时期中国特色社会主义思想'),(13,2,4,'C','习近平新时期中国特色社会主义思想'),(14,2,4,'D','习近平新时代中国特色社会主义思想'),(15,2,5,'A','三年'),(16,2,5,'B','五年'),(17,2,5,'C','两年到三年'),(18,2,5,'D','三年至五年'),(19,3,6,'A','不忘初心、牢记使命'),(20,3,6,'B','三严三实'),(21,3,6,'C','两学一做'),(22,3,7,'A','英雄'),(23,3,7,'B','人民'),(24,3,7,'C','工人'),(25,3,8,'A','坚持党对一切工作的领导，坚持以人民为中心，坚持全面深化改革'),(26,3,8,'B','坚持新发展理念，坚持人民当家作主，坚持全面依法治国'),(27,3,8,'C','坚持总体国家安全观，坚持党对人民军队的绝对领导，坚持“一国两制”和推进祖国统一');

--
-- Table structure for table `yl_question_record`
--

CREATE TABLE `yl_question_record` (
  `id` int(10) unsigned NOT NULL AUTO_INCREMENT COMMENT '表ID',
  `online_test_id` int(10) unsigned NOT NULL COMMENT '所属在线测试ID，关联online_test表ID',
  `question_id` int(10) unsigned NOT NULL DEFAULT '0' COMMENT '题目ID, 对应question表ID',
  `quesopt_name` varchar(11) NOT NULL COMMENT '题目答案,对应question_option表name，多个name以逗号隔开',
  `uuid` char(32) NOT NULL DEFAULT '' COMMENT '用户uuid，关联user表uuid,主要用于移动和h5端',
  `stb_type` enum('stb_id','ca_no','stb_ip') NOT NULL DEFAULT 'stb_id' COMMENT '机顶盒唯一标识类型',
  `stb_id` varchar(51) NOT NULL DEFAULT '' COMMENT '机顶盒唯一标识',
  `score` tinyint(3) unsigned NOT NULL DEFAULT '0' COMMENT '答对该题获得的分值',
  `join_time` timestamp NOT NULL DEFAULT CURRENT_TIMESTAMP COMMENT '答题时间',
  PRIMARY KEY (`id`),
  KEY `yl_question_record_fk_1` (`online_test_id`),
  KEY `yl_question_record_fk_2` (`question_id`),
  CONSTRAINT `yl_question_record_fk_1` FOREIGN KEY (`online_test_id`) REFERENCES `yl_online_test` (`id`) ON DELETE CASCADE,
  CONSTRAINT `yl_question_record_fk_2` FOREIGN KEY (`question_id`) REFERENCES `yl_question` (`id`) ON DELETE CASCADE
) ENGINE=InnoDB DEFAULT CHARSET=utf8mb4 COMMENT='答题结果表';

--
-- Dumping data for table `yl_question_record`
--


--
-- Table structure for table `yl_region`
--

CREATE TABLE `yl_region` (
  `id` int(10) unsigned NOT NULL AUTO_INCREMENT COMMENT '区域名称编码',
  `pid` varchar(20) NOT NULL COMMENT '区域父ID',
  `code` varchar(20) NOT NULL COMMENT '区域编码',
  `name` varchar(20) NOT NULL COMMENT '区域名称',
  `level` tinyint(3) unsigned NOT NULL DEFAULT '0' COMMENT '0省/1市/2县/3乡镇街道/4社区/5网格/6小组',
  PRIMARY KEY (`id`),
  KEY `index1` (`code`)
) ENGINE=InnoDB AUTO_INCREMENT=217593 DEFAULT CHARSET=utf8 ROW_FORMAT=DYNAMIC COMMENT='区域数据表';

--
-- Dumping data for table `yl_region`
--

INSERT INTO `yl_region` VALUES (11,'0','33','浙江省',0),(122,'33','330100000000','杭州市',1),(1282,'330100000000','330101000000','市辖区',2),(1283,'330100000000','330102000000','上城区',2),(1284,'330100000000','330103000000','下城区',2),(1285,'330100000000','330104000000','江干区',2),(1286,'330100000000','330105000000','拱墅区',2),(1287,'330100000000','330106000000','西湖区',2),(1288,'330100000000','330108000000','滨江区',2),(1289,'330100000000','330109000000','萧山区',2),(1290,'330100000000','330110000000','余杭区',2),(1291,'330100000000','330111000000','富阳区',2),(1292,'330100000000','330122000000','桐庐县',2),(1293,'330100000000','330127000000','淳安县',2),(1294,'330100000000','330182000000','建德市',2),(1295,'330100000000','330185000000','临安市',2),(13817,'330102000000','330102001000','清波街道',3),(13818,'330102000000','330102003000','湖滨街道',3),(13819,'330102000000','330102004000','小营街道',3),(13820,'330102000000','330102008000','南星街道',3),(13821,'330102000000','330102009000','紫阳街道',3),(13822,'330102000000','330102010000','望江街道',3),(13823,'330103000000','330103001000','长庆街道',3),(13824,'330103000000','330103002000','武林街道',3),(13825,'330103000000','330103003000','天水街道',3),(13826,'330103000000','330103005000','潮鸣街道',3),(13827,'330103000000','330103006000','朝晖街道',3),(13828,'330103000000','330103007000','文晖街道',3),(13829,'330103000000','330103008000','东新街道',3),(13830,'330103000000','330103009000','石桥街道',3),(13831,'330104000000','330104005000','凯旋街道',3),(13832,'330104000000','330104006000','采荷街道',3),(13833,'330104000000','330104007000','闸弄口街道',3),(13834,'330104000000','330104008000','四季青街道',3),(13835,'330104000000','330104009000','白杨街道',3),(13836,'330104000000','330104010000','下沙街道',3),(13837,'330104000000','330104011000','彭埠街道',3),(13838,'330104000000','330104012000','笕桥街道',3),(13839,'330104000000','330104013000','丁兰街道',3),(13840,'330104000000','330104014000','九堡街道',3),(13841,'330105000000','330105001000','米市巷街道',3),(13842,'330105000000','330105002000','湖墅街道',3),(13843,'330105000000','330105003000','小河街道',3),(13844,'330105000000','330105004000','和睦街道',3),(13845,'330105000000','330105005000','拱宸桥街道',3),(13846,'330105000000','330105007000','大关街道',3),(13847,'330105000000','330105008000','上塘街道',3),(13848,'330105000000','330105009000','祥符街道',3),(13849,'330105000000','330105010000','康桥街道',3),(13850,'330105000000','330105011000','半山街道',3),(13851,'330106000000','330106002000','北山街道',3),(13852,'330106000000','330106004000','西溪街道',3),(13853,'330106000000','330106005000','翠苑街道',3),(13854,'330106000000','330106007000','古荡街道',3),(13855,'330106000000','330106008000','西湖街道',3),(13856,'330106000000','330106009000','留下街道',3),(13857,'330106000000','330106010000','转塘街道',3),(13858,'330106000000','330106011000','蒋村街道',3),(13859,'330106000000','330106012000','灵隐街道',3),(13860,'330106000000','330106013000','文新街道',3),(13861,'330106000000','330106109000','三墩镇',3),(13862,'330106000000','330106110000','双浦镇',3),(13863,'330108000000','330108001000','西兴街道',3),(13864,'330108000000','330108002000','长河街道',3),(13865,'330108000000','330108003000','浦沿街道',3),(13866,'330109000000','330109001000','城厢街道',3),(13867,'330109000000','330109002000','北干街道',3),(13868,'330109000000','330109003000','蜀山街道',3),(13869,'330109000000','330109004000','新塘街道',3),(13870,'330109000000','330109005000','靖江街道',3),(13871,'330109000000','330109006000','南阳街道',3),(13872,'330109000000','330109007000','义蓬街道',3),(13873,'330109000000','330109008000','河庄街道',3),(13874,'330109000000','330109009000','新湾街道',3),(13875,'330109000000','330109010000','临江街道',3),(13876,'330109000000','330109011000','前进街道',3),(13877,'330109000000','330109012000','闻堰街道',3),(13878,'330109000000','330109013000','宁围街道',3),(13879,'330109000000','330109014000','新街街道',3),(13880,'330109000000','330109100000','楼塔镇',3),(13881,'330109000000','330109101000','河上镇',3),(13882,'330109000000','330109102000','戴村镇',3),(13883,'330109000000','330109103000','浦阳镇',3),(13884,'330109000000','330109104000','进化镇',3),(13885,'330109000000','330109105000','临浦镇',3),(13886,'330109000000','330109106000','义桥镇',3),(13887,'330109000000','330109107000','所前镇',3),(13888,'330109000000','330109108000','衙前镇',3),(13889,'330109000000','330109113000','瓜沥镇',3),(13890,'330109000000','330109115000','益农镇',3),(13891,'330109000000','330109120000','党湾镇',3),(13892,'330110000000','330110001000','临平街道',3),(13893,'330110000000','330110002000','南苑街道',3),(13894,'330110000000','330110003000','东湖街道',3),(13895,'330110000000','330110004000','星桥街道',3),(13896,'330110000000','330110005000','五常街道',3),(13897,'330110000000','330110006000','乔司街道',3),(13898,'330110000000','330110007000','运河街道',3),(13899,'330110000000','330110008000','崇贤街道',3),(13900,'330110000000','330110009000','仁和街道',3),(13901,'330110000000','330110010000','良渚街道',3),(13902,'330110000000','330110011000','闲林街道',3),(13903,'330110000000','330110012000','仓前街道',3),(13904,'330110000000','330110013000','余杭街道',3),(13905,'330110000000','330110014000','中泰街道',3),(13906,'330110000000','330110102000','塘栖镇',3),(13907,'330110000000','330110109000','径山镇',3),(13908,'330110000000','330110110000','瓶窑镇',3),(13909,'330110000000','330110111000','鸬鸟镇',3),(13910,'330110000000','330110112000','百丈镇',3),(13911,'330110000000','330110113000','黄湖镇',3),(13912,'330111000000','330111001000','富春街道',3),(13913,'330111000000','330111002000','春江街道',3),(13914,'330111000000','330111004000','鹿山街道',3),(13915,'330111000000','330111005000','东洲街道',3),(13916,'330111000000','330111006000','银湖街道',3),(13917,'330111000000','330111100000','万市镇',3),(13918,'330111000000','330111101000','洞桥镇',3),(13919,'330111000000','330111103000','渌渚镇',3),(13920,'330111000000','330111105000','永昌镇',3),(13921,'330111000000','330111108000','里山镇',3),(13922,'330111000000','330111109000','常绿镇',3),(13923,'330111000000','330111110000','场口镇',3),(13924,'330111000000','330111111000','常安镇',3),(13925,'330111000000','330111112000','龙门镇',3),(13926,'330111000000','330111115000','新登镇',3),(13927,'330111000000','330111116000','胥口镇',3),(13928,'330111000000','330111117000','大源镇',3),(13929,'330111000000','330111118000','灵桥镇',3),(13930,'330111000000','330111200000','新桐乡',3),(13931,'330111000000','330111201000','上官乡',3),(13932,'330111000000','330111204000','环山乡',3),(13933,'330111000000','330111205000','湖源乡',3),(13934,'330111000000','330111206000','春建乡',3),(13935,'330111000000','330111207000','渔山乡',3),(13936,'330122000000','330122002000','旧县街道',3),(13937,'330122000000','330122003000','桐君街道',3),(13938,'330122000000','330122004000','城南街道',3),(13939,'330122000000','330122005000','凤川街道',3),(13940,'330122000000','330122101000','富春江镇',3),(13941,'330122000000','330122102000','横村镇',3),(13942,'330122000000','330122109000','分水镇',3),(13943,'330122000000','330122110000','瑶琳镇',3),(13944,'330122000000','330122112000','百江镇',3),(13945,'330122000000','330122113000','江南镇',3),(13946,'330122000000','330122201000','莪山畲族乡',3),(13947,'330122000000','330122202000','钟山乡',3),(13948,'330122000000','330122204000','新合乡',3),(13949,'330122000000','330122210000','合村乡',3),(13950,'330127000000','330127100000','千岛湖镇',3),(13951,'330127000000','330127101000','文昌镇',3),(13952,'330127000000','330127102000','石林镇',3),(13953,'330127000000','330127103000','临岐镇',3),(13954,'330127000000','330127104000','威坪镇',3),(13955,'330127000000','330127106000','姜家镇',3),(13956,'330127000000','330127107000','梓桐镇',3),(13957,'330127000000','330127108000','汾口镇',3),(13958,'330127000000','330127109000','中洲镇',3),(13959,'330127000000','330127110000','大墅镇',3),(13960,'330127000000','330127111000','枫树岭镇',3),(13961,'330127000000','330127200000','里商乡',3),(13962,'330127000000','330127201000','金峰乡',3),(13963,'330127000000','330127202000','富文乡',3),(13964,'330127000000','330127203000','左口乡',3),(13965,'330127000000','330127205000','屏门乡',3),(13966,'330127000000','330127206000','瑶山乡',3),(13967,'330127000000','330127208000','王阜乡',3),(13968,'330127000000','330127210000','宋村乡',3),(13969,'330127000000','330127211000','鸠坑乡',3),(13970,'330127000000','330127212000','浪川乡',3),(13971,'330127000000','330127214000','界首乡',3),(13972,'330127000000','330127216000','安阳乡',3),(13973,'330182000000','330182001000','新安江街道',3),(13974,'330182000000','330182002000','洋溪街道',3),(13975,'330182000000','330182003000','更楼街道',3),(13976,'330182000000','330182101000','莲花镇',3),(13977,'330182000000','330182102000','乾潭镇',3),(13978,'330182000000','330182104000','梅城镇',3),(13979,'330182000000','330182105000','杨村桥镇',3),(13980,'330182000000','330182106000','下涯镇',3),(13981,'330182000000','330182107000','大洋镇',3),(13982,'330182000000','330182108000','三都镇',3),(13983,'330182000000','330182109000','寿昌镇',3),(13984,'330182000000','330182110000','航头镇',3),(13985,'330182000000','330182111000','大慈岩镇',3),(13986,'330182000000','330182112000','大同镇',3),(13987,'330182000000','330182113000','李家镇',3),(13988,'330182000000','330182202000','钦堂乡',3),(13989,'330185000000','330185002000','玲珑街道',3),(13990,'330185000000','330185005000','锦南街道',3),(13991,'330185000000','330185006000','锦城街道',3),(13992,'330185000000','330185007000','锦北街道',3),(13993,'330185000000','330185008000','青山湖街道',3),(13994,'330185000000','330185102000','高虹镇',3),(13995,'330185000000','330185103000','太湖源镇',3),(13996,'330185000000','330185104000','於潜镇',3),(13997,'330185000000','330185106000','太阳镇',3),(13998,'330185000000','330185107000','潜川镇',3),(13999,'330185000000','330185108000','昌化镇',3),(14000,'330185000000','330185109000','河桥镇',3),(14001,'330185000000','330185111000','湍口镇',3),(14002,'330185000000','330185112000','清凉峰镇',3),(14003,'330185000000','330185113000','岛石镇',3),(14004,'330185000000','330185115000','板桥镇',3),(14005,'330185000000','330185116000','天目山镇',3),(14006,'330185000000','330185117000','龙岗镇',3),(214470,'330102001000','330102001051','清波门社区',4),(214471,'330102001000','330102001052','劳动路社区',4),(214472,'330102001000','330102001053','定安路社区',4),(214473,'330102001000','330102001055','清河坊社区',4),(214474,'330102001000','330102001057','柳翠井巷社区',4),(214475,'330102003000','330102003050','涌金门社区',4),(214476,'330102003000','330102003052','青年路社区',4),(214477,'330102003000','330102003053','东平巷社区',4),(214478,'330102003000','330102003055','岳王路社区',4),(214479,'330102003000','330102003057','东坡路社区',4),(214480,'330102003000','330102003058','吴山路社区',4),(214481,'330102004000','330102004051','小营巷社区',4),(214482,'330102004000','330102004052','马市街社区',4),(214483,'330102004000','330102004053','紫金社区',4),(214484,'330102004000','330102004057','老浙大社区',4),(214485,'330102004000','330102004058','大学路社区',4),(214486,'330102004000','330102004059','葵巷社区',4),(214487,'330102004000','330102004060','茅廊巷社区',4),(214488,'330102004000','330102004061','金钱巷社区',4),(214489,'330102004000','330102004062','梅花碑社区',4),(214490,'330102004000','330102004063','长明寺巷社区',4),(214491,'330102004000','330102004064','姚园寺巷社区',4),(214492,'330102004000','330102004065','西牌楼社区',4),(214493,'330102008000','330102008051','馒头山社区',4),(214494,'330102008000','330102008053','美政桥社区',4),(214495,'330102008000','330102008055','紫花埠社区',4),(214496,'330102008000','330102008058','海月桥社区',4),(214497,'330102008000','330102008059','白塔岭社区',4),(214498,'330102008000','330102008060','复兴街社区',4),(214499,'330102008000','330102008061','玉皇山社区',4),(214500,'330102008000','330102008062','水澄桥社区',4),(214501,'330102009000','330102009051','十五奎巷社区',4),(214502,'330102009000','330102009052','北落马营社区',4),(214503,'330102009000','330102009055','彩霞岭社区',4),(214504,'330102009000','330102009056','候潮门社区',4),(214505,'330102009000','330102009058','太庙社区',4),(214506,'330102009000','330102009059','木场巷社区',4),(214507,'330102009000','330102009060','新工社区',4),(214508,'330102009000','330102009061','凤凰社区',4),(214509,'330102009000','330102009062','海潮社区',4),(214510,'330102009000','330102009063','上羊市街社区',4),(214511,'330102009000','330102009064','春江社区',4),(214512,'330102009000','330102009065','甬江社区',4),(214513,'330102010000','330102010051','清泰门社区',4),(214514,'330102010000','330102010052','莫邪塘社区',4),(214515,'330102010000','330102010053','始版桥社区',4),(214516,'330102010000','330102010054','大通桥社区',4),(214517,'330102010000','330102010057','兴隆社区',4),(214518,'330102010000','330102010060','耀华社区',4),(214519,'330102010000','330102010061','徐家埠社区',4),(214520,'330102010000','330102010062','在水一方社区',4),(214521,'330102010000','330102010063','近江东园社区',4),(214522,'330102010000','330102010064','近江西园社区',4),(214523,'330102010000','330102010065','婺江社区',4),(214524,'330103001000','330103001051','浙大御跸社区',4),(214525,'330103001000','330103001052','吴牙社区',4),(214526,'330103001000','330103001055','王马社区',4),(214527,'330103001000','330103001056','柳营社区',4),(214528,'330103001000','330103001059','新华坊社区',4),(214529,'330103001000','330103001060','十五家园社区',4),(214530,'330103002000','330103002051','中北社区',4),(214531,'330103002000','330103002052','仙林社区',4),(214532,'330103002000','330103002053','竹竿巷社区',4),(214533,'330103002000','330103002055','凤麟社区',4),(214534,'330103002000','330103002056','长寿社区',4),(214535,'330103002000','330103002057','安吉社区',4),(214536,'330103002000','330103002058','环西社区',4),(214537,'330103003000','330103003051','灯芯巷社区',4),(214538,'330103003000','330103003052','胭脂新村社区',4),(214539,'330103003000','330103003053','环北新村社区',4),(214540,'330103003000','330103003054','戒坛寺巷社区',4),(214541,'330103003000','330103003055','仓桥社区',4),(214542,'330103003000','330103003056','延安新村社区',4),(214543,'330103003000','330103003057','皇亲苑社区',4),(214544,'330103005000','330103005051','所巷社区',4),(214545,'330103005000','330103005053','知足弄社区',4),(214546,'330103005000','330103005054','小天竺社区',4),(214547,'330103005000','330103005056','刀茅巷社区',4),(214548,'330103005000','330103005057','东河社区',4),(214549,'330103005000','330103005059','艮园社区',4),(214550,'330103005000','330103005060','东园社区',4),(214551,'330103005000','330103005061','体东社区',4),(214552,'330103005000','330103005063','艮山门社区',4),(214553,'330103006000','330103006051','大家苑社区',4),(214554,'330103006000','330103006052','黎园社区',4),(214555,'330103006000','330103006053','玉公桥社区',4),(214556,'330103006000','330103006054','华联社区',4),(214557,'330103006000','330103006055','老房地社区',4),(214558,'330103006000','330103006056','应家桥社区',4),(214559,'330103006000','330103006057','大木桥社区',4),(214560,'330103006000','330103006060','塘南社区',4),(214561,'330103006000','330103006061','河东社区',4),(214562,'330103006000','330103006063','虹园社区',4),(214563,'330103006000','330103006064','稻香园社区',4),(214564,'330103006000','330103006065','施家花园社区',4),(214565,'330103007000','330103007001','打铁关社区',4),(214566,'330103007000','330103007002','和平苑社区',4),(214567,'330103007000','330103007003','胜利社区',4),(214568,'330103007000','330103007004','流水西苑社区',4),(214569,'330103007000','330103007005','流水东苑社区',4),(214570,'330103007000','330103007006','京都苑社区',4),(214571,'330103007000','330103007008','现代城社区',4),(214572,'330103007000','330103007009','三里家园社区',4),(214573,'330103008000','330103008001','三塘北苑社区',4),(214574,'330103008000','330103008002','新颜苑社区',4),(214575,'330103008000','330103008003','三塘苑社区',4),(214576,'330103008000','330103008004','三塘社区',4),(214577,'330103008000','330103008005','灯塔社区',4),(214578,'330103008000','330103008006','西文社区',4),(214579,'330103008000','330103008007','沈家社区',4),(214580,'330103008000','330103008008','东新园社区',4),(214581,'330103008000','330103008009','沁苑社区',4),(214582,'330103008000','330103008010','中舟社区',4),(214583,'330103008000','330103008011','杭氧社区',4),(214584,'330103008000','330103008012','德胜东村社区',4),(214585,'330103008000','330103008013','富春园社区',4),(214586,'330103008000','330103008014','长青苑社区',4),(214587,'330103008000','330103008015','水漾苑社区',4),(214588,'330103008000','330103008016','万家星城社区',4),(214589,'330103009000','330103009001','天堂园社区',4),(214590,'330103009000','330103009002','华丰社区',4),(214591,'330103009000','330103009003','石桥社区',4),(214592,'330103009000','330103009004','杨家社区',4),(214593,'330103009000','330103009005','永丰社区',4),(214594,'330103009000','330103009006','景荣社区',4),(214595,'330103009000','330103009007','景安社区',4),(214596,'330103009000','330103009008','华中社区',4),(214597,'330103009000','330103009009','景春社区',4),(214598,'330104005000','330104005051','景昙社区',4),(214599,'330104005000','330104005052','景芳社区',4),(214600,'330104005000','330104005053','景华社区',4),(214601,'330104005000','330104005054','华家池社区',4),(214602,'330104005000','330104005055','南肖埠社区',4),(214603,'330104005000','330104005056','景秀社区',4),(214604,'330104005000','330104005057','景新社区',4),(214605,'330104005000','330104005058','景湖社区',4),(214606,'330104005000','330104005059','金兰池社区',4),(214607,'330104005000','330104005060','庆春门社区',4),(214608,'330104005000','330104005061','金秋花园社区',4),(214609,'330104005000','330104005062','凯西社区',4),(214610,'330104005000','330104005063','景苑社区',4),(214611,'330104005000','330104005064','庆和社区',4),(214612,'330104006000','330104006051','芙蓉社区',4),(214613,'330104006000','330104006052','洁莲社区',4),(214614,'330104006000','330104006053','红菱社区',4),(214615,'330104006000','330104006054','健风社区',4),(214616,'330104006000','330104006055','江汀社区',4),(214617,'330104006000','330104006056','静怡社区',4),(214618,'330104006000','330104006057','双菱社区',4),(214619,'330104006000','330104006058','人民社区',4),(214620,'330104006000','330104006059','绿茗社区',4),(214621,'330104006000','330104006060','夕照社区',4),(214622,'330104006000','330104006061','新凯苑社区',4),(214623,'330104006000','330104006062','商教苑社区',4),(214624,'330104006000','330104006063','荷花塘社区',4),(214625,'330104006000','330104006064','青荷苑社区',4),(214626,'330104006000','330104006065','常青苑社区',4),(214627,'330104007000','330104007051','天杭社区',4),(214628,'330104007000','330104007052','闸弄口社区',4),(214629,'330104007000','330104007053','春晖社区',4),(214630,'330104007000','330104007054','天仙社区',4),(214631,'330104007000','330104007059','三里亭社区',4),(214632,'330104007000','330104007060','红梅社区',4),(214633,'330104007000','330104007061','闻皇庙社区',4),(214634,'330104007000','330104007062','京惠社区',4),(214635,'330104007000','330104007063','万家花园社区',4),(214636,'330104007000','330104007064','董家社区',4),(214637,'330104007000','330104007065','兰苑社区',4),(214638,'330104007000','330104007066','天运社区',4),(214639,'330104007000','330104007067','麦苗社区',4),(214640,'330104007000','330104007068','蓝天社区',4),(214641,'330104007000','330104007069','濮家联合社区',4),(214642,'330104008000','330104008003','三叉社区',4),(214643,'330104008000','330104008004','五福社区',4),(214644,'330104008000','330104008005','三堡社区',4),(214645,'330104008000','330104008006','水湘社区',4),(214646,'330104008000','330104008007','唐祝社区',4),(214647,'330104008000','330104008008','钱江苑社区',4),(214648,'330104008000','330104008009','钱杭社区',4),(214649,'330104008000','330104008010','定海社区',4),(214650,'330104008000','330104008011','钱塘社区',4),(214651,'330104008000','330104008012','城星社区',4),(214652,'330104008000','330104008013','运新社区',4),(214653,'330104008000','330104008014','江锦社区',4),(214654,'330104009000','330104009001','月雅苑社区',4),(214655,'330104009000','330104009002','景园社区',4),(214656,'330104009000','330104009003','大北社区',4),(214657,'330104009000','330104009004','高教社区',4),(214658,'330104009000','330104009005','邻里社区',4),(214659,'330104009000','330104009006','云水社区',4),(214660,'330104009000','330104009007','闻潮社区',4),(214661,'330104009000','330104009008','多蓝水岸社区',4),(214662,'330104009000','330104009009','朗琴社区',4),(214663,'330104009000','330104009010','海天社区',4),(214664,'330104009000','330104009011','伊萨卡社区',4),(214665,'330104009000','330104009012','江滨花园社区',4),(214666,'330104009000','330104009013','东湾社区',4),(214667,'330104009000','330104009014','观澜社区',4),(214668,'330104009000','330104009015','美达社区',4),(214669,'330104009000','330104009016','江潮社区',4),(214670,'330104010000','330104010002','智格社区',4),(214671,'330104010000','330104010003','高沙社区',4),(214672,'330104010000','330104010004','头格社区',4),(214673,'330104010000','330104010005','七格社区',4),(214674,'330104010000','330104010006','中沙社区',4),(214675,'330104010000','330104010007','上沙社区',4),(214676,'330104010000','330104010008','下沙社区',4),(214677,'330104010000','330104010009','元成社区',4),(214678,'330104010000','330104010010','东方社区',4),(214679,'330104010000','330104010011','新元社区',4),(214680,'330104010000','330104010012','松合社区',4),(214681,'330104010000','330104010013','湾南社区',4),(214682,'330104010000','330104010014','新沙社区',4),(214683,'330104010000','330104010015','铭和社区',4),(214684,'330104010000','330104010016','杭铣社区',4),(214685,'330104010000','330104010017','柠檬社区',4),(214686,'330104010000','330104010018','滟澜社区',4),(214687,'330104010000','330104010019','早城社区',4),(214688,'330104011000','330104011001','新塘社区',4),(214689,'330104011000','330104011002','彭埠社区',4),(214690,'330104011000','330104011004','皋塘社区',4),(214691,'330104011000','330104011005','章家坝社区',4),(214692,'330104011000','330104011006','御道社区',4),(214693,'330104011000','330104011007','云峰社区',4),(214694,'330104011000','330104011008','五堡社区',4),(214695,'330104011000','330104011009','六堡社区',4),(214696,'330104011000','330104011010','七堡社区',4),(214697,'330104011000','330104011011','红五月社区',4),(214698,'330104011000','330104011012','普福社区',4),(214699,'330104011000','330104011013','建华社区',4),(214700,'330104011000','330104011014','兴隆社区',4),(214701,'330104011000','330104011015','新风社区',4),(214702,'330104011000','330104011016','王家井社区',4),(214703,'330104011000','330104011017','明月桥社区',4),(214704,'330104011000','330104011018','杨家桥社区',4),(214705,'330104011000','330104011019','茶亭苑社区',4),(214706,'330104011000','330104011020','建和社区',4),(214707,'330104011000','330104011021','普新社区',4),(214708,'330104012000','330104012001','笕桥社区',4),(214709,'330104012000','330104012003','农科院社区',4),(214710,'330104012000','330104012004','机场社区',4),(214711,'330104012000','330104012007','范家社区',4),(214712,'330104012000','330104012008','花园社区',4),(214713,'330104012000','330104012009','弄口社区',4),(214714,'330104012000','330104012010','草庄社区',4),(214715,'330104012000','330104012011','白石社区',4),(214716,'330104012000','330104012012','枸桔弄社区',4),(214717,'330104012000','330104012013','水墩社区',4),(214718,'330104012000','330104012014','笕新社区',4),(214719,'330104012000','330104012015','俞章社区',4),(214720,'330104012000','330104012016','横塘社区',4),(214721,'330104012000','330104012017','同心社区',4),(214722,'330104012000','330104012018','黎明社区',4),(214723,'330104012000','330104012019','黄家社区',4),(214724,'330104012000','330104012020','浜河社区',4),(214725,'330104012000','330104012021','天新社区',4),(214726,'330104012000','330104012022','东港社区',4),(214727,'330104012000','330104012023','明桂社区',4),(214728,'330104013000','330104013003','丁桥社区',4),(214729,'330104013000','330104013005','大塘社区',4),(214730,'330104013000','330104013006','同协社区',4),(214731,'330104013000','330104013007','建塘社区',4),(214732,'330104013000','330104013008','赵家社区',4),(214733,'330104013000','330104013009','三义社区',4),(214734,'330104013000','330104013010','丁兰社区',4),(214735,'330104013000','330104013011','后珠苑社区',4),(214736,'330104013000','330104013012','丁桥苑社区',4),(214737,'330104013000','330104013013','长睦苑社区',4),(214738,'330104013000','330104013014','大唐苑社区',4),(214739,'330104013000','330104013015','蕙兰社区',4),(214740,'330104013000','330104013016','明珠社区',4),(214741,'330104013000','330104013017','美辰社区',4),(214742,'330104013000','330104013018','长虹社区',4),(214743,'330104013000','330104013019','勤丰社区',4),(214744,'330104013000','330104013020','白马庄社区',4),(214745,'330104013000','330104013021','三义苑社区',4),(214746,'330104013000','330104013022','枫景园社区',4),(214747,'330104013000','330104013023','东林桥社区',4),(214748,'330104013000','330104013024','河西社区',4),(214749,'330104013000','330104013025','建塘苑社区',4),(214750,'330104013000','330104013026','赵家苑社区',4),(214751,'330104013000','330104013027','华鹤社区',4),(214752,'330104013000','330104013028','华亭社区',4),(214753,'330104013000','330104013208','沿山村委会',4),(214754,'330104013000','330104013209','皋城村委会',4),(214755,'330104014000','330104014002','杨公社区',4),(214756,'330104014000','330104014003','蚕桑社区',4),(214757,'330104014000','330104014005','牛田社区',4),(214758,'330104014000','330104014006','格畈社区',4),(214759,'330104014000','330104014007','新江花园社区',4),(214760,'330104014000','330104014008','八堡社区',4),(214761,'330104014000','330104014009','金海社区',4),(214762,'330104014000','330104014010','魅力城社区',4),(214763,'330104014000','330104014011','红苹果社区',4),(214764,'330104014000','330104014012','蓝桥社区',4),(214765,'330104014000','330104014013','丽江社区',4),(214766,'330104014000','330104014014','兴安社区',4),(214767,'330104014000','330104014015','九华社区',4),(214768,'330104014000','330104014016','金雅苑社区',4),(214769,'330104014000','330104014017','和华社区',4),(214770,'330104014000','330104014018','江涛社区',4),(214771,'330104014000','330104014019','九塘社区',4),(214772,'330104014000','330104014020','相江社区',4),(214773,'330104014000','330104014021','景蓝社区',4),(214774,'330104014000','330104014022','三卫社区',4),(214775,'330104014000','330104014023','九堡社区',4),(214776,'330104014000','330104014207','三村村委会',4),(214777,'330104014000','330104014208','宣家埠村委会',4),(214778,'330105001000','330105001051','夹城巷社区',4),(214779,'330105001000','330105001052','米市社区',4),(214780,'330105001000','330105001053','锦绣社区',4),(214781,'330105001000','330105001054','红石板社区',4),(214782,'330105001000','330105001055','大塘巷社区',4),(214783,'330105001000','330105001056','沈塘桥社区',4),(214784,'330105001000','330105001057','半道红社区',4),(214785,'330105002000','330105002051','卖鱼桥社区',4),(214786,'330105002000','330105002052','双荡弄社区',4),(214787,'330105002000','330105002053','仓基新村社区',4),(214788,'330105002000','330105002054','霞湾巷社区',4),(214789,'330105002000','330105002055','长乐苑社区',4),(214790,'330105002000','330105002056','仁和仓社区',4),(214791,'330105002000','330105002057','珠儿潭社区',4),(214792,'330105003000','330105003051','大浒路社区',4),(214793,'330105003000','330105003052','紫荆家园社区',4),(214794,'330105003000','330105003053','长征桥社区',4),(214795,'330105003000','330105003054','小河社区',4),(214796,'330105003000','330105003055','明真宫社区',4),(214797,'330105003000','330105003056','董家新村社区',4),(214798,'330105003000','330105003057','娑婆桥社区',4),(214799,'330105003000','330105003058','余杭塘路社区',4),(214800,'330105003000','330105003059','塘河新村社区',4),(214801,'330105004000','330105004051','华丰社区',4),(214802,'330105004000','330105004052','和睦社区',4),(214803,'330105004000','330105004053','李家桥社区',4),(214804,'330105004000','330105004054','化纤社区',4),(214805,'330105005000','330105005051','温州路社区',4),(214806,'330105005000','330105005052','台州路社区',4),(214807,'330105005000','330105005053','登云路社区',4),(214808,'330105005000','330105005054','桥西社区',4),(214809,'330105005000','330105005055','衢州路社区',4),(214810,'330105005000','330105005056','蚕花园社区',4),(214811,'330105005000','330105005057','永庆路社区',4),(214812,'330105005000','330105005058','文澜社区',4),(214813,'330105007000','330105007051','东苑第一社区',4),(214814,'330105007000','330105007052','东苑第二社区',4),(214815,'330105007000','330105007053','西苑第一社区',4),(214816,'330105007000','330105007054','西苑第二社区',4),(214817,'330105007000','330105007056','德胜社区',4),(214818,'330105007000','330105007057','翠玉社区',4),(214819,'330105007000','330105007058','南苑社区',4),(214820,'330105007000','330105007059','香积社区',4),(214821,'330105008000','330105008051','皋亭社区',4),(214822,'330105008000','330105008052','瓜山社区',4),(214823,'330105008000','330105008053','七古登社区',4),(214824,'330105008000','330105008054','拱宸社区',4),(214825,'330105008000','330105008055','绍兴路社区',4),(214826,'330105008000','330105008056','红建河社区',4),(214827,'330105008000','330105008057','假山路社区',4),(214828,'330105008000','330105008058','善贤社区',4),(214829,'330105008000','330105008059','八丈井社区',4),(214830,'330105008000','330105008060','蔡马社区',4),(214831,'330105009000','330105009001','祥符社区',4),(214832,'330105009000','330105009002','勤丰社区',4),(214833,'330105009000','330105009003','庆隆社区',4),(214834,'330105009000','330105009004','吉如社区',4),(214835,'330105009000','330105009005','阮家桥社区',4),(214836,'330105009000','330105009006','渡驾桥社区',4),(214837,'330105009000','330105009007','郭家厍社区',4),(214838,'330105009000','330105009008','方家埭社区',4),(214839,'330105009000','330105009009','花园岗社区',4),(214840,'330105009000','330105009010','陆家圩社区',4),(214841,'330105009000','330105009011','祥符桥社区',4),(214842,'330105009000','330105009012','孔家埭社区',4),(214843,'330105009000','330105009013','新文社区',4),(214844,'330105009000','330105009014','星桥社区',4),(214845,'330105009000','330105009015','映月社区',4),(214846,'330105009000','330105009016','北星社区',4),(214847,'330105009000','330105009017','沁园社区',4),(214848,'330105009000','330105009018','秀水社区',4),(214849,'330105009000','330105009019','清涟社区',4),(214850,'330105009000','330105009020','总管堂社区',4),(214851,'330105009000','330105009021','申悦社区',4),(214852,'330105009000','330105009022','万家社区',4),(214853,'330105009000','330105009023','三宝社区',4),(214854,'330105009000','330105009024','申信社区',4),(214855,'330105009000','330105009025','申慧社区',4),(214856,'330105009000','330105009026','申花社区',4),(214857,'330105009000','330105009027','庆和社区',4),(214858,'330105010000','330105010001','康桥社区',4),(214859,'330105010000','330105010002','吴家墩社区',4),(214860,'330105010000','330105010003','义桥社区',4),(214861,'330105010000','330105010004','蒋家浜社区',4),(214862,'330105010000','330105010005','永和社区',4),(214863,'330105010000','330105010006','平安桥社区',4),(214864,'330105010000','330105010007','康桥村社区',4),(214865,'330105010000','330105010008','西杨社区',4),(214866,'330105010000','330105010009','计家社区',4),(214867,'330105010000','330105010010','谢村社区',4),(214868,'330105010000','330105010011','独城社区',4),(214869,'330105011000','330105011001','田园社区',4),(214870,'330105011000','330105011002','杭钢北苑社区',4),(214871,'330105011000','330105011003','杭钢南苑社区',4),(214872,'330105011000','330105011004','杭钢西苑社区',4),(214873,'330105011000','330105011005','杭玻阔板桥社区',4),(214874,'330105011000','330105011006','沈家桥社区',4),(214875,'330105011000','330105011007','半山社区',4),(214876,'330105011000','330105011008','金星社区',4),(214877,'330105011000','330105011009','石塘社区',4),(214878,'330105011000','330105011010','春晓社区',4),(214879,'330105011000','330105011011','夏意社区',4),(214880,'330105011000','330105011012','秋韵社区',4),(214881,'330105011000','330105011013','虎山社区',4),(214882,'330105011000','330105011014','冬景社区',4),(214883,'330105011000','330105011015','龙山社区',4),(214884,'330106002000','330106002051','上保社区',4),(214885,'330106002000','330106002052','宝石社区',4),(214886,'330106002000','330106002053','金祝社区',4),(214887,'330106002000','330106002054','松木场社区',4),(214888,'330106002000','330106002055','沿山河社区',4),(214889,'330106002000','330106002056','曲院社区',4),(214890,'330106002000','330106002058','友谊社区',4),(214891,'330106004000','330106004053','石灰桥社区',4),(214892,'330106004000','330106004055','下马塍社区',4),(214893,'330106004000','330106004056','花园亭社区',4),(214894,'330106004000','330106004058','上马塍社区',4),(214895,'330106004000','330106004059','求智社区',4),(214896,'330106004000','330106004060','文教社区',4),(214897,'330106004000','330106004061','白荡海社区',4),(214898,'330106004000','330106004062','文天社区',4),(214899,'330106004000','330106004063','文锦社区',4),(214900,'330106004000','330106004064','铁佛寺社区',4),(214901,'330106004000','330106004065','溪畔社区',4),(214902,'330106004000','330106004066','文三社区',4),(214903,'330106005000','330106005051','保亭社区',4),(214904,'330106005000','330106005052','花园社区',4),(214905,'330106005000','330106005053','九莲社区',4),(214906,'330106005000','330106005054','黄姑山社区',4),(214907,'330106005000','330106005055','翠苑一区社区',4),(214908,'330106005000','330106005056','翠苑二区社区',4),(214909,'330106005000','330106005057','翠苑三区社区',4),(214910,'330106005000','330106005058','翠苑四区社区',4),(214911,'330106005000','330106005059','古荡湾社区',4),(214912,'330106005000','330106005060','翠苑五区社区',4),(214913,'330106007000','330106007001','古荡东区社区',4),(214914,'330106007000','330106007002','古荡南区社区',4),(214915,'330106007000','330106007003','古荡北区社区',4),(214916,'330106007000','330106007004','莲花社区',4),(214917,'330106007000','330106007005','文华社区',4),(214918,'330106007000','330106007006','古墩社区',4),(214919,'330106007000','330106007007','益乐社区',4),(214920,'330106007000','330106007009','嘉绿苑社区',4),(214921,'330106007000','330106007010','嘉荷社区',4),(214922,'330106007000','330106007011','华星社区',4),(214923,'330106008000','330106008001','净寺社区',4),(214924,'330106008000','330106008002','三台山社区',4),(214925,'330106008000','330106008003','九溪社区',4),(214926,'330106008000','330106008004','金沙社区',4),(214927,'330106008000','330106008005','灵隐社区',4),(214928,'330106008000','330106008006','栖霞岭社区',4),(214929,'330106008000','330106008201','梅家坞村委会',4),(214930,'330106008000','330106008202','梵村委会',4),(214931,'330106008000','330106008203','九溪村委会',4),(214932,'330106008000','330106008204','翁家山村委会',4),(214933,'330106008000','330106008205','龙井村委会',4),(214934,'330106008000','330106008206','满觉陇村委会',4),(214935,'330106008000','330106008207','杨梅岭村委会',4),(214936,'330106008000','330106008208','双峰村委会',4),(214937,'330106008000','330106008209','茅家埠村委会',4),(214938,'330106009000','330106009001','东岳社区',4),(214939,'330106009000','330106009002','茶市街社区',4),(214940,'330106009000','330106009003','屏峰社区',4),(214941,'330106009000','330106009004','留下社区',4),(214942,'330106009000','330106009005','小和山社区',4),(214943,'330106009000','330106009006','横街社区',4),(214944,'330106009000','330106009007','杨家牌楼社区',4),(214945,'330106009000','330106009008','金鱼井社区',4),(214946,'330106009000','330106009009','西穆坞社区',4),(214947,'330106009000','330106009010','翰墨香林社区',4),(214948,'330106009000','330106009011','石马社区',4),(214949,'330106009000','330106009012','和家园社区',4),(214950,'330106009000','330106009201','东穆坞村委会',4),(214951,'330106010000','330106010001','五云社区',4),(214952,'330106010000','330106010002','珊瑚沙社区',4),(214953,'330106010000','330106010003','沈家弄社区',4),(214954,'330106010000','330106010004','横桥社区',4),(214955,'330106010000','330106010005','方家畈社区',4),(214956,'330106010000','330106010006','转塘社区',4),(214957,'330106010000','330106010007','江口社区',4),(214958,'330106010000','330106010008','午山社区',4),(214959,'330106010000','330106010009','大诸桥社区',4),(214960,'330106010000','330106010010','龙心社区',4),(214961,'330106010000','330106010011','龙王沙社区',4),(214962,'330106010000','330106010012','狮子社区',4),(214963,'330106010000','330106010013','象山社区',4),(214964,'330106010000','330106010014','桕联社区',4),(214965,'330106010000','330106010015','村口社区',4),(214966,'330106010000','330106010016','双流社区',4),(214967,'330106010000','330106010017','凌家桥社区',4),(214968,'330106010000','330106010018','石龙山社区',4),(214969,'330106010000','330106010019','叶埠桥社区',4),(214970,'330106010000','330106010020','大清社区',4),(214971,'330106010000','330106010021','葛衙庄社区',4),(214972,'330106010000','330106010022','良户社区',4),(214973,'330106010000','330106010023','转塘街社区',4),(214974,'330106010000','330106010024','尚德社区',4),(214975,'330106010000','330106010025','唐家桥社区',4),(214976,'330106010000','330106010026','美院社区',4),(214977,'330106010000','330106010027','金家岭社区',4),(214978,'330106010000','330106010028','中村社区',4),(214979,'330106010000','330106010029','浮山社区',4),(214980,'330106010000','330106010030','贤家庄社区',4),(214981,'330106010000','330106010031','缪家社区',4),(214982,'330106010000','330106010032','横埭街社区',4),(214983,'330106010000','330106010033','南村社区',4),(214984,'330106010000','330106010034','回龙社区',4),(214985,'330106010000','330106010035','何家埠社区',4),(214986,'330106010000','330106010208','龙门坎村委会',4),(214987,'330106010000','330106010209','慈母桥村委会',4),(214988,'330106010000','330106010210','何家村委会',4),(214989,'330106010000','330106010211','上城埭村委会',4),(214990,'330106010000','330106010212','长埭村委会',4),(214991,'330106010000','330106010213','桐坞村委会',4),(214992,'330106010000','330106010214','外桐坞村委会',4),(214993,'330106010000','330106010215','西湖茶场村委会',4),(214994,'330106011000','330106011014','蝶园社区',4),(214995,'330106011000','330106011015','诚园社区',4),(214996,'330106011000','330106011016','竞渡社区',4),(214997,'330106011000','330106011017','仕林社区',4),(214998,'330106011000','330106011018','蒋村花园社区',4),(214999,'330106011000','330106011019','西溪社区',4),(215000,'330106011000','330106011020','府苑社区',4),(215001,'330106011000','330106011021','西溪里社区',4),(215002,'330106012000','330106012001','一一七社区',4),(215003,'330106012000','330106012002','曙光社区',4),(215004,'330106012000','330106012003','东山弄社区',4),(215005,'330106012000','330106012004','玉泉社区',4),(215006,'330106012000','330106012005','浙大求是社区',4),(215007,'330106012000','330106012006','庆丰社区',4),(215008,'330106012000','330106012007','黄龙社区',4),(215009,'330106013000','330106013001','湖畔社区',4),(215010,'330106013000','330106013002','南都社区',4),(215011,'330106013000','330106013003','金乐社区',4),(215012,'330106013000','330106013004','星洲社区',4),(215013,'330106013000','330106013005','新金都社区',4),(215014,'330106013000','330106013006','竟舟社区',4),(215015,'330106013000','330106013007','府新社区',4),(215016,'330106013000','330106013008','德加社区',4),(215017,'330106013000','330106013009','香樟社区',4),(215018,'330106013000','330106013010','桂花园社区',4),(215019,'330106013000','330106013011','沁雅社区',4),(215020,'330106013000','330106013012','登云圩社区',4),(215021,'330106013000','330106013013','阳光社区',4),(215022,'330106109000','330106109001','庙前街社区',4),(215023,'330106109000','330106109002','新星社区',4),(215024,'330106109000','330106109008','五里塘社区',4),(215025,'330106109000','330106109011','水月社区',4),(215026,'330106109000','330106109012','厚诚桥社区',4),(215027,'330106109000','330106109013','厨房斗社区',4),(215028,'330106109000','330106109014','大港桥社区',4),(215029,'330106109000','330106109015','陆板桥社区',4),(215030,'330106109000','330106109016','南阳坝社区',4),(215031,'330106109000','330106109017','荡王头社区',4),(215032,'330106109000','330106109018','杨家桥社区',4),(215033,'330106109000','330106109019','兰里社区',4),(215034,'330106109000','330106109020','虾龙圩社区',4),(215035,'330106109000','330106109021','三坝社区',4),(215036,'330106109000','330106109022','望月社区',4),(215037,'330106109000','330106109023','罗家村社区',4),(215038,'330106109000','330106109024','吉鸿社区',4),(215039,'330106109000','330106109025','颐兰社区',4),(215040,'330106109000','330106109026','文鼎苑社区',4),(215041,'330106109000','330106109027','西苑社区',4),(215042,'330106109000','330106109028','政苑社区',4),(215043,'330106109000','330106109029','塘河社区',4),(215044,'330106109000','330106109030','紫金港社区',4),(215045,'330106109000','330106109031','水秀苑社区',4),(215046,'330106109000','330106109032','五幸社区',4),(215047,'330106109000','330106109033','金禹社区',4),(215048,'330106109000','330106109034','自在城东苑社区',4),(215049,'330106109000','330106109035','自在城西苑社区',4),(215050,'330106109000','330106109036','嘉苑社区',4),(215051,'330106109000','330106109230','双桥村委会',4),(215052,'330106109000','330106109233','绕城村委会',4),(215053,'330106109000','330106109234','华联村委会',4),(215054,'330106109000','330106109235','山联村委会',4),(215055,'330106110000','330106110002','袁浦社区',4),(215056,'330106110000','330106110003','跃河桥社区',4),(215057,'330106110000','330106110004','麦岭沙社区',4),(215058,'330106110000','330106110005','小江社区',4),(215059,'330106110000','330106110006','新沙社区',4),(215060,'330106110000','330106110007','老沙社区',4),(215061,'330106110000','330106110008','夏家桥社区',4),(215062,'330106110000','330106110200','东江嘴村委会',4),(215063,'330106110000','330106110201','外张村委会',4),(215064,'330106110000','330106110203','吴家村委会',4),(215065,'330106110000','330106110204','小叔房村委会',4),(215066,'330106110000','330106110208','袁家浦村委会',4),(215067,'330106110000','330106110209','兰溪口村委会',4),(215068,'330106110000','330106110210','龙池村委会',4),(215069,'330106110000','330106110211','新浦沿村委会',4),(215070,'330106110000','330106110212','浦塘村委会',4),(215071,'330106110000','330106110214','白鸟村委会',4),(215072,'330106110000','330106110215','板桥村委会',4),(215073,'330106110000','330106110216','三阳村委会',4),(215074,'330106110000','330106110217','周家埭村委会',4),(215075,'330106110000','330106110218','灵山村委会',4),(215076,'330106110000','330106110219','翁家埭村委会',4),(215077,'330106110000','330106110220','桑园地村委会',4),(215078,'330106110000','330106110221','杭江村委会',4),(215079,'330106110000','330106110222','杭富村委会',4),(215080,'330106110000','330106110223','周富村委会',4),(215081,'330106110000','330106110224','下杨村委会',4),(215082,'330106110000','330106110225','铜鉴湖村委会',4),(215083,'330106110000','330106110226','湖埠村委会',4),(215084,'330106110000','330106110227','双灵村委会',4),(215085,'330108001000','330108001001','西陵社区',4),(215086,'330108001000','330108001002','水电社区',4),(215087,'330108001000','330108001003','庙后王社区',4),(215088,'330108001000','330108001004','襄七房社区',4),(215089,'330108001000','330108001005','西兴社区',4),(215090,'330108001000','330108001006','温馨社区',4),(215091,'330108001000','330108001007','马湖社区',4),(215092,'330108001000','330108001008','七甲闸社区',4),(215093,'330108001000','330108001009','新州社区',4),(215094,'330108001000','330108001010','金东方社区',4),(215095,'330108001000','330108001011','星民社区',4),(215096,'330108001000','330108001012','共联社区',4),(215097,'330108001000','330108001013','协同社区',4),(215098,'330108002000','330108002001','天官社区',4),(215099,'330108002000','330108002002','中兴社区',4),(215100,'330108002000','330108002003','江二社区',4),(215101,'330108002000','330108002004','长河社区',4),(215102,'330108002000','330108002005','江一社区',4),(215103,'330108002000','330108002006','江三社区',4),(215104,'330108002000','330108002007','长一社区',4),(215105,'330108002000','330108002008','长二社区',4),(215106,'330108002000','330108002009','闻涛社区',4),(215107,'330108002000','330108002010','月明社区',4),(215108,'330108002000','330108002011','晶都社区',4),(215109,'330108002000','330108002012','张家村社区',4),(215110,'330108002000','330108002013','汤家井社区',4),(215111,'330108002000','330108002014','塘子堰社区',4),(215112,'330108002000','330108002015','汤家桥社区',4),(215113,'330108002000','330108002016','傅家峙社区',4),(215114,'330108002000','330108002017','白马湖社区',4),(215115,'330108002000','330108002018','钱潮社区',4),(215116,'330108002000','330108002019','冠山社区',4),(215117,'330108002000','330108002020','山一社区',4),(215118,'330108003000','330108003001','新浦社区',4),(215119,'330108003000','330108003002','之江社区',4),(215120,'330108003000','330108003003','联庄社区',4),(215121,'330108003000','330108003004','杨家墩社区',4),(215122,'330108003000','330108003005','冠二社区',4),(215123,'330108003000','330108003006','东冠社区',4),(215124,'330108003000','330108003007','岩大房社区',4),(215125,'330108003000','330108003008','滨文社区',4),(215126,'330108003000','330108003009','彩虹社区',4),(215127,'330108003000','330108003010','六和社区',4),(215128,'330108003000','330108003011','滨盛社区',4),(215129,'330108003000','330108003012','新生社区',4),(215130,'330108003000','330108003013','西浦社区',4),(215131,'330108003000','330108003014','向南社区',4),(215132,'330108003000','330108003015','东信社区',4),(215133,'330108003000','330108003016','冠一社区',4),(215134,'330108003000','330108003017','浦联社区',4),(215135,'330108003000','330108003018','山二社区',4),(215136,'330108003000','330108003019','明德社区',4),(215137,'330108003000','330108003020','信诚社区',4),(215138,'330109001000','330109001001','陈公桥社区',4),(215139,'330109001000','330109001014','东阳桥社区',4),(215140,'330109001000','330109001015','藕湖浜社社区',4),(215141,'330109001000','330109001022','百尺溇社区',4),(215142,'330109001000','330109001023','南市社区',4),(215143,'330109001000','330109001027','江寺社区',4),(215144,'330109001000','330109001028','拱秀社区',4),(215145,'330109001000','330109001029','太平弄社区',4),(215146,'330109001000','330109001031','丁家庄社区',4),(215147,'330109001000','330109001033','燕子河社区',4),(215148,'330109001000','330109001035','西河路社区',4),(215149,'330109001000','330109001037','南门江社区',4),(215150,'330109001000','330109001038','潘水社区',4),(215151,'330109001000','330109001047','俊良社区',4),(215152,'330109001000','330109001048','万寿桥社区',4),(215153,'330109001000','330109001055','崇化社区',4),(215154,'330109001000','330109001056','车家埭社区',4),(215155,'330109001000','330109001057','新桥头社区',4),(215156,'330109001000','330109001058','高桥社区',4),(215157,'330109001000','330109001059','徐家河社区',4),(215158,'330109001000','330109001060','梅花楼社区',4),(215159,'330109001000','330109001061','南门社区',4),(215160,'330109001000','330109001062','仙家里社区',4),(215161,'330109001000','330109001072','育才东苑社区',4),(215162,'330109001000','330109001073','湖头陈社区',4),(215163,'330109001000','330109001074','东湘社区',4),(215164,'330109001000','330109001075','杜湖社区',4),(215165,'330109001000','330109001076','美之园社区',4),(215166,'330109001000','330109001077','潇湘社区',4),(215167,'330109001000','330109001078','湘湖社区',4),(215168,'330109001000','330109001079','回澜北苑社区',4),(215169,'330109001000','330109001080','回澜南苑社区',4),(215170,'330109001000','330109001081','休博园社区',4),(215171,'330109002000','330109002001','北干一苑社区',4),(215172,'330109002000','330109002004','绿茵园社区',4),(215173,'330109002000','330109002009','银河社区',4),(215174,'330109002000','330109002010','荣联社区',4),(215175,'330109002000','330109002011','永久社区',4),(215176,'330109002000','330109002012','高田社区',4),(215177,'330109002000','330109002013','柳桥社区',4),(215178,'330109002000','330109002018','北干二苑社区',4),(215179,'330109002000','330109002019','华达社区',4),(215180,'330109002000','330109002023','星都社区',4),(215181,'330109002000','330109002024','广德社区',4),(215182,'330109002000','330109002025','墩里吴社区',4),(215183,'330109002000','330109002026','畈里张社区',4),(215184,'330109002000','330109002027','施家桥社区',4),(215185,'330109002000','330109002028','萧然社区',4),(215186,'330109002000','330109002029','工人路社区',4),(215187,'330109002000','330109002030','中誉新城社区',4),(215188,'330109002000','330109002031','金泰苑社区',4),(215189,'330109002000','330109002032','金山西苑社区',4),(215190,'330109002000','330109002033','湖滨花园社区',4),(215191,'330109002000','330109002034','加德社区',4),(215192,'330109002000','330109002035','金风社区',4),(215193,'330109002000','330109002036','金稼苑社区',4),(215194,'330109002000','330109002200','明星村委会',4),(215195,'330109002000','330109002201','兴议村委会',4),(215196,'330109002000','330109002204','城北村委会',4),(215197,'330109002000','330109002206','塘湾村委会',4),(215198,'330109002000','330109002207','荣庄村委会',4),(215199,'330109002000','330109002208','荣星村委会',4),(215200,'330109003000','330109003001','金家埭社区',4),(215201,'330109003000','330109003002','沈家里社区',4),(215202,'330109003000','330109003003','联华社区',4),(215203,'330109003000','330109003004','严家埭社区',4),(215204,'330109003000','330109003005','安桥社区',4),(215205,'330109003000','330109003006','联丰社区',4),(215206,'330109003000','330109003007','戚家池社区',4),(215207,'330109003000','330109003008','向阳社区',4),(215208,'330109003000','330109003009','曹家桥社区',4),(215209,'330109003000','330109003010','鲁公桥社区',4),(215210,'330109003000','330109003011','黄家河社区',4),(215211,'330109003000','330109003012','溪头黄社区',4),(215212,'330109003000','330109003013','越寨社区',4),(215213,'330109003000','330109003014','祝家桥社区',4),(215214,'330109003000','330109003015','朝阳社区',4),(215215,'330109003000','330109003016','湖山社区',4),(215216,'330109003000','330109003017','山水苑社区',4),(215217,'330109003000','330109003018','广宁社区',4),(215218,'330109003000','330109003019','秀水社区',4),(215219,'330109003000','330109003214','沙里吴村委会',4),(215220,'330109003000','330109003221','桥头陈村委会',4),(215221,'330109003000','330109003223','金西村委会',4),(215222,'330109003000','330109003224','赵家墩村委会',4),(215223,'330109003000','330109003230','湖东村委会',4),(215224,'330109003000','330109003236','知章村委会',4),(215225,'330109003000','330109003237','黄家章村委会',4),(215226,'330109003000','330109003238','章潘桥村委会',4),(215227,'330109004000','330109004004','井头王社区',4),(215228,'330109004000','330109004007','半爿街社区',4),(215229,'330109004000','330109004008','商城社区',4),(215230,'330109004000','330109004012','汇宇社区',4),(215231,'330109004000','330109004013','畈里童社区',4),(215232,'330109004000','330109004014','文源社区',4),(215233,'330109004000','330109004015','姚江岸社区',4),(215234,'330109004000','330109004016','吕才庄社区',4),(215235,'330109004000','330109004017','王有史社区',4),(215236,'330109004000','330109004018','曾家桥社区',4),(215237,'330109004000','330109004019','琴山下社区',4),(215238,'330109004000','330109004020','金家浜社区',4),(215239,'330109004000','330109004021','董家埭社区',4),(215240,'330109004000','330109004022','双桥社区',4),(215241,'330109004000','330109004023','下潦社区',4),(215242,'330109004000','330109004024','下畈朱社区',4),(215243,'330109004000','330109004025','郎家浜社区',4),(215244,'330109004000','330109004026','前塘社区',4),(215245,'330109004000','330109004027','塘里陈社区',4),(215246,'330109004000','330109004028','油树下社区',4),(215247,'330109004000','330109004029','四季花城社区',4),(215248,'330109004000','330109004030','泰和社区',4),(215249,'330109004000','330109004031','广泽社区',4),(215250,'330109004000','330109004211','娄下陈村委会',4),(215251,'330109004000','330109004212','和平桥村委会',4),(215252,'330109004000','330109004214','姑娘桥村委会',4),(215253,'330109004000','330109004215','五联村委会',4),(215254,'330109004000','330109004216','涝湖村委会',4),(215255,'330109004000','330109004218','西许村委会',4),(215256,'330109004000','330109004220','行头村委会',4),(215257,'330109004000','330109004223','霞江村委会',4),(215258,'330109004000','330109004226','桥南沈村委会',4),(215259,'330109004000','330109004227','傅楼村委会',4),(215260,'330109004000','330109004234','一都孙村委会',4),(215261,'330109004000','330109004235','紫霞村委会',4),(215262,'330109004000','330109004237','裘江新村委会',4),(215263,'330109004000','330109004238','联华新村委会',4),(215264,'330109004000','330109004239','新丰村委会',4),(215265,'330109004000','330109004240','浙东村委会',4),(215266,'330109004000','330109004241','朱家坛村委会',4),(215267,'330109005000','330109005001','安澜桥社区',4),(215268,'330109005000','330109005002','小石桥社区',4),(215269,'330109005000','330109005003','伟南社区',4),(215270,'330109005000','330109005004','花神庙社区',4),(215271,'330109005000','330109005005','黎明社区',4),(215272,'330109005000','330109005006','靖安社区',4),(215273,'330109005000','330109005200','光明村委会',4),(215274,'330109005000','330109005201','东桥村委会',4),(215275,'330109005000','330109005202','甘露村委会',4),(215276,'330109005000','330109005203','协谊村委会',4),(215277,'330109005000','330109005204','义南村委会',4),(215278,'330109005000','330109005205','雷东村委会',4),(215279,'330109005000','330109005206','和顺村委会',4),(215280,'330109005000','330109005207','靖南村委会',4),(215281,'330109005000','330109005208','靖东村委会',4),(215282,'330109005000','330109005209','靖港村委会',4),(215283,'330109006000','330109006001','赭山社区',4),(215284,'330109006000','330109006002','南阳社区',4),(215285,'330109006000','330109006200','雷山村委会',4),(215286,'330109006000','330109006201','赭东村委会',4),(215287,'330109006000','330109006202','东风村委会',4),(215288,'330109006000','330109006203','永利村委会',4),(215289,'330109006000','330109006204','红山村委会',4),(215290,'330109006000','330109006205','坞里村委会',4),(215291,'330109006000','330109006206','横蓬村委会',4),(215292,'330109006000','330109006207','岩峰村委会',4),(215293,'330109006000','330109006208','南丰村委会',4),(215294,'330109006000','330109006209','龙虎村委会',4),(215295,'330109006000','330109006210','远大村委会',4),(215296,'330109006000','330109006211','南翔村委会',4),(215297,'330109006000','330109006212','南兴村委会',4),(215298,'330109007000','330109007001','义盛社区',4),(215299,'330109007000','330109007002','头蓬社区',4),(215300,'330109007000','330109007003','江盛社区',4),(215301,'330109007000','330109007004','义和社区',4),(215302,'330109007000','330109007200','蓬园村委会',4),(215303,'330109007000','330109007201','长红村委会',4),(215304,'330109007000','330109007202','白浪村委会',4),(215305,'330109007000','330109007203','金泉村委会',4),(215306,'330109007000','330109007204','杏花村委会',4),(215307,'330109007000','330109007205','蜜蜂村委会',4),(215308,'330109007000','330109007206','义盛村委会',4),(215309,'330109007000','330109007207','新庙前村委会',4),(215310,'330109007000','330109007208','后新庙村委会',4),(215311,'330109007000','330109007209','新益村委会',4),(215312,'330109007000','330109007210','灯塔村委会',4),(215313,'330109007000','330109007211','后埠头村委会',4),(215314,'330109007000','330109007212','火星村委会',4),(215315,'330109007000','330109007213','全民村委会',4),(215316,'330109007000','330109007214','小泗埠村委会',4),(215317,'330109007000','330109007215','金星村委会',4),(215318,'330109007000','330109007216','仓北村委会',4),(215319,'330109007000','330109007217','春光村委会',4),(215320,'330109007000','330109007218','春园村委会',4),(215321,'330109007000','330109007219','春雷村委会',4),(215322,'330109007000','330109007220','南沙村委会',4),(215323,'330109007000','330109007221','义蓬村委会',4),(215324,'330109008000','330109008001','城隍庙社区',4),(215325,'330109008000','330109008200','建设村委会',4),(215326,'330109008000','330109008201','同一村委会',4),(215327,'330109008000','330109008202','同二村委会',4),(215328,'330109008000','330109008203','蜀南村委会',4),(215329,'330109008000','330109008204','向公村委会',4),(215330,'330109008000','330109008205','民主村委会',4),(215331,'330109008000','330109008206','建一村委会',4),(215332,'330109008000','330109008207','新和村委会',4),(215333,'330109008000','330109008208','群建村委会',4),(215334,'330109008000','330109008209','群欢村委会',4),(215335,'330109008000','330109008210','向前村委会',4),(215336,'330109008000','330109008211','向红村委会',4),(215337,'330109008000','330109008212','闸北村委会',4),(215338,'330109008000','330109008213','三联村委会',4),(215339,'330109008000','330109008214','文伟村委会',4),(215340,'330109008000','330109008215','新围村委会',4),(215341,'330109008000','330109008216','围中村委会',4),(215342,'330109008000','330109008217','新创村委会',4),(215343,'330109008000','330109008218','新江村委会',4),(215344,'330109008000','330109008219','江东村委会',4),(215345,'330109009000','330109009001','新北桥社区',4),(215346,'330109009000','330109009200','共和村委会',4),(215347,'330109009000','330109009201','共裕村委会',4),(215348,'330109009000','330109009202','共兴村委会',4),(215349,'330109009000','330109009203','新南村委会',4),(215350,'330109009000','330109009204','冯娄村委会',4),(215351,'330109009000','330109009205','建华村委会',4),(215352,'330109009000','330109009206','创新村委会',4),(215353,'330109009000','330109009207','创建村委会',4),(215354,'330109009000','330109009208','宏新村委会',4),(215355,'330109009000','330109009209','宏波村委会',4),(215356,'330109009000','330109009210','三新村委会',4),(215357,'330109009000','330109009211','共建村委会',4),(215358,'330109010000','330109010001','临江佳苑社区',4),(215359,'330109010000','330109010200','萧东村村委会',4),(215360,'330109010000','330109010201','东庄村委会',4),(215361,'330109011000','330109011200','前峰村村委会',4),(215362,'330109011000','330109011201','三丰村村委会',4),(215363,'330109011000','330109011202','临江村村委会',4),(215364,'330109012000','330109012002','三江社区',4),(215365,'330109012000','330109012003','闻江社区',4),(215366,'330109012000','330109012004','南岸社区',4),(215367,'330109012000','330109012005','湘湖人家社区',4),(215368,'330109012000','330109012006','闻家堰社区',4),(215369,'330109012000','330109012202','老虎洞村委会',4),(215370,'330109012000','330109012209','黄山村委会',4),(215371,'330109012000','330109012215','闻兴村委会',4),(215372,'330109012000','330109012216','长安村委会',4),(215373,'330109012000','330109012217','山河村委会',4),(215374,'330109012000','330109012218','三江口村委会',4),(215375,'330109013000','330109013002','振宁社区',4),(215376,'330109013000','330109013003','金二社区',4),(215377,'330109013000','330109013004','金一社区',4),(215378,'330109013000','330109013005','宁安社区',4),(215379,'330109013000','330109013006','宁东社区',4),(215380,'330109013000','330109013007','宁税社区',4),(215381,'330109013000','330109013008','佳境社区',4),(215382,'330109013000','330109013205','新华村委会',4),(215383,'330109013000','330109013206','宁新村',4),(215384,'330109013000','330109013207','宁牧村委会',4),(215385,'330109013000','330109013208','新安村委会',4),(215386,'330109013000','330109013210','顺坝村委会',4),(215387,'330109013000','330109013211','新中村委会',4),(215388,'330109013000','330109013213','丰东村委会',4),(215389,'330109013000','330109013214','盈一村委会',4),(215390,'330109013000','330109013215','盈二村委会',4),(215391,'330109013000','330109013216','丰二村委会',4),(215392,'330109013000','330109013217','丰北村委会',4),(215393,'330109013000','330109013218','合丰村委会',4),(215394,'330109013000','330109013219','利一村委会',4),(215395,'330109013000','330109013220','利二村委会',4),(215396,'330109013000','330109013221','二桥村委会',4),(215397,'330109014000','330109014001','长山社区',4),(215398,'330109014000','330109014003','新和社区',4),(215399,'330109014000','330109014004','花城社区',4),(215400,'330109014000','330109014005','新润社区',4),(215401,'330109014000','330109014204','盈中村委会',4),(215402,'330109014000','330109014205','沿江村委会',4),(215403,'330109014000','330109014207','双圩村委会',4),(215404,'330109014000','330109014208','元沙村委会',4),(215405,'330109014000','330109014209','芝兰村委会',4),(215406,'330109014000','330109014210','新塘头村委会',4),(215407,'330109014000','330109014211','陈家园村委会',4),(215408,'330109014000','330109014215','新盛村委会',4),(215409,'330109014000','330109014216','盛乐村委会',4),(215410,'330109014000','330109014218','盛中村委会',4),(215411,'330109014000','330109014221','江南村委会',4),(215412,'330109014000','330109014222','山末址村委会',4),(215413,'330109014000','330109014223','同兴村委会',4),(215414,'330109014000','330109014224','盛东村委会',4),(215415,'330109014000','330109014225','长山头村委会',4),(215416,'330109100000','330109100001','仙岩社区',4),(215417,'330109100000','330109100220','岩上村委会',4),(215418,'330109100000','330109100231','大同一村委会',4),(215419,'330109100000','330109100232','大同二村委会',4),(215420,'330109100000','330109100233','大同三村委会',4),(215421,'330109100000','330109100234','楼英村委会',4),(215422,'330109100000','330109100235','楼家塔村委会',4),(215423,'330109100000','330109100236','雪环桥头村委会',4),(215424,'330109100000','330109100237','管村委会',4),(215425,'330109100000','330109100238','雀山岭村委会',4),(215426,'330109100000','330109100239','大黄岭村委会',4),(215427,'330109100000','330109100240','萧南村委会',4),(215428,'330109100000','330109100241','岩山村委会',4),(215429,'330109101000','330109101002','长春社区',4),(215430,'330109101000','330109101203','紫东村委会',4),(215431,'330109101000','330109101209','璇山下村委会',4),(215432,'330109101000','330109101218','朱家村委会',4),(215433,'330109101000','330109101219','溪头村委会',4),(215434,'330109101000','330109101220','伟民村委会',4),(215435,'330109101000','330109101221','凤坞村委会',4),(215436,'330109101000','330109101234','祥河桥村委会',4),(215437,'330109101000','330109101235','大桥村委会',4),(215438,'330109101000','330109101236','紫霞村委会',4),(215439,'330109101000','330109101237','下门村委会',4),(215440,'330109101000','330109101238','众联村委会',4),(215441,'330109101000','330109101239','东山村委会',4),(215442,'330109101000','330109101241','联发村委会',4),(215443,'330109101000','330109101242','里都村委会',4),(215444,'330109101000','330109101244','三联村委会',4),(215445,'330109102000','330109102001','中心社区',4),(215446,'330109102000','330109102202','尖山下村委会',4),(215447,'330109102000','330109102213','沈村委会',4),(215448,'330109102000','330109102215','佛山村委会',4),(215449,'330109102000','330109102216','马谷村委会',4),(215450,'330109102000','330109102236','上董村委会',4),(215451,'330109102000','330109102242','张家弄村委会',4),(215452,'330109102000','330109102247','郁家山下村委会',4),(215453,'330109102000','330109102251','骆家舍村委会',4),(215454,'330109102000','330109102252','方溪村委会',4),(215455,'330109102000','330109102253','顾家溪村委会',4),(215456,'330109102000','330109102254','枫桥村委会',4),(215457,'330109102000','330109102255','青山村委会',4),(215458,'330109102000','330109102256','八都村委会',4),(215459,'330109102000','330109102257','半山村委会',4),(215460,'330109102000','330109102258','三头村委会',4),(215461,'330109102000','330109102259','大石盖村委会',4),(215462,'330109102000','330109102260','石马头村委会',4),(215463,'330109102000','330109102261','河杨湖村委会',4),(215464,'330109102000','330109102262','南三村委会',4),(215465,'330109102000','330109102263','戴村委会',4),(215466,'330109102000','330109102264','东风村委会',4),(215467,'330109102000','330109102265','永富村委会',4),(215468,'330109103000','330109103219','谢家村委会',4),(215469,'330109103000','330109103244','舜湖村委会',4),(215470,'330109103000','330109103249','新河口村委会',4),(215471,'330109103000','330109103255','曹坞村委会',4),(215472,'330109103000','330109103256','安山村委会',4),(215473,'330109103000','330109103257','江西俞村委会',4),(215474,'330109103000','330109103258','径游村委会',4),(215475,'330109103000','330109103259','江南村委会',4),(215476,'330109103000','330109103260','浦一村委会',4),(215477,'330109103000','330109103261','新谊村委会',4),(215478,'330109103000','330109103262','尖山村委会',4),(215479,'330109103000','330109103263','桃北新村委会',4),(215480,'330109103000','330109103264','临江村委会',4),(215481,'330109103000','330109103265','尖湖村委会',4),(215482,'330109103000','330109103266','桃源村委会',4),(215483,'330109103000','330109103267','桃湖村委会',4),(215484,'330109103000','330109103268','十三房村委会',4),(215485,'330109103000','330109103269','灵山村委会',4),(215486,'330109104000','330109104001','鹿鸣社区',4),(215487,'330109104000','330109104200','东山村委会',4),(215488,'330109104000','330109104201','吉山村委会',4),(215489,'330109104000','330109104202','华家垫村委会',4),(215490,'330109104000','330109104228','沈家渡村委会',4),(215491,'330109104000','330109104235','诸坞村委会',4),(215492,'330109104000','330109104236','傅墩村委会',4),(215493,'330109104000','330109104237','墅上王村委会',4),(215494,'330109104000','330109104238','下畈底村委会',4),(215495,'330109104000','330109104248','涂川村委会',4),(215496,'330109104000','330109104255','天乐村委会',4),(215497,'330109104000','330109104256','太平桥村委会',4),(215498,'330109104000','330109104257','平阳村委会',4),(215499,'330109104000','330109104258','华锋村委会',4),(215500,'330109104000','330109104259','王家闸村委会',4),(215501,'330109104000','330109104260','裘家坞村委会',4),(215502,'330109104000','330109104261','云飞村委会',4),(215503,'330109104000','330109104262','大汤坞新村委会',4),(215504,'330109104000','330109104263','城山村委会',4),(215505,'330109104000','330109104264','三江村委会',4),(215506,'330109104000','330109104265','凤凰山村委会',4),(215507,'330109104000','330109104266','欢潭村委会',4),(215508,'330109104000','330109104267','岳联村委会',4),(215509,'330109104000','330109104268','新江村委会',4),(215510,'330109104000','330109104269','祝家村委会',4),(215511,'330109104000','330109104270','三浦村委会',4),(215512,'330109105000','330109105001','西市街社区',4),(215513,'330109105000','330109105006','山阴街社区',4),(215514,'330109105000','330109105008','蔡东藩社区',4),(215515,'330109105000','330109105010','高田陈社区',4),(215516,'330109105000','330109105011','石塔社区',4),(215517,'330109105000','330109105012','谭家埭社区',4),(215518,'330109105000','330109105013','柏山陈社区',4),(215519,'330109105000','330109105014','詹家埭社区',4),(215520,'330109105000','330109105015','戴家桥社区',4),(215521,'330109105000','330109105016','临东社区',4),(215522,'330109105000','330109105018','自由孔社区',4),(215523,'330109105000','330109105019','浴美施社区',4),(215524,'330109105000','330109105020','东麓池社区',4),(215525,'330109105000','330109105021','前孔社区',4),(215526,'330109105000','330109105200','华家村委会',4),(215527,'330109105000','330109105205','塘郎孙村委会',4),(215528,'330109105000','330109105207','通二村委会',4),(215529,'330109105000','330109105251','横一村委会',4),(215530,'330109105000','330109105252','横二村委会',4),(215531,'330109105000','330109105253','浦南村委会',4),(215532,'330109105000','330109105254','浦二村委会',4),(215533,'330109105000','330109105255','新联村委会',4),(215534,'330109105000','330109105256','新港村委会',4),(215535,'330109105000','330109105257','南江村委会',4),(215536,'330109105000','330109105258','临一村委会',4),(215537,'330109105000','330109105259','临北村委会',4),(215538,'330109105000','330109105260','新河村委会',4),(215539,'330109105000','330109105261','王村委会',4),(215540,'330109105000','330109105262','大庄村委会',4),(215541,'330109105000','330109105263','三峰村委会',4),(215542,'330109105000','330109105264','苎萝村委会',4),(215543,'330109105000','330109105265','通一村委会',4),(215544,'330109105000','330109105266','白鹿塘村委会',4),(215545,'330109105000','330109105267','苎东村委会',4),(215546,'330109106000','330109106005','罗峰社区',4),(215547,'330109106000','330109106006','杨岐社区',4),(215548,'330109106000','330109106213','山后村委会',4),(215549,'330109106000','330109106214','民丰村委会',4),(215550,'330109106000','330109106216','富春村委会',4),(215551,'330109106000','330109106221','河西村委会',4),(215552,'330109106000','330109106234','北坞村委会',4),(215553,'330109106000','330109106246','丁家庄村委会',4),(215554,'330109106000','330109106250','义桥村委会',4),(215555,'330109106000','330109106251','新坝村委会',4),(215556,'330109106000','330109106252','联三村委会',4),(215557,'330109106000','330109106253','湘东村委会',4),(215558,'330109106000','330109106254','湘南村委会',4),(215559,'330109106000','330109106255','西山村委会',4),(215560,'330109106000','330109106256','罗幕村委会',4),(215561,'330109106000','330109106257','蛟山村委会',4),(215562,'330109106000','330109106258','田丰村委会',4),(215563,'330109106000','330109106259','勤里村委会',4),(215564,'330109106000','330109106260','云峰村委会',4),(215565,'330109106000','330109106261','昇光村委会',4),(215566,'330109106000','330109106262','復兴村委会',4),(215567,'330109106000','330109106263','七里店村委会',4),(215568,'330109106000','330109106264','徐童山下村委会',4),(215569,'330109107000','330109107001','天乐社区',4),(215570,'330109107000','330109107200','传芳村委会',4),(215571,'330109107000','330109107201','杜家村委会',4),(215572,'330109107000','330109107202','越山村委会',4),(215573,'330109107000','330109107215','祥里王村委会',4),(215574,'330109107000','330109107218','山里王村委会',4),(215575,'330109107000','330109107221','袄庄陈村委会',4),(215576,'330109107000','330109107224','孔湖村委会',4),(215577,'330109107000','330109107231','缪家村委会',4),(215578,'330109107000','330109107238','越王村委会',4),(215579,'330109107000','330109107239','李家村委会',4),(215580,'330109107000','330109107240','三泉王村委会',4),(215581,'330109107000','330109107241','来苏周村委会',4),(215582,'330109107000','330109107242','金山村委会',4),(215583,'330109107000','330109107243','东复村委会',4),(215584,'330109107000','330109107244','金临湖村委会',4),(215585,'330109107000','330109107245','城南村委会',4),(215586,'330109107000','330109107246','联谊村委会',4),(215587,'330109107000','330109107247','山联村委会',4),(215588,'330109107000','330109107248','信谊村委会',4),(215589,'330109108000','330109108001','毕公桥社区',4),(215590,'330109108000','330109108002','创业新村社区',4),(215591,'330109108000','330109108200','螺山村委会',4),(215592,'330109108000','330109108201','杨汛村委会',4),(215593,'330109108000','330109108202','南庄王村委会',4),(215594,'330109108000','330109108210','吟龙村委会',4),(215595,'330109108000','330109108217','明华村委会',4),(215596,'330109108000','330109108223','新林周村委会',4),(215597,'330109108000','330109108224','衙前村委会',4),(215598,'330109108000','330109108225','项漾村委会',4),(215599,'330109108000','330109108226','四翔村委会',4),(215600,'330109108000','330109108227','山南富村委会',4),(215601,'330109108000','330109108228','凤凰村委会',4),(215602,'330109113000','330109113011','航坞社区',4),(215603,'330109113000','330109113012','塘头社区',4),(215604,'330109113000','330109113013','芭蕉砚社区',4),(215605,'330109113000','330109113014','东灵社区',4),(215606,'330109113000','330109113016','城中社区',4),(215607,'330109113000','330109113020','振兴社区',4),(215608,'330109113000','330109113021','新凉亭社区',4),(215609,'330109113000','330109113022','塘上社区',4),(215610,'330109113000','330109113023','下街社区',4),(215611,'330109113000','330109113026','南大房社区',4),(215612,'330109113000','330109113027','碧苑新村社区',4),(215613,'330109113000','330109113201','东湖村委会',4),(215614,'330109113000','330109113202','运西村委会',4),(215615,'330109113000','330109113203','航民村委会',4),(215616,'330109113000','330109113204','永福村委会',4),(215617,'330109113000','330109113205','明朗村委会',4),(215618,'330109113000','330109113207','横埂头村委会',4),(215619,'330109113000','330109113208','大义村委会',4),(215620,'330109113000','330109113209','低田畈村委会',4),(215621,'330109113000','330109113210','长巷村委会',4),(215622,'330109113000','330109113211','运东村委会',4),(215623,'330109113000','330109113212','东恩村委会',4),(215624,'330109113000','330109113213','大园村委会',4),(215625,'330109113000','330109113215','沙田头村委会',4),(215626,'330109113000','330109113216','隆兴和村委会',4),(215627,'330109113000','330109113217','靖一村委会',4),(215628,'330109113000','330109113218','如松村委会',4),(215629,'330109113000','330109113219','渔庄村委会',4),(215630,'330109113000','330109113223','进化村委会',4),(215631,'330109113000','330109113224','群联村委会',4),(215632,'330109113000','330109113225','东方村委会',4),(215633,'330109113000','330109113226','友谊村委会',4),(215634,'330109113000','330109113227','渭水桥村委会',4),(215635,'330109113000','330109113228','永联村委会',4),(215636,'330109113000','330109113229','凤升村委会',4),(215637,'330109113000','330109113230','勇建村委会',4),(215638,'330109113000','330109113231','荣新村委会',4),(215639,'330109113000','330109113232','工农村委会',4),(215640,'330109113000','330109113233','张神殿村委会',4),(215641,'330109113000','330109113234','群谊村委会',4),(215642,'330109113000','330109113235','东社村委会',4),(215643,'330109113000','330109113236','孙家弄村委会',4),(215644,'330109113000','330109113237','甘露亭村委会',4),(215645,'330109113000','330109113238','八大村委会',4),(215646,'330109113000','330109113239','沿塘村委会',4),(215647,'330109113000','330109113240','梅仙村委会',4),(215648,'330109113000','330109113241','建盈村委会',4),(215649,'330109113000','330109113242','三盈村委会',4),(215650,'330109113000','330109113243','国庆村委会',4),(215651,'330109113000','330109113244','万安村委会',4),(215652,'330109113000','330109113245','民丰河村委会',4),(215653,'330109113000','330109113246','三岔路村委会',4),(215654,'330109113000','330109113247','新港村委会',4),(215655,'330109113000','330109113248','信源村委会',4),(215656,'330109113000','330109113249','梅林村委会',4),(215657,'330109113000','330109113250','八里桥村委会',4),(215658,'330109113000','330109113251','世安桥村委会',4),(215659,'330109113000','330109113252','官一村委会',4),(215660,'330109113000','330109113253','前兴村委会',4),(215661,'330109113000','330109113254','群力村委会',4),(215662,'330109113000','330109113255','群益村委会',4),(215663,'330109113000','330109113256','解放村委会',4),(215664,'330109113000','330109113257','山北村委会',4),(215665,'330109113000','330109113258','大池娄村委会',4),(215666,'330109113000','330109113259','山三村委会',4),(215667,'330109113000','330109113260','众安村委会',4),(215668,'330109113000','330109113261','开源村委会',4),(215669,'330109113000','330109113262','单木桥村委会',4),(215670,'330109113000','330109113263','兴围村委会',4),(215671,'330109113000','330109113264','长联村委会',4),(215672,'330109113000','330109113265','中沙村委会',4),(215673,'330109113000','330109113266','张潭村委会',4),(215674,'330109113000','330109113267','党山村委会',4),(215675,'330109113000','330109113268','车路湾村委会',4),(215676,'330109115000','330109115001','弘扬社区',4),(215677,'330109115000','330109115200','众力村委会',4),(215678,'330109115000','330109115201','镇龙殿村委会',4),(215679,'330109115000','330109115204','五六二村委会',4),(215680,'330109115000','330109115209','新发村委会',4),(215681,'330109115000','330109115210','东村委会',4),(215682,'330109115000','330109115211','益农村委会',4),(215683,'330109115000','330109115213','东江村委会',4),(215684,'330109115000','330109115214','民围村委会',4),(215685,'330109115000','330109115215','群围村委会',4),(215686,'330109115000','330109115216','三围村委会',4),(215687,'330109115000','330109115217','长北村委会',4),(215688,'330109115000','330109115218','利围村委会',4),(215689,'330109115000','330109115222','久联村委会',4),(215690,'330109115000','330109115223','星联村委会',4),(215691,'330109115000','330109115224','东联村委会',4),(215692,'330109115000','330109115225','赵家湾村委会',4),(215693,'330109115000','330109115226','东沙村委会',4),(215694,'330109115000','330109115227','群英村委会',4),(215695,'330109115000','330109115228','兴裕村委会',4),(215696,'330109120000','330109120001','卫东桥社区',4),(215697,'330109120000','330109120202','大西村委会',4),(215698,'330109120000','330109120203','裕民村委会',4),(215699,'330109120000','330109120204','德北村委会',4),(215700,'330109120000','330109120205','老埠头村委会',4),(215701,'330109120000','330109120206','团结村委会',4),(215702,'330109120000','330109120207','曙光村委会',4),(215703,'330109120000','330109120208','新梅村委会',4),(215704,'330109120000','330109120209','新前村委会',4),(215705,'330109120000','330109120210','梅东村委会',4),(215706,'330109120000','330109120211','永安村委会',4),(215707,'330109120000','330109120212','永乐村委会',4),(215708,'330109120000','330109120213','先锋村委会',4),(215709,'330109120000','330109120216','红界村委会',4),(215710,'330109120000','330109120219','庆丰村委会',4),(215711,'330109120000','330109120220','幸福村委会',4),(215712,'330109120000','330109120221','勤联村委会',4),(215713,'330109120000','330109120222','镇中村委会',4),(215714,'330110001000','330110001001','西大街社区',4),(215715,'330110001000','330110001006','工农新村社区',4),(215716,'330110001000','330110001008','星火社区',4),(215717,'330110001000','330110001009','荷花塘社区',4),(215718,'330110001000','330110001010','邱山社区',4),(215719,'330110001000','330110001011','钱江社区',4),(215720,'330110001000','330110001012','武林社区',4),(215721,'330110001000','330110001013','结网社区',4),(215722,'330110001000','330110001014','星火苑社区',4),(215723,'330110001000','330110001015','丁山社区',4),(215724,'330110001000','330110001016','小林社区',4),(215725,'330110001000','330110001017','屯里社区',4),(215726,'330110001000','330110001018','庄里社区',4),(215727,'330110001000','330110001019','乾元社区',4),(215728,'330110001000','330110001020','禾丰社区',4),(215729,'330110001000','330110001021','龙安社区',4),(215730,'330110001000','330110001022','石坝社区',4),(215731,'330110001000','330110001023','万陈社区',4),(215732,'330110001000','330110001024','建富社区',4),(215733,'330110001000','330110001025','上环桥社区',4),(215734,'330110001000','330110001026','南公河社区',4),(215735,'330110001000','330110001027','陈家木桥社区',4),(215736,'330110001000','330110001028','蓝庭社区',4),(215737,'330110001000','330110001029','茅山社区',4),(215738,'330110001000','330110001030','顺达社区',4),(215739,'330110002000','330110002001','河南埭社区',4),(215740,'330110002000','330110002002','保障桥社区',4),(215741,'330110002000','330110002004','东安社区',4),(215742,'330110002000','330110002006','新城社区',4),(215743,'330110002000','330110002007','联盟社区',4),(215744,'330110002000','330110002008','翁梅社区',4),(215745,'330110002000','330110002009','红联社区',4),(215746,'330110002000','330110002010','西安社区',4),(215747,'330110002000','330110002011','新丰社区',4),(215748,'330110002000','330110002012','高地社区',4),(215749,'330110002000','330110002013','联胜社区',4),(215750,'330110002000','330110002014','天万社区',4),(215751,'330110002000','330110002015','万常社区',4),(215752,'330110002000','330110002016','新安社区',4),(215753,'330110002000','330110002017','长树社区',4),(215754,'330110002000','330110002018','东湖社区',4),(215755,'330110002000','330110002019','苏家社区',4),(215756,'330110002000','330110002020','钱塘社区',4),(215757,'330110002000','330110002021','时代社区',4),(215758,'330110002000','330110002022','文仪社区',4),(215759,'330110002000','330110002023','水景社区',4),(215760,'330110002000','330110002024','龙兴社区',4),(215761,'330110003000','330110003003','庙东社区',4),(215762,'330110003000','330110003004','梅堰社区',4),(215763,'330110003000','330110003005','罗庄社区',4),(215764,'330110003000','330110003008','庙前社区',4),(215765,'330110003000','330110003010','桂芳桥社区',4),(215766,'330110003000','330110003011','星光社区',4),(215767,'330110003000','330110003012','双林社区',4),(215768,'330110003000','330110003013','红旗社区',4),(215769,'330110003000','330110003014','丁塘社区',4),(215770,'330110003000','330110003015','胡桥社区',4),(215771,'330110003000','330110003016','新塘社区',4),(215772,'330110003000','330110003017','塘湾社区',4),(215773,'330110003000','330110003018','工农社区',4),(215774,'330110003000','330110003019','红丰社区',4),(215775,'330110003000','330110003020','横塘社区',4),(215776,'330110003000','330110003021','新颜社区',4),(215777,'330110004000','330110004002','星都社区',4),(215778,'330110004000','330110004003','香榭社区',4),(215779,'330110004000','330110004004','南星社区',4),(215780,'330110004000','330110004005','星桥社区',4),(215781,'330110004000','330110004006','汤家社区',4),(215782,'330110004000','330110004007','枉山社区',4),(215783,'330110004000','330110004008','太平社区',4),(215784,'330110004000','330110004009','贾家社区',4),(215785,'330110004000','330110004010','周扬社区',4),(215786,'330110004000','330110004011','民乐社区',4),(215787,'330110004000','330110004012','万乐社区',4),(215788,'330110004000','330110004013','安乐社区',4),(215789,'330110004000','330110004014','班荆社区',4),(215790,'330110004000','330110004015','五云社区',4),(215791,'330110004000','330110004016','隆昌社区',4),(215792,'330110005000','330110005001','顾家桥社区',4),(215793,'330110005000','330110005002','沿山河社区',4),(215794,'330110005000','330110005003','横板桥社区',4),(215795,'330110005000','330110005004','荆丰社区',4),(215796,'330110005000','330110005005','荆山社区',4),(215797,'330110005000','330110005006','友谊社区',4),(215798,'330110005000','330110005007','五常社区',4),(215799,'330110005000','330110005008','文一社区',4),(215800,'330110005000','330110005009','永福社区',4),(215801,'330110005000','330110005010','景盛社区',4),(215802,'330110005000','330110005011','西溪风情社区',4),(215803,'330110006000','330110006002','新街社区',4),(215804,'330110006000','330110006003','乔司社区',4),(215805,'330110006000','330110006004','连城社区',4),(215806,'330110006000','330110006005','良熟新苑社区',4),(215807,'330110006000','330110006201','胜稼村委会',4),(215808,'330110006000','330110006204','吴家村委会',4),(215809,'330110006000','330110006207','方桥村委会',4),(215810,'330110006000','330110006213','永西村委会',4),(215811,'330110006000','330110006222','三角村委会',4),(215812,'330110006000','330110006223','永和村委会',4),(215813,'330110006000','330110006224','朝阳村委会',4),(215814,'330110006000','330110006225','五星村委会',4),(215815,'330110006000','330110006226','和睦桥村委会',4),(215816,'330110006000','330110006227','良熟村委会',4),(215817,'330110006000','330110006228','葛家车村委会',4),(215818,'330110007000','330110007004','亭趾社区',4),(215819,'330110007000','330110007005','博陆社区',4),(215820,'330110007000','330110007006','五杭社区',4),(215821,'330110007000','330110007007','褚家坝社区',4),(215822,'330110007000','330110007008','滩里村社区',4),(215823,'330110007000','330110007009','南横港社区',4),(215824,'330110007000','330110007010','章家河社区',4),(215825,'330110007000','330110007011','道墩坝社区',4),(215826,'330110007000','330110007012','圣塘河社区',4),(215827,'330110007000','330110007013','长虹社区',4),(215828,'330110007000','330110007014','南栅口社区',4),(215829,'330110007000','330110007200','亭趾村委会',4),(215830,'330110007000','330110007201','费庄村委会',4),(215831,'330110007000','330110007212','新宇村委会',4),(215832,'330110007000','330110007217','戚家桥村委会',4),(215833,'330110007000','330110007218','螺蛳桥村委会',4),(215834,'330110007000','330110007219','五杭村委会',4),(215835,'330110007000','330110007220','杭南村委会',4),(215836,'330110007000','330110007221','唐公村委会',4),(215837,'330110007000','330110007230','明智村委会',4),(215838,'330110007000','330110007231','兴旺村委会',4),(215839,'330110007000','330110007232','博陆村委会',4),(215840,'330110007000','330110007233','东新村委会',4),(215841,'330110007000','330110007234','双桥村委会',4),(215842,'330110007000','330110007235','杭信村委会',4),(215843,'330110008000','330110008001','前村社区',4),(215844,'330110008000','330110008002','崇杭社区',4),(215845,'330110008000','330110008200','向阳村委会',4),(215846,'330110008000','330110008201','崇贤村委会',4),(215847,'330110008000','330110008202','大安村委会',4),(215848,'330110008000','330110008203','沾桥村委会',4),(215849,'330110008000','330110008205','鸭兰村委会',4),(215850,'330110008000','330110008207','北庄村委会',4),(215851,'330110008000','330110008218','陆家桥村委会',4),(215852,'330110008000','330110008225','三家村委会',4),(215853,'330110008000','330110008228','沿山村委会',4),(215854,'330110008000','330110008229','四维村委会',4),(215855,'330110008000','330110008230','龙旋村委会',4),(215856,'330110009000','330110009005','獐山社区',4),(215857,'330110009000','330110009202','新桥村委会',4),(215858,'330110009000','330110009203','平宅村委会',4),(215859,'330110009000','330110009204','普宁村委会',4),(215860,'330110009000','330110009215','东风村委会',4),(215861,'330110009000','330110009216','奉口村委会',4),(215862,'330110009000','330110009217','洛阳村委会',4),(215863,'330110009000','330110009218','渔公桥村委会',4),(215864,'330110009000','330110009227','九龙村委会',4),(215865,'330110009000','330110009237','栅庄桥村委会',4),(215866,'330110009000','330110009243','葛墩村委会',4),(215867,'330110009000','330110009244','东塘村委会',4),(215868,'330110009000','330110009245','三白潭村委会',4),(215869,'330110009000','330110009246','永泰村委会',4),(215870,'330110009000','330110009247','永胜村委会',4),(215871,'330110009000','330110009248','云会村委会',4),(215872,'330110009000','330110009249','东山村委会',4),(215873,'330110009000','330110009250','双陈村委会',4),(215874,'330110009000','330110009251','花园村委会',4),(215875,'330110010000','330110010002','新桥社区',4),(215876,'330110010000','330110010003','万年桥社区',4),(215877,'330110010000','330110010004','施家湾社区',4),(215878,'330110010000','330110010005','铭雅社区',4),(215879,'330110010000','330110010006','亲亲家园社区',4),(215880,'330110010000','330110010007','棕榈湾社区',4),(215881,'330110010000','330110010009','崇福社区',4),(215882,'330110010000','330110010010','金家渡社区',4),(215883,'330110010000','330110010011','管家塘社区',4),(215884,'330110010000','330110010012','良渚文化村社区',4),(215885,'330110010000','330110010013','易居城社区',4),(215886,'330110010000','330110010014','北秀社区',4),(215887,'330110010000','330110010200','良渚村委会',4),(215888,'330110010000','330110010202','荀山村委会',4),(215889,'330110010000','330110010205','石桥村委会',4),(215890,'330110010000','330110010218','七贤桥村委会',4),(215891,'330110010000','330110010225','杜甫村委会',4),(215892,'330110010000','330110010228','安溪村委会',4),(215893,'330110010000','330110010233','杜城村委会',4),(215894,'330110010000','330110010248','谢村村委会',4),(215895,'330110010000','330110010249','长桥村委会',4),(215896,'330110010000','330110010250','运河村委会',4),(215897,'330110010000','330110010251','小洋坝村委会',4),(215898,'330110010000','330110010256','行宫塘村委会',4),(215899,'330110010000','330110010266','吴家厍村委会',4),(215900,'330110010000','330110010268','东塘河村委会',4),(215901,'330110010000','330110010269','勾庄村委会',4),(215902,'330110010000','330110010270','西塘河村委会',4),(215903,'330110010000','330110010271','南庄兜村委会',4),(215904,'330110010000','330110010272','大陆村委会',4),(215905,'330110010000','330110010273','东莲村委会',4),(215906,'330110010000','330110010275','良港村委会',4),(215907,'330110010000','330110010276','纤石村委会',4),(215908,'330110010000','330110010277','新港村委会',4),(215909,'330110010000','330110010278','港南村委会',4),(215910,'330110011000','330110011005','方家山社区',4),(215911,'330110011000','330110011012','北山社区',4),(215912,'330110011000','330110011017','华丰社区',4),(215913,'330110011000','330110011018','孙家坞社区',4),(215914,'330110011000','330110011019','翡翠社区',4),(215915,'330110011000','330110011202','桦树村委会',4),(215916,'330110011000','330110011203','联荣村委会',4),(215917,'330110011000','330110011204','闲林村委会',4),(215918,'330110011000','330110011207','民丰村委会',4),(215919,'330110011000','330110011231','何母桥村委会',4),(215920,'330110011000','330110011232','万景村委会',4),(215921,'330110011000','330110011233','云栖村委会',4),(215922,'330110011000','330110011234','里项村委会',4),(215923,'330110012000','330110012001','太炎社区',4),(215924,'330110012000','330110012202','朱庙村委会',4),(215925,'330110012000','330110012204','葛巷村委会',4),(215926,'330110012000','330110012209','高桥村委会',4),(215927,'330110012000','330110012218','连具塘村委会',4),(215928,'330110012000','330110012220','宋家山村委会',4),(215929,'330110012000','330110012225','苕溪村委会',4),(215930,'330110012000','330110012226','吴山前村委会',4),(215931,'330110012000','330110012227','灵源村委会',4),(215932,'330110012000','330110012228','永乐村委会',4),(215933,'330110013000','330110013002','通济社区',4),(215934,'330110013000','330110013007','山西园社区',4),(215935,'330110013000','330110013008','南安社区',4),(215936,'330110013000','330110013014','南渠社区',4),(215937,'330110013000','330110013015','凤联社区',4),(215938,'330110013000','330110013016','沈家店社区',4),(215939,'330110013000','330110013017','上文山社区',4),(215940,'330110013000','330110013200','宝塔村委会',4),(215941,'330110013000','330110013201','华坞村委会',4),(215942,'330110013000','330110013203','中南村委会',4),(215943,'330110013000','330110013204','义桥村委会',4),(215944,'330110013000','330110013205','上湖村委会',4),(215945,'330110013000','330110013208','仙宅村委会',4),(215946,'330110013000','330110013211','竹园村委会',4),(215947,'330110013000','330110013214','洪桐村委会',4),(215948,'330110013000','330110013216','溪塔村委会',4),(215949,'330110013000','330110013218','永安村委会',4),(215950,'330110013000','330110013225','凤凰山村委会',4),(215951,'330110013000','330110013229','水产村委会',4),(215952,'330110013000','330110013230','金星村委会',4),(215953,'330110013000','330110013231','下陡门村委会',4),(215954,'330110014000','330110014001','桃源社区',4),(215955,'330110014000','330110014002','石鸽社区',4),(215956,'330110014000','330110014003','新明社区',4),(215957,'330110014000','330110014004','幸福河社区',4),(215958,'330110014000','330110014224','白云村委会',4),(215959,'330110014000','330110014225','中桥村委会',4),(215960,'330110014000','330110014226','南峰村委会',4),(215961,'330110014000','330110014227','南湖村委会',4),(215962,'330110014000','330110014228','紫荆村委会',4),(215963,'330110014000','330110014229','新泰村委会',4),(215964,'330110014000','330110014230','泰峰村委会',4),(215965,'330110014000','330110014231','双联村委会',4),(215966,'330110014000','330110014232','枫岭村委会',4),(215967,'330110014000','330110014233','岑岭村委会',4),(215968,'330110102000','330110102002','西小河社区',4),(215969,'330110102000','330110102003','东小河社区',4),(215970,'330110102000','330110102004','广济路社区',4),(215971,'330110102000','330110102006','南苑社区',4),(215972,'330110102000','330110102007','乐苑社区',4),(215973,'330110102000','330110102010','水北社区',4),(215974,'330110102000','330110102011','酒店埭社区',4),(215975,'330110102000','330110102012','华城社区',4),(215976,'330110102000','330110102013','朱家角社区',4),(215977,'330110102000','330110102014','漳河社区',4),(215978,'330110102000','330110102015','土山坝社区',4),(215979,'330110102000','330110102016','港北社区',4),(215980,'330110102000','330110102017','莲花社区',4),(215981,'330110102000','330110102200','莫家桥村委会',4),(215982,'330110102000','330110102205','河西埭村委会',4),(215983,'330110102000','330110102207','唐家埭村委会',4),(215984,'330110102000','330110102219','三文村委会',4),(215985,'330110102000','330110102220','丁河村委会',4),(215986,'330110102000','330110102221','泉漳村委会',4),(215987,'330110102000','330110102222','孤林村委会',4),(215988,'330110102000','330110102227','西界河村委会',4),(215989,'330110102000','330110102230','李家桥村委会',4),(215990,'330110102000','330110102232','柴家坞村委会',4),(215991,'330110102000','330110102233','姚家埭村委会',4),(215992,'330110102000','330110102236','邵家坝村委会',4),(215993,'330110102000','330110102239','龙船坞村委会',4),(215994,'330110102000','330110102240','超山村委会',4),(215995,'330110102000','330110102241','泰山村委会',4),(215996,'330110102000','330110102243','丁山河村委会',4),(215997,'330110102000','330110102246','塘北村委会',4),(215998,'330110102000','330110102247','超丁村委会',4),(215999,'330110102000','330110102248','三星村委会',4),(216000,'330110102000','330110102249','西河村委会',4),(216001,'330110102000','330110102250','宏畔村委会',4),(216002,'330110102000','330110102251','塘栖村委会',4),(216003,'330110102000','330110102252','西苑村委会',4),(216004,'330110109000','330110109001','桥头社区',4),(216005,'330110109000','330110109004','径乐社区',4),(216006,'330110109000','330110109202','求是村委会',4),(216007,'330110109000','330110109203','漕桥村委会',4),(216008,'330110109000','330110109204','前溪村委会',4),(216009,'330110109000','330110109211','双溪村委会',4),(216010,'330110109000','330110109212','四岭村委会',4),(216011,'330110109000','330110109220','长乐村委会',4),(216012,'330110109000','330110109221','平山村委会',4),(216013,'330110109000','330110109222','径山村委会',4),(216014,'330110109000','330110109224','西山村委会',4),(216015,'330110109000','330110109233','麻车头村委会',4),(216016,'330110109000','330110109235','小古城村委会',4),(216017,'330110109000','330110109236','潘板桥村委会',4),(216018,'330110109000','330110109237','绿景村委会',4),(216019,'330110110000','330110110002','里窑社区',4),(216020,'330110110000','330110110003','杨梅坞社区',4),(216021,'330110110000','330110110004','新窑社区',4),(216022,'330110110000','330110110005','华兴社区',4),(216023,'330110110000','330110110006','瓶窑社区',4),(216024,'330110110000','330110110007','溪东社区',4),(216025,'330110110000','330110110200','外窑村委会',4),(216026,'330110110000','330110110201','南山村委会',4),(216027,'330110110000','330110110202','张堰村委会',4),(216028,'330110110000','330110110210','长命村委会',4),(216029,'330110110000','330110110216','西安寺村委会',4),(216030,'330110110000','330110110223','石濑村委会',4),(216031,'330110110000','330110110229','塘埠村委会',4),(216032,'330110110000','330110110235','凤都村委会',4),(216033,'330110110000','330110110236','大观山村委会',4),(216034,'330110110000','330110110237','崇化村委会',4),(216035,'330110110000','330110110239','窑北村委会',4),(216036,'330110110000','330110110240','彭公村委会',4),(216037,'330110110000','330110110241','奇鹤村委会',4),(216038,'330110111000','330110111001','秀山社区',4),(216039,'330110111000','330110111201','前庄村委会',4),(216040,'330110111000','330110111211','太公堂村委会',4),(216041,'330110111000','330110111213','仙佰坑村委会',4),(216042,'330110111000','330110111214','雅城村委会',4),(216043,'330110111000','330110111215','太平山村委会',4),(216044,'330110111000','330110111216','山沟沟村委会',4),(216045,'330110112000','330110112001','镇东社区',4),(216046,'330110112000','330110112200','百丈村委会',4),(216047,'330110112000','330110112201','半山村委会',4),(216048,'330110112000','330110112202','仙岩村委会',4),(216049,'330110112000','330110112203','泗溪村委会',4),(216050,'330110112000','330110112204','溪口村委会',4),(216051,'330110112000','330110112207','石竹园村委会',4),(216052,'330110113000','330110113002','吴四坊社区',4),(216053,'330110113000','330110113201','赐壁村委会',4),(216054,'330110113000','330110113216','虎山村委会',4),(216055,'330110113000','330110113217','清波村委会',4),(216056,'330110113000','330110113218','王位山村委会',4),(216057,'330110113000','330110113219','青山村委会',4),(216058,'330111001000','330111001003','城西社区',4),(216059,'330111001000','330111001008','盘龙山社区',4),(216060,'330111001000','330111001010','后亭子社区',4),(216061,'330111001000','330111001011','苋浦社区',4),(216062,'330111001000','330111001012','春晖社区',4),(216063,'330111001000','330111001013','春秋社区',4),(216064,'330111001000','330111001014','春南社区',4),(216065,'330111001000','330111001015','秋月社区',4),(216066,'330111001000','330111001016','太平桥社区',4),(216067,'330111001000','330111001017','虎山社区',4),(216068,'330111001000','330111001019','城东社区',4),(216069,'330111001000','330111001020','镬子山社区',4),(216070,'330111001000','330111001021','鹳山社区',4),(216071,'330111001000','330111001022','江滨社区',4),(216072,'330111001000','330111001023','后周社区',4),(216073,'330111001000','330111001024','鹿山社区',4),(216074,'330111001000','330111001025','秦望社区',4),(216075,'330111001000','330111001026','金桥社区',4),(216076,'330111001000','330111001027','凤浦社区',4),(216077,'330111001000','330111001028','东山社区',4),(216078,'330111001000','330111001029','金秋社区',4),(216079,'330111001000','330111001030','巨利社区',4),(216080,'330111001000','330111001212','春华村委会',4),(216081,'330111001000','330111001213','秋丰村委会',4),(216082,'330111001000','330111001229','三联村委会',4),(216083,'330111001000','330111001234','宵井村委会',4),(216084,'330111001000','330111001235','方家井村委会',4),(216085,'330111001000','330111001236','执中亭村委会',4),(216086,'330111001000','330111001237','西邮村委会',4),(216087,'330111001000','330111001238','青云桥村委会',4),(216088,'330111001000','330111001239','拔山村委会',4),(216089,'330111001000','330111001240','杨清庙村委会',4),(216090,'330111001000','330111001241','湖塍村委会',4),(216091,'330111001000','330111001242','三桥村委会',4),(216092,'330111002000','330111002211','建设村委会',4),(216093,'330111002000','330111002222','太平村委会',4),(216094,'330111002000','330111002223','临江村委会',4),(216095,'330111002000','330111002224','春江村委会',4),(216096,'330111002000','330111002225','中沙村委会',4),(216097,'330111002000','330111002226','八一村委会',4),(216098,'330111002000','330111002227','新建村委会',4),(216099,'330111002000','330111002228','民主村委会',4),(216100,'330111002000','330111002229','山建村委会',4),(216101,'330111004000','330111004200','陆家村委会',4),(216102,'330111004000','330111004201','谢家溪村委会',4),(216103,'330111004000','330111004202','蒋家村委会',4),(216104,'330111004000','330111004217','江滨村委会',4),(216105,'330111004000','330111004218','汤家埠村委会',4),(216106,'330111004000','330111004219','南山村委会',4),(216107,'330111004000','330111004220','三合村委会',4),(216108,'330111004000','330111004221','五四村委会',4),(216109,'330111004000','330111004222','新祥村委会',4),(216110,'330111005000','330111005210','何埭村委会',4),(216111,'330111005000','330111005211','新沙村委会',4),(216112,'330111005000','330111005212','木桥头村委会',4),(216113,'330111005000','330111005217','红旗村委会',4),(216114,'330111005000','330111005219','陆家浦村委会',4),(216115,'330111005000','330111005225','民联村委会',4),(216116,'330111005000','330111005226','紫铜村委会',4),(216117,'330111005000','330111005227','五丰村委会',4),(216118,'330111005000','330111005228','鸡笼山村委会',4),(216119,'330111005000','330111005229','黄公望村委会',4),(216120,'330111005000','330111005230','富春江村委会',4),(216121,'330111005000','330111005231','东洲村委会',4),(216122,'330111005000','330111005232','张家村委会',4),(216123,'330111005000','330111005233','建华村委会',4),(216124,'330111005000','330111005234','学校沙村委会',4),(216125,'330111006000','330111006200','上陈村委会',4),(216126,'330111006000','330111006202','梓树村委会',4),(216127,'330111006000','330111006211','受降村委会',4),(216128,'330111006000','330111006212','新常村委会',4),(216129,'330111006000','330111006213','大庄村委会',4),(216130,'330111006000','330111006214','东坞山村委会',4),(216131,'330111006000','330111006215','银湖村委会',4),(216132,'330111006000','330111006222','泗洲村委会',4),(216133,'330111006000','330111006235','唐家坞村委会',4),(216134,'330111006000','330111006236','沈家坞村委会',4),(216135,'330111006000','330111006237','高桥村委会',4),(216136,'330111006000','330111006238','郜村委会',4),(216137,'330111006000','330111006239','观前村委会',4),(216138,'330111006000','330111006240','勤丰村委会',4),(216139,'330111006000','330111006241','勤乐村委会',4),(216140,'330111006000','330111006242','坑西村委会',4),(216141,'330111006000','330111006243','洪庄村委会',4),(216142,'330111006000','330111006244','千家村委会',4),(216143,'330111006000','330111006245','大地村委会',4),(216144,'330111006000','330111006246','新生村委会',4),(216145,'330111006000','330111006247','杜墓村委会',4),(216146,'330111006000','330111006248','金竺村委会',4),(216147,'330111100000','330111100001','西门路社区',4),(216148,'330111100000','330111100205','新民村委会',4),(216149,'330111100000','330111100217','东叙村委会',4),(216150,'330111100000','330111100222','白马村委会',4),(216151,'330111100000','330111100225','何务村委会',4),(216152,'330111100000','330111100226','杨家村委会',4),(216153,'330111100000','330111100229','众缘村委会',4),(216154,'330111100000','330111100230','彭家村委会',4),(216155,'330111100000','330111100231','何家村委会',4),(216156,'330111100000','330111100232','白石村委会',4),(216157,'330111100000','330111100233','平山村委会',4),(216158,'330111100000','330111100234','罗宅村委会',4),(216159,'330111100000','330111100235','方里村委会',4),(216160,'330111100000','330111100236','田源村委会',4),(216161,'330111100000','330111100237','万市村委会',4),(216162,'330111100000','330111100238','槎源坞村委会',4),(216163,'330111101000','330111101210','大乐村委会',4),(216164,'330111101000','330111101222','袁家村委会',4),(216165,'330111101000','330111101225','洞桥村委会',4),(216166,'330111101000','330111101226','石羊村委会',4),(216167,'330111101000','330111101227','里仁村委会',4),(216168,'330111101000','330111101228','枫瑞村委会',4),(216169,'330111101000','330111101229','三溪村委会',4),(216170,'330111101000','330111101230','大溪村委会',4),(216171,'330111101000','330111101231','文村委会',4),(216172,'330111101000','330111101232','查口村委会',4),(216173,'330111101000','330111101233','贤德村委会',4),(216174,'330111103000','330111103200','岘口村委会',4),(216175,'330111103000','330111103203','杨袁村委会',4),(216176,'330111103000','330111103207','董湾村委会',4),(216177,'330111103000','330111103226','百前村委会',4),(216178,'330111103000','330111103227','六渚村委会',4),(216179,'330111103000','330111103228','莲桥村委会',4),(216180,'330111103000','330111103229','阆坞村委会',4),(216181,'330111103000','330111103230','桃花岭村委会',4),(216182,'330111103000','330111103231','新岭村委会',4),(216183,'330111103000','330111103232','浦中村委会',4),(216184,'330111103000','330111103233','新浦村委会',4),(216185,'330111103000','330111103234','新港村委会',4),(216186,'330111103000','330111103235','山亚村委会',4),(216187,'330111105000','330111105210','长盘村委会',4),(216188,'330111105000','330111105211','永昌村委会',4),(216189,'330111105000','330111105212','唐昌村委会',4),(216190,'330111105000','330111105213','昌岭村委会',4),(216191,'330111105000','330111105214','青何村委会',4),(216192,'330111108000','330111108206','民强村委会',4),(216193,'330111108000','330111108213','里山村委会',4),(216194,'330111108000','330111108214','灵峰村委会',4),(216195,'330111108000','330111108215','马鞍山村委会',4),(216196,'330111108000','330111108216','安顶村委会',4),(216197,'330111109000','330111109203','青龙村委会',4),(216198,'330111109000','330111109205','黄弹村委会',4),(216199,'330111109000','330111109213','五联村委会',4),(216200,'330111109000','330111109214','双溪坞村委会',4),(216201,'330111109000','330111109215','大章村委会',4),(216202,'330111109000','330111109216','北坞村委会',4),(216203,'330111109000','330111109217','长佳村委会',4),(216204,'330111109000','330111109218','长春村委会',4),(216205,'330111110000','330111110001','前街社区',4),(216206,'330111110000','330111110213','青江村委会',4),(216207,'330111110000','330111110214','叶盛村委会',4),(216208,'330111110000','330111110216','红星村委会',4),(216209,'330111110000','330111110217','鸿丰村委会',4),(216210,'330111110000','330111110221','上沙村委会',4),(216211,'330111110000','330111110236','上村委会',4),(216212,'330111110000','330111110242','宋家溪村委会',4),(216213,'330111110000','330111110246','下图山村委会',4),(216214,'330111110000','330111110247','上图山村委会',4),(216215,'330111110000','330111110250','赵欧村委会',4),(216216,'330111110000','330111110251','乌畴溪新村委会',4),(216217,'330111110000','330111110252','白石皎村委会',4),(216218,'330111110000','330111110253','洪家塘村委会',4),(216219,'330111110000','330111110254','东梓关村委会',4),(216220,'330111110000','330111110255','联群村委会',4),(216221,'330111110000','330111110256','洋沙村委会',4),(216222,'330111110000','330111110257','瓜桥埠村委会',4),(216223,'330111110000','330111110258','徐家村委会',4),(216224,'330111110000','330111110259','百丈畈村委会',4),(216225,'330111110000','330111110260','新元村委会',4),(216226,'330111110000','330111110261','马山村委会',4),(216227,'330111110000','330111110262','华丰村委会',4),(216228,'330111110000','330111110263','场口村委会',4),(216229,'330111110000','330111110264','真佳溪村委会',4),(216230,'330111111000','330111111201','项家村委会',4),(216231,'330111111000','330111111202','礼门村委会',4),(216232,'330111111000','330111111213','五胜村委会',4),(216233,'330111111000','330111111218','横溪村委会',4),(216234,'330111111000','330111111232','东村坞村委会',4),(216235,'330111111000','330111111236','横槎村委会',4),(216236,'330111111000','330111111237','杏梅坞村委会',4),(216237,'330111111000','330111111238','景山村委会',4),(216238,'330111111000','330111111239','安禾村委会',4),(216239,'330111111000','330111111240','大田村委会',4),(216240,'330111111000','330111111241','董家村委会',4),(216241,'330111111000','330111111242','东山下村委会',4),(216242,'330111111000','330111111243','幸福村委会',4),(216243,'330111111000','330111111244','东风村委会',4),(216244,'330111111000','330111111245','沧洲村委会',4),(216245,'330111111000','330111111246','小剡村委会',4),(216246,'330111112000','330111112211','龙门一村委会',4),(216247,'330111112000','330111112212','龙门三村委会',4),(216248,'330111112000','330111112213','龙门五村委会',4),(216249,'330111112000','330111112214','龙门七村委会',4),(216250,'330111115000','330111115011','登云社区',4),(216251,'330111115000','330111115012','东安社区',4),(216252,'330111115000','330111115013','古城社区',4),(216253,'330111115000','330111115014','惠来社区',4),(216254,'330111115000','330111115203','和山村委会',4),(216255,'330111115000','330111115214','长兰村委会',4),(216256,'330111115000','330111115226','长垄村委会',4),(216257,'330111115000','330111115227','九儿村委会',4),(216258,'330111115000','330111115240','上山村委会',4),(216259,'330111115000','330111115259','双江村委会',4),(216260,'330111115000','330111115260','双塔村委会',4),(216261,'330111115000','330111115271','湘河村委会',4),(216262,'330111115000','330111115272','湘溪村委会',4),(216263,'330111115000','330111115273','仙里村委会',4),(216264,'330111115000','330111115274','马弓村委会',4),(216265,'330111115000','330111115275','湘主村委会',4),(216266,'330111115000','330111115276','潘堰村委会',4),(216267,'330111115000','330111115277','元村委会',4),(216268,'330111115000','330111115278','半山村委会',4),(216269,'330111115000','330111115279','双庙村委会',4),(216270,'330111115000','330111115280','五里桥村委会',4),(216271,'330111115000','330111115281','南津村委会',4),(216272,'330111115000','330111115282','昌东村委会',4),(216273,'330111115000','330111115283','松溪村委会',4),(216274,'330111115000','330111115284','上旺村委会',4),(216275,'330111115000','330111115285','官塘村委会',4),(216276,'330111115000','330111115286','包秦村委会',4),(216277,'330111115000','330111115287','官山村委会',4),(216278,'330111115000','330111115288','塔山村委会',4),(216279,'330111115000','330111115289','乘庄村委会',4),(216280,'330111115000','330111115290','双联村委会',4),(216281,'330111115000','330111115291','大山村委会',4),(216282,'330111116000','330111116200','胥口村委会',4),(216283,'330111116000','330111116201','上练村委会',4),(216284,'330111116000','330111116202','下练村委会',4),(216285,'330111116000','330111116217','灵苑村委会',4),(216286,'330111116000','330111116225','里坞村委会',4),(216287,'330111116000','330111116226','新崤村委会',4),(216288,'330111116000','330111116227','查岭村委会',4),(216289,'330111116000','330111116228','葛溪村委会',4),(216290,'330111116000','330111116229','金慈村委会',4),(216291,'330111116000','330111116230','棠棣村委会',4),(216292,'330111116000','330111116231','平畈村委会',4),(216293,'330111116000','330111116232','佛鲁村委会',4),(216294,'330111116000','330111116233','高联村委会',4),(216295,'330111117000','330111117001','大源社区',4),(216296,'330111117000','330111117207','勤功村委会',4),(216297,'330111117000','330111117221','史家村委会',4),(216298,'330111117000','330111117227','觃口村委会',4),(216299,'330111117000','330111117234','杨元坎村委会',4),(216300,'330111117000','330111117235','三岭村委会',4),(216301,'330111117000','330111117236','虹赤村委会',4),(216302,'330111117000','330111117237','青山村委会',4),(216303,'330111117000','330111117238','骆村委会',4),(216304,'330111117000','330111117239','大同村委会',4),(216305,'330111117000','330111117240','新关村委会',4),(216306,'330111117000','330111117241','东前村委会',4),(216307,'330111117000','330111117242','稠溪村委会',4),(216308,'330111117000','330111117243','亭山村委会',4),(216309,'330111117000','330111117244','大源村委会',4),(216310,'330111117000','330111117245','蒋家村委会',4),(216311,'330111118000','330111118204','王家宕村委会',4),(216312,'330111118000','330111118215','外沙村委会',4),(216313,'330111118000','330111118217','山基村委会',4),(216314,'330111118000','330111118223','陈村村委会',4),(216315,'330111118000','330111118224','蔡家坞村委会',4),(216316,'330111118000','330111118226','菖蒲坑村委会',4),(216317,'330111118000','330111118227','灵桥村委会',4),(216318,'330111118000','330111118228','江丰村委会',4),(216319,'330111118000','330111118229','董家桥村委会',4),(216320,'330111118000','330111118230','永丰村委会',4),(216321,'330111118000','330111118231','光明村委会',4),(216322,'330111118000','330111118232','利民村委会',4),(216323,'330111118000','330111118233','新华村委会',4),(216324,'330111200000','330111200205','俞家村委会',4),(216325,'330111200000','330111200208','小桐洲村委会',4),(216326,'330111200000','330111200214','程浦村委会',4),(216327,'330111200000','330111200215','新中村委会',4),(216328,'330111200000','330111200216','春渚村委会',4),(216329,'330111200000','330111200217','江洲村委会',4),(216330,'330111200000','330111200218','新桐村委会',4),(216331,'330111201000','330111201201','四堡村委会',4),(216332,'330111201000','330111201202','深里村委会',4),(216333,'330111201000','330111201208','芳村委会',4),(216334,'330111201000','330111201209','剡溪村委会',4),(216335,'330111201000','330111201210','大盛村委会',4),(216336,'330111204000','330111204204','环一村委会',4),(216337,'330111204000','330111204205','环二村委会',4),(216338,'330111204000','330111204219','中埠村委会',4),(216339,'330111204000','330111204220','诸佳坞村委会',4),(216340,'330111204000','330111204221','环联村委会',4),(216341,'330111204000','330111204222','环三村委会',4),(216342,'330111204000','330111204223','中兴村委会',4),(216343,'330111205000','330111205214','新一村委会',4),(216344,'330111205000','330111205227','杨家坞村委会',4),(216345,'330111205000','330111205228','窈口村委会',4),(216346,'330111205000','330111205229','石龙村委会',4),(216347,'330111205000','330111205230','上臧村委会',4),(216348,'330111205000','330111205231','新二村委会',4),(216349,'330111205000','330111205232','新三村委会',4),(216350,'330111205000','330111205233','双喜村委会',4),(216351,'330111205000','330111205234','新绿村委会',4),(216352,'330111205000','330111205235','常南村委会',4),(216353,'330111206000','330111206203','下俞村委会',4),(216354,'330111206000','330111206204','铁坎村委会',4),(216355,'330111206000','330111206209','徐家坞村委会',4),(216356,'330111206000','330111206211','咸康村委会',4),(216357,'330111206000','330111206212','春建村委会',4),(216358,'330111206000','330111206213','大唐村委会',4),(216359,'330111207000','330111207209','墅溪村委会',4),(216360,'330111207000','330111207210','渔山村委会',4),(216361,'330111207000','330111207211','五岭村委会',4),(216362,'330111207000','330111207212','大葛村委会',4),(216363,'330122002000','330122002200','旧县村村委会',4),(216364,'330122002000','330122002201','西武山村村委会',4),(216365,'330122002000','330122002204','母岭村村委会',4),(216366,'330122002000','330122002206','鸿儒村村委会',4),(216367,'330122002000','330122002208','合岭村村委会',4),(216368,'330122003000','330122003001','迎宾社区',4),(216369,'330122003000','330122003002','南门社区',4),(216370,'330122003000','330122003003','东门社区',4),(216371,'330122003000','330122003004','迎春社区',4),(216372,'330122003000','330122003005','鑫鑫社区',4),(216373,'330122003000','330122003006','圆通社区',4),(216374,'330122003000','330122003007','洋塘社区',4),(216375,'330122003000','330122003008','桥北居委会',4),(216376,'330122003000','330122003200','梅蓉村村委会',4),(216377,'330122003000','330122003201','濮家庄村村委会',4),(216378,'330122003000','330122003204','浮桥埠村村委会',4),(216379,'330122003000','330122003205','麻蓬村村委会',4),(216380,'330122003000','330122003207','阆苑村村委会',4),(216381,'330122003000','330122003259','君山村村委会',4),(216382,'330122004000','330122004010','中杭社区',4),(216383,'330122004000','330122004011','下杭社区',4),(216384,'330122004000','330122004012','上杭社区',4),(216385,'330122004000','330122004013','梅林社区',4),(216386,'330122004000','330122004213','大丰村村委会',4),(216387,'330122004000','330122004214','乔林村村委会',4),(216388,'330122004000','330122004215','新建村村委会',4),(216389,'330122004000','330122004222','兰田村村委会',4),(216390,'330122004000','330122004227','下轮村村委会',4),(216391,'330122004000','330122004238','湾里村村委会',4),(216392,'330122004000','330122004240','桑园村村委会',4),(216393,'330122004000','330122004241','上洋洲村村委会',4),(216394,'330122004000','330122004242','下洋洲村村委会',4),(216395,'330122004000','330122004243','滩头村村委会',4),(216396,'330122004000','330122004249','仁智村村委会',4),(216397,'330122004000','330122004250','岩桥村村委会',4),(216398,'330122004000','330122004252','金联村村委会',4),(216399,'330122004000','330122004253','春江村村委会',4),(216400,'330122004000','330122004254','金中村村委会',4),(216401,'330122004000','330122004255','金溪村村委会',4),(216402,'330122004000','330122004256','金牛村村委会',4),(216403,'330122004000','330122004257','东兴村村委会',4),(216404,'330122004000','330122004258','金东村村委会',4),(216405,'330122005000','330122005211','柴埠村村委会',4),(216406,'330122005000','330122005212','西庄村村委会',4),(216407,'330122005000','330122005224','三鑫村村委会',4),(216408,'330122005000','330122005225','翙岗村村委会',4),(216409,'330122005000','330122005226','园林村村委会',4),(216410,'330122005000','330122005227','外源村村委会',4),(216411,'330122005000','330122005228','潇源村村委会',4),(216412,'330122005000','330122005229','大源村村委会',4),(216413,'330122101000','330122101010','大洋坪社区',4),(216414,'330122101000','330122101011','黄坡岭社区',4),(216415,'330122101000','330122101012','芝厦居委会',4),(216416,'330122101000','330122101013','渡济居委会',4),(216417,'330122101000','330122101200','横山村村委会',4),(216418,'330122101000','330122101205','孝门村村委会',4),(216419,'330122101000','330122101206','俞赵村村委会',4),(216420,'330122101000','330122101210','上四村村委会',4),(216421,'330122101000','330122101211','渡济村村委会',4),(216422,'330122101000','330122101213','里董村村委会',4),(216423,'330122101000','330122101215','大庄村村委会',4),(216424,'330122101000','330122101217','芝厦村村委会',4),(216425,'330122101000','330122101219','金家村村委会',4),(216426,'330122101000','330122101221','象山桥村村委会',4),(216427,'330122101000','330122101223','芦茨村村委会',4),(216428,'330122101000','330122101226','茆坪村村委会',4),(216429,'330122101000','330122101227','石舍村村委会',4),(216430,'330122101000','330122101228','严陵村村委会',4),(216431,'330122101000','330122101229','七里泷村村委会',4),(216432,'330122102000','330122102002','独山社区居委会',4),(216433,'330122102000','330122102003','近江社区居委会',4),(216434,'330122102000','330122102200','宅里村村委会',4),(216435,'330122102000','330122102201','孙家村村委会',4),(216436,'330122102000','330122102203','横村村村委会',4),(216437,'330122102000','330122102205','龙伏村村委会',4),(216438,'330122102000','330122102206','柳岩村村委会',4),(216439,'330122102000','330122102207','杜预村村委会',4),(216440,'330122102000','330122102208','板头村村委会',4),(216441,'330122102000','330122102210','香山村村委会',4),(216442,'330122102000','330122102213','塆下村村委会',4),(216443,'330122102000','330122102223','阳山畈村村委会',4),(216444,'330122102000','330122102225','方埠村村委会',4),(216445,'330122102000','330122102226','柳茂村村委会',4),(216446,'330122102000','330122102234','浪石村村委会',4),(216447,'330122102000','330122102236','后岭村村委会',4),(216448,'330122102000','330122102250','城东村村委会',4),(216449,'330122102000','330122102251','九岭村村委会',4),(216450,'330122102000','330122102252','东南村村委会',4),(216451,'330122102000','330122102253','元村村村委会',4),(216452,'330122102000','330122102254','上塘村村委会',4),(216453,'330122102000','330122102255','凤联村村委会',4),(216454,'330122102000','330122102256','华凤村村委会',4),(216455,'330122102000','330122102257','双溪村村委会',4),(216456,'330122102000','330122102258','胜峰村村委会',4),(216457,'330122102000','330122102259','白云村村委会',4),(216458,'330122109000','330122109002','玉华社区',4),(216459,'330122109000','330122109003','分江社区',4),(216460,'330122109000','330122109207','天英村村委会',4),(216461,'330122109000','330122109208','塘源村村委会',4),(216462,'330122109000','330122109213','里湖村村委会',4),(216463,'330122109000','330122109214','儒桥村村委会',4),(216464,'330122109000','330122109215','大路村村委会',4),(216465,'330122109000','330122109219','桥东村村委会',4),(216466,'330122109000','330122109220','东溪村村委会',4),(216467,'330122109000','330122109234','后岩村村委会',4),(216468,'330122109000','330122109238','砖山村村委会',4),(216469,'330122109000','330122109240','保安村村委会',4),(216470,'330122109000','330122109241','徐桥村村委会',4),(216471,'330122109000','330122109243','盛村村村委会',4),(216472,'330122109000','330122109244','朝阳村村委会',4),(216473,'330122109000','330122109245','三溪村村委会',4),(216474,'330122109000','330122109246','太平村村委会',4),(216475,'330122109000','330122109253','怡华村村委会',4),(216476,'330122109000','330122109257','外范村村委会',4),(216477,'330122109000','330122109258','高联村村委会',4),(216478,'330122109000','330122109261','武盛村村委会',4),(216479,'330122109000','330122109262','城西村村委会',4),(216480,'330122109000','330122109263','三合村村委会',4),(216481,'330122109000','330122109264','新龙村村委会',4),(216482,'330122109000','330122109265','小源村村委会',4),(216483,'330122109000','330122109266','百岁坊村村委会',4),(216484,'330122109000','330122109267','三槐村村委会',4),(216485,'330122109000','330122109268','富源村村委会',4),(216486,'330122110000','330122110201','潘联村村委会',4),(216487,'330122110000','330122110203','姚村村村委会',4),(216488,'330122110000','330122110204','皇甫村村委会',4),(216489,'330122110000','330122110209','桃源村村委会',4),(216490,'330122110000','330122110214','毕浦村村委会',4),(216491,'330122110000','330122110220','何宋村村委会',4),(216492,'330122110000','330122110221','大山村村委会',4),(216493,'330122110000','330122110222','文源村村委会',4),(216494,'330122110000','330122110224','舒家村村委会',4),(216495,'330122110000','330122110232','元川村村委会',4),(216496,'330122110000','330122110233','后浦村村委会',4),(216497,'330122110000','330122110236','高翔村村委会',4),(216498,'330122110000','330122110243','东琳村村委会',4),(216499,'330122110000','330122110244','永安村村委会',4),(216500,'330122110000','330122110245','百岁村村委会',4),(216501,'330122110000','330122110246','琴溪村村委会',4),(216502,'330122112000','330122112200','双坞村村委会',4),(216503,'330122112000','330122112202','联盟村村委会',4),(216504,'330122112000','330122112203','金塘坞村村委会',4),(216505,'330122112000','330122112204','百江村村委会',4),(216506,'330122112000','330122112208','奇源村村委会',4),(216507,'330122112000','330122112209','苎坑村村委会',4),(216508,'330122112000','330122112210','乐明村村委会',4),(216509,'330122112000','330122112211','罗山村村委会',4),(216510,'330122112000','330122112212','松村村村委会',4),(216511,'330122112000','330122112214','钱家村村委会',4),(216512,'330122112000','330122112216','小京村村委会',4),(216513,'330122112000','330122112219','后河村村委会',4),(216514,'330122112000','330122112220','东辉村村委会',4),(216515,'330122112000','330122112222','郭村村村委会',4),(216516,'330122112000','330122112223','翰坂村村委会',4),(216517,'330122113000','330122113002','渔业村居委会',4),(216518,'330122113000','330122113003','鼓楼社区',4),(216519,'330122113000','330122113201','横山埠村村委会',4),(216520,'330122113000','330122113207','窄溪村村委会',4),(216521,'330122113000','330122113211','莲塘村村委会',4),(216522,'330122113000','330122113219','石阜村村委会',4),(216523,'330122113000','330122113226','彰坞村村委会',4),(216524,'330122113000','330122113228','小潘村村委会',4),(216525,'330122113000','330122113230','华丰村村委会',4),(216526,'330122113000','330122113235','梧村村村委会',4),(216527,'330122113000','330122113236','石泉村村委会',4),(216528,'330122113000','330122113239','青源村村委会',4),(216529,'330122113000','330122113242','环溪村村委会',4),(216530,'330122113000','330122113244','徐畈村村委会',4),(216531,'330122113000','330122113246','深澳村村委会',4),(216532,'330122113000','330122113247','荻浦村村委会',4),(216533,'330122113000','330122113248','珠山村村委会',4),(216534,'330122113000','330122113249','凤鸣村村委会',4),(216535,'330122113000','330122113250','金茂村村委会',4),(216536,'330122113000','330122113251','锦江村村委会',4),(216537,'330122113000','330122113252','舒川村村委会',4),(216538,'330122201000','330122201200','塘联村村委会',4),(216539,'330122201000','330122201204','尧山村村委会',4),(216540,'330122201000','330122201213','莪山民族村村委会',4),(216541,'330122201000','330122201214','新丰民族村村委会',4),(216542,'330122201000','330122201215','龙峰民族村村委会',4),(216543,'330122201000','330122201216','沈冠村村委会村委会',4),(216544,'330122201000','330122201217','中门民族村村委会',4),(216545,'330122202000','330122202201','中一村村委会',4),(216546,'330122202000','330122202205','陇西村村委会',4),(216547,'330122202000','330122202206','大市村村委会',4),(216548,'330122202000','330122202211','仕厦村村委会',4),(216549,'330122202000','330122202212','城下村村委会',4),(216550,'330122202000','330122202215','魏丰村村委会',4),(216551,'330122202000','330122202216','高峰村村委会',4),(216552,'330122202000','330122202220','歌舞村村委会',4),(216553,'330122202000','330122202221','夏塘村村委会',4),(216554,'330122202000','330122202223','钟山村村委会',4),(216555,'330122202000','330122202224','子胥村村委会',4),(216556,'330122204000','330122204202','松山村村委会',4),(216557,'330122204000','330122204205','引坑村村委会',4),(216558,'330122204000','330122204210','新民村村委会',4),(216559,'330122204000','330122204211','新合村村委会',4),(216560,'330122204000','330122204212','新四村村委会',4),(216561,'330122210000','330122210205','合村村村委会',4),(216562,'330122210000','330122210212','岭源村村委会',4),(216563,'330122210000','330122210219','后溪村村委会',4),(216564,'330122210000','330122210220','高凉亭村村委会',4),(216565,'330122210000','330122210221','三源村村委会',4),(216566,'330122210000','330122210222','瑶溪村村委会',4),(216567,'330127100000','330127100002','李家坞社区',4),(216568,'330127100000','330127100003','西园社区',4),(216569,'330127100000','330127100004','施家塘社区',4),(216570,'330127100000','330127100008','江滨社区',4),(216571,'330127100000','330127100010','新北社区',4),(216572,'330127100000','330127100011','南苑社区',4),(216573,'330127100000','330127100012','望湖社区',4),(216574,'330127100000','330127100013','火炉尖社区',4),(216575,'330127100000','330127100014','南山社区',4),(216576,'330127100000','330127100015','新城社区',4),(216577,'330127100000','330127100218','东庄村村民委员会',4),(216578,'330127100000','330127100219','富城村村民委员会',4),(216579,'330127100000','330127100231','淡竹村村民委员会',4),(216580,'330127100000','330127100239','井塘村村民委员会',4),(216581,'330127100000','330127100243','东汉村村民委员会',4),(216582,'330127100000','330127100246','前坞村村民委员会',4),(216583,'330127100000','330127100247','坪山村村民委员会',4),(216584,'330127100000','330127100248','宕里村村民委员会',4),(216585,'330127100000','330127100249','汪家村村民委员会',4),(216586,'330127100000','330127100250','周坑村村民委员会',4),(216587,'330127100000','330127100251','马路村村民委员会',4),(216588,'330127100000','330127100252','宋家坞村村民委员会',4),(216589,'330127100000','330127100253','农林村村民委员会',4),(216590,'330127100000','330127100254','富泽村村民委员会',4),(216591,'330127100000','330127100255','茂畈村村民委员会',4),(216592,'330127100000','330127100256','金家村村民委员会',4),(216593,'330127100000','330127100257','云村村村民委员会',4),(216594,'330127100000','330127100258','联丰村村民委员会',4),(216595,'330127100000','330127100259','青溪村村民委员会',4),(216596,'330127100000','330127100260','排岭村村民委员会',4),(216597,'330127100000','330127100261','进贤村村民委员会',4),(216598,'330127100000','330127100262','屏湖村村民委员会',4),(216599,'330127101000','330127101200','浪洞村村民委员会',4),(216600,'330127101000','330127101207','文屏村村民委员会',4),(216601,'330127101000','330127101208','小酉坞村村民委员会',4),(216602,'330127101000','330127101219','下潘村村民委员会',4),(216603,'330127101000','330127101220','潭头村村民委员会',4),(216604,'330127101000','330127101221','西河村村民委员会',4),(216605,'330127101000','330127101225','东树坑村村民委员会',4),(216606,'330127101000','330127101229','富山村村民委员会',4),(216607,'330127101000','330127101230','光昌边村村民委员会',4),(216608,'330127101000','330127101232','市畈村村民委员会',4),(216609,'330127101000','330127101233','文昌村村民委员会',4),(216610,'330127101000','330127101234','丰茂村村民委员会',4),(216611,'330127101000','330127101235','卢家庄村村民委员会',4),(216612,'330127101000','330127101236','栅源村村民委员会',4),(216613,'330127101000','330127101237','西阳村村民委员会',4),(216614,'330127101000','330127101238','王家源村村民委员会',4),(216615,'330127102000','330127102213','西岭村村民委员会',4),(216616,'330127102000','330127102217','富德村村民委员会',4),(216617,'330127102000','330127102218','棠高村村民委员会',4),(216618,'330127102000','330127102219','双西村村民委员会',4),(216619,'330127102000','330127102220','岭足村村民委员会',4),(216620,'330127102000','330127102221','玳瑁村村民委员会',4),(216621,'330127102000','330127102222','千岛湖村村民委员会',4),(216622,'330127102000','330127102223','茶园村村民委员会',4),(216623,'330127103000','330127103200','范村村村民委员会',4),(216624,'330127103000','330127103209','吴峰村村民委员会',4),(216625,'330127103000','330127103212','新华村村民委员会',4),(216626,'330127103000','330127103232','左源村村民委员会',4),(216627,'330127103000','330127103238','叶家畈村村民委员会',4),(216628,'330127103000','330127103239','临岐村村民委员会',4),(216629,'330127103000','330127103240','梅口村村民委员会',4),(216630,'330127103000','330127103241','仰韩村村民委员会',4),(216631,'330127103000','330127103242','高峰村村民委员会',4),(216632,'330127103000','330127103243','新溪村村民委员会',4),(216633,'330127103000','330127103244','里口村村民委员会',4),(216634,'330127103000','330127103245','夏中村村民委员会',4),(216635,'330127103000','330127103246','溪口村村民委员会',4),(216636,'330127103000','330127103247','审岭脚村村民委员会',4),(216637,'330127103000','330127103248','半夏村村民委员会',4),(216638,'330127103000','330127103249','右源村村民委员会',4),(216639,'330127103000','330127103250','五庄村村民委员会',4),(216640,'330127104000','330127104001','虹桥社区',4),(216641,'330127104000','330127104216','邵宅村村民委员会',4),(216642,'330127104000','330127104224','联合村村民委员会',4),(216643,'330127104000','330127104233','厚屏村村民委员会',4),(216644,'330127104000','330127104234','考川村村民委员会',4),(216645,'330127104000','330127104264','杨家畈村村民委员会',4),(216646,'330127104000','330127104265','岭脚村村民委员会',4),(216647,'330127104000','330127104266','洪圻村村民委员会',4),(216648,'330127104000','330127104271','流湘村村民委员会',4),(216649,'330127104000','330127104272','横石村村民委员会',4),(216650,'330127104000','330127104278','西山村村民委员会',4),(216651,'330127104000','330127104280','五星村村民委员会',4),(216652,'330127104000','330127104281','楼厦村村民委员会',4),(216653,'330127104000','330127104287','新联村村民委员会',4),(216654,'330127104000','330127104288','笔峰村村民委员会',4),(216655,'330127104000','330127104293','五丰村村民委员会',4),(216656,'330127104000','330127104294','株林村村民委员会',4),(216657,'330127104000','330127104295','蔗川村村民委员会',4),(216658,'330127104000','330127104296','驮岭脚村村民委员会',4),(216659,'330127104000','330127104297','杜川村村民委员会',4),(216660,'330127104000','330127104298','汪川村村民委员会',4),(216661,'330127104000','330127104299','河村村村民委员会',4),(216662,'330127104000','330127104300','洞源村村民委员会',4),(216663,'330127104000','330127104301','妙石村村民委员会',4),(216664,'330127104000','330127104302','叶家村村民委员会',4),(216665,'330127104000','330127104303','安川村村民委员会',4),(216666,'330127104000','330127104304','合富村村民委员会',4),(216667,'330127104000','330127104305','黄石潭村村民委员会',4),(216668,'330127104000','330127104306','长岭村村民委员会',4),(216669,'330127104000','330127104307','坑下村村民委员会',4),(216670,'330127104000','330127104308','旗山村村民委员会',4),(216671,'330127104000','330127104309','琴坑村村民委员会',4),(216672,'330127104000','330127104310','横塘村村民委员会',4),(216673,'330127104000','330127104311','三洲村村民委员会',4),(216674,'330127104000','330127104312','方宅村村民委员会',4),(216675,'330127104000','330127104313','青山村村民委员会',4),(216676,'330127104000','330127104314','蜀阜村村民委员会',4),(216677,'330127104000','330127104315','黄金村村民委员会',4),(216678,'330127104000','330127104316','屏村村村民委员会',4),(216679,'330127104000','330127104317','茶合村村民委员会',4),(216680,'330127104000','330127104318','贤茂村村民委员会',4),(216681,'330127104000','330127104319','三坦村村民委员会',4),(216682,'330127104000','330127104320','新茂村村民委员会',4),(216683,'330127104000','330127104321','唐村村村民委员会',4),(216684,'330127104000','330127104322','凤凰村村民委员会',4),(216685,'330127106000','330127106001','姜家居委会',4),(216686,'330127106000','330127106200','伊家坞村村民委员会',4),(216687,'330127106000','330127106201','木旺村村民委员会',4),(216688,'330127106000','330127106202','炉形村村民委员会',4),(216689,'330127106000','330127106204','石颜村村民委员会',4),(216690,'330127106000','330127106219','下玉泉村村民委员会',4),(216691,'330127106000','330127106231','孙家坞村村民委员会',4),(216692,'330127106000','330127106237','巨源村村民委员会',4),(216693,'330127106000','330127106242','庄源村村民委员会',4),(216694,'330127106000','330127106251','潘家村村民委员会',4),(216695,'330127106000','330127106255','夫畈村村民委员会',4),(216696,'330127106000','330127106257','白坪村村民委员会',4),(216697,'330127106000','330127106258','黄村桥村村民委员会',4),(216698,'330127106000','330127106259','霞社村村民委员会',4),(216699,'330127106000','330127106260','姜家村村民委员会',4),(216700,'330127106000','330127106261','双溪村村民委员会',4),(216701,'330127106000','330127106262','霞五村村民委员会',4),(216702,'330127106000','330127106263','赤城村村民委员会',4),(216703,'330127106000','330127106264','浮林村村民委员会',4),(216704,'330127106000','330127106265','章村村村民委员会',4),(216705,'330127106000','330127106266','沈畈村村民委员会',4),(216706,'330127106000','330127106267','桂溪村村民委员会',4),(216707,'330127106000','330127106268','狮石村村民委员会',4),(216708,'330127106000','330127106269','龙川村村民委员会',4),(216709,'330127106000','330127106270','上玉泉村村民委员会',4),(216710,'330127106000','330127106271','球山村村民委员会',4),(216711,'330127106000','330127106272','银峰村村民委员会',4),(216712,'330127106000','330127106273','郭村村村民委员会',4),(216713,'330127106000','330127106274','双溪口村村民委员会',4),(216714,'330127107000','330127107202','练溪村村民委员会',4),(216715,'330127107000','330127107208','富石村村民委员会',4),(216716,'330127107000','330127107211','黄村村村民委员会',4),(216717,'330127107000','330127107217','常宁村村民委员会',4),(216718,'330127107000','330127107223','唐家村村民委员会',4),(216719,'330127107000','330127107232','三联村村民委员会',4),(216720,'330127107000','330127107238','西湖村村民委员会',4),(216721,'330127107000','330127107239','慈溪村村民委员会',4),(216722,'330127107000','330127107240','并峰村村民委员会',4),(216723,'330127107000','330127107241','叶家庄村村民委员会',4),(216724,'330127107000','330127107242','杜井村村民委员会',4),(216725,'330127107000','330127107243','卢家村村民委员会',4),(216726,'330127107000','330127107244','结蒙村村民委员会',4),(216727,'330127107000','330127107245','程家源村村民委员会',4),(216728,'330127107000','330127107246','尹山村村民委员会',4),(216729,'330127107000','330127107247','杏富村村民委员会',4),(216730,'330127107000','330127107248','胡江村村民委员会',4),(216731,'330127107000','330127107249','姜桐村村民委员会',4),(216732,'330127107000','330127107250','河联村村民委员会',4),(216733,'330127108000','330127108001','杨旗社区',4),(216734,'330127108000','330127108200','交界村村民委员会',4),(216735,'330127108000','330127108201','宏鲍村村民委员会',4),(216736,'330127108000','330127108209','汪家桥村村民委员会',4),(216737,'330127108000','330127108211','汪家村村村民委员会',4),(216738,'330127108000','330127108218','寺下村村民委员会',4),(216739,'330127108000','330127108219','石畈村村民委员会',4),(216740,'330127108000','330127108226','简门村村民委员会',4),(216741,'330127108000','330127108227','经门村村民委员会',4),(216742,'330127108000','330127108228','三底村村民委员会',4),(216743,'330127108000','330127108230','郑家村村民委员会',4),(216744,'330127108000','330127108231','宋祁村村民委员会',4),(216745,'330127108000','330127108251','西村村村民委员会',4),(216746,'330127108000','330127108259','程店村村民委员会',4),(216747,'330127108000','330127108260','三畈村村民委员会',4),(216748,'330127108000','330127108265','巧塘村村民委员会',4),(216749,'330127108000','330127108272','陆乡村村民委员会',4),(216750,'330127108000','330127108279','宋京村村民委员会',4),(216751,'330127108000','330127108280','湛川村村民委员会',4),(216752,'330127108000','330127108294','横沿村村民委员会',4),(216753,'330127108000','330127108301','山头村村民委员会',4),(216754,'330127108000','330127108302','赤川口村村民委员会',4),(216755,'330127108000','330127108303','龙门村村民委员会',4),(216756,'330127108000','330127108304','三渡村村民委员会',4),(216757,'330127108000','330127108305','仙居村村民委员会',4),(216758,'330127108000','330127108306','富占源村村民委员会',4),(216759,'330127108000','330127108307','舒翠村村民委员会',4),(216760,'330127108000','330127108308','杨旗坦村村民委员会',4),(216761,'330127108000','330127108309','祝家村村民委员会',4),(216762,'330127108000','330127108310','龙山村村民委员会',4),(216763,'330127108000','330127108311','天林庄村村民委员会',4),(216764,'330127108000','330127108312','射墩村村民委员会',4),(216765,'330127108000','330127108313','茅屏村村民委员会',4),(216766,'330127108000','330127108314','云林村村民委员会',4),(216767,'330127108000','330127108315','鲁村村村民委员会',4),(216768,'330127108000','330127108316','龙姚村村民委员会',4),(216769,'330127108000','330127108317','龙源村村民委员会',4),(216770,'330127108000','330127108318','毛家村村民委员会',4),(216771,'330127108000','330127108319','栗园里村村民委员会',4),(216772,'330127108000','330127108320','岭后村村民委员会',4),(216773,'330127108000','330127108321','汾口村村民委员会',4),(216774,'330127108000','330127108322','章姚村村民委员会',4),(216775,'330127108000','330127108323','强川村村民委员会',4),(216776,'330127108000','330127108324','红星村村民委员会',4),(216777,'330127108000','330127108325','翁川源村村民委员会',4),(216778,'330127108000','330127108326','桃林畈村村民委员会',4),(216779,'330127108000','330127108327','红旗村村民委员会',4),(216780,'330127108000','330127108328','石峰村村民委员会',4),(216781,'330127108000','330127108329','峰溪村村民委员会',4),(216782,'330127108000','330127108330','富塘村村民委员会',4),(216783,'330127108000','330127108331','百亩畈村村民委员会',4),(216784,'330127108000','330127108332','荷塘村村民委员会',4),(216785,'330127109000','330127109202','畈头村村民委员会',4),(216786,'330127109000','330127109216','双许村村民委员会',4),(216787,'330127109000','330127109217','南庄村村民委员会',4),(216788,'330127109000','330127109218','洄溪村村民委员会',4),(216789,'330127109000','330127109227','木瓜村村民委员会',4),(216790,'330127109000','330127109230','枫林坞村村民委员会',4),(216791,'330127109000','330127109242','徐家村村民委员会',4),(216792,'330127109000','330127109243','长埂村村民委员会',4),(216793,'330127109000','330127109244','余家村村民委员会',4),(216794,'330127109000','330127109245','樟村村村民委员会',4),(216795,'330127109000','330127109246','乘风源村村民委员会',4),(216796,'330127109000','330127109247','苏家畈村村民委员会',4),(216797,'330127109000','330127109248','霞童村村民委员会',4),(216798,'330127109000','330127109249','李家畈村村民委员会',4),(216799,'330127109000','330127109250','中洲村村民委员会',4),(216800,'330127109000','330127109251','厦山村村民委员会',4),(216801,'330127109000','330127109252','左川村村民委员会',4),(216802,'330127109000','330127109253','札溪村村民委员会',4),(216803,'330127109000','330127109254','叶村村村民委员会',4),(216804,'330127110000','330127110200','大墅村村民委员会',4),(216805,'330127110000','330127110201','孙家畈村村民委员会',4),(216806,'330127110000','330127110205','大坞村村民委员会',4),(216807,'330127110000','330127110209','西园村村民委员会',4),(216808,'330127110000','330127110210','殊塘村村民委员会',4),(216809,'330127110000','330127110238','桃源凌家村村民委员会',4),(216810,'330127110000','330127110239','凤山村村民委员会',4),(216811,'330127110000','330127110240','高山村村民委员会',4),(216812,'330127110000','330127110241','下坑村村民委员会',4),(216813,'330127110000','330127110242','洞坞村村民委员会',4),(216814,'330127110000','330127110243','上坊村村民委员会',4),(216815,'330127110000','330127110244','寺林村村民委员会',4),(216816,'330127110000','330127110245','老岭村村民委员会',4),(216817,'330127110000','330127110246','桃林村村民委员会',4),(216818,'330127110000','330127110247','岭干村村民委员会',4),(216819,'330127110000','330127110248','儒洪村村民委员会',4),(216820,'330127110000','330127110249','栗月坪村村民委员会',4),(216821,'330127111000','330127111209','横坑村村民委员会',4),(216822,'330127111000','330127111217','木花坑村村民委员会',4),(216823,'330127111000','330127111230','丰家源村村民委员会',4),(216824,'330127111000','330127111231','红光村村民委员会',4),(216825,'330127111000','330127111238','伊川村村民委员会',4),(216826,'330127111000','330127111254','乳洞山村村民委员会',4),(216827,'330127111000','330127111258','凤凰庙村村民委员会',4),(216828,'330127111000','330127111264','下姜村村民委员会',4),(216829,'330127111000','330127111265','源塘村村民委员会',4),(216830,'330127111000','330127111266','窄坑村村民委员会',4),(216831,'330127111000','330127111267','铜山村村民委员会',4),(216832,'330127111000','330127111268','鲁家田村村民委员会',4),(216833,'330127111000','330127111269','大源村村民委员会',4),(216834,'330127111000','330127111270','薛家源村村民委员会',4),(216835,'330127111000','330127111271','上江村村民委员会',4),(216836,'330127111000','330127111272','夏峰村村民委员会',4),(216837,'330127111000','330127111273','夏村村村民委员会',4),(216838,'330127111000','330127111274','汪村村村民委员会',4),(216839,'330127111000','330127111275','衍昌村村民委员会',4),(216840,'330127111000','330127111276','横山村村民委员会',4),(216841,'330127111000','330127111277','知心坑村村民委员会',4),(216842,'330127111000','330127111278','白马村村民委员会',4),(216843,'330127111000','330127111279','大桥头村村民委员会',4),(216844,'330127111000','330127111280','周家桥村村民委员会',4),(216845,'330127111000','330127111281','陈村村村民委员会',4),(216846,'330127111000','330127111282','官川村村民委员会',4),(216847,'330127111000','330127111283','枫树岭村村民委员会',4),(216848,'330127111000','330127111284','陈家源村村民委员会',4),(216849,'330127200000','330127200201','鱼泉村村民委员会',4),(216850,'330127200000','330127200204','向阳村村民委员会',4),(216851,'330127200000','330127200217','大叶村村民委员会',4),(216852,'330127200000','330127200218','洞坑口村村民委员会',4),(216853,'330127200000','330127200219','石门村村民委员会',4),(216854,'330127200000','330127200220','石湾村村民委员会',4),(216855,'330127200000','330127200231','里阳村村民委员会',4),(216856,'330127200000','330127200232','架子岭村村民委员会',4),(216857,'330127200000','330127200233','里商村村民委员会',4),(216858,'330127200000','330127200234','塔山村村民委员会',4),(216859,'330127200000','330127200235','燕窝村村民委员会',4),(216860,'330127200000','330127200236','村坑村村民委员会',4),(216861,'330127200000','330127200237','江村村村民委员会',4),(216862,'330127200000','330127200238','武源村村民委员会',4),(216863,'330127200000','330127200239','五兴村村民委员会',4),(216864,'330127200000','330127200240','郎范村村民委员会',4),(216865,'330127201000','330127201208','山后村村民委员会',4),(216866,'330127201000','330127201210','安上村村民委员会',4),(216867,'330127201000','330127201211','朱家村村民委员会',4),(216868,'330127201000','330127201221','蒋岭上村村民委员会',4),(216869,'330127201000','330127201223','殿峰村村民委员会',4),(216870,'330127201000','330127201224','金源村村民委员会',4),(216871,'330127201000','330127201225','景山村村民委员会',4),(216872,'330127201000','330127201226','金峰村村民委员会',4),(216873,'330127201000','330127201227','锦溪村村民委员会',4),(216874,'330127201000','330127201228','百照村村民委员会',4),(216875,'330127201000','330127201229','五龙村村民委员会',4),(216876,'330127202000','330127202206','漠川村村民委员会',4),(216877,'330127202000','330127202208','聚壁村村民委员会',4),(216878,'330127202000','330127202209','燕坑村村民委员会',4),(216879,'330127202000','330127202217','六联村村民委员会',4),(216880,'330127202000','330127202218','青田村村民委员会',4),(216881,'330127202000','330127202219','富文村村民委员会',4),(216882,'330127202000','330127202220','方家畈村村民委员会',4),(216883,'330127202000','330127202221','查林村村民委员会',4),(216884,'330127202000','330127202222','重坑村村民委员会',4),(216885,'330127202000','330127202223','章坑村村民委员会',4),(216886,'330127203000','330127203204','显后村村民委员会',4),(216887,'330127203000','330127203215','方家村村民委员会',4),(216888,'330127203000','330127203216','石岭后村村民委员会',4),(216889,'330127203000','330127203217','雌龙源村村民委员会',4),(216890,'330127203000','330127203220','龙源庄村村民委员会',4),(216891,'330127203000','330127203221','瑶村村村民委员会',4),(216892,'330127203000','330127203222','左口村村民委员会',4),(216893,'330127203000','330127203223','芳桥村村民委员会',4),(216894,'330127203000','330127203224','田里村村民委员会',4),(216895,'330127203000','330127203225','塘边村村民委员会',4),(216896,'330127203000','330127203226','桥西村村民委员会',4),(216897,'330127205000','330127205204','秋口村村民委员会',4),(216898,'330127205000','330127205209','堪头村村民委员会',4),(216899,'330127205000','330127205210','项家村村民委员会',4),(216900,'330127205000','330127205211','丁家畈村村民委员会',4),(216901,'330127205000','330127205212','齐坑村村民委员会',4),(216902,'330127205000','330127205221','上中村村民委员会',4),(216903,'330127205000','330127205232','将坑村村民委员会',4),(216904,'330127205000','330127205233','屏门村村民委员会',4),(216905,'330127205000','330127205234','佛岭后村村民委员会',4),(216906,'330127205000','330127205235','童家坪村村民委员会',4),(216907,'330127205000','330127205236','金陵村村民委员会',4),(216908,'330127205000','330127205237','屏前村村民委员会',4),(216909,'330127205000','330127205238','秋源村村民委员会',4),(216910,'330127205000','330127205239','小陵村村民委员会',4),(216911,'330127205000','330127205240','隐将村村民委员会',4),(216912,'330127206000','330127206203','爱国村村民委员会',4),(216913,'330127206000','330127206204','张家村村民委员会',4),(216914,'330127206000','330127206205','琅洞村村民委员会',4),(216915,'330127206000','330127206206','幸福村村民委员会',4),(216916,'330127206000','330127206207','贡坑村村民委员会',4),(216917,'330127206000','330127206214','双共村村民委员会',4),(216918,'330127206000','330127206215','天坪村村民委员会',4),(216919,'330127206000','330127206220','何家村村民委员会',4),(216920,'330127206000','330127206221','富岩村村民委员会',4),(216921,'330127206000','330127206222','浪坑源村村民委员会',4),(216922,'330127206000','330127206223','岭后源村村民委员会',4),(216923,'330127208000','330127208210','郑中村村民委员会',4),(216924,'330127208000','330127208244','管家村村民委员会',4),(216925,'330127208000','330127208245','长川村村民委员会',4),(216926,'330127208000','330127208246','新畈村村民委员会',4),(216927,'330127208000','330127208247','柳塘村村民委员会',4),(216928,'330127208000','330127208248','华坪村村民委员会',4),(216929,'330127208000','330127208249','王阜村村民委员会',4),(216930,'330127208000','330127208250','马山村村民委员会',4),(216931,'330127208000','330127208251','荷花坪村村民委员会',4),(216932,'330127208000','330127208252','胡家坪村村民委员会',4),(216933,'330127208000','330127208253','金家岙村村民委员会',4),(216934,'330127208000','330127208254','闻家村村民委员会',4),(216935,'330127208000','330127208255','金紫村村民委员会',4),(216936,'330127208000','330127208256','龙头村村民委员会',4),(216937,'330127208000','330127208257','何坪村村民委员会',4),(216938,'330127208000','330127208258','山川村村民委员会',4),(216939,'330127208000','330127208259','新合村村民委员会',4),(216940,'330127208000','330127208260','横路村村民委员会',4),(216941,'330127210000','330127210215','常锦里村村民委员会',4),(216942,'330127210000','330127210221','硖石村村民委员会',4),(216943,'330127210000','330127210222','青山口村村民委员会',4),(216944,'330127210000','330127210223','胡家畈村村民委员会',4),(216945,'330127210000','330127210224','宋村村村民委员会',4),(216946,'330127210000','330127210225','镜洪村村民委员会',4),(216947,'330127210000','330127210226','白云溪村村民委员会',4),(216948,'330127210000','330127210227','云港口村村民委员会',4),(216949,'330127211000','330127211223','青苗村村民委员会',4),(216950,'330127211000','330127211224','金塔村村民委员会',4),(216951,'330127211000','330127211225','翠峰村村民委员会',4),(216952,'330127211000','330127211226','中联村村民委员会',4),(216953,'330127211000','330127211227','乳洞村村民委员会',4),(216954,'330127211000','330127211228','严村村村民委员会',4),(216955,'330127211000','330127211229','常青村村民委员会',4),(216956,'330127211000','330127211230','星光村村民委员会',4),(216957,'330127211000','330127211231','赋置村村民委员会',4),(216958,'330127212000','330127212200','桃源村村民委员会',4),(216959,'330127212000','330127212201','占家村村民委员会',4),(216960,'330127212000','330127212206','洪家村村民委员会',4),(216961,'330127212000','330127212214','马石村村民委员会',4),(216962,'330127212000','330127212215','芹川村村民委员会',4),(216963,'330127212000','330127212216','新桥村村民委员会',4),(216964,'330127212000','330127212220','全朴村村民委员会',4),(216965,'330127212000','330127212235','芳梧村村民委员会',4),(216966,'330127212000','330127212236','大联村村民委员会',4),(216967,'330127212000','330127212237','联欢村村民委员会',4),(216968,'330127212000','330127212238','鲍家村村民委员会',4),(216969,'330127212000','330127212239','大塘村村民委员会',4),(216970,'330127212000','330127212240','狮古山村村民委员会',4),(216971,'330127212000','330127212241','浯溪村村民委员会',4),(216972,'330127212000','330127212242','杨家村村民委员会',4),(216973,'330127212000','330127212243','峰川村村民委员会',4),(216974,'330127212000','330127212244','汇源村村民委员会',4),(216975,'330127212000','330127212245','源峰村村民委员会',4),(216976,'330127212000','330127212246','裕丰村村民委员会',4),(216977,'330127214000','330127214204','洋田村村民委员会',4),(216978,'330127214000','330127214218','玛璜村村民委员会',4),(216979,'330127214000','330127214231','姚家村村民委员会',4),(216980,'330127214000','330127214232','松源村村民委员会',4),(216981,'330127214000','330127214233','康源村村民委员会',4),(216982,'330127214000','330127214234','燕上村村民委员会',4),(216983,'330127214000','330127214235','鳌山村村民委员会',4),(216984,'330127214000','330127214236','周家村村民委员会',4),(216985,'330127214000','330127214237','严家村村民委员会',4),(216986,'330127214000','330127214238','云濛村村民委员会',4),(216987,'330127214000','330127214239','桐子坞村村民委员会',4),(216988,'330127214000','330127214240','施家坪村村民委员会',4),(216989,'330127214000','330127214241','新燕村村民委员会',4),(216990,'330127216000','330127216204','黄家源村村民委员会',4),(216991,'330127216000','330127216207','陈家门村村民委员会',4),(216992,'330127216000','330127216210','红山岙村村民委员会',4),(216993,'330127216000','330127216231','昌墅村村民委员会',4),(216994,'330127216000','330127216232','上梧村村民委员会',4),(216995,'330127216000','330127216233','乌龙村村民委员会',4),(216996,'330127216000','330127216234','范家村村民委员会',4),(216997,'330127216000','330127216235','下栖梧村村民委员会',4),(216998,'330127216000','330127216236','五堡村村民委员会',4),(216999,'330127216000','330127216237','山下村村民委员会',4),(217000,'330127216000','330127216238','外畈村村民委员会',4),(217001,'330127216000','330127216239','安阳村村民委员会',4),(217002,'330127216000','330127216240','黄川村村民委员会',4),(217003,'330127216000','330127216241','桐川村村民委员会',4),(217004,'330127216000','330127216242','嵔岭村村民委员会',4),(217005,'330182001000','330182001020','白沙社区',4),(217006,'330182001000','330182001024','府东社区',4),(217007,'330182001000','330182001032','府西社区',4),(217008,'330182001000','330182001033','沧滩社区',4),(217009,'330182001000','330182001034','罗桐社区',4),(217010,'330182001000','330182001035','新安社区',4),(217011,'330182001000','330182001036','健安社区',4),(217012,'330182001000','330182001037','溪头社区',4),(217013,'330182001000','330182001038','明珠社区',4),(217014,'330182001000','330182001039','岭后社区',4),(217015,'330182001000','330182001040','叶家社区',4),(217016,'330182001000','330182001202','新蓬村委会',4),(217017,'330182001000','330182001203','梅坪村委会',4),(217018,'330182001000','330182001211','黄泥墩村委会',4),(217019,'330182001000','330182001212','丰产村委会',4),(217020,'330182002000','330182002004','洋溪社区',4),(217021,'330182002000','330182002005','城东第二社区',4),(217022,'330182002000','330182002006','朱池社区居委会',4),(217023,'330182002000','330182002007','青龙头社区居委会',4),(217024,'330182002000','330182002008','洋安社区居委会',4),(217025,'330182002000','330182002212','团结村委会',4),(217026,'330182002000','330182002214','友谊村委会',4),(217027,'330182003000','330182003001','更楼社区',4),(217028,'330182003000','330182003003','更化社区',4),(217029,'330182003000','330182003004','邓家社区',4),(217030,'330182003000','330182003203','张家村委会',4),(217031,'330182003000','330182003204','骆村村委会',4),(217032,'330182003000','330182003205','后塘村委会',4),(217033,'330182003000','330182003206','湖岑畈村委会',4),(217034,'330182003000','330182003208','新市村委会',4),(217035,'330182003000','330182003209','黄岙村委会',4),(217036,'330182003000','330182003212','甘溪村委会',4),(217037,'330182003000','330182003229','于合村委会',4),(217038,'330182003000','330182003230','岩源村委会',4),(217039,'330182003000','330182003231','洪宅村委会',4),(217040,'330182003000','330182003232','桥岭村委会',4),(217041,'330182003000','330182003233','邓家村委会',4),(217042,'330182003000','330182003234','石岭村委会',4),(217043,'330182003000','330182003235','许乐村委会',4),(217044,'330182101000','330182101001','莲花社区',4),(217045,'330182101000','330182101201','昴畈村委会',4),(217046,'330182101000','330182101206','林茶村委会',4),(217047,'330182101000','330182101207','齐平村委会',4),(217048,'330182101000','330182101208','徐家村委会',4),(217049,'330182101000','330182101213','莲花村委会',4),(217050,'330182101000','330182101214','戴家村委会',4),(217051,'330182102000','330182102007','马鞍岭社区',4),(217052,'330182102000','330182102206','仇村村委会',4),(217053,'330182102000','330182102234','后山村委会',4),(217054,'330182102000','330182102235','施家村委会',4),(217055,'330182102000','330182102271','姚村村委会',4),(217056,'330182102000','330182102272','大畈村委会',4),(217057,'330182102000','330182102273','牌楼村委会',4),(217058,'330182102000','330182102274','胥江村委会',4),(217059,'330182102000','330182102275','骑龙村委会',4),(217060,'330182102000','330182102276','乾潭村委会',4),(217061,'330182102000','330182102277','万龙村委会',4),(217062,'330182102000','330182102278','新程村委会',4),(217063,'330182102000','330182102279','陵上新村村委会',4),(217064,'330182102000','330182102280','沛市村委会',4),(217065,'330182102000','330182102281','乾一村委会',4),(217066,'330182102000','330182102282','下梓村委会',4),(217067,'330182102000','330182102283','前陵村委会',4),(217068,'330182102000','330182102284','王岩村委会',4),(217069,'330182102000','330182102285','安仁村委会',4),(217070,'330182102000','330182102286','幸福村委会',4),(217071,'330182102000','330182102287','罗村村委会',4),(217072,'330182102000','330182102288','方家村委会',4),(217073,'330182102000','330182102289','下包村委会',4),(217074,'330182102000','330182102290','邵家村委会',4),(217075,'330182102000','330182102291','梓洲村委会',4),(217076,'330182104000','330182104011','严陵社区',4),(217077,'330182104000','330182104012','宝华洲社区',4),(217078,'330182104000','330182104013','梅花社区',4),(217079,'330182104000','330182104014','总府社区',4),(217080,'330182104000','330182104016','东湖社区',4),(217081,'330182104000','330182104017','洋尾社区',4),(217082,'330182104000','330182104201','西湖村委会',4),(217083,'330182104000','330182104211','葛家村委会',4),(217084,'330182104000','330182104216','顾家村委会',4),(217085,'330182104000','330182104227','伊村村委会',4),(217086,'330182104000','330182104228','龙泉村委会',4),(217087,'330182104000','330182104229','姜山村委会',4),(217088,'330182104000','330182104230','望山村委会',4),(217089,'330182104000','330182104231','南峰村委会',4),(217090,'330182104000','330182104232','城西村委会',4),(217091,'330182104000','330182104233','龙溪村委会',4),(217092,'330182104000','330182104234','滨江村委会',4),(217093,'330182104000','330182104235','利群村委会',4),(217094,'330182104000','330182104236','洋程村委会',4),(217095,'330182105000','330182105001','杨村桥社区',4),(217096,'330182105000','330182105200','绪塘村委会',4),(217097,'330182105000','330182105206','官路村委会',4),(217098,'330182105000','330182105207','黄盛村委会',4),(217099,'330182105000','330182105211','路边村委会',4),(217100,'330182105000','330182105218','徐坑村委会',4),(217101,'330182105000','330182105222','梓源村委会',4),(217102,'330182105000','330182105223','杨村桥村委会',4),(217103,'330182105000','330182105224','龙溪桥村委会',4),(217104,'330182105000','330182105225','上山村委会',4),(217105,'330182105000','330182105226','岭源村委会',4),(217106,'330182105000','330182105227','长宁村委会',4),(217107,'330182105000','330182105228','龙源村委会',4),(217108,'330182105000','330182105229','十里埠村委会',4),(217109,'330182106000','330182106001','下涯社区',4),(217110,'330182106000','330182106002','马目社区',4),(217111,'330182106000','330182106222','施家埠村委会',4),(217112,'330182106000','330182106226','大洲村委会',4),(217113,'330182106000','330182106227','金洲村委会',4),(217114,'330182106000','330182106228','春秋村委会',4),(217115,'330182106000','330182106229','下涯村委会',4),(217116,'330182106000','330182106230','乌驹市村委会',4),(217117,'330182106000','330182106231','江湾村委会',4),(217118,'330182106000','330182106232','之江村委会',4),(217119,'330182106000','330182106233','联和村委会',4),(217120,'330182106000','330182106234','马目村委会',4),(217121,'330182106000','330182106235','丰和村委会',4),(217122,'330182107000','330182107001','大洋社区',4),(217123,'330182107000','330182107002','麻车社区',4),(217124,'330182107000','330182107003','三河社区',4),(217125,'330182107000','330182107200','鲁塘村委会',4),(217126,'330182107000','330182107206','庆丰村委会',4),(217127,'330182107000','330182107208','胡店村委会',4),(217128,'330182107000','330182107209','徐店村委会',4),(217129,'330182107000','330182107210','里黄村委会',4),(217130,'330182107000','330182107215','高垣村委会',4),(217131,'330182107000','330182107219','杨桥村委会',4),(217132,'330182107000','330182107228','贺宅村委会',4),(217133,'330182107000','330182107238','大洋村委会',4),(217134,'330182107000','330182107239','上源村委会',4),(217135,'330182107000','330182107240','新源村委会',4),(217136,'330182107000','330182107241','麻车村委会',4),(217137,'330182107000','330182107242','柳村村委会',4),(217138,'330182107000','330182107243','青源村委会',4),(217139,'330182107000','330182107244','建南村委会',4),(217140,'330182107000','330182107245','倪家村委会',4),(217141,'330182107000','330182107246','河源村委会',4),(217142,'330182107000','330182107247','三河村委会',4),(217143,'330182107000','330182107248','江东村委会',4),(217144,'330182108000','330182108001','三都社区',4),(217145,'330182108000','330182108002','凤凰社区',4),(217146,'330182108000','330182108206','马宅村委会',4),(217147,'330182108000','330182108250','三江口村委会',4),(217148,'330182108000','330182108251','松口村委会',4),(217149,'330182108000','330182108252','三都村委会',4),(217150,'330182108000','330182108253','春江源村委会',4),(217151,'330182108000','330182108254','圣江村委会',4),(217152,'330182108000','330182108255','和村村委会',4),(217153,'330182108000','330182108256','新和村委会',4),(217154,'330182108000','330182108257','梓里村委会',4),(217155,'330182108000','330182108258','镇头村委会',4),(217156,'330182108000','330182108259','樟村畈村委会',4),(217157,'330182108000','330182108260','前源村委会',4),(217158,'330182108000','330182108261','绿源村委会',4),(217159,'330182108000','330182108262','羊峨村委会',4),(217160,'330182108000','330182108263','寿峰村委会',4),(217161,'330182108000','330182108264','凤凰村委会',4),(217162,'330182108000','330182108265','东方村委会',4),(217163,'330182108000','330182108266','大唐村委会',4),(217164,'330182108000','330182108267','乌祥村委会',4),(217165,'330182109000','330182109005','横山社区居委会',4),(217166,'330182109000','330182109006','东昌社区',4),(217167,'330182109000','330182109007','西湖社区',4),(217168,'330182109000','330182109008','望江社区',4),(217169,'330182109000','330182109009','童家社区',4),(217170,'330182109000','330182109213','三岩村委会',4),(217171,'330182109000','330182109217','石泉村委会',4),(217172,'330182109000','330182109234','东门村委会',4),(217173,'330182109000','330182109236','城北村委会',4),(217174,'330182109000','330182109237','城中村委会',4),(217175,'330182109000','330182109238','河南里村委会',4),(217176,'330182109000','330182109249','十八桥村委会',4),(217177,'330182109000','330182109250','卜家蓬村委会',4),(217178,'330182109000','330182109251','红路村委会',4),(217179,'330182109000','330182109252','余洪村委会',4),(217180,'330182109000','330182109253','大塘边村委会',4),(217181,'330182109000','330182109255','陈家村委会',4),(217182,'330182109000','330182109256','山峰村委会',4),(217183,'330182109000','330182109257','桂花村委会',4),(217184,'330182109000','330182109258','永嘉桥村委会',4),(217185,'330182109000','330182109259','南浦村委会',4),(217186,'330182109000','330182109260','西门村委会',4),(217187,'330182109000','330182109261','周村村委会',4),(217188,'330182109000','330182109262','童家村委会',4),(217189,'330182109000','330182109263','绿荷塘村委会',4),(217190,'330182109000','330182109264','西华村委会',4),(217191,'330182109000','330182109265','乌石村委会',4),(217192,'330182109000','330182109266','金桥村委会',4),(217193,'330182110000','330182110001','航头社区',4),(217194,'330182110000','330182110002','石屏社区',4),(217195,'330182110000','330182110203','罗源村委会',4),(217196,'330182110000','330182110225','彭家村委会',4),(217197,'330182110000','330182110231','田畈村委会',4),(217198,'330182110000','330182110242','东村村委会',4),(217199,'330182110000','330182110243','航景村委会',4),(217200,'330182110000','330182110244','黄木岗村委会',4),(217201,'330182110000','330182110245','溪沿村委会',4),(217202,'330182110000','330182110246','航川村委会',4),(217203,'330182110000','330182110247','航头村委会',4),(217204,'330182110000','330182110248','乌龙村委会',4),(217205,'330182110000','330182110249','千源村委会',4),(217206,'330182110000','330182110250','大店口村委会',4),(217207,'330182110000','330182110251','石木岭村委会',4),(217208,'330182110000','330182110252','钰塘村委会',4),(217209,'330182110000','330182110253','石屏村委会',4),(217210,'330182110000','330182110254','灵栖村委会',4),(217211,'330182110000','330182110255','南屏村委会',4),(217212,'330182110000','330182110256','曹源村委会',4),(217213,'330182111000','330182111001','檀村社区',4),(217214,'330182111000','330182111200','上吴方村委会',4),(217215,'330182111000','330182111232','新叶村委会',4),(217216,'330182111000','330182111233','李村村委会',4),(217217,'330182111000','330182111235','三元村委会',4),(217218,'330182111000','330182111236','檀村村委会',4),(217219,'330182111000','330182111237','大慈岩村委会',4),(217220,'330182111000','330182111238','吴山村委会',4),(217221,'330182111000','330182111239','里叶村委会',4),(217222,'330182111000','330182111240','双泉村委会',4),(217223,'330182111000','330182111241','陈店村委会',4),(217224,'330182111000','330182111242','狮山村委会',4),(217225,'330182111000','330182111243','汪山村委会',4),(217226,'330182112000','330182112001','大同社区',4),(217227,'330182112000','330182112002','劳村社区',4),(217228,'330182112000','330182112003','上马社区',4),(217229,'330182112000','330182112203','三村村委会',4),(217230,'330182112000','330182112205','郎家村委会',4),(217231,'330182112000','330182112210','高桥村委会',4),(217232,'330182112000','330182112211','胡村源村委会',4),(217233,'330182112000','330182112217','富塘村委会',4),(217234,'330182112000','330182112218','淞溪村委会',4),(217235,'330182112000','330182112224','清潭村委会',4),(217236,'330182112000','330182112227','葛岭村委会',4),(217237,'330182112000','330182112228','寻芳村委会',4),(217238,'330182112000','330182112229','潘村村委会',4),(217239,'330182112000','330182112235','黄山头村委会',4),(217240,'330182112000','330182112236','黄家村委会',4),(217241,'330182112000','330182112237','黄垅村委会',4),(217242,'330182112000','330182112238','田畈村委会',4),(217243,'330182112000','330182112242','城山村委会',4),(217244,'330182112000','330182112245','儒博村委会',4),(217245,'330182112000','330182112248','禹甸村委会',4),(217246,'330182112000','330182112249','小溪源村委会',4),(217247,'330182112000','330182112258','永平村委会',4),(217248,'330182112000','330182112259','永盛村委会',4),(217249,'330182112000','330182112260','徐韩村委会',4),(217250,'330182112000','330182112261','大同村委会',4),(217251,'330182112000','330182112262','溪口村委会',4),(217252,'330182112000','330182112263','镇源村委会',4),(217253,'330182112000','330182112264','盘山村委会',4),(217254,'330182112000','330182112265','朝阳村委会',4),(217255,'330182112000','330182112266','劳村村委会',4),(217256,'330182112000','330182112267','丰畈村委会',4),(217257,'330182112000','330182112268','枫树岭村委会',4),(217258,'330182112000','330182112269','万兴村委会',4),(217259,'330182112000','330182112270','上马村委会',4),(217260,'330182112000','330182112271','竹源村委会',4),(217261,'330182112000','330182112272','江头村委会',4),(217262,'330182112000','330182112273','管村桥村委会',4),(217263,'330182113000','330182113001','李家社区',4),(217264,'330182113000','330182113203','诸家村委会',4),(217265,'330182113000','330182113204','新桥村委会',4),(217266,'330182113000','330182113214','三溪村委会',4),(217267,'330182113000','330182113222','李家村委会',4),(217268,'330182113000','330182113223','新联村委会',4),(217269,'330182113000','330182113224','龙桥村委会',4),(217270,'330182113000','330182113225','沙墩头村委会',4),(217271,'330182113000','330182113226','长林村委会',4),(217272,'330182113000','330182113227','白马村委会',4),(217273,'330182113000','330182113228','石鼓村委会',4),(217274,'330182202000','330182202001','钦堂社区',4),(217275,'330182202000','330182202200','谢田村委会',4),(217276,'330182202000','330182202208','庙前村委会',4),(217277,'330182202000','330182202209','庄丰村委会',4),(217278,'330182202000','330182202210','葛塘村委会',4),(217279,'330182202000','330182202212','钦堂村委会',4),(217280,'330182202000','330182202213','蒲田村委会',4),(217281,'330182202000','330182202214','大溪边村委会',4),(217282,'330185002000','330185002209','崂山村委会',4),(217283,'330185002000','330185002235','夏禹桥村委会',4),(217284,'330185002000','330185002236','前山村委会',4),(217285,'330185002000','330185002237','锦球村委会',4),(217286,'330185002000','330185002238','高源村委会',4),(217287,'330185002000','330185002239','宏渡村委会',4),(217288,'330185002000','330185002240','化龙村委会',4),(217289,'330185002000','330185002241','双源村委会',4),(217290,'330185002000','330185002242','桥岭村委会',4),(217291,'330185002000','330185002243','玲珑村委会',4),(217292,'330185002000','330185002244','东山村委会',4),(217293,'330185002000','330185002245','上泉村委会',4),(217294,'330185002000','330185002246','祥里村委会',4),(217295,'330185002000','330185002247','锦绣村委会',4),(217296,'330185002000','330185002248','米积村委会',4),(217297,'330185002000','330185002249','雅园村委会',4),(217298,'330185005000','330185005201','柯家村委会',4),(217299,'330185005000','330185005202','杨岱村委会',4),(217300,'330185005000','330185005203','上畔村委会',4),(217301,'330185005000','330185005204','上甘村委会',4),(217302,'330185005000','330185005205','锦源村委会',4),(217303,'330185005000','330185005206','横岭村委会',4),(217304,'330185005000','330185005207','兰锦村委会',4),(217305,'330185005000','330185005208','市坞村委会',4),(217306,'330185005000','330185005209','卦畈村委会',4),(217307,'330185006000','330185006001','武肃里社区',4),(217308,'330185006000','330185006002','浙江林学院社区',4),(217309,'330185006000','330185006003','文昌阁社区',4),(217310,'330185006000','330185006004','苕溪社区',4),(217311,'330185006000','330185006005','锦桥社区',4),(217312,'330185006000','330185006006','兰岭社区',4),(217313,'330185006000','330185006007','新民里社区',4),(217314,'330185006000','330185006008','万马社区',4),(217315,'330185006000','330185006009','锦潭社区',4),(217316,'330185006000','330185006010','新民居委会',4),(217317,'330185006000','330185006011','胜利居委会',4),(217318,'330185006000','330185006012','东门居委会',4),(217319,'330185006000','330185006013','西瓜居委会',4),(217320,'330185006000','330185006014','锦桥居委会',4),(217321,'330185006000','330185006015','余村居委会',4),(217322,'330185006000','330185006016','青龙居委会',4),(217323,'330185006000','330185006017','横潭居委会',4),(217324,'330185006000','330185006200','泥山湾村委会',4),(217325,'330185006000','330185006201','新溪桥村委会',4),(217326,'330185006000','330185006202','横街村委会',4),(217327,'330185006000','330185006203','青柯村委会',4),(217328,'330185006000','330185006204','钱王铺村委会',4),(217329,'330185007000','330185007001','西墅社区',4),(217330,'330185007000','330185007002','马溪社区',4),(217331,'330185007000','330185007003','西墅居委会',4),(217332,'330185007000','330185007004','竹林居委会',4),(217333,'330185007000','330185007005','马溪居委会',4),(217334,'330185007000','330185007200','东湖村委会',4),(217335,'330185007000','330185007201','平山村委会',4),(217336,'330185007000','330185007202','回龙村委会',4),(217337,'330185007000','330185007203','潘山村委会',4),(217338,'330185007000','330185007204','新联村委会',4),(217339,'330185007000','330185007205','金马村委会',4),(217340,'330185007000','330185007206','上东村委会',4),(217341,'330185007000','330185007207','龙马村委会',4),(217342,'330185007000','330185007208','集贤村委会',4),(217343,'330185007000','330185007209','大罗村委会',4),(217344,'330185007000','330185007210','泥川村委会',4),(217345,'330185007000','330185007211','民主村委会',4),(217346,'330185008000','330185008200','胜联村委会',4),(217347,'330185008000','330185008201','青山村委会',4),(217348,'330185008000','330185008202','坎头村委会',4),(217349,'330185008000','330185008203','研口村委会',4),(217350,'330185008000','330185008204','研里村委会',4),(217351,'330185008000','330185008205','蒋杨村委会',4),(217352,'330185008000','330185008206','洞霄宫村委会',4),(217353,'330185008000','330185008207','青南村委会',4),(217354,'330185008000','330185008208','朱村村委会',4),(217355,'330185008000','330185008209','孝村村委会',4),(217356,'330185008000','330185008210','郎家村委会',4),(217357,'330185008000','330185008211','潘联村委会',4),(217358,'330185008000','330185008212','洪村村委会',4),(217359,'330185008000','330185008213','庆南村委会',4),(217360,'330185008000','330185008214','庆北村委会',4),(217361,'330185008000','330185008215','白水涧村委会',4),(217362,'330185008000','330185008216','泉口村委会',4),(217363,'330185008000','330185008217','雅观村委会',4),(217364,'330185008000','330185008218','安村村委会',4),(217365,'330185102000','330185102222','活山村委会',4),(217366,'330185102000','330185102223','高乐村委会',4),(217367,'330185102000','330185102224','虹桥村委会',4),(217368,'330185102000','330185102225','高桥村委会',4),(217369,'330185102000','330185102226','长溪村委会',4),(217370,'330185102000','330185102227','石门村委会',4),(217371,'330185102000','330185102228','大山村委会',4),(217372,'330185102000','330185102229','龙上村委会',4),(217373,'330185102000','330185102230','崇阳村委会',4),(217374,'330185103000','330185103200','浪口村委会',4),(217375,'330185103000','330185103221','杨桥村委会',4),(217376,'330185103000','330185103248','指南村委会',4),(217377,'330185103000','330185103251','碧淙村委会',4),(217378,'330185103000','330185103252','青云村委会',4),(217379,'330185103000','330185103253','夏村村委会',4),(217380,'330185103000','330185103254','横徐村委会',4),(217381,'330185103000','330185103255','畈龙村委会',4),(217382,'330185103000','330185103256','射干村委会',4),(217383,'330185103000','330185103257','里畈村委会',4),(217384,'330185103000','330185103258','金岫村委会',4),(217385,'330185103000','330185103259','众社村委会',4),(217386,'330185103000','330185103260','高云村委会',4),(217387,'330185103000','330185103261','南庄村委会',4),(217388,'330185103000','330185103262','上阳村委会',4),(217389,'330185103000','330185103263','光辉村委会',4),(217390,'330185103000','330185103264','东天目村委会',4),(217391,'330185103000','330185103265','临目村委会',4),(217392,'330185103000','330185103266','白沙村委会',4),(217393,'330185103000','330185103267','东坑村委会',4),(217394,'330185104000','330185104001','於潜社区',4),(217395,'330185104000','330185104200','金家村委会',4),(217396,'330185104000','330185104201','下埠村委会',4),(217397,'330185104000','330185104202','横山村委会',4),(217398,'330185104000','330185104203','昔口村委会',4),(217399,'330185104000','330185104209','民幸村委会',4),(217400,'330185104000','330185104226','铜山村委会',4),(217401,'330185104000','330185104233','绍鲁村委会',4),(217402,'330185104000','330185104253','南山村委会',4),(217403,'330185104000','330185104254','祈祥村委会',4),(217404,'330185104000','330185104255','自由村委会',4),(217405,'330185104000','330185104256','观山村委会',4),(217406,'330185104000','330185104257','后渚村委会',4),(217407,'330185104000','330185104258','凌口桥村委会',4),(217408,'330185104000','330185104259','英公村委会',4),(217409,'330185104000','330185104260','百园村委会',4),(217410,'330185104000','330185104261','谢家村委会',4),(217411,'330185104000','330185104262','方元村委会',4),(217412,'330185104000','330185104263','横鑫村委会',4),(217413,'330185104000','330185104264','潜东村委会',4),(217414,'330185104000','330185104265','田干村委会',4),(217415,'330185104000','330185104266','光明村委会',4),(217416,'330185104000','330185104267','堰口村委会',4),(217417,'330185104000','330185104268','双坑村委会',4),(217418,'330185104000','330185104269','古竺村委会',4),(217419,'330185104000','330185104270','逸逸村委会',4),(217420,'330185104000','330185104271','扶西村委会',4),(217421,'330185104000','330185104272','杨洪村委会',4),(217422,'330185104000','330185104273','泗洲村委会',4),(217423,'330185104000','330185104274','朱湾村委会',4),(217424,'330185104000','330185104275','千茂村委会',4),(217425,'330185106000','330185106210','上庄村委会',4),(217426,'330185106000','330185106226','锦坑桥村委会',4),(217427,'330185106000','330185106229','太阳村委会',4),(217428,'330185106000','330185106230','太源村委会',4),(217429,'330185106000','330185106231','双庙村委会',4),(217430,'330185106000','330185106232','大地村委会',4),(217431,'330185106000','330185106233','景村村委会',4),(217432,'330185106000','330185106234','浪山村委会',4),(217433,'330185106000','330185106235','桃源溪村委会',4),(217434,'330185106000','330185106236','上太阳村委会',4),(217435,'330185106000','330185106237','枫树岭村委会',4),(217436,'330185106000','330185106238','谢家桥村委会',4),(217437,'330185106000','330185106239','登村村委会',4),(217438,'330185106000','330185106240','武村村委会',4),(217439,'330185106000','330185106241','大溪坞村委会',4),(217440,'330185106000','330185106242','横路村委会',4),(217441,'330185106000','330185106243','鹤里村委会',4),(217442,'330185106000','330185106244','寨村村委会',4),(217443,'330185107000','330185107200','塔山村委会',4),(217444,'330185107000','330185107210','城后村委会',4),(217445,'330185107000','330185107211','阔滩村委会',4),(217446,'330185107000','330185107220','马山村委会',4),(217447,'330185107000','330185107223','海龙村委会',4),(217448,'330185107000','330185107224','牧亭村委会',4),(217449,'330185107000','330185107225','麻车埠村委会',4),(217450,'330185107000','330185107226','青山殿村委会',4),(217451,'330185107000','330185107227','中间桥村委会',4),(217452,'330185107000','330185107228','沈家坞村委会',4),(217453,'330185107000','330185107229','西乐村委会',4),(217454,'330185107000','330185107230','七坑村委会',4),(217455,'330185107000','330185107231','乐平村委会',4),(217456,'330185107000','330185107232','上沃村委会',4),(217457,'330185107000','330185107233','伍村村委会',4),(217458,'330185107000','330185107234','外伍村委会',4),(217459,'330185108000','330185108001','昌化社区',4),(217460,'330185108000','330185108200','东街村委会',4),(217461,'330185108000','330185108201','西街村委会',4),(217462,'330185108000','330185108203','孙家村委会',4),(217463,'330185108000','330185108204','后营村委会',4),(217464,'330185108000','330185108208','朱穴村委会',4),(217465,'330185108000','330185108226','虞溪村委会',4),(217466,'330185108000','330185108227','石铺村委会',4),(217467,'330185108000','330185108228','双塔村委会',4),(217468,'330185108000','330185108229','朱白村委会',4),(217469,'330185108000','330185108230','白牛村委会',4),(217470,'330185108000','330185108231','九龙村委会',4),(217471,'330185108000','330185108232','联盟村委会',4),(217472,'330185108000','330185108233','后葛村委会',4),(217473,'330185108000','330185108234','上营村委会',4),(217474,'330185109000','330185109201','泥骆村委会',4),(217475,'330185109000','330185109211','朱秀村委会',4),(217476,'330185109000','330185109212','云浪村委会',4),(217477,'330185109000','330185109227','河桥村委会',4),(217478,'330185109000','330185109228','中鑫村委会',4),(217479,'330185109000','330185109229','七都村委会',4),(217480,'330185109000','330185109230','罗山村委会',4),(217481,'330185109000','330185109231','秀溪村委会',4),(217482,'330185109000','330185109232','蒲村村委会',4),(217483,'330185109000','330185109233','学川村委会',4),(217484,'330185109000','330185109234','金燕村委会',4),(217485,'330185111000','330185111201','迎丰村委会',4),(217486,'330185111000','330185111212','桐坑村委会',4),(217487,'330185111000','330185111230','湍口村委会',4),(217488,'330185111000','330185111231','凉溪村委会',4),(217489,'330185111000','330185111232','三联村委会',4),(217490,'330185111000','330185111233','塘秀村委会',4),(217491,'330185111000','330185111234','塘溪源村委会',4),(217492,'330185111000','330185111235','石室村委会',4),(217493,'330185111000','330185111236','湍源村委会',4),(217494,'330185111000','330185111237','洪岭村委会',4),(217495,'330185111000','330185111238','雪山村委会',4),(217496,'330185111000','330185111239','二联村委会',4),(217497,'330185111000','330185111240','童家村委会',4),(217498,'330185112000','330185112210','鸠甫村委会',4),(217499,'330185112000','330185112224','九都村委会',4),(217500,'330185112000','330185112225','新都村委会',4),(217501,'330185112000','330185112226','颊口村委会',4),(217502,'330185112000','330185112227','新峰村委会',4),(217503,'330185112000','330185112228','林竹村委会',4),(217504,'330185112000','330185112229','杨溪村委会',4),(217505,'330185112000','330185112230','新顺溪村委会',4),(217506,'330185112000','330185112231','昱岭关村委会',4),(217507,'330185112000','330185112232','白果村委会',4),(217508,'330185112000','330185112233','浙川村委会',4),(217509,'330185112000','330185112234','浪广村委会',4),(217510,'330185112000','330185112235','湖门村委会',4),(217511,'330185112000','330185112236','马啸村委会',4),(217512,'330185112000','330185112237','大鹄村委会',4),(217513,'330185112000','330185112238','玉屏村委会',4),(217514,'330185112000','330185112239','石长城村委会',4),(217515,'330185113000','330185113210','江川村委会',4),(217516,'330185113000','330185113232','岛石村委会',4),(217517,'330185113000','330185113233','山川村委会',4),(217518,'330185113000','330185113234','黄川村委会',4),(217519,'330185113000','330185113235','新二村委会',4),(217520,'330185113000','330185113236','仁里村委会',4),(217521,'330185113000','330185113237','太平里村委会',4),(217522,'330185113000','330185113238','茶亭村委会',4),(217523,'330185113000','330185113239','银坑村委会',4),(217524,'330185113000','330185113240','呼日村委会',4),(217525,'330185113000','330185113241','下许村委会',4),(217526,'330185113000','330185113242','上许村委会',4),(217527,'330185113000','330185113243','新桥村委会',4),(217528,'330185113000','330185113244','大山川村委会',4),(217529,'330185113000','330185113245','桥川村委会',4),(217530,'330185113000','330185113246','阳光村委会',4),(217531,'330185115000','330185115200','豆川村委会',4),(217532,'330185115000','330185115201','牌联村委会',4),(217533,'330185115000','330185115202','板桥村委会',4),(217534,'330185115000','330185115203','花戏村委会',4),(217535,'330185115000','330185115204','上田村委会',4),(217536,'330185115000','330185115205','环湖村委会',4),(217537,'330185115000','330185115206','如龙村委会',4),(217538,'330185115000','330185115207','桃源村委会',4),(217539,'330185115000','330185115208','灵溪村委会',4),(217540,'330185115000','330185115209','葱坑村委会',4),(217541,'330185115000','330185115210','界联村委会',4),(217542,'330185115000','330185115211','三口村委会',4),(217543,'330185115000','330185115212','花桥村委会',4),(217544,'330185115000','330185115213','上钱村委会',4),(217545,'330185115000','330185115214','秋口村委会',4),(217546,'330185116000','330185116200','严家村委会',4),(217547,'330185116000','330185116201','藻溪村委会',4),(217548,'330185116000','330185116202','长六村委会',4),(217549,'330185116000','330185116203','闽坞村委会',4),(217550,'330185116000','330185116204','周云村委会',4),(217551,'330185116000','330185116205','横塘村委会',4),(217552,'330185116000','330185116206','杲村村委会',4),(217553,'330185116000','330185116207','亭口村委会',4),(217554,'330185116000','330185116208','对石村委会',4),(217555,'330185116000','330185116209','桂芳桥村委会',4),(217556,'330185116000','330185116210','肇村村委会',4),(217557,'330185116000','330185116211','九里村委会',4),(217558,'330185116000','330185116212','白鹤村委会',4),(217559,'330185116000','330185116213','武山村委会',4),(217560,'330185116000','330185116214','九狮村委会',4),(217561,'330185116000','330185116215','门口村委会',4),(217562,'330185116000','330185116216','告岭村委会',4),(217563,'330185116000','330185116217','一都村委会',4),(217564,'330185116000','330185116218','天目村委会',4),(217565,'330185116000','330185116219','徐村村委会',4),(217566,'330185116000','330185116220','交口村委会',4),(217567,'330185116000','330185116221','西游村委会',4),(217568,'330185116000','330185116222','月亮桥村委会',4),(217569,'330185117000','330185117200','无他村委会',4),(217570,'330185117000','330185117201','汤家湾村委会',4),(217571,'330185117000','330185117202','群沃村委会',4),(217572,'330185117000','330185117203','林坑村委会',4),(217573,'330185117000','330185117204','百丈村委会',4),(217574,'330185117000','330185117205','新溪新村委会',4),(217575,'330185117000','330185117206','龙井村委会',4),(217576,'330185117000','330185117207','兴龙村委会',4),(217577,'330185117000','330185117208','龙井桥村委会',4),(217578,'330185117000','330185117209','桃花溪村委会',4),(217579,'330185117000','330185117210','大峡谷村委会',4),(217580,'330185117000','330185117211','相见村委会',4),(217581,'330185117000','330185117212','五星村委会',4),(217582,'330185117000','330185117213','峡谷源村委会',4),(217583,'330185117000','330185117214','玉山村委会',4),(217584,'330185117000','330185117215','国石村委会',4),(217585,'330185117000','330185117216','太平村委会',4),(217586,'330185117000','330185117217','东塔村委会',4),(217587,'330185117000','330185117218','上溪村委会',4),(217588,'330185117000','330185117219','华光潭村委会',4),(217589,'330185117000','330185117220','华川村委会',4),(217590,'330185117000','330185117221','鱼跳村委会',4),(217591,'330185117000','330185117222','望湖村委会',4),(217592,'330185117000','330185117223','仙人塘村委会',4);

--
