-- Table structure for table `ya02wmsj_cecoe_order`
--

CREATE TABLE `ya02wmsj_cecoe_order` (
  `id` int(10) unsigned NOT NULL AUTO_INCREMENT COMMENT '表ID',
  `node_id` mediumint(8) NOT NULL DEFAULT '0' COMMENT '栏目id',
  `name` varchar(101) NOT NULL DEFAULT '' COMMENT '活动名称',
  `content` text COMMENT '活动描述',
  `start_time` timestamp NOT NULL DEFAULT '0000-00-00 00:00:00' COMMENT '活动开始时间',
  `end_time` timestamp NOT NULL DEFAULT '0000-00-00 00:00:00' COMMENT '活动结束时间',
  `sign_start_time` timestamp NOT NULL DEFAULT '0000-00-00 00:00:00' COMMENT '报名开始时间',
  `sign_end_time` timestamp NOT NULL DEFAULT '0000-00-00 00:00:00' COMMENT '报名结束时间',
  `man_id` char(32) NOT NULL DEFAULT '' COMMENT '活动发起人 关联user表uuid',
  `ctime` datetime NOT NULL DEFAULT '1970-01-01 00:00:00' COMMENT '活动创建时间',
  `status` tinyint(3) unsigned NOT NULL DEFAULT '0' COMMENT '活动状态  0-进行中  1-取消  2-截止',
  `need_sign` enum('n','y') NOT NULL DEFAULT 'n' COMMENT '活动是否需要公众用户报名',
  `node_source` enum('county','town','village') DEFAULT 'county' COMMENT '当前栏目所属区域层级',
  `icon_path` varchar(302) NOT NULL DEFAULT '' COMMENT '图片存储路径集合，多个以逗号隔开',
  `sort` int(10) unsigned NOT NULL DEFAULT '99' COMMENT '文章排序',
  `top_status` enum('n','y') NOT NULL DEFAULT 'n' COMMENT '是否推荐首页',
  `top_icon` varchar(201) NOT NULL DEFAULT '' COMMENT '推荐图片',
  `type` enum('online','offline','order') DEFAULT 'online' COMMENT '活动类型 online-线上  offline-线下',
  `source` char(9) NOT NULL DEFAULT 'SOURCE001' COMMENT '来源 关联order_source 表code字段',
  `pstatus` char(9) NOT NULL DEFAULT 'STATUS001' COMMENT '状态,关联order_status 表code字段',
  `hosts` enum('volunteer','practice') DEFAULT 'volunteer' COMMENT '主办方,volunteer-志愿组织, practice-实践组织',
  `category_id` int(10) unsigned NOT NULL DEFAULT '0' COMMENT '志愿者服务分类id,关联volunteer_catogory表id',
  `region_code` char(13) NOT NULL DEFAULT '' COMMENT '区域编码，关联region表code',
  `region_code_organ` char(13) NOT NULL DEFAULT '' COMMENT '队伍区域编码，关联region表code',
  `sign_num` smallint(5) unsigned NOT NULL DEFAULT '0' COMMENT '招募志愿者人数',
  `reject_reason` varchar(201) NOT NULL DEFAULT '' COMMENT '驳回说明',
  `next_handler` char(32) NOT NULL DEFAULT '' COMMENT '上一步实际处理人',
  `item_id` int(10) unsigned NOT NULL COMMENT '事项ID, 关联item表ID',
  `item_version` varchar(15) NOT NULL COMMENT '事件流程版本',
  `cur_handler` varchar(330) NOT NULL COMMENT '当前系统处理人ID,多个以逗号隔开，最多10人',
  `next_operate` char(10) NOT NULL DEFAULT '' COMMENT '上一步操作,关联order_operate 表code字段',
  `next_handle_time` timestamp NOT NULL DEFAULT CURRENT_TIMESTAMP COMMENT '上一步处理时间',
  `jointid` smallint(5) unsigned NOT NULL DEFAULT '0' COMMENT '当前联审的ID,对应item_process表的isjoint字段',
  `address` varchar(255) NOT NULL DEFAULT '' COMMENT '活动开展地点',
  PRIMARY KEY (`id`)
) ENGINE=InnoDB AUTO_INCREMENT=27 DEFAULT CHARSET=utf8 COMMENT='点单表';

--
-- Dumping data for table `ya02wmsj_cecoe_order`
--

INSERT INTO `ya02wmsj_cecoe_order` VALUES (1,0,'汛桥镇书法活动','汛桥镇书法活动','2020-03-22 16:00:00','2020-03-22 16:00:00','2020-03-22 16:00:00','2020-03-22 16:00:00','8abbec18ddc84f2c9156834c85bd5df5','2020-03-23 15:55:52',0,'n','town','',99,'n','','order','SOURCE005','STATUS009','volunteer',23,'331082100000','331082100000',0,'','8abbec18ddc84f2c9156834c85bd5df5',25,'','8abbec18ddc84f2c9156834c85bd5df5','','2020-03-23 08:25:31',0,''),(2,0,'汛桥镇书法活动2','汛桥镇书法活动2','2020-03-22 16:00:00','2020-03-22 16:00:00','2020-03-22 16:00:00','2020-03-22 16:00:00','8abbec18ddc84f2c9156834c85bd5df5','2020-03-23 16:26:12',0,'n','town','',99,'n','','order','SOURCE005','STATUS009','volunteer',23,'331082100000','331082100000',0,'','8abbec18ddc84f2c9156834c85bd5df5',25,'','8abbec18ddc84f2c9156834c85bd5df5','','2020-03-23 08:27:41',0,''),(3,0,'府东社区书法活动','府东社区书法活动','2020-03-22 16:00:00','2020-03-22 16:00:00','2020-03-22 16:00:00','2020-03-22 16:00:00','e933e3f04c85424b807adf7e5c0e4b48','2020-03-23 16:29:55',0,'n','village','',99,'n','','order','SOURCE005','STATUS009','volunteer',23,'331082002001','331082100000',0,'','8abbec18ddc84f2c9156834c85bd5df5',19,'','8abbec18ddc84f2c9156834c85bd5df5','','2020-03-23 08:35:05',0,''),(4,0,'特色公益活动','特色公益','2020-03-22 16:00:00','2020-03-22 16:00:00','2020-03-22 16:00:00','2020-03-22 16:00:00','d3a543037ce6446994e236af44c7a752','2020-03-23 16:39:14',0,'n','village','',99,'n','','order','SOURCE005','STATUS009','volunteer',29,'331082100200','331082002000',0,'','068a1d3dad2842a7b046a58bd798cfa6',19,'','068a1d3dad2842a7b046a58bd798cfa6','','2020-03-23 08:43:48',0,''),(5,0,'府东社区书法活动2','府东社区书法活动2','2020-03-22 16:00:00','2020-03-22 16:00:00','2020-03-22 16:00:00','2020-03-22 16:00:00','e933e3f04c85424b807adf7e5c0e4b48','2020-03-23 16:44:58',0,'n','village','',99,'n','','order','SOURCE005','STATUS011','volunteer',23,'331082002001','331082100000',0,'','068a1d3dad2842a7b046a58bd798cfa6',19,'','068a1d3dad2842a7b046a58bd798cfa6','','2020-03-23 08:45:19',0,''),(7,0,'测试','测试','2020-03-23 16:00:00','2020-03-23 16:00:00','0000-00-00 00:00:00','0000-00-00 00:00:00','4d92a971360243b0bab91e2ffc6740e3','2020-03-24 16:32:12',0,'n','county','',99,'n','','order','SOURCE005','STATUS007','volunteer',23,'331082000000','331082100000',0,'','f6c059f7dccc49c4a6416b756fdc40b2',23,'','f62b055d90d64875b26b2b6d39a59138,c1c0b56a155748a2b75fff29db091c81','','2020-03-25 01:07:29',0,''),(8,0,'捐献书籍','大家可以将家里不需要的图书捐献给山区的学校或图书馆，希望大家踊跃参加','2020-03-24 16:00:00','2020-03-30 16:00:00','0000-00-00 00:00:00','0000-00-00 00:00:00','4d92a971360243b0bab91e2ffc6740e3','2020-03-25 17:37:17',0,'n','town','/uploads/ya02wmsj_cecoe/pic/20200325/7e33f329e5d65c4c14e5d6512861a9e0.jpg',99,'n','','order','SOURCE005','STATUS003','volunteer',23,'331082001000','331082100000',0,'','f62b055d90d64875b26b2b6d39a59138',21,'','8abbec18ddc84f2c9156834c85bd5df5','','2020-04-12 15:15:43',0,''),(9,0,'2020春季送书法活动','临海市范围内的送书法活动','2020-03-31 16:00:00','2020-04-14 16:00:00','0000-00-00 00:00:00','0000-00-00 00:00:00','4d92a971360243b0bab91e2ffc6740e3','2020-04-07 10:25:38',0,'n','county','/uploads/ya02wmsj_cecoe/pic/20200407/0535dbc230f86e2d1e4402fa2a0bf5bd.jpg',99,'n','','order','SOURCE005','STATUS009','volunteer',23,'331082000000','331082100000',0,'','8abbec18ddc84f2c9156834c85bd5df5',23,'','8abbec18ddc84f2c9156834c85bd5df5','','2020-04-07 03:21:40',0,''),(10,0,'faq','faq','2020-04-08 16:00:00','2020-04-08 16:00:00','0000-00-00 00:00:00','0000-00-00 00:00:00','068a1d3dad2842a7b046a58bd798cfa6','2020-04-09 13:26:52',0,'n','town','',99,'n','','order','SOURCE005','STATUS002','volunteer',23,'331082002000','331082100000',0,'','',21,'','f62b055d90d64875b26b2b6d39a59138,c1c0b56a155748a2b75fff29db091c81','','2020-04-09 05:26:52',0,''),(11,0,'山地救援知识宣讲','山地救援知识宣讲','2020-04-08 16:00:00','2020-04-09 16:00:00','0000-00-00 00:00:00','0000-00-00 00:00:00','4d92a971360243b0bab91e2ffc6740e3','2020-04-09 15:13:00',0,'n','county','/uploads/ya02wmsj_cecoe/pic/20200409/8eec1d5423635a522d759ef68959084f.png',99,'n','','order','SOURCE005','STATUS004','volunteer',41,'331082000000','331082000000',0,'','',24,'','f62b055d90d64875b26b2b6d39a59138,c1c0b56a155748a2b75fff29db091c81','','2020-04-09 07:13:00',0,''),(12,0,'山地救援知识宣讲','<p class=\"MsoBodyText\" style=\"margin-top:4.5pt;margin-right:16.0pt;margin-bottom:\n0cm;margin-left:39.1pt;margin-bottom:.0001pt;text-indent:-11.05pt;line-height:\n80%;punctuation-wrap:simple;mso-line-break-override:restrictions\">向热爱户外运动的网友们宣传运动的风险性 及一些常规的自我保护和自我救援工作，介</p>\n\n<p class=\"MsoBodyText\" style=\"margin-top:8.05pt;margin-right:0cm;margin-bottom:\n0cm;margin-left:39.1pt;margin-bottom:.0001pt;line-height:54%;punctuation-wrap:\nsimple;mso-line-break-override:restrictions\">绍野外用火的注意以及扎营的必备条件等一 些户外必须要防范的知识 （2 人）</p>','2019-12-31 16:00:00','2020-12-30 16:00:00','0000-00-00 00:00:00','0000-00-00 00:00:00','4d92a971360243b0bab91e2ffc6740e3','2020-04-09 18:37:14',0,'n','county','',99,'n','','order','SOURCE005','STATUS004','volunteer',41,'331082000000','331082000000',0,'','',24,'','f62b055d90d64875b26b2b6d39a59138,c1c0b56a155748a2b75fff29db091c81','','2020-04-09 10:37:14',0,''),(13,0,'山地救援行动','对在山林中迷路、被困的人开展无偿救援帮 助，随叫随到 （100 人）','2019-12-31 16:00:00','2020-12-30 16:00:00','0000-00-00 00:00:00','0000-00-00 00:00:00','4d92a971360243b0bab91e2ffc6740e3','2020-04-09 18:39:34',0,'n','county','',99,'n','','order','SOURCE005','STATUS004','volunteer',42,'331082000000','331082000000',0,'','',24,'','f62b055d90d64875b26b2b6d39a59138,c1c0b56a155748a2b75fff29db091c81','','2020-04-09 10:39:34',0,''),(14,0,'舞蹈类宣讲','开展舞蹈类宣讲 （20 人）','2019-12-31 16:00:00','2020-12-30 16:00:00','0000-00-00 00:00:00','0000-00-00 00:00:00','4d92a971360243b0bab91e2ffc6740e3','2020-04-09 19:34:52',0,'n','county','',99,'n','','order','SOURCE005','STATUS004','volunteer',43,'331082000000','331082000000',0,'','',24,'','f62b055d90d64875b26b2b6d39a59138,c1c0b56a155748a2b75fff29db091c81','','2020-04-09 11:34:52',0,''),(15,0,'“唱好治水好声音”','开展“唱好治水好声音”演讲 （10 人）','2019-12-31 16:00:00','2020-12-30 16:00:00','0000-00-00 00:00:00','0000-00-00 00:00:00','4d92a971360243b0bab91e2ffc6740e3','2020-04-09 19:36:47',0,'n','county','',99,'n','','order','SOURCE005','STATUS005','volunteer',44,'331082000000','331082000000',0,'','f62b055d90d64875b26b2b6d39a59138',24,'','bab5bed5198249b5b3001e73ea879eda','','2020-04-12 15:55:14',0,''),(16,0,'“水情讲堂”讲座','《老赵讲水情》 讲座 （1 人）','2019-12-31 16:00:00','2020-12-30 16:00:00','0000-00-00 00:00:00','0000-00-00 00:00:00','4d92a971360243b0bab91e2ffc6740e3','2020-04-09 19:37:35',0,'n','county','',99,'n','','order','SOURCE005','STATUS004','volunteer',45,'331082000000','331082000000',0,'','',24,'','f62b055d90d64875b26b2b6d39a59138,c1c0b56a155748a2b75fff29db091c81','','2020-04-09 11:37:35',0,''),(17,0,'送书法专场活动','送书法专场活动','2020-04-09 16:00:00','2020-04-09 16:00:00','0000-00-00 00:00:00','0000-00-00 00:00:00','4d92a971360243b0bab91e2ffc6740e3','2020-04-10 14:09:23',0,'n','county','',99,'n','','order','SOURCE005','STATUS011','volunteer',23,'331082000000','331082100000',0,'','8abbec18ddc84f2c9156834c85bd5df5',23,'','8abbec18ddc84f2c9156834c85bd5df5','','2020-04-11 06:00:08',0,''),(18,0,'2020送书法活动专场','送书法活动专场','2020-04-09 16:00:00','2020-04-24 16:00:00','0000-00-00 00:00:00','0000-00-00 00:00:00','4d92a971360243b0bab91e2ffc6740e3','2020-04-10 14:16:27',0,'n','town','',99,'n','','order','SOURCE005','STATUS006','volunteer',23,'331082001000','331082100000',0,'','f6c059f7dccc49c4a6416b756fdc40b2',21,'','f6c059f7dccc49c4a6416b756fdc40b2','','2020-04-11 03:48:06',0,''),(19,0,'公益宣讲活动','公益活动，帮助老人，幼儿','2020-04-12 16:00:00','2020-04-16 16:00:00','0000-00-00 00:00:00','0000-00-00 00:00:00','e933e3f04c85424b807adf7e5c0e4b48','2020-04-11 13:33:33',0,'n','village','/uploads/ya02wmsj_cecoe/pic/20200411/254a81f7b1488f212722018caf5e11fe.jpg',99,'n','','order','SOURCE005','STATUS004','volunteer',27,'331082002001','331082000000',0,'','f62b055d90d64875b26b2b6d39a59138',20,'','f62b055d90d64875b26b2b6d39a59138,c1c0b56a155748a2b75fff29db091c81','','2020-04-11 05:35:05',0,''),(20,0,'送书法活动','送书法活动','2020-04-10 16:00:00','2020-04-12 16:00:00','0000-00-00 00:00:00','0000-00-00 00:00:00','d3a543037ce6446994e236af44c7a752','2020-04-11 13:47:00',0,'n','village','/uploads/ya02wmsj_cecoe/pic/20200411/addbe033835c7461f4e2bb2a599cb81b.jpeg',99,'n','','order','SOURCE005','STATUS004','volunteer',23,'331082100200','331082100000',0,'','8abbec18ddc84f2c9156834c85bd5df5',18,'','8abbec18ddc84f2c9156834c85bd5df5','','2020-04-11 05:47:22',0,''),(21,0,'就业帮扶、职业技能培训','就业帮扶、职业技能培训','2020-04-11 16:00:00','2020-04-13 16:00:00','0000-00-00 00:00:00','0000-00-00 00:00:00','d3a543037ce6446994e236af44c7a752','2020-04-11 13:54:17',0,'n','village','/uploads/ya02wmsj_cecoe/pic/20200411/85cfff2d5191a45d0ca882fc12fffae3.jpg',99,'n','','order','SOURCE005','STATUS009','volunteer',29,'331082100200','331082002000',0,'','068a1d3dad2842a7b046a58bd798cfa6',19,'','068a1d3dad2842a7b046a58bd798cfa6','','2020-04-11 05:59:24',0,''),(22,0,'2020古城街道送书画送文艺下乡专场活动','送书画送文艺下乡专场活动','2020-04-16 16:00:00','2020-04-23 16:00:00','0000-00-00 00:00:00','0000-00-00 00:00:00','4d92a971360243b0bab91e2ffc6740e3','2020-04-12 21:45:25',0,'n','town','',99,'n','','order','SOURCE005','STATUS011','volunteer',73,'331082001000','331082100000',0,'','f62b055d90d64875b26b2b6d39a59138',21,'','f62b055d90d64875b26b2b6d39a59138','','2020-04-12 13:55:00',0,''),(23,0,'【点单服务】送书画送文艺下乡 活动招募 （活动区域：古城街道）','','2020-04-11 16:00:00','2020-04-11 16:00:00','0000-00-00 00:00:00','0000-00-00 00:00:00','4d92a971360243b0bab91e2ffc6740e3','2020-04-12 21:56:31',0,'n','town','',99,'n','','order','SOURCE005','STATUS009','volunteer',73,'331082001000','331082100000',0,'','8abbec18ddc84f2c9156834c85bd5df5',21,'','8abbec18ddc84f2c9156834c85bd5df5','OPERATE006','2020-04-13 02:18:55',0,''),(24,0,'【点单服务】茶文化与健康 活动招募 （活动区域：古城街道）','','2020-04-11 16:00:00','2020-04-17 16:00:00','0000-00-00 00:00:00','0000-00-00 00:00:00','4d92a971360243b0bab91e2ffc6740e3','2020-04-12 22:11:05',0,'n','town','',99,'n','','order','SOURCE005','STATUS009','volunteer',46,'331082001000','331082100000',0,'','8abbec18ddc84f2c9156834c85bd5df5',21,'','8abbec18ddc84f2c9156834c85bd5df5','','2020-04-13 02:17:38',0,''),(25,0,'历史文化、人文社科类讲座','1.历史文化讲座 （4\n人） 2.传统文化与幸福人生讲座 （2 人） 3.卫生健康讲座 （2\n人） 4.传统中医文化讲座 （1 人） 5.幸福人生讲座“感恩与孝道”（2\n&nbsp;人） 6.临海党史讲座 （2\n人）','2019-12-31 16:00:00','2020-12-30 16:00:00','0000-00-00 00:00:00','0000-00-00 00:00:00','4d92a971360243b0bab91e2ffc6740e3','2020-04-13 09:55:39',0,'n','county','',99,'n','','order','SOURCE005','STATUS004','volunteer',56,'331082000000','331082000000',0,'','',24,'','f62b055d90d64875b26b2b6d39a59138,c1c0b56a155748a2b75fff29db091c81','','2020-04-13 01:55:39',0,''),(26,0,'【点单服务】古典音乐欣赏 活动招募 （活动区域：古城街道）','','2020-04-12 16:00:00','2020-04-24 16:00:00','0000-00-00 00:00:00','0000-00-00 00:00:00','4d92a971360243b0bab91e2ffc6740e3','2020-04-13 10:24:27',0,'n','town','',99,'n','','order','SOURCE005','STATUS009','volunteer',47,'331082001000','331082100000',0,'','8abbec18ddc84f2c9156834c85bd5df5',21,'','8abbec18ddc84f2c9156834c85bd5df5','OPERATE006','2020-04-13 02:37:00',0,'');

--
-- Table structure for table `ya02wmsj_cecoe_order_operate`
--

CREATE TABLE `ya02wmsj_cecoe_order_operate` (
  `id` int(10) unsigned NOT NULL AUTO_INCREMENT COMMENT '表ID',
  `code` char(10) NOT NULL DEFAULT 'OPERATE001' COMMENT '操作编码',
  `name` varchar(20) NOT NULL DEFAULT '' COMMENT '操作名称',
  PRIMARY KEY (`id`)
) ENGINE=MyISAM AUTO_INCREMENT=9 DEFAULT CHARSET=utf8 COMMENT='点单操作表';

--
-- Dumping data for table `ya02wmsj_cecoe_order_operate`
--

INSERT INTO `ya02wmsj_cecoe_order_operate` VALUES (2,'OPERATE002','派单'),(3,'OPERATE003','接单'),(4,'OPERATE004','通过'),(5,'OPERATE005','驳回'),(6,'OPERATE006','归档'),(7,'OPERATE007','重办'),(8,'OPERATE008','办结');

--
-- Table structure for table `ya02wmsj_cecoe_order_process_info`
--

CREATE TABLE `ya02wmsj_cecoe_order_process_info` (
  `id` int(10) unsigned NOT NULL AUTO_INCREMENT COMMENT '流程表ID',
  `order_id` int(10) unsigned NOT NULL COMMENT '点单ID',
  `item_process_id` int(10) unsigned NOT NULL COMMENT '事项流程ID,关联item_process表ID',
  `user_ids` varchar(1002) NOT NULL COMMENT '处理人ID，多个以逗号(,)分隔',
  `cur_id` varchar(32) DEFAULT '' COMMENT '实际处理人',
  `uuid` varchar(32) DEFAULT '' COMMENT '点单人',
  `vorgan_ids` varchar(1002) NOT NULL DEFAULT '' COMMENT '志愿者队伍列表，多个以逗号(,)分隔',
  `pic_path` varchar(1001) NOT NULL DEFAULT '' COMMENT '图片路径',
  `voice_path` varchar(1001) NOT NULL DEFAULT '' COMMENT '音频路径',
  `video_path` varchar(1001) NOT NULL DEFAULT '' COMMENT '视频路径',
  `reject_reason` varchar(201) NOT NULL DEFAULT '' COMMENT '驳回说明',
  `desc` varchar(1002) DEFAULT '' COMMENT '处理意见',
  `ctime` datetime NOT NULL DEFAULT '1970-01-01 00:00:00' COMMENT '创建时间',
  `utime` datetime NOT NULL DEFAULT '1970-01-01 00:00:00' COMMENT '更新时间',
  `status` tinyint(3) unsigned NOT NULL DEFAULT '0' COMMENT '是否同意 0-否 1-是',
  `dealstatus` tinyint(3) unsigned NOT NULL DEFAULT '0' COMMENT '办理状态 0-未办理 1-已办理',
  `cur_operate` char(10) NOT NULL DEFAULT '' COMMENT '当前操作, 关联order_operate 表code字段',
  `cur_status` char(9) NOT NULL DEFAULT '' COMMENT '当前状态, 关联order_status 表code字段',
  `score` tinyint(3) unsigned NOT NULL DEFAULT '0' COMMENT '评分，1-5分',
  `content` text COMMENT '办结内容',
  PRIMARY KEY (`id`),
  KEY `index2` (`order_id`,`item_process_id`),
  KEY `index1` (`item_process_id`,`dealstatus`,`status`)
) ENGINE=InnoDB AUTO_INCREMENT=121 DEFAULT CHARSET=utf8 COMMENT='点单处理流程信息表';

--
-- Dumping data for table `ya02wmsj_cecoe_order_process_info`
--

INSERT INTO `ya02wmsj_cecoe_order_process_info` VALUES (1,1,132,'8abbec18ddc84f2c9156834c85bd5df5','8abbec18ddc84f2c9156834c85bd5df5','8abbec18ddc84f2c9156834c85bd5df5','','','','','','','2020-03-23 15:55:52','2020-03-23 15:55:52',0,0,'OPERATE002','STATUS004',0,NULL),(2,1,133,'f6c059f7dccc49c4a6416b756fdc40b2','f6c059f7dccc49c4a6416b756fdc40b2','8abbec18ddc84f2c9156834c85bd5df5','','','','','','','2020-03-23 15:56:34','2020-03-23 15:56:34',0,0,'OPERATE003','STATUS005',0,NULL),(3,1,134,'f6c059f7dccc49c4a6416b756fdc40b2','f6c059f7dccc49c4a6416b756fdc40b2','8abbec18ddc84f2c9156834c85bd5df5','','','','','','','2020-03-23 15:57:14','2020-03-23 15:57:14',0,0,'OPERATE008','STATUS006',0,NULL),(4,1,135,'8abbec18ddc84f2c9156834c85bd5df5','8abbec18ddc84f2c9156834c85bd5df5','8abbec18ddc84f2c9156834c85bd5df5','','','','','','','2020-03-23 16:24:03','2020-03-23 16:24:03',0,0,'OPERATE004','STATUS007',0,NULL),(5,1,136,'8abbec18ddc84f2c9156834c85bd5df5','8abbec18ddc84f2c9156834c85bd5df5','8abbec18ddc84f2c9156834c85bd5df5','','','','','','','2020-03-23 16:25:26','2020-03-23 16:25:26',0,0,'OPERATE006','STATUS008',0,NULL),(6,1,138,'','','8abbec18ddc84f2c9156834c85bd5df5','','','','','','','2020-03-23 16:25:31','1970-01-01 00:00:00',0,0,'','STATUS009',0,NULL),(7,2,132,'8abbec18ddc84f2c9156834c85bd5df5','8abbec18ddc84f2c9156834c85bd5df5','8abbec18ddc84f2c9156834c85bd5df5','','','','','','','2020-03-23 16:26:12','2020-03-23 16:26:12',0,0,'OPERATE002','STATUS004',0,NULL),(8,2,133,'f6c059f7dccc49c4a6416b756fdc40b2','f6c059f7dccc49c4a6416b756fdc40b2','8abbec18ddc84f2c9156834c85bd5df5','','','','','','','2020-03-23 16:26:20','2020-03-23 16:26:20',0,0,'OPERATE003','STATUS005',0,NULL),(9,2,134,'f6c059f7dccc49c4a6416b756fdc40b2','f6c059f7dccc49c4a6416b756fdc40b2','8abbec18ddc84f2c9156834c85bd5df5','','','','','','','2020-03-23 16:26:26','2020-03-23 16:26:26',0,0,'OPERATE008','STATUS006',0,NULL),(10,2,135,'8abbec18ddc84f2c9156834c85bd5df5','8abbec18ddc84f2c9156834c85bd5df5','8abbec18ddc84f2c9156834c85bd5df5','','','','','','','2020-03-23 16:26:31','2020-03-23 16:26:31',0,0,'OPERATE005','STATUS007',0,NULL),(11,2,137,'f6c059f7dccc49c4a6416b756fdc40b2','f6c059f7dccc49c4a6416b756fdc40b2','8abbec18ddc84f2c9156834c85bd5df5','','','','','','','2020-03-23 16:26:37','2020-03-23 16:26:37',0,0,'OPERATE007','STATUS010',0,NULL),(12,2,134,'f6c059f7dccc49c4a6416b756fdc40b2','f6c059f7dccc49c4a6416b756fdc40b2','8abbec18ddc84f2c9156834c85bd5df5','','','','','','','2020-03-23 16:26:56','2020-03-23 16:26:56',0,0,'OPERATE008','STATUS006',0,NULL),(13,2,135,'8abbec18ddc84f2c9156834c85bd5df5','8abbec18ddc84f2c9156834c85bd5df5','8abbec18ddc84f2c9156834c85bd5df5','','','','','','','2020-03-23 16:27:28','2020-03-23 16:27:28',0,0,'OPERATE004','STATUS007',0,NULL),(14,2,136,'8abbec18ddc84f2c9156834c85bd5df5','8abbec18ddc84f2c9156834c85bd5df5','8abbec18ddc84f2c9156834c85bd5df5','','','','','','','2020-03-23 16:27:37','2020-03-23 16:27:37',0,0,'OPERATE006','STATUS008',0,NULL),(15,2,138,'','','8abbec18ddc84f2c9156834c85bd5df5','','','','','','','2020-03-23 16:27:41','1970-01-01 00:00:00',0,0,'','STATUS009',0,NULL),(16,3,78,'068a1d3dad2842a7b046a58bd798cfa6','068a1d3dad2842a7b046a58bd798cfa6','e933e3f04c85424b807adf7e5c0e4b48','','','','','','','2020-03-23 16:29:55','2020-03-23 16:29:55',0,0,'OPERATE004','STATUS001',0,NULL),(17,3,79,'f62b055d90d64875b26b2b6d39a59138,c1c0b56a155748a2b75fff29db091c81','f62b055d90d64875b26b2b6d39a59138','e933e3f04c85424b807adf7e5c0e4b48','','','','','','','2020-03-23 16:30:41','2020-03-23 16:30:41',0,0,'OPERATE004','STATUS002',0,NULL),(18,3,80,'8abbec18ddc84f2c9156834c85bd5df5','8abbec18ddc84f2c9156834c85bd5df5','e933e3f04c85424b807adf7e5c0e4b48','','','','','','','2020-03-23 16:31:13','2020-03-23 16:31:13',0,0,'OPERATE004','STATUS003',0,NULL),(19,3,81,'8abbec18ddc84f2c9156834c85bd5df5','8abbec18ddc84f2c9156834c85bd5df5','e933e3f04c85424b807adf7e5c0e4b48','','','','','','','2020-03-23 16:32:23','2020-03-23 16:32:23',0,0,'OPERATE002','STATUS004',0,NULL),(20,3,82,'f6c059f7dccc49c4a6416b756fdc40b2','f6c059f7dccc49c4a6416b756fdc40b2','e933e3f04c85424b807adf7e5c0e4b48','','','','','','','2020-03-23 16:32:35','2020-03-23 16:32:35',0,0,'OPERATE003','STATUS005',0,NULL),(21,3,83,'f6c059f7dccc49c4a6416b756fdc40b2','f6c059f7dccc49c4a6416b756fdc40b2','e933e3f04c85424b807adf7e5c0e4b48','','','','','','','2020-03-23 16:33:11','2020-03-23 16:33:11',0,0,'OPERATE008','STATUS006',0,NULL),(22,3,84,'e933e3f04c85424b807adf7e5c0e4b48','e933e3f04c85424b807adf7e5c0e4b48','e933e3f04c85424b807adf7e5c0e4b48','','','','','','','2020-03-23 16:33:14','2020-03-23 16:33:14',0,0,'OPERATE004','STATUS007',0,NULL),(23,3,85,'8abbec18ddc84f2c9156834c85bd5df5','8abbec18ddc84f2c9156834c85bd5df5','e933e3f04c85424b807adf7e5c0e4b48','','','','','','','2020-03-23 16:33:36','2020-03-23 16:33:36',0,0,'OPERATE006','STATUS008',0,NULL),(24,3,87,'','','e933e3f04c85424b807adf7e5c0e4b48','','','','','','','2020-03-23 16:35:05','1970-01-01 00:00:00',0,0,'','STATUS009',0,NULL),(25,4,78,'8abbec18ddc84f2c9156834c85bd5df5','8abbec18ddc84f2c9156834c85bd5df5','d3a543037ce6446994e236af44c7a752','','','','','','','2020-03-23 16:39:14','2020-03-23 16:39:14',0,0,'OPERATE004','STATUS001',0,NULL),(26,4,79,'f62b055d90d64875b26b2b6d39a59138,c1c0b56a155748a2b75fff29db091c81','f62b055d90d64875b26b2b6d39a59138','d3a543037ce6446994e236af44c7a752','','','','','','','2020-03-23 16:40:10','2020-03-23 16:40:10',0,0,'OPERATE004','STATUS002',0,NULL),(27,4,80,'068a1d3dad2842a7b046a58bd798cfa6','068a1d3dad2842a7b046a58bd798cfa6','d3a543037ce6446994e236af44c7a752','','','','','','1111','2020-03-23 16:40:32','2020-03-23 16:40:32',0,0,'OPERATE004','STATUS003',0,NULL),(28,4,81,'068a1d3dad2842a7b046a58bd798cfa6','068a1d3dad2842a7b046a58bd798cfa6','d3a543037ce6446994e236af44c7a752','','','','','','','2020-03-23 16:41:14','2020-03-23 16:41:14',0,0,'OPERATE002','STATUS004',0,NULL),(29,4,82,'e5dd0d27b0fe41ff959d0804761b6671','e5dd0d27b0fe41ff959d0804761b6671','d3a543037ce6446994e236af44c7a752','','','','','','','2020-03-23 16:41:25','2020-03-23 16:41:25',0,0,'OPERATE003','STATUS005',0,NULL),(30,4,83,'e5dd0d27b0fe41ff959d0804761b6671','e5dd0d27b0fe41ff959d0804761b6671','d3a543037ce6446994e236af44c7a752','','','','','','','2020-03-23 16:42:00','2020-03-23 16:42:00',0,0,'OPERATE008','STATUS006',0,NULL),(31,4,84,'d3a543037ce6446994e236af44c7a752','d3a543037ce6446994e236af44c7a752','d3a543037ce6446994e236af44c7a752','','','','','','','2020-03-23 16:42:07','2020-03-23 16:42:07',0,0,'OPERATE005','STATUS007',0,NULL),(32,4,86,'e5dd0d27b0fe41ff959d0804761b6671','e5dd0d27b0fe41ff959d0804761b6671','d3a543037ce6446994e236af44c7a752','','','','','','','2020-03-23 16:42:41','2020-03-23 16:42:41',0,0,'OPERATE007','STATUS010',0,NULL),(33,4,83,'e5dd0d27b0fe41ff959d0804761b6671','e5dd0d27b0fe41ff959d0804761b6671','d3a543037ce6446994e236af44c7a752','','','','','','','2020-03-23 16:42:47','2020-03-23 16:42:47',0,0,'OPERATE008','STATUS006',0,NULL),(34,4,84,'d3a543037ce6446994e236af44c7a752','d3a543037ce6446994e236af44c7a752','d3a543037ce6446994e236af44c7a752','','','','','','','2020-03-23 16:42:52','2020-03-23 16:42:52',0,0,'OPERATE004','STATUS007',0,NULL),(35,4,85,'068a1d3dad2842a7b046a58bd798cfa6','068a1d3dad2842a7b046a58bd798cfa6','d3a543037ce6446994e236af44c7a752','','','','','','','2020-03-23 16:42:59','2020-03-23 16:42:59',0,0,'OPERATE006','STATUS008',0,NULL),(36,4,87,'','','d3a543037ce6446994e236af44c7a752','','','','','','','2020-03-23 16:43:48','1970-01-01 00:00:00',0,0,'','STATUS009',0,NULL),(37,5,78,'068a1d3dad2842a7b046a58bd798cfa6','068a1d3dad2842a7b046a58bd798cfa6','e933e3f04c85424b807adf7e5c0e4b48','','','','','','','2020-03-23 16:44:58','2020-03-23 16:44:58',0,0,'OPERATE005','STATUS001',0,NULL),(38,5,88,'','','e933e3f04c85424b807adf7e5c0e4b48','','','','','','','2020-03-23 16:45:19','1970-01-01 00:00:00',0,0,'','STATUS011',0,NULL),(40,7,122,'8abbec18ddc84f2c9156834c85bd5df5','8abbec18ddc84f2c9156834c85bd5df5','4d92a971360243b0bab91e2ffc6740e3','','','','','','','2020-03-24 16:32:12','2020-03-24 16:32:12',0,0,'OPERATE004','STATUS003',0,NULL),(41,7,123,'8abbec18ddc84f2c9156834c85bd5df5','8abbec18ddc84f2c9156834c85bd5df5','4d92a971360243b0bab91e2ffc6740e3','','','','','','','2020-03-24 16:32:38','2020-03-24 16:32:38',0,0,'OPERATE002','STATUS004',0,NULL),(42,7,124,'f6c059f7dccc49c4a6416b756fdc40b2','f6c059f7dccc49c4a6416b756fdc40b2','4d92a971360243b0bab91e2ffc6740e3','','','','','','','2020-03-24 16:32:44','2020-03-24 16:32:44',0,0,'OPERATE003','STATUS005',0,NULL),(43,7,125,'f6c059f7dccc49c4a6416b756fdc40b2','f6c059f7dccc49c4a6416b756fdc40b2','4d92a971360243b0bab91e2ffc6740e3','','','','','','','2020-03-24 16:33:41','2020-03-24 16:33:41',0,0,'OPERATE008','STATUS006',0,'666'),(46,7,126,'f62b055d90d64875b26b2b6d39a59138,c1c0b56a155748a2b75fff29db091c81','','4d92a971360243b0bab91e2ffc6740e3','','','','','','','2020-03-25 09:07:29','1970-01-01 00:00:00',0,0,'','STATUS007',0,NULL),(47,8,101,'f62b055d90d64875b26b2b6d39a59138,c1c0b56a155748a2b75fff29db091c81','f62b055d90d64875b26b2b6d39a59138','4d92a971360243b0bab91e2ffc6740e3','','','','','','','2020-03-25 17:37:17','2020-04-12 23:15:43',0,0,'OPERATE004','STATUS002',0,''),(48,9,122,'8abbec18ddc84f2c9156834c85bd5df5','8abbec18ddc84f2c9156834c85bd5df5','4d92a971360243b0bab91e2ffc6740e3','','','','','','','2020-04-07 10:25:38','2020-04-07 10:25:38',0,0,'OPERATE004','STATUS003',0,''),(49,9,123,'8abbec18ddc84f2c9156834c85bd5df5','8abbec18ddc84f2c9156834c85bd5df5','4d92a971360243b0bab91e2ffc6740e3','','','','','','','2020-04-07 10:29:57','2020-04-07 10:29:57',0,0,'OPERATE002','STATUS004',0,''),(50,9,124,'f6c059f7dccc49c4a6416b756fdc40b2','f6c059f7dccc49c4a6416b756fdc40b2','4d92a971360243b0bab91e2ffc6740e3','','','','','','','2020-04-07 10:39:47','2020-04-07 10:39:47',0,0,'OPERATE003','STATUS005',0,''),(51,9,125,'f6c059f7dccc49c4a6416b756fdc40b2','f6c059f7dccc49c4a6416b756fdc40b2','4d92a971360243b0bab91e2ffc6740e3','','','','','','','2020-04-07 10:42:22','2020-04-07 10:42:22',0,0,'OPERATE008','STATUS006',0,'临海市范围内的送书法活动'),(52,9,126,'f62b055d90d64875b26b2b6d39a59138,c1c0b56a155748a2b75fff29db091c81','f62b055d90d64875b26b2b6d39a59138','4d92a971360243b0bab91e2ffc6740e3','','','','','','','2020-04-07 11:20:33','2020-04-07 11:20:33',0,0,'OPERATE004','STATUS007',0,''),(53,9,127,'8abbec18ddc84f2c9156834c85bd5df5','8abbec18ddc84f2c9156834c85bd5df5','4d92a971360243b0bab91e2ffc6740e3','','','','','','','2020-04-07 11:21:06','2020-04-07 11:21:06',0,0,'OPERATE006','STATUS008',0,''),(54,9,129,'','','4d92a971360243b0bab91e2ffc6740e3','','','','','','','2020-04-07 11:21:40','1970-01-01 00:00:00',0,0,'','STATUS009',0,NULL),(55,10,101,'f62b055d90d64875b26b2b6d39a59138,c1c0b56a155748a2b75fff29db091c81','','068a1d3dad2842a7b046a58bd798cfa6','','','','','','','2020-04-09 13:26:52','1970-01-01 00:00:00',0,0,'','STATUS002',0,NULL),(56,11,60,'f62b055d90d64875b26b2b6d39a59138,c1c0b56a155748a2b75fff29db091c81','','4d92a971360243b0bab91e2ffc6740e3','','','','','','','2020-04-09 16:00:00','1970-01-01 00:00:00',0,0,'','STATUS004',0,NULL),(57,12,60,'f62b055d90d64875b26b2b6d39a59138,c1c0b56a155748a2b75fff29db091c81','','4d92a971360243b0bab91e2ffc6740e3','','','','','','','2020-04-09 18:37:14','1970-01-01 00:00:00',0,0,'','STATUS004',0,NULL),(58,13,60,'f62b055d90d64875b26b2b6d39a59138,c1c0b56a155748a2b75fff29db091c81','','4d92a971360243b0bab91e2ffc6740e3','','','','','','','2020-04-09 18:39:34','1970-01-01 00:00:00',0,0,'','STATUS004',0,NULL),(59,14,60,'f62b055d90d64875b26b2b6d39a59138,c1c0b56a155748a2b75fff29db091c81','','4d92a971360243b0bab91e2ffc6740e3','','','','','','','2020-04-09 19:34:52','1970-01-01 00:00:00',0,0,'','STATUS004',0,NULL),(60,15,60,'f62b055d90d64875b26b2b6d39a59138,c1c0b56a155748a2b75fff29db091c81','f62b055d90d64875b26b2b6d39a59138','4d92a971360243b0bab91e2ffc6740e3','','','','','','','2020-04-09 19:36:47','2020-04-12 23:55:14',0,0,'OPERATE002','STATUS004',0,''),(61,16,60,'f62b055d90d64875b26b2b6d39a59138,c1c0b56a155748a2b75fff29db091c81','','4d92a971360243b0bab91e2ffc6740e3','','','','','','','2020-04-09 19:37:35','1970-01-01 00:00:00',0,0,'','STATUS004',0,NULL),(62,17,122,'8abbec18ddc84f2c9156834c85bd5df5','8abbec18ddc84f2c9156834c85bd5df5','4d92a971360243b0bab91e2ffc6740e3','','','','','','不合格','2020-04-10 14:09:23','2020-04-11 14:00:08',0,0,'OPERATE005','STATUS003',0,''),(63,18,101,'f62b055d90d64875b26b2b6d39a59138,c1c0b56a155748a2b75fff29db091c81','f62b055d90d64875b26b2b6d39a59138','4d92a971360243b0bab91e2ffc6740e3','','','','','','','2020-04-10 14:16:27','2020-04-10 14:16:27',0,0,'OPERATE004','STATUS002',0,''),(64,18,102,'8abbec18ddc84f2c9156834c85bd5df5','8abbec18ddc84f2c9156834c85bd5df5','4d92a971360243b0bab91e2ffc6740e3','','','','','','','2020-04-11 11:46:29','2020-04-11 11:46:29',0,0,'OPERATE004','STATUS003',0,''),(65,18,103,'8abbec18ddc84f2c9156834c85bd5df5','8abbec18ddc84f2c9156834c85bd5df5','4d92a971360243b0bab91e2ffc6740e3','','','','','','','2020-04-11 11:47:19','2020-04-11 11:47:19',0,0,'OPERATE002','STATUS004',0,''),(66,18,104,'f6c059f7dccc49c4a6416b756fdc40b2','f6c059f7dccc49c4a6416b756fdc40b2','4d92a971360243b0bab91e2ffc6740e3','','','','','','','2020-04-11 11:47:26','2020-04-11 11:48:06',0,0,'OPERATE003','STATUS005',0,''),(67,18,105,'f6c059f7dccc49c4a6416b756fdc40b2','','4d92a971360243b0bab91e2ffc6740e3','','','','','','','2020-04-11 11:48:06','1970-01-01 00:00:00',0,0,'','STATUS006',0,NULL),(68,19,90,'068a1d3dad2842a7b046a58bd798cfa6','068a1d3dad2842a7b046a58bd798cfa6','e933e3f04c85424b807adf7e5c0e4b48','','','','','','','2020-04-11 13:33:33','2020-04-11 13:34:30',0,0,'OPERATE004','STATUS001',0,''),(69,19,91,'f62b055d90d64875b26b2b6d39a59138,c1c0b56a155748a2b75fff29db091c81','f62b055d90d64875b26b2b6d39a59138','e933e3f04c85424b807adf7e5c0e4b48','','','','','','','2020-04-11 13:34:30','2020-04-11 13:35:05',0,0,'OPERATE004','STATUS002',0,''),(70,19,92,'f62b055d90d64875b26b2b6d39a59138,c1c0b56a155748a2b75fff29db091c81','','e933e3f04c85424b807adf7e5c0e4b48','','','','','','','2020-04-11 13:35:05','1970-01-01 00:00:00',0,0,'','STATUS004',0,NULL),(71,20,68,'8abbec18ddc84f2c9156834c85bd5df5','8abbec18ddc84f2c9156834c85bd5df5','d3a543037ce6446994e236af44c7a752','','','','','','','2020-04-11 13:47:00','2020-04-11 13:47:22',0,0,'OPERATE004','STATUS001',0,''),(72,20,69,'8abbec18ddc84f2c9156834c85bd5df5','','d3a543037ce6446994e236af44c7a752','','','','','','','2020-04-11 13:47:22','1970-01-01 00:00:00',0,0,'','STATUS004',0,NULL),(73,21,78,'8abbec18ddc84f2c9156834c85bd5df5','8abbec18ddc84f2c9156834c85bd5df5','d3a543037ce6446994e236af44c7a752','','','','','','','2020-04-11 13:54:17','2020-04-11 13:54:42',0,0,'OPERATE004','STATUS001',0,''),(74,21,79,'f62b055d90d64875b26b2b6d39a59138,c1c0b56a155748a2b75fff29db091c81','f62b055d90d64875b26b2b6d39a59138','d3a543037ce6446994e236af44c7a752','','','','','','','2020-04-11 13:54:42','2020-04-11 13:54:56',0,0,'OPERATE004','STATUS002',0,''),(75,21,80,'068a1d3dad2842a7b046a58bd798cfa6','068a1d3dad2842a7b046a58bd798cfa6','d3a543037ce6446994e236af44c7a752','','','','','','','2020-04-11 13:54:56','2020-04-11 13:56:15',0,0,'OPERATE004','STATUS003',0,''),(76,21,81,'068a1d3dad2842a7b046a58bd798cfa6','068a1d3dad2842a7b046a58bd798cfa6','d3a543037ce6446994e236af44c7a752','','','','','','','2020-04-11 13:56:15','2020-04-11 13:56:26',0,0,'OPERATE002','STATUS004',0,''),(77,21,82,'e5dd0d27b0fe41ff959d0804761b6671','e5dd0d27b0fe41ff959d0804761b6671','d3a543037ce6446994e236af44c7a752','','','','','','','2020-04-11 13:56:26','2020-04-11 13:57:07',0,0,'OPERATE003','STATUS005',0,''),(78,21,83,'e5dd0d27b0fe41ff959d0804761b6671','e5dd0d27b0fe41ff959d0804761b6671','d3a543037ce6446994e236af44c7a752','','','','','','','2020-04-11 13:57:07','2020-04-11 13:57:22',0,0,'OPERATE008','STATUS006',0,'完成的不错'),(79,21,84,'d3a543037ce6446994e236af44c7a752','d3a543037ce6446994e236af44c7a752','d3a543037ce6446994e236af44c7a752','','','','','','','2020-04-11 13:57:22','2020-04-11 13:58:11',0,0,'OPERATE004','STATUS007',0,''),(80,21,85,'068a1d3dad2842a7b046a58bd798cfa6','068a1d3dad2842a7b046a58bd798cfa6','d3a543037ce6446994e236af44c7a752','','','','','','','2020-04-11 13:58:11','2020-04-11 13:59:24',0,0,'OPERATE006','STATUS008',0,''),(81,21,87,'','','d3a543037ce6446994e236af44c7a752','','','','','','','2020-04-11 13:59:24','1970-01-01 00:00:00',0,0,'','STATUS009',0,NULL),(82,17,130,'','','4d92a971360243b0bab91e2ffc6740e3','','','','','','','2020-04-11 14:00:08','1970-01-01 00:00:00',0,0,'','STATUS011',0,NULL),(83,22,101,'f62b055d90d64875b26b2b6d39a59138,c1c0b56a155748a2b75fff29db091c81','f62b055d90d64875b26b2b6d39a59138','4d92a971360243b0bab91e2ffc6740e3','','','','','','','2020-04-12 21:45:25','2020-04-12 21:55:00',0,0,'OPERATE005','STATUS002',0,''),(84,22,110,'','','4d92a971360243b0bab91e2ffc6740e3','','','','','','','2020-04-12 21:55:00','1970-01-01 00:00:00',0,0,'','STATUS011',0,NULL),(85,23,101,'f62b055d90d64875b26b2b6d39a59138,c1c0b56a155748a2b75fff29db091c81','f62b055d90d64875b26b2b6d39a59138','4d92a971360243b0bab91e2ffc6740e3','','','','','','','2020-04-12 21:56:31','2020-04-12 21:57:42',0,0,'OPERATE004','STATUS002',0,''),(86,23,102,'8abbec18ddc84f2c9156834c85bd5df5','8abbec18ddc84f2c9156834c85bd5df5','4d92a971360243b0bab91e2ffc6740e3','','','','','','','2020-04-12 21:57:42','2020-04-12 21:58:33',0,0,'OPERATE004','STATUS003',0,''),(87,23,103,'8abbec18ddc84f2c9156834c85bd5df5','8abbec18ddc84f2c9156834c85bd5df5','4d92a971360243b0bab91e2ffc6740e3','','','','','','','2020-04-12 21:58:33','2020-04-12 21:59:14',0,0,'OPERATE002','STATUS004',0,''),(88,23,104,'f6c059f7dccc49c4a6416b756fdc40b2','f6c059f7dccc49c4a6416b756fdc40b2','4d92a971360243b0bab91e2ffc6740e3','','','','','','','2020-04-12 21:59:14','2020-04-12 21:59:55',0,0,'OPERATE003','STATUS005',0,''),(89,23,105,'f6c059f7dccc49c4a6416b756fdc40b2','f6c059f7dccc49c4a6416b756fdc40b2','4d92a971360243b0bab91e2ffc6740e3','','','','','','','2020-04-12 21:59:55','2020-04-12 22:02:10',0,0,'OPERATE008','STATUS006',0,'111'),(91,23,106,'aea302ff0a894b129266a5fcac2a3743','aea302ff0a894b129266a5fcac2a3743','4d92a971360243b0bab91e2ffc6740e3','','','','','','','2020-04-12 22:02:10','2020-04-12 22:02:41',0,0,'OPERATE004','STATUS007',0,''),(92,23,107,'8abbec18ddc84f2c9156834c85bd5df5','8abbec18ddc84f2c9156834c85bd5df5','4d92a971360243b0bab91e2ffc6740e3','','','','','','','2020-04-12 22:02:41','2020-04-13 10:18:55',0,0,'OPERATE006','STATUS008',0,''),(93,24,101,'f62b055d90d64875b26b2b6d39a59138,c1c0b56a155748a2b75fff29db091c81','f62b055d90d64875b26b2b6d39a59138','4d92a971360243b0bab91e2ffc6740e3','','','','','','','2020-04-12 22:11:05','2020-04-12 22:12:07',0,0,'OPERATE004','STATUS002',0,''),(94,24,102,'8abbec18ddc84f2c9156834c85bd5df5','8abbec18ddc84f2c9156834c85bd5df5','4d92a971360243b0bab91e2ffc6740e3','','','','','','','2020-04-12 22:12:07','2020-04-12 22:12:59',0,0,'OPERATE004','STATUS003',0,''),(95,24,103,'8abbec18ddc84f2c9156834c85bd5df5','8abbec18ddc84f2c9156834c85bd5df5','4d92a971360243b0bab91e2ffc6740e3','','','','','','','2020-04-12 22:12:59','2020-04-12 22:13:25',0,0,'OPERATE002','STATUS004',0,''),(96,24,104,'f6c059f7dccc49c4a6416b756fdc40b2','f6c059f7dccc49c4a6416b756fdc40b2','4d92a971360243b0bab91e2ffc6740e3','','','','','','','2020-04-12 22:13:25','2020-04-12 22:14:33',0,0,'OPERATE003','STATUS005',0,''),(97,24,105,'f6c059f7dccc49c4a6416b756fdc40b2','f6c059f7dccc49c4a6416b756fdc40b2','4d92a971360243b0bab91e2ffc6740e3','','','','','','','2020-04-12 22:14:33','2020-04-12 22:16:36',0,0,'OPERATE008','STATUS006',0,'aaa'),(98,24,106,'aea302ff0a894b129266a5fcac2a3743','aea302ff0a894b129266a5fcac2a3743','4d92a971360243b0bab91e2ffc6740e3','','','','','','','2020-04-12 22:16:36','2020-04-12 22:17:41',0,0,'OPERATE005','STATUS007',0,''),(99,24,108,'f6c059f7dccc49c4a6416b756fdc40b2','f6c059f7dccc49c4a6416b756fdc40b2','4d92a971360243b0bab91e2ffc6740e3','','','','','','','2020-04-12 22:17:41','2020-04-12 22:18:10',0,0,'OPERATE007','STATUS010',0,''),(100,24,105,'f6c059f7dccc49c4a6416b756fdc40b2','f6c059f7dccc49c4a6416b756fdc40b2','4d92a971360243b0bab91e2ffc6740e3','','','','','','666','2020-04-12 22:18:10','2020-04-12 22:20:03',0,0,'OPERATE008','STATUS006',0,'666'),(102,24,106,'aea302ff0a894b129266a5fcac2a3743','aea302ff0a894b129266a5fcac2a3743','4d92a971360243b0bab91e2ffc6740e3','','','','','','','2020-04-12 22:20:03','2020-04-12 22:20:52',0,0,'OPERATE004','STATUS007',0,''),(103,24,107,'8abbec18ddc84f2c9156834c85bd5df5','8abbec18ddc84f2c9156834c85bd5df5','4d92a971360243b0bab91e2ffc6740e3','','','','','','','2020-04-12 22:20:52','2020-04-13 10:17:38',0,0,'OPERATE006','STATUS008',0,''),(104,8,102,'8abbec18ddc84f2c9156834c85bd5df5','','4d92a971360243b0bab91e2ffc6740e3','','','','','','','2020-04-12 23:15:43','1970-01-01 00:00:00',0,0,'','STATUS003',0,NULL),(105,15,61,'bab5bed5198249b5b3001e73ea879eda','','4d92a971360243b0bab91e2ffc6740e3','','','','','','','2020-04-12 23:55:14','1970-01-01 00:00:00',0,0,'','STATUS005',0,NULL),(106,25,60,'f62b055d90d64875b26b2b6d39a59138,c1c0b56a155748a2b75fff29db091c81','','4d92a971360243b0bab91e2ffc6740e3','','','','','','','2020-04-13 09:55:39','1970-01-01 00:00:00',0,0,'','STATUS004',0,NULL),(108,24,109,'','','4d92a971360243b0bab91e2ffc6740e3','','','','','','','2020-04-13 10:17:38','1970-01-01 00:00:00',0,0,'','STATUS009',0,NULL),(109,23,109,'','','4d92a971360243b0bab91e2ffc6740e3','','','','','','','2020-04-13 10:18:55','1970-01-01 00:00:00',0,0,'','STATUS009',0,NULL),(110,26,101,'f62b055d90d64875b26b2b6d39a59138,c1c0b56a155748a2b75fff29db091c81','f62b055d90d64875b26b2b6d39a59138','4d92a971360243b0bab91e2ffc6740e3','','','','','','','2020-04-13 10:24:27','2020-04-13 10:26:24',0,0,'OPERATE004','STATUS002',0,''),(111,26,102,'8abbec18ddc84f2c9156834c85bd5df5','8abbec18ddc84f2c9156834c85bd5df5','4d92a971360243b0bab91e2ffc6740e3','','','','','','','2020-04-13 10:26:24','2020-04-13 10:27:05',0,0,'OPERATE004','STATUS003',0,''),(112,26,103,'8abbec18ddc84f2c9156834c85bd5df5','8abbec18ddc84f2c9156834c85bd5df5','4d92a971360243b0bab91e2ffc6740e3','','','','','','','2020-04-13 10:27:05','2020-04-13 10:27:37',0,0,'OPERATE002','STATUS004',0,''),(113,26,104,'f6c059f7dccc49c4a6416b756fdc40b2','f6c059f7dccc49c4a6416b756fdc40b2','4d92a971360243b0bab91e2ffc6740e3','','','','','','','2020-04-13 10:27:37','2020-04-13 10:28:24',0,0,'OPERATE003','STATUS005',0,''),(114,26,105,'f6c059f7dccc49c4a6416b756fdc40b2','f6c059f7dccc49c4a6416b756fdc40b2','4d92a971360243b0bab91e2ffc6740e3','','','','','','','2020-04-13 10:28:24','2020-04-13 10:28:59',0,0,'OPERATE008','STATUS006',0,'666'),(115,26,106,'aea302ff0a894b129266a5fcac2a3743','aea302ff0a894b129266a5fcac2a3743','4d92a971360243b0bab91e2ffc6740e3','','','','','','','2020-04-13 10:28:59','2020-04-13 10:31:38',0,0,'OPERATE005','STATUS007',0,''),(116,26,108,'f6c059f7dccc49c4a6416b756fdc40b2','f6c059f7dccc49c4a6416b756fdc40b2','4d92a971360243b0bab91e2ffc6740e3','','','','','','','2020-04-13 10:31:38','2020-04-13 10:35:13',0,0,'OPERATE007','STATUS010',0,''),(117,26,105,'f6c059f7dccc49c4a6416b756fdc40b2','f6c059f7dccc49c4a6416b756fdc40b2','4d92a971360243b0bab91e2ffc6740e3','','','','','','','2020-04-13 10:35:13','2020-04-13 10:35:48',0,0,'OPERATE008','STATUS006',0,'777'),(118,26,106,'aea302ff0a894b129266a5fcac2a3743','aea302ff0a894b129266a5fcac2a3743','4d92a971360243b0bab91e2ffc6740e3','','','','','','','2020-04-13 10:35:48','2020-04-13 10:36:15',0,0,'OPERATE004','STATUS007',0,''),(119,26,107,'8abbec18ddc84f2c9156834c85bd5df5','8abbec18ddc84f2c9156834c85bd5df5','4d92a971360243b0bab91e2ffc6740e3','','','','','','','2020-04-13 10:36:15','2020-04-13 10:37:00',0,0,'OPERATE006','STATUS008',0,''),(120,26,109,'','','4d92a971360243b0bab91e2ffc6740e3','','','','','','','2020-04-13 10:37:00','1970-01-01 00:00:00',0,0,'','STATUS009',0,NULL);

--
-- Table structure for table `ya02wmsj_cecoe_order_record`
--

CREATE TABLE `ya02wmsj_cecoe_order_record` (
  `id` int(10) unsigned NOT NULL AUTO_INCREMENT COMMENT '表ID',
  `uuid` char(32) NOT NULL COMMENT '点单人uuid，关联user表uuid',
  `region_code` char(12) NOT NULL DEFAULT '' COMMENT '点单人所属区域的区域编码',
  `vorgan_id` int(10) unsigned NOT NULL COMMENT '志愿队伍ID',
  `category_id` int(10) unsigned NOT NULL COMMENT '服务分类ID',
  `activity_id` int(10) unsigned NOT NULL DEFAULT '0' COMMENT '活动ID，关联order表id',
  `status` enum('待受理','筹办中','已筹办') NOT NULL DEFAULT '待受理' COMMENT '点单活动状态',
  `ctime` timestamp NOT NULL DEFAULT CURRENT_TIMESTAMP COMMENT '点单时间',
  PRIMARY KEY (`id`)
) ENGINE=InnoDB AUTO_INCREMENT=169 DEFAULT CHARSET=utf8 COMMENT='点单记录表';

--
-- Dumping data for table `ya02wmsj_cecoe_order_record`
--

INSERT INTO `ya02wmsj_cecoe_order_record` VALUES (1,'c8660342c12c407db87c61e137f86cb2','331082107232',39,23,0,'待受理','2019-08-19 19:08:22'),(3,'c8660342c12c407db87c61e137f86cb2','331082107232',43,17,0,'待受理','2020-03-04 00:59:27'),(4,'09ff4db587db4aa3bfa4db7120d72e54','331082001002',31,15,0,'待受理','2020-03-18 08:46:07'),(5,'09ff4db587db4aa3bfa4db7120d72e54','331082001002',29,16,0,'待受理','2020-03-18 08:46:18'),(6,'09ff4db587db4aa3bfa4db7120d72e54','331082001002',43,17,0,'待受理','2020-03-18 08:47:36'),(7,'c8660342c12c407db87c61e137f86cb2','331082107232',42,28,0,'待受理','2020-03-19 03:56:31'),(8,'c8660342c12c407db87c61e137f86cb2','331082107232',29,16,0,'待受理','2020-03-19 03:57:31'),(9,'c8660342c12c407db87c61e137f86cb2','331082107232',40,25,0,'待受理','2020-03-19 03:57:39'),(10,'d7182abdaa634a0e8e35ad1310a3deb2','331082001001',39,26,0,'待受理','2020-03-19 08:20:04'),(11,'f30763b9293c4bd8a6728158f5188db4','331082001001',39,26,0,'待受理','2020-03-20 07:06:50'),(12,'d7182abdaa634a0e8e35ad1310a3deb2','331082001001',33,27,0,'待受理','2020-03-20 07:25:38'),(13,'d7182abdaa634a0e8e35ad1310a3deb2','331082001002',39,26,0,'待受理','2020-03-20 07:29:53'),(14,'d7182abdaa634a0e8e35ad1310a3deb2','331082001002',33,27,0,'待受理','2020-03-20 07:34:01'),(15,'d7182abdaa634a0e8e35ad1310a3deb2','331082001002',26,30,0,'待受理','2020-03-20 07:35:26'),(16,'d7182abdaa634a0e8e35ad1310a3deb2','331082001002',34,29,0,'待受理','2020-03-20 07:38:42'),(17,'f30763b9293c4bd8a6728158f5188db4','331082001001',33,27,0,'待受理','2020-03-23 03:45:42'),(18,'f30763b9293c4bd8a6728158f5188db4','331082001001',3,23,0,'待受理','2020-03-23 07:46:10'),(19,'65fac3305f8f4702bac2423c361d1ae4','331082001002',0,15,0,'待受理','2020-03-24 00:54:24'),(20,'65fac3305f8f4702bac2423c361d1ae4','331082001002',0,27,0,'待受理','2020-03-24 00:55:19'),(21,'97dab42630364208b93443bbe7b60f81','331082001001',0,27,0,'待受理','2020-03-25 00:39:59'),(22,'97dab42630364208b93443bbe7b60f81','331082001001',0,16,0,'待受理','2020-03-25 01:06:32'),(23,'97dab42630364208b93443bbe7b60f81','331082001001',0,33,0,'待受理','2020-03-25 01:07:09'),(24,'97dab42630364208b93443bbe7b60f81','331082001001',0,23,0,'待受理','2020-03-25 01:22:34'),(25,'bb146100ace649a4aac3f27aa1f09b9c','331082002003',0,15,0,'待受理','2020-03-25 06:31:46'),(26,'bb146100ace649a4aac3f27aa1f09b9c','331082002003',0,16,0,'待受理','2020-03-25 06:32:15'),(27,'bb146100ace649a4aac3f27aa1f09b9c','331082002003',0,26,0,'待受理','2020-03-25 06:32:43'),(28,'bb146100ace649a4aac3f27aa1f09b9c','331082002003',0,23,0,'待受理','2020-03-25 06:36:15'),(29,'bb146100ace649a4aac3f27aa1f09b9c','331082002003',0,27,0,'待受理','2020-03-25 10:58:23'),(41,'41dc02ef48704edfa7f273405143d9f8','331082002001',0,37,0,'待受理','2020-04-02 05:32:14'),(42,'a2a6938f5be34857ab06b0fda2040f40','331082001001',0,15,0,'待受理','2020-04-02 07:24:44'),(59,'37f316ca06494d059cfd0bafe1ab5e8f','331082001001',0,37,0,'待受理','2020-04-03 02:49:36'),(60,'37f316ca06494d059cfd0bafe1ab5e8f','331082001001',0,26,0,'待受理','2020-04-03 02:58:57'),(61,'37f316ca06494d059cfd0bafe1ab5e8f','331082001001',0,27,0,'待受理','2020-04-03 02:59:03'),(62,'37f316ca06494d059cfd0bafe1ab5e8f','331082001001',0,28,0,'待受理','2020-04-03 02:59:14'),(63,'ff2f9e265bab43a98231ed487d6cd69b','331082001202',0,37,0,'待受理','2020-04-06 07:29:42'),(64,'74a1ef21f9b74696b6bc8da1b6b995f9','331082001202',0,37,0,'待受理','2020-04-06 07:37:23'),(65,'74a1ef21f9b74696b6bc8da1b6b995f9','331082001202',0,33,0,'待受理','2020-04-07 01:10:57'),(66,'2b10d51f38144edcbef13f1c96b4414d','331082001001',0,37,0,'待受理','2020-04-07 02:47:48'),(67,'74a1ef21f9b74696b6bc8da1b6b995f9','331082001202',0,36,0,'待受理','2020-04-07 04:01:50'),(68,'41dc02ef48704edfa7f273405143d9f8','331082002001',0,17,0,'待受理','2020-04-07 08:53:25'),(69,'41dc02ef48704edfa7f273405143d9f8','331082002001',0,18,0,'待受理','2020-04-07 08:54:42'),(70,'41dc02ef48704edfa7f273405143d9f8','331082002001',0,32,0,'待受理','2020-04-07 08:56:09'),(71,'41dc02ef48704edfa7f273405143d9f8','331082002001',0,30,0,'待受理','2020-04-07 09:35:19'),(72,'0911b213274c44f08104432c0d5680a4','331082001002',0,29,0,'待受理','2020-04-07 09:42:19'),(73,'c13d6595fe1c4edcaadc2f146c21f26e','331082001001',0,16,0,'待受理','2020-04-07 09:48:56'),(74,'90ee2060f62e419c9dec9355ecef9231','331082001001',0,23,0,'待受理','2020-04-08 07:37:10'),(75,'a1b5c20ba0c949869298133d3fe5d169','331082001222',0,37,0,'待受理','2020-04-08 07:40:20'),(80,'068a1d3dad2842a7b046a58bd798cfa6','331082002001',0,27,0,'待受理','2020-04-09 08:00:39'),(82,'90ee2060f62e419c9dec9355ecef9231','331082001001',0,26,0,'待受理','2020-04-09 09:27:20'),(83,'90ee2060f62e419c9dec9355ecef9231','331082001001',0,15,0,'待受理','2020-04-09 09:56:50'),(84,'90ee2060f62e419c9dec9355ecef9231','331082001001',0,37,0,'待受理','2020-04-09 09:56:55'),(85,'90ee2060f62e419c9dec9355ecef9231','331082001001',0,36,0,'待受理','2020-04-09 09:57:08'),(86,'90ee2060f62e419c9dec9355ecef9231','331082001001',0,25,0,'待受理','2020-04-09 09:57:38'),(87,'90ee2060f62e419c9dec9355ecef9231','331082001001',0,27,0,'待受理','2020-04-10 02:20:54'),(88,'90ee2060f62e419c9dec9355ecef9231','331082001001',0,28,0,'待受理','2020-04-10 02:21:56'),(89,'90ee2060f62e419c9dec9355ecef9231','331082001001',0,17,0,'待受理','2020-04-10 02:22:25'),(90,'2b10d51f38144edcbef13f1c96b4414d','331082001001',0,15,0,'待受理','2020-04-10 03:33:35'),(91,'2b10d51f38144edcbef13f1c96b4414d','331082001001',0,24,0,'待受理','2020-04-10 03:33:44'),(92,'2b10d51f38144edcbef13f1c96b4414d','331082001001',0,34,0,'待受理','2020-04-10 03:33:47'),(98,'bb146100ace649a4aac3f27aa1f09b9c','331082002003',0,37,0,'待受理','2020-04-10 06:09:15'),(100,'bb146100ace649a4aac3f27aa1f09b9c','331082002003',0,46,0,'待受理','2020-04-10 06:21:19'),(101,'bb146100ace649a4aac3f27aa1f09b9c','331082002003',0,48,0,'待受理','2020-04-10 06:22:40'),(104,'bb146100ace649a4aac3f27aa1f09b9c','331082002003',0,25,0,'待受理','2020-04-10 06:31:00'),(105,'5e7e3675e9da4b87aa949419a477bd87','331082002006',0,37,0,'待受理','2020-04-10 06:33:55'),(106,'2b10d51f38144edcbef13f1c96b4414d','331082001001',0,16,0,'待受理','2020-04-10 07:05:00'),(107,'2b10d51f38144edcbef13f1c96b4414d','331082001001',0,36,0,'待受理','2020-04-10 07:05:06'),(108,'2b10d51f38144edcbef13f1c96b4414d','331082001001',0,26,0,'待受理','2020-04-10 07:05:15'),(109,'2b10d51f38144edcbef13f1c96b4414d','331082001001',0,27,0,'待受理','2020-04-10 07:05:19'),(110,'2b10d51f38144edcbef13f1c96b4414d','331082001001',0,23,0,'待受理','2020-04-10 07:05:27'),(111,'2b10d51f38144edcbef13f1c96b4414d','331082001001',0,46,24,'已筹办','2020-04-10 07:05:30'),(112,'2b10d51f38144edcbef13f1c96b4414d','331082001001',0,47,26,'已筹办','2020-04-10 07:05:33'),(113,'2b10d51f38144edcbef13f1c96b4414d','331082001001',0,48,0,'待受理','2020-04-10 07:05:36'),(114,'2b10d51f38144edcbef13f1c96b4414d','331082001001',0,25,0,'待受理','2020-04-10 07:05:45'),(115,'2b10d51f38144edcbef13f1c96b4414d','331082001001',0,28,0,'待受理','2020-04-10 07:06:02'),(116,'2b10d51f38144edcbef13f1c96b4414d','331082001001',0,29,0,'待受理','2020-04-10 07:06:18'),(117,'2b10d51f38144edcbef13f1c96b4414d','331082001001',0,41,0,'待受理','2020-04-10 07:06:21'),(118,'2b10d51f38144edcbef13f1c96b4414d','331082001001',0,42,0,'待受理','2020-04-10 07:06:24'),(119,'2b10d51f38144edcbef13f1c96b4414d','331082001001',0,17,0,'待受理','2020-04-10 07:06:42'),(120,'2b10d51f38144edcbef13f1c96b4414d','331082001001',0,18,0,'待受理','2020-04-10 07:06:46'),(121,'2b10d51f38144edcbef13f1c96b4414d','331082001001',0,43,0,'待受理','2020-04-10 07:06:49'),(122,'2b10d51f38144edcbef13f1c96b4414d','331082001001',0,44,0,'待受理','2020-04-10 07:06:52'),(123,'2b10d51f38144edcbef13f1c96b4414d','331082001001',0,45,0,'待受理','2020-04-10 07:06:54'),(124,'2b10d51f38144edcbef13f1c96b4414d','331082001001',0,30,0,'待受理','2020-04-10 07:07:01'),(125,'2b10d51f38144edcbef13f1c96b4414d','331082001001',0,31,0,'待受理','2020-04-10 07:07:04'),(126,'2b10d51f38144edcbef13f1c96b4414d','331082001001',0,32,0,'待受理','2020-04-10 07:07:10'),(127,'2b10d51f38144edcbef13f1c96b4414d','331082001001',0,33,0,'待受理','2020-04-10 07:07:13'),(128,'2b10d51f38144edcbef13f1c96b4414d','331082001001',0,49,0,'待受理','2020-04-10 07:07:15'),(130,'60a39148807e42a4abade7937eeec8d8','331082001003',0,24,0,'待受理','2020-04-11 05:59:31'),(131,'67b2a9dace124a849c7168747cf1619c','331082001203',0,24,0,'待受理','2020-04-11 06:14:10'),(136,'74a1ef21f9b74696b6bc8da1b6b995f9','331082001202',0,28,0,'待受理','2020-04-11 06:27:17'),(141,'0fb56a51cd124b90b7796885abdeb932','331082001001',0,37,0,'待受理','2020-04-11 08:19:53'),(142,'74a1ef21f9b74696b6bc8da1b6b995f9','331082001202',0,16,0,'待受理','2020-04-11 08:19:59'),(143,'0fb56a51cd124b90b7796885abdeb932','331082001001',0,15,0,'待受理','2020-04-11 08:24:59'),(144,'60a39148807e42a4abade7937eeec8d8','331082001003',0,37,0,'待受理','2020-04-11 22:29:35'),(145,'e6d47f5f00a14e9fbb1188a51b8659e7','331082001202',0,17,0,'待受理','2020-04-12 02:45:56'),(146,'90ee2060f62e419c9dec9355ecef9231','331082001001',0,47,26,'已筹办','2020-04-12 07:51:17'),(147,'90ee2060f62e419c9dec9355ecef9231','331082001001',0,24,0,'待受理','2020-04-12 07:57:22'),(148,'0fb56a51cd124b90b7796885abdeb932','331082001001',0,73,23,'已筹办','2020-04-12 13:38:04'),(149,'90ee2060f62e419c9dec9355ecef9231','331082001001',0,34,0,'待受理','2020-04-12 14:01:25'),(150,'90ee2060f62e419c9dec9355ecef9231','331082001001',0,106,0,'待受理','2020-04-12 14:01:30'),(151,'0fb56a51cd124b90b7796885abdeb932','331082001001',0,73,0,'待受理','2020-04-12 14:03:54'),(152,'0fb56a51cd124b90b7796885abdeb932','331082001001',0,46,24,'已筹办','2020-04-12 14:05:38'),(153,'0fb56a51cd124b90b7796885abdeb932','331082001001',0,47,26,'已筹办','2020-04-12 14:08:02'),(155,'bb146100ace649a4aac3f27aa1f09b9c','331082002003',0,28,0,'待受理','2020-04-12 15:21:55'),(156,'bb146100ace649a4aac3f27aa1f09b9c','331082002003',0,29,0,'待受理','2020-04-12 15:36:37'),(157,'bb146100ace649a4aac3f27aa1f09b9c','331082002003',0,47,0,'待受理','2020-04-12 15:48:35'),(158,'bb146100ace649a4aac3f27aa1f09b9c','331082002003',0,74,0,'待受理','2020-04-12 15:49:02'),(159,'bb146100ace649a4aac3f27aa1f09b9c','331082002003',0,32,0,'待受理','2020-04-12 15:50:01'),(160,'37f316ca06494d059cfd0bafe1ab5e8f','331082001001',0,15,0,'待受理','2020-04-12 23:58:11'),(161,'e6d47f5f00a14e9fbb1188a51b8659e7','331082001202',0,32,0,'待受理','2020-04-13 01:33:50'),(162,'0fb56a51cd124b90b7796885abdeb932','331082001001',0,47,0,'待受理','2020-04-13 02:39:15'),(163,'e6d47f5f00a14e9fbb1188a51b8659e7','331082001202',0,127,0,'待受理','2020-04-13 06:31:10'),(164,'e6d47f5f00a14e9fbb1188a51b8659e7','331082001202',0,31,0,'待受理','2020-04-13 06:31:24'),(165,'e6d47f5f00a14e9fbb1188a51b8659e7','331082001202',0,98,0,'待受理','2020-04-13 06:31:49'),(166,'e6d47f5f00a14e9fbb1188a51b8659e7','331082001202',0,25,0,'待受理','2020-04-13 06:48:27'),(167,'e6d47f5f00a14e9fbb1188a51b8659e7','331082001202',0,50,0,'待受理','2020-04-13 07:35:30'),(168,'e6d47f5f00a14e9fbb1188a51b8659e7','331082001202',0,53,0,'待受理','2020-04-13 07:36:07');

--
-- Table structure for table `ya02wmsj_cecoe_order_record_logs`
--

CREATE TABLE `ya02wmsj_cecoe_order_record_logs` (
  `id` int(10) unsigned NOT NULL AUTO_INCREMENT COMMENT '表ID',
  `or_id` int(10) unsigned NOT NULL COMMENT '点单记录ID，关联order_record表id',
  `order_id` int(10) unsigned NOT NULL COMMENT '点单ID，关联order表id',
  `ip` varchar(21) NOT NULL DEFAULT '' COMMENT '客户端ip',
  `browser_info` varchar(301) NOT NULL DEFAULT '' COMMENT '客户端浏览器信息',
  `ctime` timestamp NOT NULL DEFAULT CURRENT_TIMESTAMP COMMENT '创建时间',
  PRIMARY KEY (`id`)
) ENGINE=InnoDB AUTO_INCREMENT=41 DEFAULT CHARSET=utf8mb4 COMMENT='点单记录获取日志表';

--
-- Dumping data for table `ya02wmsj_cecoe_order_record_logs`
--

INSERT INTO `ya02wmsj_cecoe_order_record_logs` VALUES (1,143,0,'115.193.183.100','Mozilla/5.0 (Windows NT 6.1; WOW64) AppleWebKit/537.36 (KHTML, like Gecko) Chrome/78.0.3904.108 Safari/537.36','2020-04-11 08:30:03'),(2,142,0,'115.193.183.100','Mozilla/5.0 (Windows NT 6.1; WOW64) AppleWebKit/537.36 (KHTML, like Gecko) Chrome/78.0.3904.108 Safari/537.36','2020-04-11 08:30:03'),(3,141,0,'115.193.183.100','Mozilla/5.0 (Windows NT 6.1; WOW64) AppleWebKit/537.36 (KHTML, like Gecko) Chrome/78.0.3904.108 Safari/537.36','2020-04-11 08:30:03'),(4,136,0,'115.193.183.100','Mozilla/5.0 (Windows NT 6.1; WOW64) AppleWebKit/537.36 (KHTML, like Gecko) Chrome/78.0.3904.108 Safari/537.36','2020-04-11 08:30:03'),(5,131,0,'115.193.183.100','Mozilla/5.0 (Windows NT 6.1; WOW64) AppleWebKit/537.36 (KHTML, like Gecko) Chrome/78.0.3904.108 Safari/537.36','2020-04-11 08:30:03'),(6,130,0,'115.193.183.100','Mozilla/5.0 (Windows NT 6.1; WOW64) AppleWebKit/537.36 (KHTML, like Gecko) Chrome/78.0.3904.108 Safari/537.36','2020-04-11 08:30:03'),(7,0,82,'115.193.183.100','Mozilla/5.0 (Windows NT 6.1; WOW64) AppleWebKit/537.36 (KHTML, like Gecko) Chrome/78.0.3904.108 Safari/537.36','2020-04-11 08:30:03'),(8,0,81,'115.193.183.100','Mozilla/5.0 (Windows NT 6.1; WOW64) AppleWebKit/537.36 (KHTML, like Gecko) Chrome/78.0.3904.108 Safari/537.36','2020-04-11 08:30:03'),(9,0,72,'115.193.183.100','Mozilla/5.0 (Windows NT 6.1; WOW64) AppleWebKit/537.36 (KHTML, like Gecko) Chrome/78.0.3904.108 Safari/537.36','2020-04-11 08:30:03'),(10,0,70,'115.193.183.100','Mozilla/5.0 (Windows NT 6.1; WOW64) AppleWebKit/537.36 (KHTML, like Gecko) Chrome/78.0.3904.108 Safari/537.36','2020-04-11 08:30:03'),(11,0,67,'115.193.183.100','Mozilla/5.0 (Windows NT 6.1; WOW64) AppleWebKit/537.36 (KHTML, like Gecko) Chrome/78.0.3904.108 Safari/537.36','2020-04-11 08:30:03'),(12,146,0,'124.160.219.172','Mozilla/5.0 (Windows NT 10.0; Win64; x64) AppleWebKit/537.36 (KHTML, like Gecko) Chrome/80.0.3987.87 Safari/537.36','2020-04-12 07:51:29'),(13,153,0,'115.193.183.100','Mozilla/5.0 (Windows NT 6.1; Win64; x64) AppleWebKit/537.36 (KHTML, like Gecko) Chrome/78.0.3904.97 Safari/537.36','2020-04-12 14:08:04'),(14,0,97,'115.193.183.100','Mozilla/5.0 (Windows NT 6.1; Win64; x64) AppleWebKit/537.36 (KHTML, like Gecko) Chrome/78.0.3904.97 Safari/537.36','2020-04-12 14:14:35'),(15,0,100,'115.193.183.100','Mozilla/5.0 (Windows NT 6.1; Win64; x64) AppleWebKit/537.36 (KHTML, like Gecko) Chrome/78.0.3904.97 Safari/537.36','2020-04-12 14:18:13'),(16,154,0,'115.193.183.100','Mozilla/5.0 (Windows NT 6.1; Win64; x64) AppleWebKit/537.36 (KHTML, like Gecko) Chrome/78.0.3904.97 Safari/537.36','2020-04-12 14:21:18'),(17,155,0,'115.193.183.100','Mozilla/5.0 (Windows NT 6.1; Win64; x64) AppleWebKit/537.36 (KHTML, like Gecko) Chrome/78.0.3904.97 Safari/537.36','2020-04-12 15:22:03'),(18,156,0,'115.193.183.100','Mozilla/5.0 (Windows NT 6.1; Win64; x64) AppleWebKit/537.36 (KHTML, like Gecko) Chrome/78.0.3904.97 Safari/537.36','2020-04-12 15:36:43'),(19,157,0,'39.181.221.37','Mozilla/5.0 (Windows NT 6.1) AppleWebKit/537.36 (KHTML, like Gecko) Chrome/63.0.3239.132 Safari/537.36','2020-04-12 15:48:42'),(20,157,0,'115.193.183.100','Mozilla/5.0 (Windows NT 6.1; Win64; x64) AppleWebKit/537.36 (KHTML, like Gecko) Chrome/78.0.3904.97 Safari/537.36','2020-04-12 15:48:43'),(21,158,0,'39.181.221.37','Mozilla/5.0 (Windows NT 6.1) AppleWebKit/537.36 (KHTML, like Gecko) Chrome/63.0.3239.132 Safari/537.36','2020-04-12 15:49:02'),(22,158,0,'115.193.183.100','Mozilla/5.0 (Windows NT 6.1; Win64; x64) AppleWebKit/537.36 (KHTML, like Gecko) Chrome/78.0.3904.97 Safari/537.36','2020-04-12 15:49:03'),(23,159,0,'115.193.183.100','Mozilla/5.0 (Windows NT 6.1; Win64; x64) AppleWebKit/537.36 (KHTML, like Gecko) Chrome/78.0.3904.97 Safari/537.36','2020-04-12 15:50:03'),(24,159,0,'39.181.221.37','Mozilla/5.0 (Windows NT 6.1) AppleWebKit/537.36 (KHTML, like Gecko) Chrome/63.0.3239.132 Safari/537.36','2020-04-12 15:50:08'),(25,160,0,'115.193.183.100','Mozilla/5.0 (Windows NT 6.1; Win64; x64) AppleWebKit/537.36 (KHTML, like Gecko) Chrome/78.0.3904.97 Safari/537.36','2020-04-12 23:58:24'),(26,161,0,'115.193.183.100','Mozilla/5.0 (Windows NT 6.1; Win64; x64) AppleWebKit/537.36 (KHTML, like Gecko) Chrome/78.0.3904.97 Safari/537.36','2020-04-13 01:34:00'),(27,161,0,'113.214.202.2','Mozilla/5.0 (Windows NT 10.0; WOW64) AppleWebKit/537.36 (KHTML, like Gecko) Chrome/75.0.3770.100 Safari/537.36','2020-04-13 01:34:05'),(28,161,0,'183.247.202.124','Mozilla/5.0 (Windows NT 10.0; WOW64) AppleWebKit/537.36 (KHTML, like Gecko) Chrome/65.0.3325.181 Safari/537.36','2020-04-13 01:34:08'),(29,0,114,'115.193.183.100','Mozilla/5.0 (Windows NT 6.1; Win64; x64) AppleWebKit/537.36 (KHTML, like Gecko) Chrome/78.0.3904.97 Safari/537.36','2020-04-13 02:28:25'),(30,162,0,'115.193.183.100','Mozilla/5.0 (Windows NT 6.1; Win64; x64) AppleWebKit/537.36 (KHTML, like Gecko) Chrome/78.0.3904.97 Safari/537.36','2020-04-13 02:39:35'),(31,163,0,'183.247.202.124','Mozilla/5.0 (Windows NT 10.0; WOW64) AppleWebKit/537.36 (KHTML, like Gecko) Chrome/65.0.3325.181 Safari/537.36','2020-04-13 06:31:14'),(32,164,0,'183.247.202.124','Mozilla/5.0 (Windows NT 10.0; WOW64) AppleWebKit/537.36 (KHTML, like Gecko) Chrome/65.0.3325.181 Safari/537.36','2020-04-13 06:31:34'),(33,164,0,'115.193.183.100','Mozilla/5.0 (Windows NT 6.1; Win64; x64) AppleWebKit/537.36 (KHTML, like Gecko) Chrome/78.0.3904.97 Safari/537.36','2020-04-13 06:31:46'),(34,165,0,'183.247.202.124','Mozilla/5.0 (Windows NT 10.0; WOW64) AppleWebKit/537.36 (KHTML, like Gecko) Chrome/65.0.3325.181 Safari/537.36','2020-04-13 06:31:54'),(35,166,0,'115.193.183.100','Mozilla/5.0 (Windows NT 6.1; Win64; x64) AppleWebKit/537.36 (KHTML, like Gecko) Chrome/78.0.3904.97 Safari/537.36','2020-04-13 06:48:32'),(36,166,0,'183.247.202.124','Mozilla/5.0 (Windows NT 10.0; WOW64) AppleWebKit/537.36 (KHTML, like Gecko) Chrome/65.0.3325.181 Safari/537.36','2020-04-13 06:48:35'),(37,167,0,'183.247.202.124','Mozilla/5.0 (Windows NT 10.0; WOW64) AppleWebKit/537.36 (KHTML, like Gecko) Chrome/65.0.3325.181 Safari/537.36','2020-04-13 07:35:34'),(38,167,0,'115.193.183.100','Mozilla/5.0 (Windows NT 6.1; Win64; x64) AppleWebKit/537.36 (KHTML, like Gecko) Chrome/78.0.3904.97 Safari/537.36','2020-04-13 07:35:39'),(39,168,0,'183.247.202.124','Mozilla/5.0 (Windows NT 10.0; WOW64) AppleWebKit/537.36 (KHTML, like Gecko) Chrome/65.0.3325.181 Safari/537.36','2020-04-13 07:36:10'),(40,168,0,'115.193.183.100','Mozilla/5.0 (Windows NT 6.1; Win64; x64) AppleWebKit/537.36 (KHTML, like Gecko) Chrome/78.0.3904.97 Safari/537.36','2020-04-13 07:36:26');

--
-- Table structure for table `ya02wmsj_cecoe_order_source`
--

CREATE TABLE `ya02wmsj_cecoe_order_source` (
  `id` int(10) unsigned NOT NULL AUTO_INCREMENT COMMENT '来源ID',
  `code` char(9) NOT NULL DEFAULT 'SOURCE001' COMMENT '来源编码',
  `name` varchar(20) NOT NULL DEFAULT '' COMMENT '来源名称',
  PRIMARY KEY (`id`)
) ENGINE=MyISAM AUTO_INCREMENT=4 DEFAULT CHARSET=utf8 COMMENT='点单来源表';

--
-- Dumping data for table `ya02wmsj_cecoe_order_source`
--

INSERT INTO `ya02wmsj_cecoe_order_source` VALUES (1,'SOURCE001','公众用户'),(2,'SOURCE002','志愿者'),(3,'SOURCE003','管理员');

--
-- Table structure for table `ya02wmsj_cecoe_order_status`
--

CREATE TABLE `ya02wmsj_cecoe_order_status` (
  `id` int(10) unsigned NOT NULL AUTO_INCREMENT COMMENT '表ID',
  `code` char(9) NOT NULL DEFAULT 'STATUS001' COMMENT '状态编码',
  `name` varchar(20) NOT NULL DEFAULT '' COMMENT '状态名称',
  PRIMARY KEY (`id`)
) ENGINE=MyISAM AUTO_INCREMENT=13 DEFAULT CHARSET=utf8 COMMENT='点单状态表';

--
-- Dumping data for table `ya02wmsj_cecoe_order_status`
--

INSERT INTO `ya02wmsj_cecoe_order_status` VALUES (1,'STATUS001','所级预审'),(2,'STATUS002','中心预审'),(3,'STATUS003','跨所预审'),(4,'STATUS004','待派单'),(5,'STATUS005','待接单'),(6,'STATUS006','待办结'),(7,'STATUS007','待审核'),(8,'STATUS008','待归档'),(9,'STATUS009','已归档'),(10,'STATUS010','已驳回'),(11,'STATUS011','预审驳回');

--
-- Table structure for table `ya02wmsj_cecoe_organ_practice`
--

CREATE TABLE `ya02wmsj_cecoe_organ_practice` (
  `id` int(10) unsigned NOT NULL AUTO_INCREMENT COMMENT '表ID',
  `pid` int(10) unsigned NOT NULL DEFAULT '0' COMMENT '父ID',
  `name` varchar(51) NOT NULL DEFAULT '' COMMENT '组织名称',
  `desc` varchar(1002) NOT NULL DEFAULT '' COMMENT '组织描述',
  `region_code` char(13) NOT NULL DEFAULT '' COMMENT '区域编码，关联region表code',
  `latitude` float(10,7) NOT NULL DEFAULT '0.0000000' COMMENT '纬度',
  `longitude` float(10,7) NOT NULL DEFAULT '0.0000000' COMMENT '经度',
  `phone` varchar(51) NOT NULL DEFAULT '' COMMENT '联系方式,多个用","隔开,最填写多3个',
  `address` varchar(201) NOT NULL DEFAULT '' COMMENT '详细地址',
  `ctime` timestamp NOT NULL DEFAULT CURRENT_TIMESTAMP COMMENT '添加时间',
  `points` mediumint(8) NOT NULL DEFAULT '0' COMMENT '总积分',
  `charge_name` varchar(21) NOT NULL DEFAULT '' COMMENT '负责人',
  PRIMARY KEY (`id`)
) ENGINE=InnoDB AUTO_INCREMENT=51 DEFAULT CHARSET=utf8 COMMENT='实践组织表(中心/所/站)';

--
-- Dumping data for table `ya02wmsj_cecoe_organ_practice`
--

INSERT INTO `ya02wmsj_cecoe_organ_practice` VALUES (18,0,'临海市实践中心','','331082000000',30.2802181,120.0536499,'','浙江省杭州市西湖区蒋村街道凌波路5号西溪花园·流芳苑','2019-07-08 19:57:51',0,''),(19,18,'古城街道实践所','','331082001000',28.8584003,121.1449509,'','','2019-07-08 19:58:49',0,''),(20,18,'大洋街道实践所','','331082002000',0.0000000,0.0000000,'','','2019-07-08 19:59:00',1,''),(21,19,'文化社区实践站','','331082001001',0.0000000,0.0000000,'','','2019-07-08 19:59:25',0,''),(22,19,'井头社区实践站','','331082001002',0.0000000,0.0000000,'','','2019-07-11 15:55:35',0,''),(23,20,'府东社区实践站','','331082002001',0.0000000,0.0000000,'','','2019-07-11 15:55:58',1,'陈丽丽'),(25,18,'汛桥镇实践所','','331082100000',0.0000000,0.0000000,'','','2019-08-28 17:30:29',0,''),(30,25,'利丰村实践站','','331082100200',0.0000000,0.0000000,'','','2020-01-08 23:39:09',0,'陈琳'),(32,18,'邵家渡街道实践所','','331082005000',28.8584003,121.1449509,'','','2020-04-07 01:58:31',0,''),(48,32,'邵家渡村实践站','','331082005200',28.8584003,121.1449509,'','','2020-04-09 00:55:29',0,'');

--
-- Table structure for table `ya02wmsj_cecoe_organ_volunteer`
--

CREATE TABLE `ya02wmsj_cecoe_organ_volunteer` (
  `id` int(10) unsigned NOT NULL AUTO_INCREMENT COMMENT '表ID',
  `pid` int(10) unsigned NOT NULL DEFAULT '0' COMMENT '父ID',
  `name` varchar(51) NOT NULL DEFAULT '' COMMENT '组织名称',
  `desc` varchar(1002) NOT NULL DEFAULT '' COMMENT '组织描述',
  `region_code` char(13) NOT NULL DEFAULT '' COMMENT '区域编码，关联region表code',
  `latitude` float(10,7) NOT NULL DEFAULT '0.0000000' COMMENT '纬度',
  `longitude` float(10,7) NOT NULL DEFAULT '0.0000000' COMMENT '经度',
  `phone` varchar(51) NOT NULL DEFAULT '' COMMENT '联系方式,多个用","隔开,最填写多3个',
  `address` varchar(201) NOT NULL DEFAULT '' COMMENT '详细地址',
  `level` char(1) DEFAULT '0' COMMENT '层级1总队2支队3小队',
  `category_id` varchar(101) NOT NULL DEFAULT '' COMMENT '服务分类ID列表，多个以逗号隔开',
  `ctime` timestamp NOT NULL DEFAULT CURRENT_TIMESTAMP COMMENT '添加时间',
  `points` mediumint(8) NOT NULL DEFAULT '0' COMMENT '总积分',
  `unit` varchar(101) NOT NULL DEFAULT '' COMMENT '责任单位',
  `charge_name` varchar(101) DEFAULT '' COMMENT '负责人',
  `code` varchar(101) NOT NULL DEFAULT '' COMMENT '志愿汇组织编码',
  PRIMARY KEY (`id`)
) ENGINE=InnoDB AUTO_INCREMENT=14 DEFAULT CHARSET=utf8 COMMENT='志愿者组织表(总队/支队/小队)';

--
-- Dumping data for table `ya02wmsj_cecoe_organ_volunteer`
--

INSERT INTO `ya02wmsj_cecoe_organ_volunteer` VALUES (1,0,'','','331082000000',28.8584003,121.1449509,'15869352365','临海市第二人民医院','0','24,34','2020-03-23 05:36:11',0,'','','150450803101164de4c9889b94df48216d4b0aaf9f67d'),(2,0,'','12323','331082002000',28.8584003,121.1449509,'15326598745','临海市大洋街道','0','29','2020-03-23 05:42:24',0,'','','149584454063167b2741858a34181a626a8b2b016e65e'),(3,0,'','','331082100000',28.8584003,121.1449509,'15245985263','临海市汛桥镇','0','23,46,47,48,73','2020-03-23 05:44:12',0,'','','14954991619962095b7ac64e24b65a299e26a98ff6b8d'),(4,0,'','','331082000000',28.8584003,121.1449509,'','','0','17,18','2020-03-30 06:51:36',0,'','','149549933650053862bdc00fd4ce4ab2df07c5dcfacdd'),(9,0,'','','331082000000',28.8584003,121.1449509,'13958566561','','0','26,27','2020-04-09 06:25:33',0,'','','1586404955908be1e491fd89b4c12a2e9d2551becfb42'),(10,0,'','','331082000000',28.8584003,121.1449509,'','','0','41,42','2020-04-09 06:35:16',0,'','','15864050040640d0e3ff914c147fbbb4ed5ec82787f80'),(12,0,'','','331082000000',28.8584003,121.1449509,'','','0','43,44,45','2020-04-09 11:33:45',0,'','','15864047883616b9f1e86e2264538bf4c3d42d8a34bb9'),(13,0,'','','331082000000',28.8584003,121.1449509,'13968561861','','0','56','2020-04-13 01:48:25',0,'','','1586740812736b3b57fc65d0e438b8000e04ba01039cb');

--
-- Table structure for table `ya02wmsj_cecoe_organ_volunteer_apply`
--

CREATE TABLE `ya02wmsj_cecoe_organ_volunteer_apply` (
  `id` int(10) unsigned NOT NULL AUTO_INCREMENT COMMENT '表ID',
  `uuid` char(32) NOT NULL DEFAULT '' COMMENT '用户uuid',
  `name` varchar(31) NOT NULL DEFAULT '' COMMENT '申请人真实姓名',
  `intro` text NOT NULL COMMENT '志愿者个人简介',
  `address` varchar(255) NOT NULL DEFAULT '' COMMENT '常驻地  中文地址',
  `status` tinyint(3) unsigned NOT NULL DEFAULT '0' COMMENT '是否通过审核 0-未审核 1-已审核 3-被驳回',
  `check_uuid` char(32) NOT NULL DEFAULT '' COMMENT '审核人uuid',
  `check_time` timestamp NOT NULL DEFAULT '0000-00-00 00:00:00' COMMENT '审核时间',
  `review_msg` varchar(201) NOT NULL DEFAULT '' COMMENT '审核意见',
  `vorgan_id` int(10) unsigned NOT NULL COMMENT '志愿者组织机构id, 关联organ_volunteer表id',
  `ctime` timestamp NOT NULL DEFAULT CURRENT_TIMESTAMP COMMENT '添加时间',
  PRIMARY KEY (`id`)
) ENGINE=InnoDB AUTO_INCREMENT=43 DEFAULT CHARSET=utf8mb4 COMMENT='志愿者申请加入志愿者组织';

--
-- Dumping data for table `ya02wmsj_cecoe_organ_volunteer_apply`
--

INSERT INTO `ya02wmsj_cecoe_organ_volunteer_apply` VALUES (14,'09ff4db587db4aa3bfa4db7120d72e54','啦啦啦','hahaha','侯迫切需要',1,'','0000-00-00 00:00:00','aa',43,'2019-07-25 17:54:50'),(15,'09ff4db587db4aa3bfa4db7120d72e54','啦啦啦','得得得','侯迫切需要',1,'','0000-00-00 00:00:00','',42,'2019-07-25 18:00:55'),(40,'871ba57647534b78b3f1374cc409436f','王树','装逼服务队','鸿蒙宇宙地球',1,'','0000-00-00 00:00:00','',41,'2019-08-01 00:22:14'),(41,'c8660342c12c407db87c61e137f86cb2','陈本义','加入志愿者','杭州',0,'','0000-00-00 00:00:00','',41,'2019-08-19 21:57:24'),(42,'c8660342c12c407db87c61e137f86cb2','陈本义','加入志愿者','杭州',1,'','0000-00-00 00:00:00','',43,'2019-08-19 22:05:04');

--
-- Table structure for table `ya02wmsj_cecoe_people_type`
--

CREATE TABLE `ya02wmsj_cecoe_people_type` (
  `id` int(10) unsigned NOT NULL AUTO_INCREMENT,
  `name` varchar(200) NOT NULL DEFAULT '' COMMENT '特殊人群分类名',
  `desc` varchar(255) NOT NULL DEFAULT '' COMMENT '描述',
  `is_show` enum('y','n') DEFAULT 'y' COMMENT '是否显示',
  `sort` tinyint(4) DEFAULT '99' COMMENT '排序',
  `ctime` datetime NOT NULL DEFAULT CURRENT_TIMESTAMP COMMENT '创建时间',
  PRIMARY KEY (`id`)
) ENGINE=InnoDB AUTO_INCREMENT=11 DEFAULT CHARSET=utf8mb4;

--
-- Dumping data for table `ya02wmsj_cecoe_people_type`
--

INSERT INTO `ya02wmsj_cecoe_people_type` VALUES (1,'留守儿童','父母双方在外工作，留孩子在家','y',99,'2019-06-19 16:54:05'),(9,'残疾','行动不便','y',100,'2019-06-19 17:06:20'),(10,'高龄老人','60岁及以上人群','y',99,'2019-06-19 17:07:56');

--
-- Table structure for table `ya02wmsj_cecoe_points_log`
--

CREATE TABLE `ya02wmsj_cecoe_points_log` (
  `id` int(10) unsigned NOT NULL AUTO_INCREMENT COMMENT '表ID',
  `operate` tinyint(3) unsigned NOT NULL DEFAULT '1' COMMENT '关联points_system表id [操作类型 1点赞 2收藏 3分享 4浏览 5评论 活动的各项积分]',
  `type` enum('content','activity','event') NOT NULL DEFAULT 'content' COMMENT '操作类型 content activity event',
  `c_id` int(10) unsigned NOT NULL DEFAULT '0' COMMENT '关联content/activity表id',
  `source_id` char(32) NOT NULL DEFAULT '' COMMENT '发布人 关联user表uuid',
  `operate_user_id` char(32) NOT NULL COMMENT '操作人uuid, 关联user表uuid',
  `points` int(10) unsigned NOT NULL DEFAULT '0' COMMENT '积分数',
  `ctime` timestamp NOT NULL DEFAULT CURRENT_TIMESTAMP COMMENT '操作时间',
  `plat_type` enum('tv','app','pc') NOT NULL DEFAULT 'app' COMMENT '平台',
  `stb_id` varchar(51) NOT NULL DEFAULT '0' COMMENT '用户机顶盒ID',
  `ca_no` varchar(51) NOT NULL DEFAULT '0' COMMENT '用户CA卡号',
  `ip` int(10) unsigned NOT NULL DEFAULT '0' COMMENT '用户IP',
  `tags` varchar(201) NOT NULL DEFAULT '' COMMENT '标签',
  `porgan_id` int(10) unsigned NOT NULL DEFAULT '0' COMMENT '实践组织机构id, 关联organ_practice表id',
  `vorgan_id` int(10) unsigned NOT NULL DEFAULT '0' COMMENT '志愿者组织机构id, 关联organ_volunteer表id',
  PRIMARY KEY (`id`)
) ENGINE=InnoDB AUTO_INCREMENT=616 DEFAULT CHARSET=utf8 COMMENT='用户积分操作日志表';

--
-- Dumping data for table `ya02wmsj_cecoe_points_log`
--

INSERT INTO `ya02wmsj_cecoe_points_log` VALUES (1,2,'content',17,'','09ff4db587db4aa3bfa4db7120d72e54',0,'2019-07-25 17:12:51','app','0','0',1942075783,'',0,0),(2,1,'content',17,'','09ff4db587db4aa3bfa4db7120d72e54',1,'2019-07-25 17:14:40','app','0','0',1942075783,'',0,0),(3,3,'content',17,'','09ff4db587db4aa3bfa4db7120d72e54',1,'2019-07-25 17:14:44','app','0','0',1942075783,'',0,0),(4,2,'content',17,'','09ff4db587db4aa3bfa4db7120d72e54',1,'2019-07-25 17:27:00','app','0','0',1942075783,'',0,0),(5,17,'activity',85,'','3f788db63ab3419e88a2bc08e2824cfd',1,'2019-07-27 00:26:19','app','0','0',1942075783,'',0,0),(6,17,'activity',89,'','6164537ab0ad4d778ddb4fae5fcad687',1,'2019-07-27 00:34:00','app','0','0',1942075783,'',0,0),(7,17,'activity',95,'','c8660342c12c407db87c61e137f86cb2',1,'2019-07-27 00:49:50','app','0','0',1942075783,'',0,0),(8,2,'content',16,'','c8660342c12c407db87c61e137f86cb2',1,'2019-07-27 01:46:30','app','0','0',1942075783,'',0,0),(15,1,'content',16,'','c8660342c12c407db87c61e137f86cb2',1,'2019-07-27 01:46:53','app','0','0',1942075783,'',0,0),(16,9,'event',107,'','c8660342c12c407db87c61e137f86cb2',3,'2019-07-29 01:07:26','app','0','0',1018878659,'',0,0),(18,1,'content',25,'','c8660342c12c407db87c61e137f86cb2',1,'2019-08-01 01:37:38','app','0','0',1018878659,'',0,0),(20,2,'content',25,'','c8660342c12c407db87c61e137f86cb2',1,'2019-08-01 01:38:08','app','0','0',1018878659,'',0,0),(22,2,'content',26,'','c8660342c12c407db87c61e137f86cb2',1,'2019-08-01 18:06:54','app','0','0',1018878659,'',0,0),(23,9,'event',107,'','c8660342c12c407db87c61e137f86cb2',3,'2019-08-06 23:49:24','app','0','0',3078661036,'',0,0),(24,14,'activity',4,'','c8660342c12c407db87c61e137f86cb2',3,'2019-08-19 23:42:33','app','0','0',2104976101,'',0,0),(25,14,'activity',7,'','c8660342c12c407db87c61e137f86cb2',3,'2019-08-20 01:09:47','app','0','0',2104976101,'',0,0),(26,14,'activity',6,'','c8660342c12c407db87c61e137f86cb2',3,'2019-08-20 01:10:47','app','0','0',2104976101,'',0,0),(27,14,'activity',5,'','c8660342c12c407db87c61e137f86cb2',3,'2019-08-20 01:28:53','app','0','0',2104976101,'',0,0),(28,14,'activity',4,'','c8660342c12c407db87c61e137f86cb2',3,'2019-08-20 17:07:27','app','0','0',2104976101,'',0,0),(29,14,'activity',7,'','c8660342c12c407db87c61e137f86cb2',3,'2019-08-20 17:08:22','app','0','0',2104976101,'',0,0),(30,14,'activity',6,'','c8660342c12c407db87c61e137f86cb2',3,'2019-08-20 17:11:05','app','0','0',2104976101,'',0,0),(31,14,'activity',5,'','c8660342c12c407db87c61e137f86cb2',3,'2019-08-20 17:12:49','app','0','0',2104976101,'',0,0),(32,17,'activity',9,'','c8660342c12c407db87c61e137f86cb2',1,'2019-08-20 20:07:57','app','0','0',2104976101,'',0,0),(33,3,'content',5,'','c8660342c12c407db87c61e137f86cb2',1,'2019-09-19 19:49:42','app','0','0',1941991004,'',0,0),(42,1,'content',5,'','c8660342c12c407db87c61e137f86cb2',1,'2019-09-19 19:49:58','app','0','0',1941991004,'',0,0),(43,2,'content',5,'','c8660342c12c407db87c61e137f86cb2',1,'2020-02-27 21:24:02','app','0','0',1942875740,'',0,0),(44,2,'content',37,'','c8660342c12c407db87c61e137f86cb2',1,'2020-03-04 18:23:21','app','0','0',1942071700,'',0,0),(45,2,'content',37,'','c8660342c12c407db87c61e137f86cb2',1,'2020-03-04 18:39:39','app','0','0',1942071700,'',0,0),(46,2,'content',37,'','c8660342c12c407db87c61e137f86cb2',1,'2020-03-04 18:40:27','app','0','0',1942071700,'',0,0),(47,2,'content',37,'','c8660342c12c407db87c61e137f86cb2',1,'2020-03-05 01:28:44','app','0','0',1942071700,'',0,0),(48,2,'content',37,'','c8660342c12c407db87c61e137f86cb2',1,'2020-03-05 18:13:23','app','0','0',1942071700,'',0,0),(49,2,'content',37,'','c8660342c12c407db87c61e137f86cb2',1,'2020-03-05 19:43:05','app','0','0',1942071700,'',0,0),(50,2,'content',37,'','c8660342c12c407db87c61e137f86cb2',1,'2020-03-05 19:43:45','app','0','0',1942071700,'',0,0),(51,2,'content',37,'','c8660342c12c407db87c61e137f86cb2',1,'2020-03-05 22:03:31','app','0','0',1942071700,'',0,0),(52,2,'content',37,'','c8660342c12c407db87c61e137f86cb2',1,'2020-03-05 22:07:00','app','0','0',1942071700,'',0,0),(53,2,'content',37,'','c8660342c12c407db87c61e137f86cb2',0,'2020-03-05 22:07:43','app','0','0',1942071700,'',0,0),(54,2,'content',41,'','c8660342c12c407db87c61e137f86cb2',1,'2020-03-09 00:49:34','app','0','0',2104977368,'',0,0),(55,2,'content',37,'','c8660342c12c407db87c61e137f86cb2',1,'2020-03-09 18:24:39','app','0','0',2104977368,'',0,0),(56,2,'content',37,'','5f89f915c8114c6496c72c8239cb25ca',1,'2020-03-09 18:46:07','app','0','0',2104977368,'',0,0),(57,1,'content',47,'','09ff4db587db4aa3bfa4db7120d72e54',1,'2020-03-18 02:06:57','app','0','0',1942070222,'',0,0),(58,2,'content',41,'','c8660342c12c407db87c61e137f86cb2',1,'2020-03-18 02:49:30','app','0','0',1942070222,'',0,0),(59,2,'content',41,'','c8660342c12c407db87c61e137f86cb2',1,'2020-03-18 02:50:24','app','0','0',1942070222,'',0,0),(60,2,'content',41,'','c8660342c12c407db87c61e137f86cb2',1,'2020-03-18 02:50:55','app','0','0',1942070222,'',0,0),(61,2,'content',41,'','c8660342c12c407db87c61e137f86cb2',1,'2020-03-18 02:53:41','app','0','0',1942070222,'',0,0),(62,1,'content',41,'','c8660342c12c407db87c61e137f86cb2',1,'2020-03-18 02:54:03','app','0','0',1942070222,'',0,0),(63,3,'content',41,'','09ff4db587db4aa3bfa4db7120d72e54',1,'2020-03-18 03:06:58','app','0','0',1942070222,'',0,0),(64,3,'content',41,'','d7182abdaa634a0e8e35ad1310a3deb2',1,'2020-03-18 03:31:52','app','0','0',3748198120,'',0,0),(65,1,'content',41,'','d7182abdaa634a0e8e35ad1310a3deb2',1,'2020-03-18 03:32:06','app','0','0',3748198120,'',0,0),(66,2,'content',41,'','d7182abdaa634a0e8e35ad1310a3deb2',1,'2020-03-18 03:32:15','app','0','0',3748198120,'',0,0),(67,2,'content',41,'','d7182abdaa634a0e8e35ad1310a3deb2',1,'2020-03-18 03:37:59','app','0','0',1942070222,'',0,0),(73,2,'content',46,'','d7182abdaa634a0e8e35ad1310a3deb2',1,'2020-03-18 05:27:51','app','0','0',1942070222,'',0,0),(105,2,'content',35,'','d7182abdaa634a0e8e35ad1310a3deb2',1,'2020-03-18 07:10:10','app','0','0',1942070222,'',0,0),(106,3,'content',74,'','d7182abdaa634a0e8e35ad1310a3deb2',1,'2020-03-18 07:17:47','app','0','0',1942070222,'',0,0),(107,1,'content',74,'','d7182abdaa634a0e8e35ad1310a3deb2',1,'2020-03-18 07:17:51','app','0','0',1942070222,'',0,0),(113,1,'content',76,'','d7182abdaa634a0e8e35ad1310a3deb2',1,'2020-03-18 07:22:11','app','0','0',1942070222,'',0,0),(114,3,'content',76,'','d7182abdaa634a0e8e35ad1310a3deb2',1,'2020-03-18 07:22:16','app','0','0',1942070222,'',0,0),(116,1,'content',72,'','d7182abdaa634a0e8e35ad1310a3deb2',1,'2020-03-18 07:22:57','app','0','0',1942070222,'',0,0),(127,1,'content',81,'','c8660342c12c407db87c61e137f86cb2',1,'2020-03-18 08:24:21','app','0','0',1942070222,'',0,0),(130,2,'content',82,'','d7182abdaa634a0e8e35ad1310a3deb2',1,'2020-03-18 08:28:22','app','0','0',1942070222,'',0,0),(133,1,'content',76,'','09ff4db587db4aa3bfa4db7120d72e54',1,'2020-03-18 08:55:40','app','0','0',1942070222,'',0,0),(134,3,'content',76,'','09ff4db587db4aa3bfa4db7120d72e54',1,'2020-03-18 08:57:10','app','0','0',1942070222,'',0,0),(136,3,'content',83,'','09ff4db587db4aa3bfa4db7120d72e54',1,'2020-03-18 08:59:18','app','0','0',1942070222,'',0,0),(137,1,'content',82,'','d7182abdaa634a0e8e35ad1310a3deb2',1,'2020-03-18 09:08:55','app','0','0',1942070222,'',0,0),(141,2,'content',80,'','d7182abdaa634a0e8e35ad1310a3deb2',1,'2020-03-18 09:15:18','app','0','0',1942070222,'',0,0),(143,2,'content',80,'','d7182abdaa634a0e8e35ad1310a3deb2',1,'2020-03-19 01:42:56','app','0','0',1942070222,'',0,0),(144,1,'content',53,'','d7182abdaa634a0e8e35ad1310a3deb2',1,'2020-03-19 01:43:17','app','0','0',1942070222,'',0,0),(145,1,'content',66,'','d7182abdaa634a0e8e35ad1310a3deb2',1,'2020-03-19 02:13:47','app','0','0',1942070222,'',0,0),(146,2,'content',82,'','09ff4db587db4aa3bfa4db7120d72e54',1,'2020-03-19 06:53:16','app','0','0',3748198108,'',0,0),(147,2,'content',83,'','09ff4db587db4aa3bfa4db7120d72e54',1,'2020-03-19 06:53:46','app','0','0',3748198108,'',0,0),(148,2,'content',82,'','09ff4db587db4aa3bfa4db7120d72e54',1,'2020-03-19 06:54:08','app','0','0',3748198108,'',0,0),(149,2,'content',85,'','09ff4db587db4aa3bfa4db7120d72e54',1,'2020-03-19 08:03:00','app','0','0',1942070222,'',0,0),(150,2,'content',85,'','09ff4db587db4aa3bfa4db7120d72e54',1,'2020-03-19 08:05:30','app','0','0',1942070222,'',0,0),(152,2,'content',98,'','81ec437c7b334378af7890eaf22934d3',1,'2020-03-20 01:14:24','app','0','0',3703513275,'',0,0),(153,1,'content',97,'','81ec437c7b334378af7890eaf22934d3',1,'2020-03-20 01:21:03','app','0','0',3703513275,'',0,0),(154,3,'content',97,'','81ec437c7b334378af7890eaf22934d3',1,'2020-03-20 01:21:06','app','0','0',3703513275,'',0,0),(155,1,'content',96,'','81ec437c7b334378af7890eaf22934d3',1,'2020-03-20 01:22:45','app','0','0',3703513275,'',0,0),(157,2,'content',74,'','d7182abdaa634a0e8e35ad1310a3deb2',1,'2020-03-20 01:32:27','app','0','0',3703513275,'',0,0),(158,1,'content',66,'','81ec437c7b334378af7890eaf22934d3',1,'2020-03-20 01:37:23','app','0','0',3703513275,'',0,0),(160,1,'content',44,'','81ec437c7b334378af7890eaf22934d3',1,'2020-03-20 03:14:24','app','0','0',3703513275,'',0,0),(161,1,'content',72,'','81ec437c7b334378af7890eaf22934d3',1,'2020-03-20 03:14:30','app','0','0',3703513275,'',0,0),(162,1,'content',74,'','81ec437c7b334378af7890eaf22934d3',1,'2020-03-20 03:14:41','app','0','0',3703513275,'',0,0),(163,2,'content',74,'','81ec437c7b334378af7890eaf22934d3',1,'2020-03-20 03:15:03','app','0','0',3703513275,'',0,0),(164,1,'content',82,'','81ec437c7b334378af7890eaf22934d3',1,'2020-03-20 03:15:54','app','0','0',3703513275,'',0,0),(165,1,'content',76,'','81ec437c7b334378af7890eaf22934d3',1,'2020-03-20 03:17:33','app','0','0',3703513275,'',0,0),(166,1,'content',54,'','81ec437c7b334378af7890eaf22934d3',1,'2020-03-20 03:31:28','app','0','0',3703513275,'',0,0),(168,3,'content',54,'','81ec437c7b334378af7890eaf22934d3',1,'2020-03-20 03:31:33','app','0','0',3703513275,'',0,0),(169,1,'content',98,'','81ec437c7b334378af7890eaf22934d3',1,'2020-03-20 06:19:50','app','0','0',3703513275,'',0,0),(170,3,'content',98,'','81ec437c7b334378af7890eaf22934d3',1,'2020-03-20 06:19:52','app','0','0',3703513275,'',0,0),(171,2,'content',98,'','81ec437c7b334378af7890eaf22934d3',1,'2020-03-20 06:20:48','app','0','0',3703513275,'',0,0),(172,2,'content',99,'','e8fca0ee863d4f7cb77904ff97a50131',1,'2020-03-20 06:21:24','app','0','0',3703513275,'',0,0),(173,1,'content',65,'','d7182abdaa634a0e8e35ad1310a3deb2',1,'2020-03-20 06:21:48','app','0','0',3703513275,'',0,0),(174,1,'content',65,'','81ec437c7b334378af7890eaf22934d3',1,'2020-03-20 06:23:39','app','0','0',3703513275,'',0,0),(175,1,'content',41,'','81ec437c7b334378af7890eaf22934d3',1,'2020-03-20 06:24:57','app','0','0',3703513275,'',0,0),(177,1,'content',83,'','81ec437c7b334378af7890eaf22934d3',1,'2020-03-20 06:26:32','app','0','0',3703513275,'',0,0),(188,2,'content',97,'','d7182abdaa634a0e8e35ad1310a3deb2',1,'2020-03-20 06:43:39','app','0','0',3703513275,'',0,0),(189,3,'content',98,'','f30763b9293c4bd8a6728158f5188db4',1,'2020-03-20 06:50:01','app','0','0',3703513275,'',0,0),(191,1,'content',98,'','f30763b9293c4bd8a6728158f5188db4',1,'2020-03-20 06:56:45','app','0','0',3703513275,'',0,0),(192,1,'content',97,'','f30763b9293c4bd8a6728158f5188db4',1,'2020-03-20 06:56:55','app','0','0',3703513275,'',0,0),(193,2,'content',94,'','f30763b9293c4bd8a6728158f5188db4',1,'2020-03-20 06:57:53','app','0','0',3703513275,'',0,0),(194,2,'content',98,'','f30763b9293c4bd8a6728158f5188db4',1,'2020-03-20 06:58:12','app','0','0',3703513275,'',0,0),(195,2,'content',98,'','d7182abdaa634a0e8e35ad1310a3deb2',1,'2020-03-20 07:14:56','app','0','0',3703513275,'',0,0),(196,1,'content',97,'','d7182abdaa634a0e8e35ad1310a3deb2',1,'2020-03-20 07:21:42','app','0','0',3703513275,'',0,0),(198,1,'content',47,'','81ec437c7b334378af7890eaf22934d3',1,'2020-03-20 07:22:58','app','0','0',3703513275,'',0,0),(199,2,'content',98,'','f30763b9293c4bd8a6728158f5188db4',1,'2020-03-20 07:23:45','app','0','0',3703513275,'',0,0),(200,1,'content',81,'','81ec437c7b334378af7890eaf22934d3',1,'2020-03-20 07:23:56','app','0','0',3703513275,'',0,0),(201,2,'content',98,'','f30763b9293c4bd8a6728158f5188db4',1,'2020-03-20 07:29:38','app','0','0',3703513275,'',0,0),(202,2,'content',72,'','81ec437c7b334378af7890eaf22934d3',1,'2020-03-20 07:37:07','app','0','0',3703513275,'',0,0),(203,2,'content',98,'','f30763b9293c4bd8a6728158f5188db4',1,'2020-03-20 07:48:34','app','0','0',3703513275,'',0,0),(204,2,'content',98,'','f30763b9293c4bd8a6728158f5188db4',1,'2020-03-20 07:49:24','app','0','0',3703513275,'',0,0),(205,1,'content',65,'','f30763b9293c4bd8a6728158f5188db4',1,'2020-03-20 09:27:22','app','0','0',3703513275,'',0,0),(206,3,'content',65,'','f30763b9293c4bd8a6728158f5188db4',1,'2020-03-20 09:27:38','app','0','0',3703513275,'',0,0),(207,2,'content',65,'','f30763b9293c4bd8a6728158f5188db4',1,'2020-03-20 09:27:48','app','0','0',3703513275,'',0,0),(208,1,'content',39,'','f30763b9293c4bd8a6728158f5188db4',1,'2020-03-20 09:28:20','app','0','0',3703513275,'',0,0),(209,1,'content',65,'','65fac3305f8f4702bac2423c361d1ae4',1,'2020-03-24 01:03:25','app','0','0',3078661442,'',0,0),(210,2,'content',65,'','65fac3305f8f4702bac2423c361d1ae4',1,'2020-03-24 01:03:52','app','0','0',3078661442,'',0,0),(211,2,'content',99,'','65fac3305f8f4702bac2423c361d1ae4',1,'2020-03-24 01:21:50','app','0','0',3078661442,'',0,0),(212,2,'content',99,'','65fac3305f8f4702bac2423c361d1ae4',1,'2020-03-24 01:34:03','app','0','0',3078661442,'',0,0),(213,2,'content',99,'','65fac3305f8f4702bac2423c361d1ae4',1,'2020-03-24 01:34:59','app','0','0',3078661442,'',0,0),(214,2,'content',99,'','65fac3305f8f4702bac2423c361d1ae4',1,'2020-03-24 01:35:26','app','0','0',3078661442,'',0,0),(215,1,'content',96,'','65fac3305f8f4702bac2423c361d1ae4',1,'2020-03-24 02:12:49','app','0','0',3078661442,'',0,0),(216,9,'event',43,'','65fac3305f8f4702bac2423c361d1ae4',3,'2020-03-24 02:21:41','app','0','0',3078661442,'',0,0),(217,9,'event',63,'','65fac3305f8f4702bac2423c361d1ae4',3,'2020-03-24 05:52:48','app','0','0',3078661442,'',0,0),(218,9,'event',63,'','f30763b9293c4bd8a6728158f5188db4',3,'2020-03-24 05:56:14','app','0','0',1880223317,'',0,0),(219,9,'event',63,'','f30763b9293c4bd8a6728158f5188db4',3,'2020-03-24 05:59:42','app','0','0',1880223317,'',0,0),(220,1,'content',54,'','97dab42630364208b93443bbe7b60f81',1,'2020-03-25 00:45:01','app','0','0',3078660429,'',0,0),(221,1,'content',83,'','97dab42630364208b93443bbe7b60f81',1,'2020-03-25 00:45:12','app','0','0',3078660429,'',0,0),(222,2,'content',83,'','97dab42630364208b93443bbe7b60f81',1,'2020-03-25 00:46:41','app','0','0',3078660429,'',0,0),(223,1,'content',97,'','97dab42630364208b93443bbe7b60f81',1,'2020-03-25 01:11:47','app','0','0',3078660429,'',0,0),(224,1,'content',96,'','97dab42630364208b93443bbe7b60f81',1,'2020-03-25 01:12:42','app','0','0',3078660429,'',0,0),(225,2,'content',97,'','97dab42630364208b93443bbe7b60f81',1,'2020-03-25 01:15:17','app','0','0',3078660429,'',0,0),(226,1,'content',66,'','97dab42630364208b93443bbe7b60f81',1,'2020-03-25 01:23:05','app','0','0',3078660429,'',0,0),(227,9,'event',63,'','97dab42630364208b93443bbe7b60f81',3,'2020-03-25 01:39:04','app','0','0',3078660429,'',0,0),(228,2,'content',99,'','97dab42630364208b93443bbe7b60f81',1,'2020-03-25 01:40:04','app','0','0',3078660429,'',0,0),(229,9,'event',63,'','65fac3305f8f4702bac2423c361d1ae4',3,'2020-03-25 01:41:29','app','0','0',3078660429,'',0,0),(230,2,'content',46,'','bb146100ace649a4aac3f27aa1f09b9c',1,'2020-03-25 02:42:42','app','0','0',1909901826,'',0,0),(231,2,'content',46,'','bb146100ace649a4aac3f27aa1f09b9c',1,'2020-03-25 02:42:57','app','0','0',1909901826,'',0,0),(234,1,'content',39,'','bb146100ace649a4aac3f27aa1f09b9c',1,'2020-03-25 02:51:51','app','0','0',1909901826,'',0,0),(235,2,'content',39,'','bb146100ace649a4aac3f27aa1f09b9c',1,'2020-03-25 02:52:07','app','0','0',1909901826,'',0,0),(236,3,'content',97,'','bb146100ace649a4aac3f27aa1f09b9c',1,'2020-03-25 02:53:13','app','0','0',1909901826,'',0,0),(237,2,'content',98,'','bb146100ace649a4aac3f27aa1f09b9c',1,'2020-03-25 03:05:10','app','0','0',1909901826,'',0,0),(238,2,'content',98,'','bb146100ace649a4aac3f27aa1f09b9c',1,'2020-03-25 03:06:49','app','0','0',1909901826,'',0,0),(240,2,'content',66,'','bb146100ace649a4aac3f27aa1f09b9c',1,'2020-03-25 06:48:02','app','0','0',1909901826,'',0,0),(241,2,'content',66,'','bb146100ace649a4aac3f27aa1f09b9c',1,'2020-03-25 06:49:16','app','0','0',1909901826,'',0,0),(243,3,'content',63,'','bb146100ace649a4aac3f27aa1f09b9c',1,'2020-03-25 06:51:10','app','0','0',1909901826,'',0,0),(244,2,'content',66,'','bb146100ace649a4aac3f27aa1f09b9c',1,'2020-03-25 08:07:38','app','0','0',1909901826,'',0,0),(245,9,'event',63,'','0fb56a51cd124b90b7796885abdeb932',3,'2020-03-25 09:06:59','app','0','0',1880223334,'',0,0),(246,9,'event',63,'','0911b213274c44f08104432c0d5680a4',3,'2020-03-25 09:08:54','app','0','0',3078660429,'',0,0),(247,1,'content',74,'','bb146100ace649a4aac3f27aa1f09b9c',1,'2020-03-25 09:55:26','app','0','0',1909901826,'',0,0),(248,2,'content',74,'','bb146100ace649a4aac3f27aa1f09b9c',1,'2020-03-25 09:55:48','app','0','0',1909901826,'',0,0),(249,2,'content',98,'','bb146100ace649a4aac3f27aa1f09b9c',1,'2020-03-25 10:30:04','app','0','0',1909901826,'',0,0),(250,2,'content',97,'','bb146100ace649a4aac3f27aa1f09b9c',1,'2020-03-25 10:30:26','app','0','0',1909901826,'',0,0),(251,2,'content',80,'','bb146100ace649a4aac3f27aa1f09b9c',1,'2020-03-25 10:36:26','app','0','0',1909901826,'',0,0),(252,2,'content',68,'','bb146100ace649a4aac3f27aa1f09b9c',1,'2020-03-25 10:46:08','app','0','0',1909901826,'',0,0),(253,1,'content',68,'','bb146100ace649a4aac3f27aa1f09b9c',1,'2020-03-25 10:46:20','app','0','0',1909901826,'',0,0),(254,9,'event',63,'','bb146100ace649a4aac3f27aa1f09b9c',3,'2020-03-25 10:47:30','app','0','0',1909901826,'',0,0),(255,2,'content',99,'','bb146100ace649a4aac3f27aa1f09b9c',1,'2020-03-25 10:48:07','app','0','0',1909901826,'',0,0),(256,2,'content',99,'','bb146100ace649a4aac3f27aa1f09b9c',1,'2020-03-25 10:51:21','app','0','0',1909901826,'',0,0),(257,2,'content',5,'','bb146100ace649a4aac3f27aa1f09b9c',1,'2020-03-25 10:53:07','app','0','0',1909901826,'',0,0),(258,2,'content',5,'','bb146100ace649a4aac3f27aa1f09b9c',1,'2020-03-25 10:53:26','app','0','0',1909901826,'',0,0),(261,1,'content',78,'','0fb56a51cd124b90b7796885abdeb932',1,'2020-03-26 00:53:17','app','0','0',1942010296,'',0,0),(262,2,'content',68,'','0fb56a51cd124b90b7796885abdeb932',1,'2020-03-26 00:57:15','app','0','0',1942010296,'',0,0),(263,2,'content',57,'','0fb56a51cd124b90b7796885abdeb932',1,'2020-03-26 00:57:48','app','0','0',1942010296,'',0,0),(264,2,'content',57,'','0fb56a51cd124b90b7796885abdeb932',1,'2020-03-26 00:58:13','app','0','0',1942010296,'',0,0),(265,2,'content',57,'','0fb56a51cd124b90b7796885abdeb932',1,'2020-03-26 00:58:42','app','0','0',1942010296,'',0,0),(266,2,'content',99,'','0fb56a51cd124b90b7796885abdeb932',1,'2020-03-26 01:00:56','app','0','0',1942010296,'',0,0),(267,2,'content',99,'','0fb56a51cd124b90b7796885abdeb932',1,'2020-03-26 01:02:04','app','0','0',1942010296,'',0,0),(268,2,'content',99,'','0fb56a51cd124b90b7796885abdeb932',1,'2020-03-26 01:06:56','app','0','0',1942010296,'',0,0),(269,2,'content',99,'','0fb56a51cd124b90b7796885abdeb932',1,'2020-03-26 01:09:57','app','0','0',1942010296,'',0,0),(270,2,'content',85,'','65fac3305f8f4702bac2423c361d1ae4',1,'2020-03-26 01:16:58','app','0','0',1942010296,'',0,0),(271,2,'content',85,'','65fac3305f8f4702bac2423c361d1ae4',1,'2020-03-26 01:18:57','app','0','0',1942010296,'',0,0),(272,1,'content',95,'','97dab42630364208b93443bbe7b60f81',1,'2020-03-26 02:40:46','app','0','0',1942010296,'',0,0),(273,1,'content',94,'','97dab42630364208b93443bbe7b60f81',1,'2020-03-26 02:41:08','app','0','0',1942010296,'',0,0),(274,2,'content',99,'','97dab42630364208b93443bbe7b60f81',1,'2020-03-26 02:49:14','app','0','0',1942010296,'',0,0),(275,9,'event',63,'','37f316ca06494d059cfd0bafe1ab5e8f',3,'2020-03-26 05:48:40','app','0','0',1880224097,'',0,0),(276,1,'content',102,'','e6d47f5f00a14e9fbb1188a51b8659e7',1,'2020-03-28 03:57:55','app','0','0',1942010296,'',0,0),(277,2,'content',130,'','fd10d6b89cec4a4cb59f423d3acb2485',1,'2020-03-30 02:54:12','app','0','0',3670882268,'',0,0),(278,1,'content',130,'','fd10d6b89cec4a4cb59f423d3acb2485',1,'2020-03-30 03:04:07','app','0','0',3670882268,'',0,0),(279,3,'content',108,'','0fb56a51cd124b90b7796885abdeb932',1,'2020-03-30 08:31:40','app','0','0',1880225724,'',0,0),(280,9,'event',63,'','5e7e3675e9da4b87aa949419a477bd87',3,'2020-03-30 09:13:32','app','0','0',666294997,'',0,0),(281,1,'content',97,'','a2a6938f5be34857ab06b0fda2040f40',1,'2020-03-30 09:50:30','app','0','0',3078662132,'',0,0),(282,3,'content',97,'','a2a6938f5be34857ab06b0fda2040f40',1,'2020-03-30 09:50:32','app','0','0',3078662132,'',0,0),(283,2,'content',38,'','41dc02ef48704edfa7f273405143d9f8',1,'2020-03-31 02:05:26','app','0','0',3078662132,'',0,0),(285,1,'content',38,'','41dc02ef48704edfa7f273405143d9f8',1,'2020-03-31 02:16:26','app','0','0',3078662132,'',0,0),(286,3,'content',38,'','41dc02ef48704edfa7f273405143d9f8',1,'2020-03-31 02:16:35','app','0','0',3078662132,'',0,0),(287,1,'content',108,'','e6d47f5f00a14e9fbb1188a51b8659e7',1,'2020-03-31 03:23:09','app','0','0',3078662132,'',0,0),(288,17,'activity',71,'','4d92a971360243b0bab91e2ffc6740e3',1,'2020-03-31 07:52:09','app','0','0',3078662132,'',0,0),(289,1,'content',66,'','ff2f9e265bab43a98231ed487d6cd69b',1,'2020-03-31 10:44:48','app','0','0',3078662132,'',0,0),(290,2,'content',66,'','ff2f9e265bab43a98231ed487d6cd69b',1,'2020-03-31 10:45:00','app','0','0',3078662132,'',0,0),(292,3,'content',172,'','41dc02ef48704edfa7f273405143d9f8',1,'2020-04-02 01:04:55','app','0','0',3078662132,'',0,0),(293,2,'content',286,'','e6d47f5f00a14e9fbb1188a51b8659e7',1,'2020-04-03 01:05:13','app','0','0',3078661249,'',0,0),(294,1,'content',286,'','e6d47f5f00a14e9fbb1188a51b8659e7',1,'2020-04-03 01:05:21','app','0','0',3078661249,'',0,0),(295,2,'content',150,'','ff2f9e265bab43a98231ed487d6cd69b',1,'2020-04-03 02:30:07','app','0','0',3078661249,'',0,0),(296,3,'content',172,'','37f316ca06494d059cfd0bafe1ab5e8f',1,'2020-04-03 03:12:31','app','0','0',3078661249,'',0,0),(297,1,'content',172,'','37f316ca06494d059cfd0bafe1ab5e8f',1,'2020-04-03 03:12:32','app','0','0',3078661249,'',0,0),(298,3,'content',66,'','37f316ca06494d059cfd0bafe1ab5e8f',1,'2020-04-03 03:12:41','app','0','0',3078661249,'',0,0),(299,1,'content',66,'','37f316ca06494d059cfd0bafe1ab5e8f',1,'2020-04-03 03:12:42','app','0','0',3078661249,'',0,0),(300,3,'content',173,'','37f316ca06494d059cfd0bafe1ab5e8f',1,'2020-04-03 03:12:56','app','0','0',3078661249,'',0,0),(301,1,'content',173,'','37f316ca06494d059cfd0bafe1ab5e8f',1,'2020-04-03 03:12:58','app','0','0',3078661249,'',0,0),(302,2,'content',63,'','a2a6938f5be34857ab06b0fda2040f40',1,'2020-04-03 05:47:11','app','0','0',3078661249,'',0,0),(306,1,'content',63,'','a2a6938f5be34857ab06b0fda2040f40',1,'2020-04-03 05:47:43','app','0','0',3078661249,'',0,0),(307,2,'content',57,'','74a1ef21f9b74696b6bc8da1b6b995f9',1,'2020-04-07 01:31:45','app','0','0',2104975918,'',0,0),(313,1,'content',287,'','74a1ef21f9b74696b6bc8da1b6b995f9',1,'2020-04-07 01:54:06','app','0','0',2104975918,'',0,0),(314,1,'content',286,'','74a1ef21f9b74696b6bc8da1b6b995f9',1,'2020-04-07 01:54:21','app','0','0',2104975918,'',0,0),(317,3,'content',287,'','74a1ef21f9b74696b6bc8da1b6b995f9',1,'2020-04-07 01:57:40','app','0','0',2104975918,'',0,0),(318,3,'content',286,'','74a1ef21f9b74696b6bc8da1b6b995f9',1,'2020-04-07 01:57:49','app','0','0',2104975918,'',0,0),(319,2,'content',286,'','74a1ef21f9b74696b6bc8da1b6b995f9',1,'2020-04-07 01:58:57','app','0','0',2104975918,'',0,0),(320,2,'content',286,'','74a1ef21f9b74696b6bc8da1b6b995f9',1,'2020-04-07 01:59:10','app','0','0',2104975918,'',0,0),(321,2,'content',286,'','74a1ef21f9b74696b6bc8da1b6b995f9',1,'2020-04-07 02:06:19','app','0','0',2104975918,'',0,0),(322,2,'content',287,'','e6d47f5f00a14e9fbb1188a51b8659e7',1,'2020-04-07 03:40:42','app','0','0',2104975918,'',0,0),(323,2,'content',172,'','e6d47f5f00a14e9fbb1188a51b8659e7',1,'2020-04-07 06:33:42','app','0','0',2104975918,'',0,0),(324,3,'content',39,'','bb146100ace649a4aac3f27aa1f09b9c',1,'2020-04-07 10:33:12','app','0','0',1909901826,'',0,0),(325,1,'content',287,'','bb146100ace649a4aac3f27aa1f09b9c',1,'2020-04-07 10:46:53','app','0','0',1909901826,'',0,0),(326,3,'content',286,'','bb146100ace649a4aac3f27aa1f09b9c',1,'2020-04-07 10:51:24','app','0','0',1909901826,'',0,0),(327,1,'content',63,'','a1b5c20ba0c949869298133d3fe5d169',1,'2020-04-08 03:26:21','app','0','0',2104975918,'',0,0),(328,1,'content',172,'','41dc02ef48704edfa7f273405143d9f8',1,'2020-04-08 06:43:28','app','0','0',2104975918,'',0,0),(339,1,'content',213,'','90ee2060f62e419c9dec9355ecef9231',1,'2020-04-08 08:42:15','app','0','0',605284480,'',0,0),(340,3,'content',213,'','90ee2060f62e419c9dec9355ecef9231',1,'2020-04-08 08:42:17','app','0','0',605284480,'',0,0),(343,3,'content',287,'','90ee2060f62e419c9dec9355ecef9231',1,'2020-04-08 08:43:25','app','0','0',2104975918,'',0,0),(344,1,'content',287,'','90ee2060f62e419c9dec9355ecef9231',1,'2020-04-08 08:43:26','app','0','0',2104975918,'',0,0),(346,1,'content',288,'','90ee2060f62e419c9dec9355ecef9231',1,'2020-04-08 08:43:36','app','0','0',2104975918,'',0,0),(347,1,'content',94,'','90ee2060f62e419c9dec9355ecef9231',1,'2020-04-08 08:45:05','app','0','0',605284480,'',0,0),(348,1,'content',312,'','90ee2060f62e419c9dec9355ecef9231',1,'2020-04-08 09:08:08','app','0','0',2104975918,'',0,0),(349,2,'content',171,'','0fb56a51cd124b90b7796885abdeb932',1,'2020-04-08 09:57:57','app','0','0',2104975918,'',0,0),(350,2,'content',324,'','0fb56a51cd124b90b7796885abdeb932',1,'2020-04-09 03:52:37','app','0','0',2104975918,'',0,0),(351,2,'content',99,'','0fb56a51cd124b90b7796885abdeb932',1,'2020-04-09 03:55:46','app','0','0',2104975918,'',0,0),(354,1,'content',279,'','90ee2060f62e419c9dec9355ecef9231',1,'2020-04-09 09:28:59','app','0','0',605103439,'',0,0),(355,1,'content',278,'','90ee2060f62e419c9dec9355ecef9231',1,'2020-04-09 09:29:10','app','0','0',605103439,'',0,0),(356,1,'content',276,'','90ee2060f62e419c9dec9355ecef9231',1,'2020-04-09 09:29:15','app','0','0',605103439,'',0,0),(357,1,'content',275,'','90ee2060f62e419c9dec9355ecef9231',1,'2020-04-09 09:29:21','app','0','0',605103439,'',0,0),(358,1,'content',327,'','90ee2060f62e419c9dec9355ecef9231',1,'2020-04-09 09:45:52','app','0','0',605103439,'',0,0),(360,3,'content',63,'','90ee2060f62e419c9dec9355ecef9231',1,'2020-04-10 02:35:35','app','0','0',2104975918,'',0,0),(361,1,'content',66,'','90ee2060f62e419c9dec9355ecef9231',1,'2020-04-10 02:42:33','app','0','0',2104975918,'',0,0),(362,1,'content',65,'','90ee2060f62e419c9dec9355ecef9231',1,'2020-04-10 02:45:04','app','0','0',2104975918,'',0,0),(363,3,'content',65,'','90ee2060f62e419c9dec9355ecef9231',1,'2020-04-10 02:45:06','app','0','0',2104975918,'',0,0),(364,2,'content',66,'','90ee2060f62e419c9dec9355ecef9231',1,'2020-04-10 02:45:24','app','0','0',2104975918,'',0,0),(365,3,'content',171,'','e6d47f5f00a14e9fbb1188a51b8659e7',1,'2020-04-10 02:45:32','app','0','0',3748175937,'',0,0),(366,3,'content',345,'','e6d47f5f00a14e9fbb1188a51b8659e7',1,'2020-04-10 02:46:37','app','0','0',3748175937,'',0,0),(367,3,'content',346,'','e6d47f5f00a14e9fbb1188a51b8659e7',1,'2020-04-10 02:46:49','app','0','0',3748175937,'',0,0),(368,3,'content',63,'','e6d47f5f00a14e9fbb1188a51b8659e7',1,'2020-04-10 02:47:07','app','0','0',3748175937,'',0,0),(370,1,'content',63,'','0911b213274c44f08104432c0d5680a4',1,'2020-04-10 03:25:48','app','0','0',2104975918,'',0,0),(371,2,'content',348,'','60a39148807e42a4abade7937eeec8d8',1,'2020-04-10 03:48:01','app','0','0',2104975918,'',0,0),(372,2,'content',348,'','e6d47f5f00a14e9fbb1188a51b8659e7',1,'2020-04-10 03:48:06','app','0','0',2104975918,'',0,0),(373,2,'content',348,'','60a39148807e42a4abade7937eeec8d8',1,'2020-04-10 03:49:01','app','0','0',2104975918,'',0,0),(374,1,'content',155,'','e6d47f5f00a14e9fbb1188a51b8659e7',1,'2020-04-10 03:53:46','app','0','0',2104975918,'',0,0),(375,3,'content',155,'','e6d47f5f00a14e9fbb1188a51b8659e7',1,'2020-04-10 03:53:47','app','0','0',2104975918,'',0,0),(376,2,'content',348,'','0fb56a51cd124b90b7796885abdeb932',1,'2020-04-10 05:11:40','app','0','0',2104975918,'',0,0),(377,2,'content',348,'','0fb56a51cd124b90b7796885abdeb932',1,'2020-04-10 05:30:25','app','0','0',2104975918,'',0,0),(379,2,'content',114,'','0fb56a51cd124b90b7796885abdeb932',1,'2020-04-10 08:37:51','app','0','0',2104975918,'',0,0),(380,2,'content',114,'','0fb56a51cd124b90b7796885abdeb932',1,'2020-04-10 08:38:00','app','0','0',2104975918,'',0,0),(381,2,'content',63,'','0fb56a51cd124b90b7796885abdeb932',1,'2020-04-10 08:51:27','app','0','0',2104975918,'',0,0),(382,2,'content',66,'','0fb56a51cd124b90b7796885abdeb932',1,'2020-04-10 08:53:13','app','0','0',2104975918,'',0,0),(383,2,'content',345,'','ff2f9e265bab43a98231ed487d6cd69b',1,'2020-04-10 12:23:56','app','0','0',2104975918,'',0,0),(384,1,'content',63,'','0fb56a51cd124b90b7796885abdeb932',1,'2020-04-11 03:06:04','app','0','0',1942075236,'',0,0),(385,3,'content',63,'','0fb56a51cd124b90b7796885abdeb932',1,'2020-04-11 03:06:05','app','0','0',1942075236,'',0,0),(387,6,'content',345,'','ff2f9e265bab43a98231ed487d6cd69b',1,'2020-04-11 04:07:50','app','0','0',1942075236,'',0,0),(388,6,'content',329,'','ff2f9e265bab43a98231ed487d6cd69b',1,'2020-04-11 04:08:47','app','0','0',1942075236,'',0,0),(389,2,'content',312,'','ff2f9e265bab43a98231ed487d6cd69b',1,'2020-04-11 04:10:58','app','0','0',1942075236,'',0,0),(390,1,'content',303,'','ff2f9e265bab43a98231ed487d6cd69b',1,'2020-04-11 04:16:45','app','0','0',1942075236,'',0,0),(391,6,'content',346,'','ff2f9e265bab43a98231ed487d6cd69b',1,'2020-04-11 04:19:05','app','0','0',1942075236,'',0,0),(392,2,'content',348,'','0fb56a51cd124b90b7796885abdeb932',1,'2020-04-11 05:20:23','app','0','0',3748175954,'',0,0),(393,2,'content',37,'','2b10d51f38144edcbef13f1c96b4414d',1,'2020-04-11 05:20:36','app','0','0',1942075236,'',0,0),(394,2,'content',37,'','2b10d51f38144edcbef13f1c96b4414d',1,'2020-04-11 05:22:05','app','0','0',1942075236,'',0,0),(395,2,'content',348,'','0fb56a51cd124b90b7796885abdeb932',1,'2020-04-11 05:24:42','app','0','0',3748175954,'',0,0),(396,2,'content',348,'','0fb56a51cd124b90b7796885abdeb932',1,'2020-04-11 05:27:21','app','0','0',3748175954,'',0,0),(397,2,'content',348,'','0fb56a51cd124b90b7796885abdeb932',1,'2020-04-11 05:28:45','app','0','0',3748175954,'',0,0),(398,6,'content',341,'','ff2f9e265bab43a98231ed487d6cd69b',1,'2020-04-11 05:30:24','app','0','0',1942075236,'',0,0),(399,2,'content',341,'','ff2f9e265bab43a98231ed487d6cd69b',1,'2020-04-11 05:30:36','app','0','0',1942075236,'',0,0),(400,6,'content',346,'','ff2f9e265bab43a98231ed487d6cd69b',0,'2020-04-11 05:32:17','app','0','0',1942075236,'',0,0),(401,2,'content',346,'','74a1ef21f9b74696b6bc8da1b6b995f9',1,'2020-04-11 05:43:51','app','0','0',1942075236,'',0,0),(402,2,'content',63,'','60a39148807e42a4abade7937eeec8d8',1,'2020-04-11 06:27:02','app','0','0',1942075236,'',0,0),(404,2,'content',346,'','60a39148807e42a4abade7937eeec8d8',1,'2020-04-11 06:32:29','app','0','0',1942075236,'',0,0),(405,3,'content',345,'','60a39148807e42a4abade7937eeec8d8',1,'2020-04-11 06:33:07','app','0','0',1942075236,'',0,0),(406,1,'content',345,'','60a39148807e42a4abade7937eeec8d8',1,'2020-04-11 06:33:10','app','0','0',1942075236,'',0,0),(409,3,'content',336,'','60a39148807e42a4abade7937eeec8d8',1,'2020-04-11 06:44:05','app','0','0',1942075236,'',0,0),(410,1,'content',336,'','60a39148807e42a4abade7937eeec8d8',1,'2020-04-11 06:44:06','app','0','0',1942075236,'',0,0),(411,1,'content',336,'','e6d47f5f00a14e9fbb1188a51b8659e7',1,'2020-04-11 06:44:38','app','0','0',1942075236,'',0,0),(412,3,'content',346,'','60a39148807e42a4abade7937eeec8d8',1,'2020-04-11 06:45:25','app','0','0',1942075236,'',0,0),(413,1,'content',346,'','60a39148807e42a4abade7937eeec8d8',1,'2020-04-11 06:45:26','app','0','0',1942075236,'',0,0),(414,2,'content',92,'','60a39148807e42a4abade7937eeec8d8',1,'2020-04-11 06:50:42','app','0','0',1942075236,'',0,0),(415,2,'content',312,'','ff2f9e265bab43a98231ed487d6cd69b',1,'2020-04-11 07:02:02','app','0','0',1942075236,'',0,0),(416,6,'content',323,'','ff2f9e265bab43a98231ed487d6cd69b',1,'2020-04-11 07:06:27','app','0','0',1942075236,'',0,0),(417,2,'content',323,'','ff2f9e265bab43a98231ed487d6cd69b',1,'2020-04-11 07:06:39','app','0','0',1942075236,'',0,0),(418,2,'content',348,'','ff2f9e265bab43a98231ed487d6cd69b',1,'2020-04-11 07:08:01','app','0','0',1942075236,'',0,0),(419,6,'content',323,'','ff2f9e265bab43a98231ed487d6cd69b',0,'2020-04-11 07:09:09','app','0','0',1942075236,'',0,0),(421,1,'content',323,'','ff2f9e265bab43a98231ed487d6cd69b',1,'2020-04-11 07:09:26','app','0','0',1942075236,'',0,0),(422,6,'content',323,'','ff2f9e265bab43a98231ed487d6cd69b',0,'2020-04-11 07:09:49','app','0','0',1942075236,'',0,0),(423,1,'content',310,'','e6d47f5f00a14e9fbb1188a51b8659e7',1,'2020-04-11 07:12:44','app','0','0',1942075236,'',0,0),(424,3,'content',310,'','e6d47f5f00a14e9fbb1188a51b8659e7',1,'2020-04-11 07:13:08','app','0','0',1942075236,'',0,0),(425,1,'content',312,'','ff2f9e265bab43a98231ed487d6cd69b',1,'2020-04-11 07:15:53','app','0','0',1942075236,'',0,0),(426,6,'content',345,'','e6d47f5f00a14e9fbb1188a51b8659e7',1,'2020-04-11 07:16:13','app','0','0',1942075236,'',0,0),(427,6,'content',346,'','e6d47f5f00a14e9fbb1188a51b8659e7',1,'2020-04-11 07:16:19','app','0','0',1942075236,'',0,0),(428,6,'content',346,'','e6d47f5f00a14e9fbb1188a51b8659e7',0,'2020-04-11 07:16:53','app','0','0',1942075236,'',0,0),(429,6,'content',336,'','e6d47f5f00a14e9fbb1188a51b8659e7',1,'2020-04-11 07:17:09','app','0','0',1942075236,'',0,0),(430,6,'content',323,'','ff2f9e265bab43a98231ed487d6cd69b',0,'2020-04-11 07:17:21','app','0','0',1942075236,'',0,0),(431,6,'content',337,'','e6d47f5f00a14e9fbb1188a51b8659e7',1,'2020-04-11 07:17:48','app','0','0',1942075236,'',0,0),(432,6,'content',335,'','e6d47f5f00a14e9fbb1188a51b8659e7',1,'2020-04-11 07:18:41','app','0','0',1942075236,'',0,0),(433,6,'content',346,'','e6d47f5f00a14e9fbb1188a51b8659e7',0,'2020-04-11 07:18:54','app','0','0',1942075236,'',0,0),(434,6,'content',345,'','e6d47f5f00a14e9fbb1188a51b8659e7',0,'2020-04-11 07:19:13','app','0','0',1942075236,'',0,0),(435,6,'content',323,'','ff2f9e265bab43a98231ed487d6cd69b',0,'2020-04-11 07:20:55','app','0','0',1942075236,'',0,0),(436,6,'content',166,'','e6d47f5f00a14e9fbb1188a51b8659e7',1,'2020-04-11 07:29:09','app','0','0',1942075236,'',0,0),(437,2,'content',312,'','e6d47f5f00a14e9fbb1188a51b8659e7',1,'2020-04-11 07:30:09','app','0','0',1942075236,'',0,0),(438,2,'content',312,'','e6d47f5f00a14e9fbb1188a51b8659e7',1,'2020-04-11 07:30:14','app','0','0',1942075236,'',0,0),(439,1,'content',312,'','e6d47f5f00a14e9fbb1188a51b8659e7',1,'2020-04-11 07:30:30','app','0','0',1942075236,'',0,0),(440,3,'content',312,'','e6d47f5f00a14e9fbb1188a51b8659e7',1,'2020-04-11 07:30:34','app','0','0',1942075236,'',0,0),(441,6,'content',63,'','e6d47f5f00a14e9fbb1188a51b8659e7',1,'2020-04-11 07:32:18','app','0','0',1942075236,'',0,0),(442,6,'content',63,'','74a1ef21f9b74696b6bc8da1b6b995f9',1,'2020-04-11 08:10:08','app','0','0',1942075236,'',0,0),(443,6,'content',172,'','74a1ef21f9b74696b6bc8da1b6b995f9',1,'2020-04-11 08:10:27','app','0','0',1942075236,'',0,0),(444,6,'content',173,'','74a1ef21f9b74696b6bc8da1b6b995f9',1,'2020-04-11 08:10:33','app','0','0',1942075236,'',0,0),(445,6,'content',171,'','74a1ef21f9b74696b6bc8da1b6b995f9',1,'2020-04-11 08:10:36','app','0','0',1942075236,'',0,0),(446,6,'content',172,'','74a1ef21f9b74696b6bc8da1b6b995f9',0,'2020-04-11 08:10:39','app','0','0',1942075236,'',0,0),(447,6,'content',66,'','74a1ef21f9b74696b6bc8da1b6b995f9',1,'2020-04-11 08:10:41','app','0','0',1942075236,'',0,0),(448,6,'content',63,'','74a1ef21f9b74696b6bc8da1b6b995f9',0,'2020-04-11 08:10:48','app','0','0',1942075236,'',0,0),(449,6,'content',173,'','74a1ef21f9b74696b6bc8da1b6b995f9',0,'2020-04-11 08:11:33','app','0','0',1942075236,'',0,0),(450,1,'content',173,'','74a1ef21f9b74696b6bc8da1b6b995f9',1,'2020-04-11 08:11:36','app','0','0',1942075236,'',0,0),(451,6,'content',173,'','74a1ef21f9b74696b6bc8da1b6b995f9',0,'2020-04-11 08:11:40','app','0','0',1942075236,'',0,0),(452,6,'content',54,'','74a1ef21f9b74696b6bc8da1b6b995f9',1,'2020-04-11 08:19:38','app','0','0',1942075236,'',0,0),(453,6,'content',54,'','74a1ef21f9b74696b6bc8da1b6b995f9',0,'2020-04-11 08:19:38','app','0','0',1942075236,'',0,0),(454,6,'content',170,'','74a1ef21f9b74696b6bc8da1b6b995f9',1,'2020-04-11 08:30:38','app','0','0',1942075236,'',0,0),(455,6,'content',54,'','74a1ef21f9b74696b6bc8da1b6b995f9',0,'2020-04-11 08:30:41','app','0','0',1942075236,'',0,0),(456,6,'content',170,'','74a1ef21f9b74696b6bc8da1b6b995f9',0,'2020-04-11 08:30:47','app','0','0',1942075236,'',0,0),(457,2,'content',303,'','ff2f9e265bab43a98231ed487d6cd69b',1,'2020-04-11 08:33:51','app','0','0',1942075236,'',0,0),(458,2,'content',303,'','ff2f9e265bab43a98231ed487d6cd69b',1,'2020-04-11 08:35:32','app','0','0',1942075236,'',0,0),(465,1,'content',340,'','74a1ef21f9b74696b6bc8da1b6b995f9',1,'2020-04-11 09:32:49','app','0','0',1942075236,'',0,0),(467,6,'content',102,'','c39419700a19470581640027f7d6dbca',1,'2020-04-11 14:56:14','app','0','0',2101703379,'',0,0),(468,6,'content',155,'','0fb56a51cd124b90b7796885abdeb932',1,'2020-04-11 15:19:28','app','0','0',3080473817,'',0,0),(469,6,'content',154,'','0fb56a51cd124b90b7796885abdeb932',1,'2020-04-11 15:19:34','app','0','0',3080473817,'',0,0),(470,6,'content',329,'','60a39148807e42a4abade7937eeec8d8',1,'2020-04-11 22:37:17','app','0','0',3703079100,'',0,0),(471,6,'content',63,'','60a39148807e42a4abade7937eeec8d8',1,'2020-04-11 22:37:45','app','0','0',3703079100,'',0,0),(472,6,'content',172,'','90ee2060f62e419c9dec9355ecef9231',1,'2020-04-11 23:44:43','app','0','0',1943862949,'',0,0),(473,6,'content',66,'','90ee2060f62e419c9dec9355ecef9231',1,'2020-04-11 23:44:56','app','0','0',1943862949,'',0,0),(474,6,'content',345,'','90ee2060f62e419c9dec9355ecef9231',1,'2020-04-11 23:45:05','app','0','0',1943862949,'',0,0),(475,6,'content',341,'','90ee2060f62e419c9dec9355ecef9231',1,'2020-04-11 23:45:35','app','0','0',1943862949,'',0,0),(476,6,'content',102,'','90ee2060f62e419c9dec9355ecef9231',1,'2020-04-12 00:37:51','app','0','0',605283134,'',0,0),(477,6,'content',58,'','90ee2060f62e419c9dec9355ecef9231',1,'2020-04-12 00:37:54','app','0','0',605283134,'',0,0),(478,6,'content',92,'','90ee2060f62e419c9dec9355ecef9231',1,'2020-04-12 00:38:03','app','0','0',605283134,'',0,0),(479,6,'content',327,'','90ee2060f62e419c9dec9355ecef9231',1,'2020-04-12 00:39:24','app','0','0',605283134,'',0,0),(480,6,'content',63,'','90ee2060f62e419c9dec9355ecef9231',1,'2020-04-12 01:20:23','app','0','0',1942075236,'',0,0),(481,6,'content',346,'','90ee2060f62e419c9dec9355ecef9231',1,'2020-04-12 01:24:04','app','0','0',1942075236,'',0,0),(484,6,'content',53,'','90ee2060f62e419c9dec9355ecef9231',1,'2020-04-12 01:34:22','app','0','0',1942075236,'',0,0),(485,1,'content',53,'','90ee2060f62e419c9dec9355ecef9231',1,'2020-04-12 01:34:24','app','0','0',1942075236,'',0,0),(486,3,'content',53,'','90ee2060f62e419c9dec9355ecef9231',1,'2020-04-12 01:34:25','app','0','0',1942075236,'',0,0),(487,6,'content',345,'','90ee2060f62e419c9dec9355ecef9231',0,'2020-04-12 01:35:00','app','0','0',1942075236,'',0,0),(490,6,'content',154,'','90ee2060f62e419c9dec9355ecef9231',1,'2020-04-12 01:35:17','app','0','0',1942075236,'',0,0),(492,3,'content',154,'','90ee2060f62e419c9dec9355ecef9231',1,'2020-04-12 01:35:20','app','0','0',1942075236,'',0,0),(493,6,'content',155,'','90ee2060f62e419c9dec9355ecef9231',1,'2020-04-12 01:35:22','app','0','0',1942075236,'',0,0),(494,3,'content',155,'','90ee2060f62e419c9dec9355ecef9231',1,'2020-04-12 01:35:24','app','0','0',1942075236,'',0,0),(495,1,'content',155,'','90ee2060f62e419c9dec9355ecef9231',1,'2020-04-12 01:35:24','app','0','0',1942075236,'',0,0),(496,6,'content',152,'','90ee2060f62e419c9dec9355ecef9231',1,'2020-04-12 01:35:29','app','0','0',1942075236,'',0,0),(497,6,'content',345,'','90ee2060f62e419c9dec9355ecef9231',0,'2020-04-12 01:35:56','app','0','0',1942075236,'',0,0),(500,3,'content',345,'','90ee2060f62e419c9dec9355ecef9231',1,'2020-04-12 01:36:16','app','0','0',1942075236,'',0,0),(501,6,'content',63,'','e6d47f5f00a14e9fbb1188a51b8659e7',0,'2020-04-12 02:46:39','app','0','0',1942075236,'',0,0),(502,1,'content',63,'','e6d47f5f00a14e9fbb1188a51b8659e7',1,'2020-04-12 02:46:51','app','0','0',1942075236,'',0,0),(503,6,'content',172,'','e6d47f5f00a14e9fbb1188a51b8659e7',1,'2020-04-12 02:46:57','app','0','0',1942075236,'',0,0),(504,1,'content',172,'','e6d47f5f00a14e9fbb1188a51b8659e7',1,'2020-04-12 02:46:59','app','0','0',1942075236,'',0,0),(505,6,'content',63,'','e6d47f5f00a14e9fbb1188a51b8659e7',0,'2020-04-12 02:47:44','app','0','0',1942075236,'',0,0),(506,6,'content',171,'','e6d47f5f00a14e9fbb1188a51b8659e7',1,'2020-04-12 02:47:49','app','0','0',1942075236,'',0,0),(507,6,'content',66,'','e6d47f5f00a14e9fbb1188a51b8659e7',1,'2020-04-12 02:47:58','app','0','0',1942075236,'',0,0),(508,6,'content',340,'','e6d47f5f00a14e9fbb1188a51b8659e7',1,'2020-04-12 02:48:13','app','0','0',1942075236,'',0,0),(509,6,'content',337,'','e6d47f5f00a14e9fbb1188a51b8659e7',0,'2020-04-12 02:48:25','app','0','0',1942075236,'',0,0),(510,6,'content',346,'','e6d47f5f00a14e9fbb1188a51b8659e7',0,'2020-04-12 02:48:29','app','0','0',1942075236,'',0,0),(511,6,'content',341,'','e6d47f5f00a14e9fbb1188a51b8659e7',1,'2020-04-12 02:48:37','app','0','0',1942075236,'',0,0),(512,6,'content',340,'','e6d47f5f00a14e9fbb1188a51b8659e7',0,'2020-04-12 02:48:51','app','0','0',1942075236,'',0,0),(513,6,'content',345,'','e6d47f5f00a14e9fbb1188a51b8659e7',0,'2020-04-12 02:48:59','app','0','0',1942075236,'',0,0),(514,6,'content',346,'','e6d47f5f00a14e9fbb1188a51b8659e7',0,'2020-04-12 03:04:47','app','0','0',1942075236,'',0,0),(515,6,'content',346,'','90ee2060f62e419c9dec9355ecef9231',0,'2020-04-12 03:05:12','app','0','0',1942075236,'',0,0),(516,6,'content',53,'','90ee2060f62e419c9dec9355ecef9231',0,'2020-04-12 03:05:21','app','0','0',1942075236,'',0,0),(517,6,'content',345,'','90ee2060f62e419c9dec9355ecef9231',0,'2020-04-12 03:05:25','app','0','0',1942075236,'',0,0),(518,6,'content',346,'','e6d47f5f00a14e9fbb1188a51b8659e7',0,'2020-04-12 03:05:41','app','0','0',1942075236,'',0,0),(519,6,'content',346,'','e6d47f5f00a14e9fbb1188a51b8659e7',0,'2020-04-12 03:06:02','app','0','0',1942075236,'',0,0),(520,6,'content',345,'','e6d47f5f00a14e9fbb1188a51b8659e7',0,'2020-04-12 03:06:10','app','0','0',1942075236,'',0,0),(521,6,'content',341,'','e6d47f5f00a14e9fbb1188a51b8659e7',0,'2020-04-12 03:06:16','app','0','0',1942075236,'',0,0),(522,6,'content',346,'','90ee2060f62e419c9dec9355ecef9231',0,'2020-04-12 03:06:27','app','0','0',1942075236,'',0,0),(523,6,'content',63,'','e6d47f5f00a14e9fbb1188a51b8659e7',0,'2020-04-12 03:06:30','app','0','0',1942075236,'',0,0),(524,6,'content',345,'','90ee2060f62e419c9dec9355ecef9231',0,'2020-04-12 03:06:36','app','0','0',1942075236,'',0,0),(525,6,'content',346,'','e6d47f5f00a14e9fbb1188a51b8659e7',0,'2020-04-12 03:06:47','app','0','0',1942075236,'',0,0),(526,6,'content',345,'','90ee2060f62e419c9dec9355ecef9231',0,'2020-04-12 03:06:54','app','0','0',1942075236,'',0,0),(527,6,'content',346,'','e6d47f5f00a14e9fbb1188a51b8659e7',0,'2020-04-12 03:06:59','app','0','0',1942075236,'',0,0),(529,6,'content',346,'','e6d47f5f00a14e9fbb1188a51b8659e7',0,'2020-04-12 03:11:35','app','0','0',1942075236,'',0,0),(530,6,'content',346,'','e6d47f5f00a14e9fbb1188a51b8659e7',0,'2020-04-12 03:12:26','app','0','0',1942075236,'',0,0),(531,6,'content',346,'','e6d47f5f00a14e9fbb1188a51b8659e7',0,'2020-04-12 03:12:47','app','0','0',1942075236,'',0,0),(532,6,'content',346,'','e6d47f5f00a14e9fbb1188a51b8659e7',0,'2020-04-12 03:12:54','app','0','0',1942075236,'',0,0),(533,6,'content',345,'','e6d47f5f00a14e9fbb1188a51b8659e7',0,'2020-04-12 03:12:58','app','0','0',1942075236,'',0,0),(534,1,'content',345,'','e6d47f5f00a14e9fbb1188a51b8659e7',1,'2020-04-12 03:13:02','app','0','0',1942075236,'',0,0),(535,6,'content',345,'','e6d47f5f00a14e9fbb1188a51b8659e7',0,'2020-04-12 03:13:07','app','0','0',1942075236,'',0,0),(536,6,'content',346,'','90ee2060f62e419c9dec9355ecef9231',0,'2020-04-12 03:24:49','app','0','0',605255509,'',0,0),(537,6,'content',345,'','90ee2060f62e419c9dec9355ecef9231',0,'2020-04-12 03:28:07','app','0','0',605255509,'',0,0),(538,1,'content',345,'','90ee2060f62e419c9dec9355ecef9231',1,'2020-04-12 03:28:12','app','0','0',605255509,'',0,0),(539,6,'content',345,'','90ee2060f62e419c9dec9355ecef9231',0,'2020-04-12 03:28:15','app','0','0',605255509,'',0,0),(540,6,'content',154,'','90ee2060f62e419c9dec9355ecef9231',0,'2020-04-12 03:30:09','app','0','0',605255509,'',0,0),(541,1,'content',154,'','90ee2060f62e419c9dec9355ecef9231',1,'2020-04-12 03:30:14','app','0','0',605255509,'',0,0),(542,6,'content',155,'','90ee2060f62e419c9dec9355ecef9231',0,'2020-04-12 03:30:18','app','0','0',605255509,'',0,0),(543,6,'content',152,'','90ee2060f62e419c9dec9355ecef9231',0,'2020-04-12 03:30:29','app','0','0',605255509,'',0,0),(544,6,'content',154,'','90ee2060f62e419c9dec9355ecef9231',0,'2020-04-12 03:30:36','app','0','0',605255509,'',0,0),(545,6,'content',155,'','90ee2060f62e419c9dec9355ecef9231',0,'2020-04-12 03:30:48','app','0','0',605255509,'',0,0),(546,6,'content',155,'','e6d47f5f00a14e9fbb1188a51b8659e7',1,'2020-04-12 03:30:50','app','0','0',3748175937,'',0,0),(547,6,'content',155,'','90ee2060f62e419c9dec9355ecef9231',0,'2020-04-12 03:31:11','app','0','0',605255509,'',0,0),(548,6,'content',155,'','90ee2060f62e419c9dec9355ecef9231',0,'2020-04-12 03:31:32','app','0','0',605255509,'',0,0),(549,6,'content',154,'','e6d47f5f00a14e9fbb1188a51b8659e7',1,'2020-04-12 03:31:35','app','0','0',3748175937,'',0,0),(550,6,'content',155,'','90ee2060f62e419c9dec9355ecef9231',0,'2020-04-12 03:31:43','app','0','0',605255509,'',0,0),(551,6,'content',346,'','ff2f9e265bab43a98231ed487d6cd69b',0,'2020-04-12 06:44:05','app','0','0',1942075236,'',0,0),(552,6,'content',346,'','ff2f9e265bab43a98231ed487d6cd69b',0,'2020-04-12 06:44:06','app','0','0',1942075236,'',0,0),(553,1,'content',346,'','ff2f9e265bab43a98231ed487d6cd69b',1,'2020-04-12 06:44:14','app','0','0',1942075236,'',0,0),(554,3,'content',346,'','ff2f9e265bab43a98231ed487d6cd69b',1,'2020-04-12 06:44:15','app','0','0',1942075236,'',0,0),(555,6,'content',345,'','e6d47f5f00a14e9fbb1188a51b8659e7',0,'2020-04-12 07:21:31','app','0','0',3748175937,'',0,0),(556,6,'content',345,'','90ee2060f62e419c9dec9355ecef9231',0,'2020-04-12 07:39:38','app','0','0',3670882303,'',0,0),(557,6,'content',63,'','90ee2060f62e419c9dec9355ecef9231',0,'2020-04-12 12:09:48','app','0','0',605126071,'',0,0),(558,1,'content',63,'','90ee2060f62e419c9dec9355ecef9231',1,'2020-04-12 12:09:52','app','0','0',605126071,'',0,0),(559,6,'content',345,'','90ee2060f62e419c9dec9355ecef9231',0,'2020-04-12 12:10:23','app','0','0',605126071,'',0,0),(560,6,'content',63,'','90ee2060f62e419c9dec9355ecef9231',0,'2020-04-12 12:12:22','app','0','0',605126071,'',0,0),(561,6,'content',66,'','90ee2060f62e419c9dec9355ecef9231',0,'2020-04-12 12:12:26','app','0','0',605126071,'',0,0),(562,3,'content',66,'','90ee2060f62e419c9dec9355ecef9231',1,'2020-04-12 12:12:30','app','0','0',605126071,'',0,0),(563,6,'content',53,'','90ee2060f62e419c9dec9355ecef9231',0,'2020-04-12 12:13:27','app','0','0',605126071,'',0,0),(564,6,'content',287,'','90ee2060f62e419c9dec9355ecef9231',1,'2020-04-12 12:13:30','app','0','0',605126071,'',0,0),(565,6,'content',285,'','90ee2060f62e419c9dec9355ecef9231',1,'2020-04-12 12:13:37','app','0','0',605126071,'',0,0),(566,6,'content',63,'','90ee2060f62e419c9dec9355ecef9231',0,'2020-04-12 12:14:58','app','0','0',605126071,'',0,0),(567,6,'content',341,'','e6d47f5f00a14e9fbb1188a51b8659e7',0,'2020-04-12 12:24:50','app','0','0',3748175937,'',0,0),(568,1,'content',341,'','e6d47f5f00a14e9fbb1188a51b8659e7',1,'2020-04-12 12:24:53','app','0','0',3748175937,'',0,0),(569,6,'content',345,'','90ee2060f62e419c9dec9355ecef9231',0,'2020-04-12 12:41:52','app','0','0',605126071,'',0,0),(570,6,'content',341,'','90ee2060f62e419c9dec9355ecef9231',0,'2020-04-12 12:43:06','app','0','0',605126071,'',0,0),(571,6,'content',336,'','90ee2060f62e419c9dec9355ecef9231',1,'2020-04-12 12:43:16','app','0','0',605126071,'',0,0),(572,6,'content',335,'','37f316ca06494d059cfd0bafe1ab5e8f',1,'2020-04-12 13:19:25','app','0','0',1942449059,'',0,0),(573,6,'content',334,'','37f316ca06494d059cfd0bafe1ab5e8f',1,'2020-04-12 13:19:31','app','0','0',1942449059,'',0,0),(574,6,'content',342,'','37f316ca06494d059cfd0bafe1ab5e8f',1,'2020-04-12 13:19:37','app','0','0',1942449059,'',0,0),(575,6,'content',343,'','37f316ca06494d059cfd0bafe1ab5e8f',1,'2020-04-12 13:19:40','app','0','0',1942449059,'',0,0),(576,6,'content',324,'','37f316ca06494d059cfd0bafe1ab5e8f',1,'2020-04-12 13:19:44','app','0','0',1942449059,'',0,0),(577,6,'content',328,'','37f316ca06494d059cfd0bafe1ab5e8f',1,'2020-04-12 13:19:49','app','0','0',1942449059,'',0,0),(578,6,'content',329,'','37f316ca06494d059cfd0bafe1ab5e8f',1,'2020-04-12 13:19:59','app','0','0',1942449059,'',0,0),(579,6,'content',107,'','37f316ca06494d059cfd0bafe1ab5e8f',1,'2020-04-12 13:20:17','app','0','0',1942449059,'',0,0),(580,6,'content',315,'','37f316ca06494d059cfd0bafe1ab5e8f',1,'2020-04-12 13:20:20','app','0','0',1942449059,'',0,0),(581,6,'content',316,'','37f316ca06494d059cfd0bafe1ab5e8f',1,'2020-04-12 13:20:25','app','0','0',1942449059,'',0,0),(582,6,'content',322,'','37f316ca06494d059cfd0bafe1ab5e8f',1,'2020-04-12 13:20:33','app','0','0',1942449059,'',0,0),(583,6,'content',63,'','90ee2060f62e419c9dec9355ecef9231',0,'2020-04-12 13:45:14','app','0','0',2105491129,'',0,0),(584,6,'content',172,'','90ee2060f62e419c9dec9355ecef9231',0,'2020-04-12 13:46:15','app','0','0',2105491129,'',0,0),(585,1,'content',172,'','90ee2060f62e419c9dec9355ecef9231',1,'2020-04-12 13:46:17','app','0','0',2105491129,'',0,0),(586,3,'content',172,'','90ee2060f62e419c9dec9355ecef9231',1,'2020-04-12 13:46:18','app','0','0',2105491129,'',0,0),(587,6,'content',66,'','90ee2060f62e419c9dec9355ecef9231',0,'2020-04-12 13:46:26','app','0','0',2105491129,'',0,0),(588,6,'content',345,'','90ee2060f62e419c9dec9355ecef9231',0,'2020-04-12 13:49:12','app','0','0',2105491129,'',0,0),(589,6,'content',279,'','90ee2060f62e419c9dec9355ecef9231',1,'2020-04-12 13:50:18','app','0','0',2105491129,'',0,0),(590,6,'content',278,'','90ee2060f62e419c9dec9355ecef9231',1,'2020-04-12 13:50:29','app','0','0',2105491129,'',0,0),(591,6,'content',53,'','90ee2060f62e419c9dec9355ecef9231',0,'2020-04-12 13:50:59','app','0','0',2105491129,'',0,0),(592,6,'content',155,'','90ee2060f62e419c9dec9355ecef9231',0,'2020-04-12 14:03:12','app','0','0',2105491129,'',0,0),(593,1,'content',309,'','90ee2060f62e419c9dec9355ecef9231',1,'2020-04-12 14:06:22','app','0','0',2105491129,'',0,0),(594,3,'content',309,'','90ee2060f62e419c9dec9355ecef9231',1,'2020-04-12 14:06:24','app','0','0',2105491129,'',0,0),(595,6,'content',63,'','e6d47f5f00a14e9fbb1188a51b8659e7',0,'2020-04-13 00:23:31','app','0','0',3748175937,'',0,0),(596,6,'content',172,'','e6d47f5f00a14e9fbb1188a51b8659e7',0,'2020-04-13 00:23:34','app','0','0',3748175937,'',0,0),(597,6,'content',175,'','e6d47f5f00a14e9fbb1188a51b8659e7',1,'2020-04-13 00:43:53','app','0','0',3086469756,'',0,0),(598,6,'content',175,'','e6d47f5f00a14e9fbb1188a51b8659e7',0,'2020-04-13 00:43:53','app','0','0',3086469756,'',0,0),(599,6,'content',359,'','c39419700a19470581640027f7d6dbca',1,'2020-04-13 01:50:43','app','0','0',3063300047,'',0,0),(600,6,'content',360,'','e6d47f5f00a14e9fbb1188a51b8659e7',1,'2020-04-13 02:34:56','app','0','0',1880224125,'',0,0),(601,1,'content',360,'','e6d47f5f00a14e9fbb1188a51b8659e7',1,'2020-04-13 02:35:01','app','0','0',1880224125,'',0,0),(602,6,'content',344,'','e6d47f5f00a14e9fbb1188a51b8659e7',1,'2020-04-13 02:45:42','app','0','0',1880224125,'',0,0),(603,6,'content',155,'','e6d47f5f00a14e9fbb1188a51b8659e7',0,'2020-04-13 02:50:43','app','0','0',1880224125,'',0,0),(604,6,'content',154,'','e6d47f5f00a14e9fbb1188a51b8659e7',0,'2020-04-13 02:52:40','app','0','0',1880224125,'',0,0),(605,6,'content',104,'','e6d47f5f00a14e9fbb1188a51b8659e7',1,'2020-04-13 02:53:05','app','0','0',1880224125,'',0,0),(606,6,'content',359,'','f145f8936c0a4cba8d6adf2bcc410d25',1,'2020-04-13 03:53:55','app','0','0',1942665664,'',0,0),(607,6,'content',360,'','f145f8936c0a4cba8d6adf2bcc410d25',1,'2020-04-13 04:06:05','app','0','0',1942665664,'',0,0),(608,6,'content',361,'','f145f8936c0a4cba8d6adf2bcc410d25',1,'2020-04-13 04:06:27','app','0','0',1942665664,'',0,0),(609,6,'content',155,'','0fb56a51cd124b90b7796885abdeb932',0,'2020-04-13 05:07:11','app','0','0',3748175789,'',0,0),(610,6,'content',169,'','bb146100ace649a4aac3f27aa1f09b9c',1,'2020-04-13 05:28:11','app','0','0',1909901826,'',0,0),(611,6,'content',65,'','bb146100ace649a4aac3f27aa1f09b9c',1,'2020-04-13 05:28:19','app','0','0',1909901826,'',0,0),(612,2,'content',348,'','e6d47f5f00a14e9fbb1188a51b8659e7',1,'2020-04-13 08:01:42','app','0','0',3086469756,'',0,0),(613,6,'content',155,'','e6d47f5f00a14e9fbb1188a51b8659e7',0,'2020-04-13 08:02:21','app','0','0',3086469756,'',0,0),(614,6,'content',65,'','74a1ef21f9b74696b6bc8da1b6b995f9',1,'2020-04-13 08:03:42','app','0','0',1942075236,'',0,0),(615,6,'content',169,'','74a1ef21f9b74696b6bc8da1b6b995f9',1,'2020-04-13 08:03:53','app','0','0',1942075236,'',0,0);

--
-- Table structure for table `ya02wmsj_cecoe_points_system`
--

CREATE TABLE `ya02wmsj_cecoe_points_system` (
  `id` int(10) unsigned NOT NULL AUTO_INCREMENT COMMENT '表ID',
  `point_name` varchar(101) NOT NULL DEFAULT '' COMMENT '操作名称',
  `process` enum('+','-') NOT NULL DEFAULT '+' COMMENT '积分运算类型',
  `num` tinyint(3) unsigned NOT NULL DEFAULT '0' COMMENT '每次操作分值',
  `max` tinyint(3) unsigned NOT NULL DEFAULT '0' COMMENT '限制运算次数',
  `user_type` enum('volunteer','public') DEFAULT 'public' COMMENT 'volunteer-志愿者 public-公共用户',
  `type` enum('action','event','activity') NOT NULL DEFAULT 'action' COMMENT '类型,action-日常行为,event-点单,activity-活动',
  PRIMARY KEY (`id`)
) ENGINE=InnoDB AUTO_INCREMENT=18 DEFAULT CHARSET=utf8 COMMENT='用户积分系统';

--
-- Dumping data for table `ya02wmsj_cecoe_points_system`
--

INSERT INTO `ya02wmsj_cecoe_points_system` VALUES (1,'点赞','+',1,5,'public','action'),(2,'评论','+',1,5,'public','action'),(3,'收藏','+',1,2,'public','action'),(4,'分享','+',2,5,'public','action'),(5,'发布图文视频内容','+',1,5,'public','action'),(6,'浏览','+',1,5,'public','action'),(7,'点单办结(一星)','+',1,0,'public','event'),(8,'点单办结(二星)','+',2,0,'public','event'),(9,'点单办结(三星)','+',3,0,'public','event'),(10,'点单办结(四星)','+',4,0,'public','event'),(11,'点单办结(五星)','+',5,0,'public','event'),(12,'活动办结(一星)','+',1,0,'public','activity'),(13,'活动办结(二星)','+',2,0,'public','activity'),(14,'活动办结(三星)','+',3,0,'public','activity'),(15,'活动办结(四星)','+',4,0,'public','activity'),(16,'活动办结(五星)','+',5,0,'public','activity'),(17,'发布活动方案','+',1,0,'public','activity');

--
-- Table structure for table `ya02wmsj_cecoe_question`
--

CREATE TABLE `ya02wmsj_cecoe_question` (
  `id` int(10) unsigned NOT NULL AUTO_INCREMENT COMMENT '表ID',
  `activity_id` int(10) unsigned NOT NULL DEFAULT '0' COMMENT '活动ID，对应activity表ID',
  `type` enum('单选','多选','是非题') NOT NULL DEFAULT '单选' COMMENT '题目类型',
  `ques_title` varchar(101) NOT NULL DEFAULT '' COMMENT '问题标题',
  `ques_content` varchar(301) NOT NULL DEFAULT '' COMMENT '问题描述',
  `ques_pic` varchar(101) NOT NULL DEFAULT '' COMMENT '图片',
  `standard_answer` varchar(21) NOT NULL DEFAULT '' COMMENT '问题标准答案',
  `score` tinyint(2) NOT NULL DEFAULT '0' COMMENT '分数',
  PRIMARY KEY (`id`)
) ENGINE=InnoDB AUTO_INCREMENT=9 DEFAULT CHARSET=utf8 COMMENT='竞答题目表';

--
-- Dumping data for table `ya02wmsj_cecoe_question`
--

INSERT INTO `ya02wmsj_cecoe_question` VALUES (6,63,'单选','','元宵节吃什么？','','A',50),(7,63,'多选','','元宵节为什么要猜灯谜','','A,B',25),(8,63,'是非题','','元宵节是否可以吃月饼？','','B',25);

--
-- Table structure for table `ya02wmsj_cecoe_question_option`
--

CREATE TABLE `ya02wmsj_cecoe_question_option` (
  `id` int(10) unsigned NOT NULL AUTO_INCREMENT COMMENT '表ID',
  `question_id` int(10) unsigned NOT NULL DEFAULT '0' COMMENT '题目ID，对应question表ID',
  `option_name` char(1) NOT NULL DEFAULT '' COMMENT '选项名',
  `option_value` varchar(301) NOT NULL DEFAULT '' COMMENT '选项值',
  PRIMARY KEY (`id`)
) ENGINE=InnoDB AUTO_INCREMENT=9 DEFAULT CHARSET=utf8 COMMENT='竞答选项表';

--
-- Dumping data for table `ya02wmsj_cecoe_question_option`
--

INSERT INTO `ya02wmsj_cecoe_question_option` VALUES (1,6,'A','汤圆'),(2,6,'B','饺子'),(3,6,'C','粽子'),(4,7,'A','你猜'),(5,7,'B','你猜猜'),(6,7,'C','猜不到'),(7,8,'A','是'),(8,8,'B','否');

--
-- Table structure for table `ya02wmsj_cecoe_question_record`
--

CREATE TABLE `ya02wmsj_cecoe_question_record` (
  `id` int(10) unsigned NOT NULL AUTO_INCREMENT COMMENT '表ID',
  `uuid` char(32) NOT NULL DEFAULT '' COMMENT '用户uuid，关联user表uuid,主要用于移动和h5端',
  `stb_id` varchar(51) NOT NULL DEFAULT '' COMMENT '答题人机顶盒ID',
  `ca_no` varchar(51) NOT NULL DEFAULT '' COMMENT '答题人CA卡号',
  `stb_ip` varchar(21) NOT NULL DEFAULT '' COMMENT '答题人机顶盒IP',
  `join_time` datetime NOT NULL DEFAULT '1970-01-01 00:00:00' COMMENT '答题时间',
  `activity_id` int(10) unsigned NOT NULL DEFAULT '0' COMMENT '活动ID，对应activity表ID',
  `ques_id` int(10) unsigned NOT NULL DEFAULT '0' COMMENT '题目ID, 对应question表ID',
  `quesopt_name` varchar(11) NOT NULL COMMENT '题目答案,对应question_option表name，多个name以逗号隔开',
  `score` tinyint(3) unsigned NOT NULL DEFAULT '0' COMMENT '答对该题获得的分值',
  PRIMARY KEY (`id`)
) ENGINE=InnoDB AUTO_INCREMENT=25 DEFAULT CHARSET=utf8mb4 COMMENT='答题记录表';

--
-- Dumping data for table `ya02wmsj_cecoe_question_record`
--

INSERT INTO `ya02wmsj_cecoe_question_record` VALUES (1,'f30763b9293c4bd8a6728158f5188db4','','','','2020-03-24 13:59:42',63,6,'A',50),(2,'f30763b9293c4bd8a6728158f5188db4','','','','2020-03-24 13:59:42',63,7,'A,B',25),(3,'f30763b9293c4bd8a6728158f5188db4','','','','2020-03-24 13:59:42',63,8,'B',25),(4,'97dab42630364208b93443bbe7b60f81','','','','2020-03-25 09:39:04',63,6,'A',50),(5,'97dab42630364208b93443bbe7b60f81','','','','2020-03-25 09:39:04',63,7,'A',0),(6,'97dab42630364208b93443bbe7b60f81','','','','2020-03-25 09:39:04',63,8,'A',0),(7,'65fac3305f8f4702bac2423c361d1ae4','','','','2020-03-25 09:41:29',63,6,'A',50),(8,'65fac3305f8f4702bac2423c361d1ae4','','','','2020-03-25 09:41:29',63,7,'B,A',0),(9,'65fac3305f8f4702bac2423c361d1ae4','','','','2020-03-25 09:41:29',63,8,'B',25),(10,'0fb56a51cd124b90b7796885abdeb932','','','','2020-03-25 17:06:59',63,6,'A',50),(11,'0fb56a51cd124b90b7796885abdeb932','','','','2020-03-25 17:06:59',63,7,'B',0),(12,'0fb56a51cd124b90b7796885abdeb932','','','','2020-03-25 17:06:59',63,8,'B',25),(13,'0911b213274c44f08104432c0d5680a4','','','','2020-03-25 17:08:54',63,6,'A',50),(14,'0911b213274c44f08104432c0d5680a4','','','','2020-03-25 17:08:54',63,7,'A,B',25),(15,'0911b213274c44f08104432c0d5680a4','','','','2020-03-25 17:08:54',63,8,'B',25),(16,'bb146100ace649a4aac3f27aa1f09b9c','','','','2020-03-25 18:47:30',63,6,'A',50),(17,'bb146100ace649a4aac3f27aa1f09b9c','','','','2020-03-25 18:47:30',63,7,'A',0),(18,'bb146100ace649a4aac3f27aa1f09b9c','','','','2020-03-25 18:47:30',63,8,'B',25),(19,'37f316ca06494d059cfd0bafe1ab5e8f','','','','2020-03-26 13:48:40',63,6,'B',0),(20,'37f316ca06494d059cfd0bafe1ab5e8f','','','','2020-03-26 13:48:40',63,7,'C',0),(21,'37f316ca06494d059cfd0bafe1ab5e8f','','','','2020-03-26 13:48:40',63,8,'A',0),(22,'5e7e3675e9da4b87aa949419a477bd87','','','','2020-03-30 17:13:32',63,6,'A',50),(23,'5e7e3675e9da4b87aa949419a477bd87','','','','2020-03-30 17:13:32',63,7,'B',0),(24,'5e7e3675e9da4b87aa949419a477bd87','','','','2020-03-30 17:13:32',63,8,'A',0);

--
-- Table structure for table `ya02wmsj_cecoe_queue`
--

CREATE TABLE `ya02wmsj_cecoe_queue` (
  `id` int(10) unsigned NOT NULL AUTO_INCREMENT COMMENT '表ID',
  `wyy_uuid` char(32) NOT NULL DEFAULT '' COMMENT '接收人网易uuid，关联user表uuid',
  `roomid` varchar(21) NOT NULL DEFAULT '' COMMENT '网易云 房间号id',
  `type` enum('语音','视频') NOT NULL DEFAULT '语音' COMMENT '连麦类型',
  `ctime` timestamp NOT NULL DEFAULT CURRENT_TIMESTAMP COMMENT '申请时间',
  PRIMARY KEY (`id`)
) ENGINE=InnoDB DEFAULT CHARSET=utf8 COMMENT='直播间连麦申请队列表';

--
-- Dumping data for table `ya02wmsj_cecoe_queue`
--


--
-- Table structure for table `ya02wmsj_cecoe_region`
--

CREATE TABLE `ya02wmsj_cecoe_region` (
  `id` int(10) unsigned NOT NULL AUTO_INCREMENT COMMENT '表ID',
  `pid` varchar(20) NOT NULL COMMENT '区域父ID',
  `code` varchar(20) NOT NULL COMMENT '区域编码',
  `name` varchar(20) NOT NULL COMMENT '区域名称',
  `levels` tinyint(3) unsigned NOT NULL DEFAULT '0' COMMENT '2县/3乡镇街道/4社区',
  `lng` varchar(20) DEFAULT NULL COMMENT '地区所处经度',
  `lat` varchar(20) DEFAULT NULL COMMENT '地区所处维度',
  `area` text COMMENT '区域范围gps值集合，以逗号隔开',
  `desc` text NOT NULL COMMENT '区域描述，最多30个汉字',
  `delstatus` enum('y','n') NOT NULL DEFAULT 'n' COMMENT '删除状态, y-已删除, n-未删除',
  `deltime` datetime NOT NULL DEFAULT '1970-01-01 00:00:00' COMMENT '删除时间',
  PRIMARY KEY (`id`),
  KEY `index1` (`code`)
) ENGINE=InnoDB AUTO_INCREMENT=1267 DEFAULT CHARSET=utf8 ROW_FORMAT=DYNAMIC COMMENT='区域数据表';

--
-- Dumping data for table `ya02wmsj_cecoe_region`
--

INSERT INTO `ya02wmsj_cecoe_region` VALUES (220,'0','331082000000','临海市',2,NULL,NULL,NULL,'','n','1970-01-01 00:00:00'),(221,'331082000000','331082001000','古城街道',3,NULL,NULL,NULL,'','n','1970-01-01 00:00:00'),(222,'331082000000','331082002000','大洋街道',3,NULL,NULL,NULL,'','n','1970-01-01 00:00:00'),(223,'331082000000','331082003000','江南街道',3,NULL,NULL,NULL,'','n','1970-01-01 00:00:00'),(224,'331082000000','331082004000','大田街道',3,NULL,NULL,NULL,'','n','1970-01-01 00:00:00'),(225,'331082000000','331082005000','邵家渡街道',3,NULL,NULL,NULL,'','n','1970-01-01 00:00:00'),(226,'331082000000','331082100000','汛桥镇',3,NULL,NULL,NULL,'','n','1970-01-01 00:00:00'),(227,'331082000000','331082101000','东塍镇',3,NULL,NULL,NULL,'','n','1970-01-01 00:00:00'),(228,'331082000000','331082103000','汇溪镇',3,NULL,NULL,NULL,'','n','1970-01-01 00:00:00'),(229,'331082000000','331082104000','小芝镇',3,NULL,NULL,NULL,'','n','1970-01-01 00:00:00'),(230,'331082000000','331082105000','河头镇',3,NULL,NULL,NULL,'','n','1970-01-01 00:00:00'),(231,'331082000000','331082106000','白水洋镇',3,NULL,NULL,NULL,'','n','1970-01-01 00:00:00'),(232,'331082000000','331082107000','括苍镇',3,NULL,NULL,NULL,'','n','1970-01-01 00:00:00'),(233,'331082000000','331082108000','永丰镇',3,NULL,NULL,NULL,'','n','1970-01-01 00:00:00'),(234,'331082000000','331082109000','尤溪镇',3,NULL,NULL,NULL,'','n','1970-01-01 00:00:00'),(235,'331082000000','331082110000','涌泉镇',3,NULL,NULL,NULL,'','n','1970-01-01 00:00:00'),(236,'331082000000','331082111000','沿江镇',3,NULL,NULL,NULL,'','n','1970-01-01 00:00:00'),(237,'331082000000','331082112000','杜桥镇',3,NULL,NULL,NULL,'','n','1970-01-01 00:00:00'),(238,'331082000000','331082113000','上盘镇',3,NULL,NULL,NULL,'','n','1970-01-01 00:00:00'),(239,'331082000000','331082114000','桃渚镇',3,NULL,NULL,NULL,'','n','1970-01-01 00:00:00'),(240,'331082001000','331082001001','文化社区',4,NULL,NULL,NULL,'','n','1970-01-01 00:00:00'),(241,'331082001000','331082001002','井头社区',4,NULL,NULL,NULL,'','n','1970-01-01 00:00:00'),(242,'331082001000','331082001003','南门社区',4,NULL,NULL,NULL,'','n','1970-01-01 00:00:00'),(243,'331082001000','331082001004','摆酒营社区',4,NULL,NULL,NULL,'','n','1970-01-01 00:00:00'),(244,'331082001000','331082001006','泉井洋社区',4,NULL,NULL,NULL,'','n','1970-01-01 00:00:00'),(245,'331082001000','331082001007','鹊墩社区',4,NULL,NULL,NULL,'','n','1970-01-01 00:00:00'),(246,'331082001000','331082001008','鹿城社区',4,NULL,NULL,NULL,'','n','1970-01-01 00:00:00'),(247,'331082001000','331082001009','白云社区',4,NULL,NULL,NULL,'','n','1970-01-01 00:00:00'),(248,'331082001000','331082001010','人民社区',4,NULL,NULL,NULL,'','n','1970-01-01 00:00:00'),(249,'331082001000','331082001011','白塔社区',4,NULL,NULL,NULL,'','n','1970-01-01 00:00:00'),(250,'331082001000','331082001012','花街社区',4,NULL,NULL,NULL,'','n','1970-01-01 00:00:00'),(251,'331082001000','331082001013','靖江社区',4,NULL,NULL,NULL,'','n','1970-01-01 00:00:00'),(252,'331082001000','331082001014','水云塘社区',4,NULL,NULL,NULL,'','n','1970-01-01 00:00:00'),(253,'331082001000','331082001015','大柏叶社区',4,NULL,NULL,NULL,'','n','1970-01-01 00:00:00'),(254,'331082001000','331082001200','后山村',4,NULL,NULL,NULL,'','n','1970-01-01 00:00:00'),(255,'331082001000','331082001201','谢里王村',4,NULL,NULL,NULL,'','n','1970-01-01 00:00:00'),(256,'331082001000','331082001202','东湖村',4,NULL,NULL,NULL,'','n','1970-01-01 00:00:00'),(257,'331082001000','331082001203','古楼村',4,NULL,NULL,NULL,'','n','1970-01-01 00:00:00'),(258,'331082001000','331082001204','七里村',4,NULL,NULL,NULL,'','n','1970-01-01 00:00:00'),(259,'331082001000','331082001205','灵江村',4,NULL,NULL,NULL,'','n','1970-01-01 00:00:00'),(260,'331082001000','331082001206','巾山村',4,NULL,NULL,NULL,'','n','1970-01-01 00:00:00'),(261,'331082001000','331082001207','下桥村',4,NULL,NULL,NULL,'','n','1970-01-01 00:00:00'),(262,'331082001000','331082001208','花街村',4,NULL,NULL,NULL,'','n','1970-01-01 00:00:00'),(263,'331082001000','331082001209','松一村',4,NULL,NULL,NULL,'','n','1970-01-01 00:00:00'),(264,'331082001000','331082001210','松二村',4,NULL,NULL,NULL,'','n','1970-01-01 00:00:00'),(265,'331082001000','331082001211','大岭山村',4,NULL,NULL,NULL,'','n','1970-01-01 00:00:00'),(266,'331082001000','331082001212','许墅村',4,NULL,NULL,NULL,'','n','1970-01-01 00:00:00'),(267,'331082001000','331082001213','合利村',4,NULL,NULL,NULL,'','n','1970-01-01 00:00:00'),(268,'331082001000','331082001214','两桥村',4,NULL,NULL,NULL,'','n','1970-01-01 00:00:00'),(269,'331082001000','331082001215','梅浦村',4,NULL,NULL,NULL,'','n','1970-01-01 00:00:00'),(270,'331082001000','331082001216','利弄村',4,NULL,NULL,NULL,'','n','1970-01-01 00:00:00'),(271,'331082001000','331082001217','龙潭岙村',4,NULL,NULL,NULL,'','n','1970-01-01 00:00:00'),(272,'331082001000','331082001219','西洋村',4,NULL,NULL,NULL,'','n','1970-01-01 00:00:00'),(273,'331082001000','331082001221','伏龙村',4,NULL,NULL,NULL,'','n','1970-01-01 00:00:00'),(274,'331082001000','331082001222','两水村',4,NULL,NULL,NULL,'','n','1970-01-01 00:00:00'),(275,'331082002000','331082002001','府东社区',4,NULL,NULL,NULL,'','n','1970-01-01 00:00:00'),(276,'331082002000','331082002002','六角井社区',4,NULL,NULL,NULL,'','n','1970-01-01 00:00:00'),(277,'331082002000','331082002003','富康社区',4,NULL,NULL,NULL,'','n','1970-01-01 00:00:00'),(278,'331082002000','331082002006','高桥社区',4,NULL,NULL,NULL,'','n','1970-01-01 00:00:00'),(279,'331082002000','331082002007','大洋社区',4,NULL,NULL,NULL,'','n','1970-01-01 00:00:00'),(280,'331082002000','331082002008','吉利社区',4,NULL,NULL,NULL,'','n','1970-01-01 00:00:00'),(281,'331082002000','331082002012','林桥社区',4,NULL,NULL,NULL,'','n','1970-01-01 00:00:00'),(282,'331082002000','331082002013','望湖社区',4,NULL,NULL,NULL,'','n','1970-01-01 00:00:00'),(283,'331082002000','331082002014','洋头社区',4,NULL,NULL,NULL,'','n','1970-01-01 00:00:00'),(284,'331082002000','331082002015','新桥头社区',4,NULL,NULL,NULL,'','n','1970-01-01 00:00:00'),(285,'331082002000','331082002016','灵湖社区',4,NULL,NULL,NULL,'','n','1970-01-01 00:00:00'),(286,'331082002000','331082002017','云湖社区',4,NULL,NULL,NULL,'','n','1970-01-01 00:00:00'),(287,'331082002000','331082002200','国庆村',4,NULL,NULL,NULL,'','n','1970-01-01 00:00:00'),(288,'331082002000','331082002201','双桥村',4,NULL,NULL,NULL,'','n','1970-01-01 00:00:00'),(289,'331082002000','331082002202','绿化村',4,NULL,NULL,NULL,'','n','1970-01-01 00:00:00'),(290,'331082002000','331082002203','山峰村',4,NULL,NULL,NULL,'','n','1970-01-01 00:00:00'),(291,'331082002000','331082002204','丁家洋村',4,NULL,NULL,NULL,'','n','1970-01-01 00:00:00'),(292,'331082002000','331082002206','泾头项村',4,NULL,NULL,NULL,'','n','1970-01-01 00:00:00'),(293,'331082002000','331082002207','五家殿村',4,NULL,NULL,NULL,'','n','1970-01-01 00:00:00'),(294,'331082002000','331082002212','五峰村',4,NULL,NULL,NULL,'','n','1970-01-01 00:00:00'),(295,'331082002000','331082002213','五孔岙村',4,NULL,NULL,NULL,'','n','1970-01-01 00:00:00'),(296,'331082002000','331082002214','临东村',4,NULL,NULL,NULL,'','n','1970-01-01 00:00:00'),(297,'331082002000','331082002215','麻地头村',4,NULL,NULL,NULL,'','n','1970-01-01 00:00:00'),(298,'331082002000','331082002216','梅岙村',4,NULL,NULL,NULL,'','n','1970-01-01 00:00:00'),(299,'331082002000','331082002217','双田村',4,NULL,NULL,NULL,'','n','1970-01-01 00:00:00'),(300,'331082002000','331082002218','狮云村',4,NULL,NULL,NULL,'','n','1970-01-01 00:00:00'),(301,'331082002000','331082002219','柘溪村',4,NULL,NULL,NULL,'','n','1970-01-01 00:00:00'),(302,'331082002000','331082002220','洛河村',4,NULL,NULL,NULL,'','n','1970-01-01 00:00:00'),(303,'331082002000','331082002221','桑园村',4,NULL,NULL,NULL,'','n','1970-01-01 00:00:00'),(304,'331082002000','331082002222','下洋岩村',4,NULL,NULL,NULL,'','n','1970-01-01 00:00:00'),(305,'331082002000','331082002223','塘里村',4,NULL,NULL,NULL,'','n','1970-01-01 00:00:00'),(306,'331082002000','331082002224','西林村',4,NULL,NULL,NULL,'','n','1970-01-01 00:00:00'),(307,'331082002000','331082002225','庄头村',4,NULL,NULL,NULL,'','n','1970-01-01 00:00:00'),(308,'331082002000','331082002226','前江村',4,NULL,NULL,NULL,'','n','1970-01-01 00:00:00'),(309,'331082002000','331082002227','开石村',4,NULL,NULL,NULL,'','n','1970-01-01 00:00:00'),(310,'331082002000','331082002228','桥东村',4,NULL,NULL,NULL,'','n','1970-01-01 00:00:00'),(311,'331082002000','331082002229','西新村',4,NULL,NULL,NULL,'','n','1970-01-01 00:00:00'),(312,'331082003000','331082003001','南浦社区',4,NULL,NULL,NULL,'','n','1970-01-01 00:00:00'),(313,'331082003000','331082003200','下浦村',4,NULL,NULL,NULL,'','n','1970-01-01 00:00:00'),(314,'331082003000','331082003201','增棚埠村',4,NULL,NULL,NULL,'','n','1970-01-01 00:00:00'),(315,'331082003000','331082003202','下岙余村',4,NULL,NULL,NULL,'','n','1970-01-01 00:00:00'),(316,'331082003000','331082003203','贺家村',4,NULL,NULL,NULL,'','n','1970-01-01 00:00:00'),(317,'331082003000','331082003204','花岙村',4,NULL,NULL,NULL,'','n','1970-01-01 00:00:00'),(318,'331082003000','331082003205','里洋村',4,NULL,NULL,NULL,'','n','1970-01-01 00:00:00'),(319,'331082003000','331082003206','章家溪村',4,NULL,NULL,NULL,'','n','1970-01-01 00:00:00'),(320,'331082003000','331082003207','下叶村',4,NULL,NULL,NULL,'','n','1970-01-01 00:00:00'),(321,'331082003000','331082003208','张家岙村',4,NULL,NULL,NULL,'','n','1970-01-01 00:00:00'),(322,'331082003000','331082003209','高家村',4,NULL,NULL,NULL,'','n','1970-01-01 00:00:00'),(323,'331082003000','331082003210','下东山村',4,NULL,NULL,NULL,'','n','1970-01-01 00:00:00'),(324,'331082003000','331082003211','三洞桥村',4,NULL,NULL,NULL,'','n','1970-01-01 00:00:00'),(325,'331082003000','331082003212','大岭头村',4,NULL,NULL,NULL,'','n','1970-01-01 00:00:00'),(326,'331082003000','331082003213','岩子洋村',4,NULL,NULL,NULL,'','n','1970-01-01 00:00:00'),(327,'331082003000','331082003214','峰山头村',4,NULL,NULL,NULL,'','n','1970-01-01 00:00:00'),(328,'331082003000','331082003215','长石岭脚村',4,NULL,NULL,NULL,'','n','1970-01-01 00:00:00'),(329,'331082003000','331082003216','罗家坑村',4,NULL,NULL,NULL,'','n','1970-01-01 00:00:00'),(330,'331082003000','331082003217','湖头村',4,NULL,NULL,NULL,'','n','1970-01-01 00:00:00'),(331,'331082003000','331082003218','金家汇村',4,NULL,NULL,NULL,'','n','1970-01-01 00:00:00'),(332,'331082003000','331082003219','小溪村',4,NULL,NULL,NULL,'','n','1970-01-01 00:00:00'),(333,'331082003000','331082003220','垟路村',4,NULL,NULL,NULL,'','n','1970-01-01 00:00:00'),(334,'331082003000','331082003221','外洋村',4,NULL,NULL,NULL,'','n','1970-01-01 00:00:00'),(335,'331082003000','331082003222','建国村',4,NULL,NULL,NULL,'','n','1970-01-01 00:00:00'),(336,'331082003000','331082003223','里庵村',4,NULL,NULL,NULL,'','n','1970-01-01 00:00:00'),(337,'331082003000','331082003224','灰炉头村',4,NULL,NULL,NULL,'','n','1970-01-01 00:00:00'),(338,'331082003000','331082003225','塘渡村',4,NULL,NULL,NULL,'','n','1970-01-01 00:00:00'),(339,'331082003000','331082003226','白岩岙村',4,NULL,NULL,NULL,'','n','1970-01-01 00:00:00'),(340,'331082003000','331082003227','沿岙村',4,NULL,NULL,NULL,'','n','1970-01-01 00:00:00'),(341,'331082003000','331082003228','三姓村',4,NULL,NULL,NULL,'','n','1970-01-01 00:00:00'),(342,'331082003000','331082003229','太阳山村',4,NULL,NULL,NULL,'','n','1970-01-01 00:00:00'),(343,'331082003000','331082003230','上江村',4,NULL,NULL,NULL,'','n','1970-01-01 00:00:00'),(344,'331082003000','331082003231','上马村',4,NULL,NULL,NULL,'','n','1970-01-01 00:00:00'),(345,'331082003000','331082003232','宿仙村',4,NULL,NULL,NULL,'','n','1970-01-01 00:00:00'),(346,'331082003000','331082003236','岙底罗村',4,NULL,NULL,NULL,'','n','1970-01-01 00:00:00'),(347,'331082003000','331082003238','白岩山村',4,NULL,NULL,NULL,'','n','1970-01-01 00:00:00'),(348,'331082003000','331082003239','假山下村',4,NULL,NULL,NULL,'','n','1970-01-01 00:00:00'),(349,'331082003000','331082003240','贺家洞村',4,NULL,NULL,NULL,'','n','1970-01-01 00:00:00'),(350,'331082004000','331082004001','浦山社区',4,NULL,NULL,NULL,'','n','1970-01-01 00:00:00'),(351,'331082004000','331082004002','花园社区',4,NULL,NULL,NULL,'','n','1970-01-01 00:00:00'),(352,'331082004000','331082004200','上街头村',4,NULL,NULL,NULL,'','n','1970-01-01 00:00:00'),(353,'331082004000','331082004201','大田桥村',4,NULL,NULL,NULL,'','n','1970-01-01 00:00:00'),(354,'331082004000','331082004202','下汇头村',4,NULL,NULL,NULL,'','n','1970-01-01 00:00:00'),(355,'331082004000','331082004203','大田刘村',4,NULL,NULL,NULL,'','n','1970-01-01 00:00:00'),(356,'331082004000','331082004204','下街头村',4,NULL,NULL,NULL,'','n','1970-01-01 00:00:00'),(357,'331082004000','331082004205','横街村',4,NULL,NULL,NULL,'','n','1970-01-01 00:00:00'),(358,'331082004000','331082004206','下高村',4,NULL,NULL,NULL,'','n','1970-01-01 00:00:00'),(359,'331082004000','331082004207','双山村',4,NULL,NULL,NULL,'','n','1970-01-01 00:00:00'),(360,'331082004000','331082004208','方家弄村',4,NULL,NULL,NULL,'','n','1970-01-01 00:00:00'),(361,'331082004000','331082004209','白石村',4,NULL,NULL,NULL,'','n','1970-01-01 00:00:00'),(362,'331082004000','331082004210','田圳村',4,NULL,NULL,NULL,'','n','1970-01-01 00:00:00'),(363,'331082004000','331082004211','孔岙村',4,NULL,NULL,NULL,'','n','1970-01-01 00:00:00'),(364,'331082004000','331082004212','白筑村',4,NULL,NULL,NULL,'','n','1970-01-01 00:00:00'),(365,'331082004000','331082004213','横溪村',4,NULL,NULL,NULL,'','n','1970-01-01 00:00:00'),(366,'331082004000','331082004214','砟溪头村',4,NULL,NULL,NULL,'','n','1970-01-01 00:00:00'),(367,'331082004000','331082004215','大脉岭村',4,NULL,NULL,NULL,'','n','1970-01-01 00:00:00'),(368,'331082004000','331082004216','下沙马村',4,NULL,NULL,NULL,'','n','1970-01-01 00:00:00'),(369,'331082004000','331082004217','下沙周村',4,NULL,NULL,NULL,'','n','1970-01-01 00:00:00'),(370,'331082004000','331082004218','下沙屠村',4,NULL,NULL,NULL,'','n','1970-01-01 00:00:00'),(371,'331082004000','331082004219','朝阳村',4,NULL,NULL,NULL,'','n','1970-01-01 00:00:00'),(372,'331082004000','331082004220','上沙村',4,NULL,NULL,NULL,'','n','1970-01-01 00:00:00'),(373,'331082004000','331082004221','青田村',4,NULL,NULL,NULL,'','n','1970-01-01 00:00:00'),(374,'331082004000','331082004222','寺后村',4,NULL,NULL,NULL,'','n','1970-01-01 00:00:00'),(375,'331082004000','331082004223','山前村',4,NULL,NULL,NULL,'','n','1970-01-01 00:00:00'),(376,'331082004000','331082004224','双庙村',4,NULL,NULL,NULL,'','n','1970-01-01 00:00:00'),(377,'331082004000','331082004225','云溪村',4,NULL,NULL,NULL,'','n','1970-01-01 00:00:00'),(378,'331082004000','331082004226','岭外村',4,NULL,NULL,NULL,'','n','1970-01-01 00:00:00'),(379,'331082004000','331082004227','岭下村',4,NULL,NULL,NULL,'','n','1970-01-01 00:00:00'),(380,'331082004000','331082004228','石门村',4,NULL,NULL,NULL,'','n','1970-01-01 00:00:00'),(381,'331082004000','331082004229','岭里村',4,NULL,NULL,NULL,'','n','1970-01-01 00:00:00'),(382,'331082004000','331082004230','谢家岙村',4,NULL,NULL,NULL,'','n','1970-01-01 00:00:00'),(383,'331082004000','331082004231','大屋村',4,NULL,NULL,NULL,'','n','1970-01-01 00:00:00'),(384,'331082004000','331082004232','山里村',4,NULL,NULL,NULL,'','n','1970-01-01 00:00:00'),(385,'331082004000','331082004233','桥坑村',4,NULL,NULL,NULL,'','n','1970-01-01 00:00:00'),(386,'331082004000','331082004234','岭坑村',4,NULL,NULL,NULL,'','n','1970-01-01 00:00:00'),(387,'331082004000','331082004235','双狮村',4,NULL,NULL,NULL,'','n','1970-01-01 00:00:00'),(388,'331082004000','331082004236','上彭村',4,NULL,NULL,NULL,'','n','1970-01-01 00:00:00'),(389,'331082004000','331082004237','庙洋村',4,NULL,NULL,NULL,'','n','1970-01-01 00:00:00'),(390,'331082005000','331082005200','邵家渡村',4,NULL,NULL,NULL,'','n','1970-01-01 00:00:00'),(391,'331082005000','331082005201','下汇村',4,NULL,NULL,NULL,'','n','1970-01-01 00:00:00'),(392,'331082005000','331082005202','上汇村',4,NULL,NULL,NULL,'','n','1970-01-01 00:00:00'),(393,'331082005000','331082005203','赤水村',4,NULL,NULL,NULL,'','n','1970-01-01 00:00:00'),(394,'331082005000','331082005204','前湾村',4,NULL,NULL,NULL,'','n','1970-01-01 00:00:00'),(395,'331082005000','331082005205','大路魏村',4,NULL,NULL,NULL,'','n','1970-01-01 00:00:00'),(396,'331082005000','331082005206','大路章村',4,NULL,NULL,NULL,'','n','1970-01-01 00:00:00'),(397,'331082005000','331082005207','丁桥村',4,NULL,NULL,NULL,'','n','1970-01-01 00:00:00'),(398,'331082005000','331082005208','燕头村',4,NULL,NULL,NULL,'','n','1970-01-01 00:00:00'),(399,'331082005000','331082005209','庄头山村',4,NULL,NULL,NULL,'','n','1970-01-01 00:00:00'),(400,'331082005000','331082005210','船至村',4,NULL,NULL,NULL,'','n','1970-01-01 00:00:00'),(401,'331082005000','331082005211','贤居村',4,NULL,NULL,NULL,'','n','1970-01-01 00:00:00'),(402,'331082005000','331082005212','吕公岙村',4,NULL,NULL,NULL,'','n','1970-01-01 00:00:00'),(403,'331082005000','331082005213','枧桥董村',4,NULL,NULL,NULL,'','n','1970-01-01 00:00:00'),(404,'331082005000','331082005214','东坎村',4,NULL,NULL,NULL,'','n','1970-01-01 00:00:00'),(405,'331082005000','331082005215','前洋村',4,NULL,NULL,NULL,'','n','1970-01-01 00:00:00'),(406,'331082005000','331082005216','枧川村',4,NULL,NULL,NULL,'','n','1970-01-01 00:00:00'),(407,'331082005000','331082005217','枧西村',4,NULL,NULL,NULL,'','n','1970-01-01 00:00:00'),(408,'331082005000','331082005218','章家村',4,NULL,NULL,NULL,'','n','1970-01-01 00:00:00'),(409,'331082005000','331082005219','大路王村',4,NULL,NULL,NULL,'','n','1970-01-01 00:00:00'),(410,'331082005000','331082005220','下洋底村',4,NULL,NULL,NULL,'','n','1970-01-01 00:00:00'),(411,'331082005000','331082005221','山下坦村',4,NULL,NULL,NULL,'','n','1970-01-01 00:00:00'),(412,'331082005000','331082005222','下管村',4,NULL,NULL,NULL,'','n','1970-01-01 00:00:00'),(413,'331082005000','331082005223','溪边村',4,NULL,NULL,NULL,'','n','1970-01-01 00:00:00'),(414,'331082005000','331082005224','滩头村',4,NULL,NULL,NULL,'','n','1970-01-01 00:00:00'),(415,'331082005000','331082005225','磨石坑村',4,NULL,NULL,NULL,'','n','1970-01-01 00:00:00'),(416,'331082005000','331082005226','茶山村',4,NULL,NULL,NULL,'','n','1970-01-01 00:00:00'),(417,'331082005000','331082005227','四年村',4,NULL,NULL,NULL,'','n','1970-01-01 00:00:00'),(418,'331082005000','331082005228','塘头村',4,NULL,NULL,NULL,'','n','1970-01-01 00:00:00'),(419,'331082005000','331082005229','潮际村',4,NULL,NULL,NULL,'','n','1970-01-01 00:00:00'),(420,'331082005000','331082005230','塘上村',4,NULL,NULL,NULL,'','n','1970-01-01 00:00:00'),(421,'331082005000','331082005231','柏树下村',4,NULL,NULL,NULL,'','n','1970-01-01 00:00:00'),(422,'331082005000','331082005232','鼠岙村',4,NULL,NULL,NULL,'','n','1970-01-01 00:00:00'),(423,'331082005000','331082005233','牛头山村',4,NULL,NULL,NULL,'','n','1970-01-01 00:00:00'),(424,'331082005000','331082005234','年坑村',4,NULL,NULL,NULL,'','n','1970-01-01 00:00:00'),(425,'331082005000','331082005235','许安村',4,NULL,NULL,NULL,'','n','1970-01-01 00:00:00'),(426,'331082005000','331082005236','石年村',4,NULL,NULL,NULL,'','n','1970-01-01 00:00:00'),(427,'331082005000','331082005237','钓鱼亭村',4,NULL,NULL,NULL,'','n','1970-01-01 00:00:00'),(428,'331082005000','331082005238','中台村',4,NULL,NULL,NULL,'','n','1970-01-01 00:00:00'),(429,'331082005000','331082005239','下洋峙村',4,NULL,NULL,NULL,'','n','1970-01-01 00:00:00'),(430,'331082005000','331082005240','岙蒋村',4,NULL,NULL,NULL,'','n','1970-01-01 00:00:00'),(431,'331082005000','331082005241','峙山村',4,NULL,NULL,NULL,'','n','1970-01-01 00:00:00'),(432,'331082005000','331082005242','庙头村',4,NULL,NULL,NULL,'','n','1970-01-01 00:00:00'),(433,'331082005000','331082005243','渡头范村',4,NULL,NULL,NULL,'','n','1970-01-01 00:00:00'),(434,'331082100000','331082100200','利丰村',4,NULL,NULL,NULL,'','n','1970-01-01 00:00:00'),(435,'331082100000','331082100201','汛桥村',4,NULL,NULL,NULL,'','n','1970-01-01 00:00:00'),(436,'331082100000','331082100202','长石大岙村',4,NULL,NULL,NULL,'','n','1970-01-01 00:00:00'),(437,'331082100000','331082100203','利庄村',4,NULL,NULL,NULL,'','n','1970-01-01 00:00:00'),(438,'331082100000','331082100205','汛道头村',4,NULL,NULL,NULL,'','n','1970-01-01 00:00:00'),(439,'331082100000','331082100206','章后洋村',4,NULL,NULL,NULL,'','n','1970-01-01 00:00:00'),(440,'331082100000','331082100207','浦口村',4,NULL,NULL,NULL,'','n','1970-01-01 00:00:00'),(441,'331082100000','331082100208','周岙村',4,NULL,NULL,NULL,'','n','1970-01-01 00:00:00'),(442,'331082100000','331082100209','杨梅井头村',4,NULL,NULL,NULL,'','n','1970-01-01 00:00:00'),(443,'331082100000','331082100210','中村',4,NULL,NULL,NULL,'','n','1970-01-01 00:00:00'),(444,'331082100000','331082100211','杨梅东岙村',4,NULL,NULL,NULL,'','n','1970-01-01 00:00:00'),(445,'331082100000','331082100212','杨梅大岙村',4,NULL,NULL,NULL,'','n','1970-01-01 00:00:00'),(446,'331082100000','331082100213','宋岙村',4,NULL,NULL,NULL,'','n','1970-01-01 00:00:00'),(447,'331082100000','331082100215','程家桥村',4,NULL,NULL,NULL,'','n','1970-01-01 00:00:00'),(448,'331082100000','331082100216','阮加洋村',4,NULL,NULL,NULL,'','n','1970-01-01 00:00:00'),(449,'331082100000','331082100217','光明村',4,NULL,NULL,NULL,'','n','1970-01-01 00:00:00'),(450,'331082100000','331082100218','洋岙村',4,NULL,NULL,NULL,'','n','1970-01-01 00:00:00'),(451,'331082100000','331082100219','统高山村',4,NULL,NULL,NULL,'','n','1970-01-01 00:00:00'),(452,'331082100000','331082100220','下路坑村',4,NULL,NULL,NULL,'','n','1970-01-01 00:00:00'),(453,'331082100000','331082100221','栗柴湾村',4,NULL,NULL,NULL,'','n','1970-01-01 00:00:00'),(454,'331082100000','331082100222','下湾峙村',4,NULL,NULL,NULL,'','n','1970-01-01 00:00:00'),(455,'331082100000','331082100223','下湾张村',4,NULL,NULL,NULL,'','n','1970-01-01 00:00:00'),(456,'331082100000','331082100224','东山村',4,NULL,NULL,NULL,'','n','1970-01-01 00:00:00'),(457,'331082100000','331082100225','下宅街村',4,NULL,NULL,NULL,'','n','1970-01-01 00:00:00'),(458,'331082100000','331082100226','峙前村',4,NULL,NULL,NULL,'','n','1970-01-01 00:00:00'),(459,'331082100000','331082100227','山西村',4,NULL,NULL,NULL,'','n','1970-01-01 00:00:00'),(460,'331082100000','331082100229','白路头村',4,NULL,NULL,NULL,'','n','1970-01-01 00:00:00'),(461,'331082100000','331082100230','寒岗村',4,NULL,NULL,NULL,'','n','1970-01-01 00:00:00'),(462,'331082100000','331082100231','白岩下村',4,NULL,NULL,NULL,'','n','1970-01-01 00:00:00'),(463,'331082100000','331082100234','汛东村',4,NULL,NULL,NULL,'','n','1970-01-01 00:00:00'),(464,'331082100000','331082100235','蒋家山村',4,NULL,NULL,NULL,'','n','1970-01-01 00:00:00'),(465,'331082101000','331082101200','下街村',4,NULL,NULL,NULL,'','n','1970-01-01 00:00:00'),(466,'331082101000','331082101201','勤勇村',4,NULL,NULL,NULL,'','n','1970-01-01 00:00:00'),(467,'331082101000','331082101202','大房村',4,NULL,NULL,NULL,'','n','1970-01-01 00:00:00'),(468,'331082101000','331082101203','绚珠村',4,NULL,NULL,NULL,'','n','1970-01-01 00:00:00'),(469,'331082101000','331082101204','庙西村',4,NULL,NULL,NULL,'','n','1970-01-01 00:00:00'),(470,'331082101000','331082101205','中街村',4,NULL,NULL,NULL,'','n','1970-01-01 00:00:00'),(471,'331082101000','331082101206','上街村',4,NULL,NULL,NULL,'','n','1970-01-01 00:00:00'),(472,'331082101000','331082101207','格溪沈村',4,NULL,NULL,NULL,'','n','1970-01-01 00:00:00'),(473,'331082101000','331082101208','西洋头村',4,NULL,NULL,NULL,'','n','1970-01-01 00:00:00'),(474,'331082101000','331082101209','后杨村',4,NULL,NULL,NULL,'','n','1970-01-01 00:00:00'),(475,'331082101000','331082101210','前徐村',4,NULL,NULL,NULL,'','n','1970-01-01 00:00:00'),(476,'331082101000','331082101211','双宅村',4,NULL,NULL,NULL,'','n','1970-01-01 00:00:00'),(477,'331082101000','331082101212','竹岙村',4,NULL,NULL,NULL,'','n','1970-01-01 00:00:00'),(478,'331082101000','331082101213','小岭村',4,NULL,NULL,NULL,'','n','1970-01-01 00:00:00'),(479,'331082101000','331082101214','王加山村',4,NULL,NULL,NULL,'','n','1970-01-01 00:00:00'),(480,'331082101000','331082101215','桐坑村',4,NULL,NULL,NULL,'','n','1970-01-01 00:00:00'),(481,'331082101000','331082101216','前岩村',4,NULL,NULL,NULL,'','n','1970-01-01 00:00:00'),(482,'331082101000','331082101217','屈家村',4,NULL,NULL,NULL,'','n','1970-01-01 00:00:00'),(483,'331082101000','331082101218','胡岙村',4,NULL,NULL,NULL,'','n','1970-01-01 00:00:00'),(484,'331082101000','331082101219','白箬村',4,NULL,NULL,NULL,'','n','1970-01-01 00:00:00'),(485,'331082101000','331082101220','东卢村',4,NULL,NULL,NULL,'','n','1970-01-01 00:00:00'),(486,'331082101000','331082101221','东山陈村',4,NULL,NULL,NULL,'','n','1970-01-01 00:00:00'),(487,'331082101000','331082101222','东溪单村',4,NULL,NULL,NULL,'','n','1970-01-01 00:00:00'),(488,'331082101000','331082101223','西高村',4,NULL,NULL,NULL,'','n','1970-01-01 00:00:00'),(489,'331082101000','331082101224','黄桥村',4,NULL,NULL,NULL,'','n','1970-01-01 00:00:00'),(490,'331082101000','331082101225','岩二村',4,NULL,NULL,NULL,'','n','1970-01-01 00:00:00'),(491,'331082101000','331082101226','乌墩村',4,NULL,NULL,NULL,'','n','1970-01-01 00:00:00'),(492,'331082101000','331082101227','西楼村',4,NULL,NULL,NULL,'','n','1970-01-01 00:00:00'),(493,'331082101000','331082101228','泄上村',4,NULL,NULL,NULL,'','n','1970-01-01 00:00:00'),(494,'331082101000','331082101229','千洋村',4,NULL,NULL,NULL,'','n','1970-01-01 00:00:00'),(495,'331082101000','331082101230','能仁村',4,NULL,NULL,NULL,'','n','1970-01-01 00:00:00'),(496,'331082101000','331082101232','泄下村',4,NULL,NULL,NULL,'','n','1970-01-01 00:00:00'),(497,'331082101000','331082101234','岭头村',4,NULL,NULL,NULL,'','n','1970-01-01 00:00:00'),(498,'331082101000','331082101235','琅坑岭脚村',4,NULL,NULL,NULL,'','n','1970-01-01 00:00:00'),(499,'331082101000','331082101236','下晏村',4,NULL,NULL,NULL,'','n','1970-01-01 00:00:00'),(500,'331082101000','331082101237','沙溪下村',4,NULL,NULL,NULL,'','n','1970-01-01 00:00:00'),(501,'331082101000','331082101238','大路头村',4,NULL,NULL,NULL,'','n','1970-01-01 00:00:00'),(502,'331082101000','331082101239','后山金村',4,NULL,NULL,NULL,'','n','1970-01-01 00:00:00'),(503,'331082101000','331082101240','洞桥村',4,NULL,NULL,NULL,'','n','1970-01-01 00:00:00'),(504,'331082101000','331082101244','西路村',4,NULL,NULL,NULL,'','n','1970-01-01 00:00:00'),(505,'331082101000','331082101246','康一村',4,NULL,NULL,NULL,'','n','1970-01-01 00:00:00'),(506,'331082101000','331082101247','康二村',4,NULL,NULL,NULL,'','n','1970-01-01 00:00:00'),(507,'331082101000','331082101248','康三村',4,NULL,NULL,NULL,'','n','1970-01-01 00:00:00'),(508,'331082101000','331082101249','洪桥村',4,NULL,NULL,NULL,'','n','1970-01-01 00:00:00'),(509,'331082101000','331082101250','坦头村',4,NULL,NULL,NULL,'','n','1970-01-01 00:00:00'),(510,'331082101000','331082101251','上岭村',4,NULL,NULL,NULL,'','n','1970-01-01 00:00:00'),(511,'331082101000','331082101252','水岙村',4,NULL,NULL,NULL,'','n','1970-01-01 00:00:00'),(512,'331082101000','331082101254','娄村',4,NULL,NULL,NULL,'','n','1970-01-01 00:00:00'),(513,'331082101000','331082101255','长坦村',4,NULL,NULL,NULL,'','n','1970-01-01 00:00:00'),(514,'331082101000','331082101256','潘东岙村',4,NULL,NULL,NULL,'','n','1970-01-01 00:00:00'),(515,'331082101000','331082101257','岭根村',4,NULL,NULL,NULL,'','n','1970-01-01 00:00:00'),(516,'331082101000','331082101258','洋林村',4,NULL,NULL,NULL,'','n','1970-01-01 00:00:00'),(517,'331082101000','331082101259','前四庄村',4,NULL,NULL,NULL,'','n','1970-01-01 00:00:00'),(518,'331082101000','331082101262','金坑村',4,NULL,NULL,NULL,'','n','1970-01-01 00:00:00'),(519,'331082101000','331082101263','分水岭村',4,NULL,NULL,NULL,'','n','1970-01-01 00:00:00'),(520,'331082101000','331082101264','上山潘村',4,NULL,NULL,NULL,'','n','1970-01-01 00:00:00'),(521,'331082101000','331082101265','麻山村',4,NULL,NULL,NULL,'','n','1970-01-01 00:00:00'),(522,'331082101000','331082101266','呈岐村',4,NULL,NULL,NULL,'','n','1970-01-01 00:00:00'),(523,'331082101000','331082101267','潘山周村',4,NULL,NULL,NULL,'','n','1970-01-01 00:00:00'),(524,'331082101000','331082101268','隔溪村',4,NULL,NULL,NULL,'','n','1970-01-01 00:00:00'),(525,'331082101000','331082101269','里冬村',4,NULL,NULL,NULL,'','n','1970-01-01 00:00:00'),(526,'331082101000','331082101270','康西村',4,NULL,NULL,NULL,'','n','1970-01-01 00:00:00'),(527,'331082101000','331082101271','卢周村',4,NULL,NULL,NULL,'','n','1970-01-01 00:00:00'),(528,'331082103000','331082103200','浚头村',4,NULL,NULL,NULL,'','n','1970-01-01 00:00:00'),(529,'331082103000','331082103201','两头门村',4,NULL,NULL,NULL,'','n','1970-01-01 00:00:00'),(530,'331082103000','331082103202','谷岙村',4,NULL,NULL,NULL,'','n','1970-01-01 00:00:00'),(531,'331082103000','331082103203','姜岙村',4,NULL,NULL,NULL,'','n','1970-01-01 00:00:00'),(532,'331082103000','331082103204','下曼村',4,NULL,NULL,NULL,'','n','1970-01-01 00:00:00'),(533,'331082103000','331082103205','牌前村',4,NULL,NULL,NULL,'','n','1970-01-01 00:00:00'),(534,'331082103000','331082103206','江根村',4,NULL,NULL,NULL,'','n','1970-01-01 00:00:00'),(535,'331082103000','331082103207','小坑村',4,NULL,NULL,NULL,'','n','1970-01-01 00:00:00'),(536,'331082103000','331082103208','岭脚村',4,NULL,NULL,NULL,'','n','1970-01-01 00:00:00'),(537,'331082103000','331082103209','瓦窑山村',4,NULL,NULL,NULL,'','n','1970-01-01 00:00:00'),(538,'331082103000','331082103214','黄泥坦村',4,NULL,NULL,NULL,'','n','1970-01-01 00:00:00'),(539,'331082103000','331082103215','西溪村',4,NULL,NULL,NULL,'','n','1970-01-01 00:00:00'),(540,'331082103000','331082103216','黎明村',4,NULL,NULL,NULL,'','n','1970-01-01 00:00:00'),(541,'331082103000','331082103217','南城村',4,NULL,NULL,NULL,'','n','1970-01-01 00:00:00'),(542,'331082103000','331082103218','仙人桥村',4,NULL,NULL,NULL,'','n','1970-01-01 00:00:00'),(543,'331082103000','331082103219','善家洋村',4,NULL,NULL,NULL,'','n','1970-01-01 00:00:00'),(544,'331082103000','331082103220','留山村',4,NULL,NULL,NULL,'','n','1970-01-01 00:00:00'),(545,'331082103000','331082103223','炉洋村',4,NULL,NULL,NULL,'','n','1970-01-01 00:00:00'),(546,'331082103000','331082103224','大塘村',4,NULL,NULL,NULL,'','n','1970-01-01 00:00:00'),(547,'331082103000','331082103225','黄支罗村',4,NULL,NULL,NULL,'','n','1970-01-01 00:00:00'),(548,'331082103000','331082103226','高山塘村',4,NULL,NULL,NULL,'','n','1970-01-01 00:00:00'),(549,'331082103000','331082103227','贝树村',4,NULL,NULL,NULL,'','n','1970-01-01 00:00:00'),(550,'331082103000','331082103228','孔丘村',4,NULL,NULL,NULL,'','n','1970-01-01 00:00:00'),(551,'331082103000','331082103229','溪王村',4,NULL,NULL,NULL,'','n','1970-01-01 00:00:00'),(552,'331082103000','331082103230','芝鱼坑村',4,NULL,NULL,NULL,'','n','1970-01-01 00:00:00'),(553,'331082103000','331082103231','良坑村',4,NULL,NULL,NULL,'','n','1970-01-01 00:00:00'),(554,'331082103000','331082103232','箬坑村',4,NULL,NULL,NULL,'','n','1970-01-01 00:00:00'),(555,'331082103000','331082103233','山下岩村',4,NULL,NULL,NULL,'','n','1970-01-01 00:00:00'),(556,'331082103000','331082103234','安坑村',4,NULL,NULL,NULL,'','n','1970-01-01 00:00:00'),(557,'331082103000','331082103235','山河村',4,NULL,NULL,NULL,'','n','1970-01-01 00:00:00'),(558,'331082103000','331082103236','坑岙村',4,NULL,NULL,NULL,'','n','1970-01-01 00:00:00'),(559,'331082103000','331082103237','桐岩辽村',4,NULL,NULL,NULL,'','n','1970-01-01 00:00:00'),(560,'331082103000','331082103238','枫林村',4,NULL,NULL,NULL,'','n','1970-01-01 00:00:00'),(561,'331082103000','331082103239','双贤村',4,NULL,NULL,NULL,'','n','1970-01-01 00:00:00'),(562,'331082104000','331082104200','小芝村',4,NULL,NULL,NULL,'','n','1970-01-01 00:00:00'),(563,'331082104000','331082104201','四南村',4,NULL,NULL,NULL,'','n','1970-01-01 00:00:00'),(564,'331082104000','331082104202','横峙村',4,NULL,NULL,NULL,'','n','1970-01-01 00:00:00'),(565,'331082104000','331082104203','罗上宅村',4,NULL,NULL,NULL,'','n','1970-01-01 00:00:00'),(566,'331082104000','331082104204','三保村',4,NULL,NULL,NULL,'','n','1970-01-01 00:00:00'),(567,'331082104000','331082104205','伴山村',4,NULL,NULL,NULL,'','n','1970-01-01 00:00:00'),(568,'331082104000','331082104206','龙岙村',4,NULL,NULL,NULL,'','n','1970-01-01 00:00:00'),(569,'331082104000','331082104207','大来岙村',4,NULL,NULL,NULL,'','n','1970-01-01 00:00:00'),(570,'331082104000','331082104208','岙胡村',4,NULL,NULL,NULL,'','n','1970-01-01 00:00:00'),(571,'331082104000','331082104209','包山村',4,NULL,NULL,NULL,'','n','1970-01-01 00:00:00'),(572,'331082104000','331082104210','黎岙村',4,NULL,NULL,NULL,'','n','1970-01-01 00:00:00'),(573,'331082104000','331082104211','荷塘村',4,NULL,NULL,NULL,'','n','1970-01-01 00:00:00'),(574,'331082104000','331082104212','虎柜头村',4,NULL,NULL,NULL,'','n','1970-01-01 00:00:00'),(575,'331082104000','331082104213','栖凤村',4,NULL,NULL,NULL,'','n','1970-01-01 00:00:00'),(576,'331082104000','331082104214','度园村',4,NULL,NULL,NULL,'','n','1970-01-01 00:00:00'),(577,'331082104000','331082104215','下村桥村',4,NULL,NULL,NULL,'','n','1970-01-01 00:00:00'),(578,'331082104000','331082104216','岙坑村',4,NULL,NULL,NULL,'','n','1970-01-01 00:00:00'),(579,'331082104000','331082104217','乌石头村',4,NULL,NULL,NULL,'','n','1970-01-01 00:00:00'),(580,'331082104000','331082104218','溪下村',4,NULL,NULL,NULL,'','n','1970-01-01 00:00:00'),(581,'331082104000','331082104219','车口村',4,NULL,NULL,NULL,'','n','1970-01-01 00:00:00'),(582,'331082104000','331082104220','杏中村',4,NULL,NULL,NULL,'','n','1970-01-01 00:00:00'),(583,'331082104000','331082104221','中岙村',4,NULL,NULL,NULL,'','n','1970-01-01 00:00:00'),(584,'331082104000','331082104222','下里村',4,NULL,NULL,NULL,'','n','1970-01-01 00:00:00'),(585,'331082104000','331082104223','乌岩村',4,NULL,NULL,NULL,'','n','1970-01-01 00:00:00'),(586,'331082104000','331082104224','南丰村',4,NULL,NULL,NULL,'','n','1970-01-01 00:00:00'),(587,'331082104000','331082104225','石溪村',4,NULL,NULL,NULL,'','n','1970-01-01 00:00:00'),(588,'331082104000','331082104226','桥头村',4,NULL,NULL,NULL,'','n','1970-01-01 00:00:00'),(589,'331082104000','331082104227','张岙村',4,NULL,NULL,NULL,'','n','1970-01-01 00:00:00'),(590,'331082104000','331082104228','南洋村',4,NULL,NULL,NULL,'','n','1970-01-01 00:00:00'),(591,'331082104000','331082104229','胜坑村',4,NULL,NULL,NULL,'','n','1970-01-01 00:00:00'),(592,'331082105000','331082105200','河头村',4,NULL,NULL,NULL,'','n','1970-01-01 00:00:00'),(593,'331082105000','331082105201','上湾村',4,NULL,NULL,NULL,'','n','1970-01-01 00:00:00'),(594,'331082105000','331082105202','东升村',4,NULL,NULL,NULL,'','n','1970-01-01 00:00:00'),(595,'331082105000','331082105203','下湾村',4,NULL,NULL,NULL,'','n','1970-01-01 00:00:00'),(596,'331082105000','331082105204','新西岙村',4,NULL,NULL,NULL,'','n','1970-01-01 00:00:00'),(597,'331082105000','331082105205','岩下郑村',4,NULL,NULL,NULL,'','n','1970-01-01 00:00:00'),(598,'331082105000','331082105206','中渡岙村',4,NULL,NULL,NULL,'','n','1970-01-01 00:00:00'),(599,'331082105000','331082105207','缸窑村',4,NULL,NULL,NULL,'','n','1970-01-01 00:00:00'),(600,'331082105000','331082105208','中罗村',4,NULL,NULL,NULL,'','n','1970-01-01 00:00:00'),(601,'331082105000','331082105209','殿前村',4,NULL,NULL,NULL,'','n','1970-01-01 00:00:00'),(602,'331082105000','331082105210','岭下塘村',4,NULL,NULL,NULL,'','n','1970-01-01 00:00:00'),(603,'331082105000','331082105211','岭祥村',4,NULL,NULL,NULL,'','n','1970-01-01 00:00:00'),(604,'331082105000','331082105212','溪西村',4,NULL,NULL,NULL,'','n','1970-01-01 00:00:00'),(605,'331082105000','331082105213','汤岸村',4,NULL,NULL,NULL,'','n','1970-01-01 00:00:00'),(606,'331082105000','331082105214','岭西村',4,NULL,NULL,NULL,'','n','1970-01-01 00:00:00'),(607,'331082105000','331082105217','前山一村',4,NULL,NULL,NULL,'','n','1970-01-01 00:00:00'),(608,'331082105000','331082105218','前山二村',4,NULL,NULL,NULL,'','n','1970-01-01 00:00:00'),(609,'331082105000','331082105219','前山三村',4,NULL,NULL,NULL,'','n','1970-01-01 00:00:00'),(610,'331082105000','331082105220','前山四村',4,NULL,NULL,NULL,'','n','1970-01-01 00:00:00'),(611,'331082105000','331082105221','姚宅村',4,NULL,NULL,NULL,'','n','1970-01-01 00:00:00'),(612,'331082105000','331082105222','后田村',4,NULL,NULL,NULL,'','n','1970-01-01 00:00:00'),(613,'331082105000','331082105223','四村',4,NULL,NULL,NULL,'','n','1970-01-01 00:00:00'),(614,'331082105000','331082105224','灯头村',4,NULL,NULL,NULL,'','n','1970-01-01 00:00:00'),(615,'331082105000','331082105225','赵家村',4,NULL,NULL,NULL,'','n','1970-01-01 00:00:00'),(616,'331082105000','331082105227','半山姚村',4,NULL,NULL,NULL,'','n','1970-01-01 00:00:00'),(617,'331082105000','331082105229','后郑村',4,NULL,NULL,NULL,'','n','1970-01-01 00:00:00'),(618,'331082105000','331082105231','仙人村',4,NULL,NULL,NULL,'','n','1970-01-01 00:00:00'),(619,'331082105000','331082105232','岩坑村',4,NULL,NULL,NULL,'','n','1970-01-01 00:00:00'),(620,'331082105000','331082105233','下甘村',4,NULL,NULL,NULL,'','n','1970-01-01 00:00:00'),(621,'331082105000','331082105235','佃坑村',4,NULL,NULL,NULL,'','n','1970-01-01 00:00:00'),(622,'331082105000','331082105236','宜石地村',4,NULL,NULL,NULL,'','n','1970-01-01 00:00:00'),(623,'331082105000','331082105237','柏树头村',4,NULL,NULL,NULL,'','n','1970-01-01 00:00:00'),(624,'331082105000','331082105238','上炉村',4,NULL,NULL,NULL,'','n','1970-01-01 00:00:00'),(625,'331082105000','331082105239','往头村',4,NULL,NULL,NULL,'','n','1970-01-01 00:00:00'),(626,'331082105000','331082105240','张湾村',4,NULL,NULL,NULL,'','n','1970-01-01 00:00:00'),(627,'331082105000','331082105241','七联村',4,NULL,NULL,NULL,'','n','1970-01-01 00:00:00'),(628,'331082105000','331082105244','兰桥村',4,NULL,NULL,NULL,'','n','1970-01-01 00:00:00'),(629,'331082105000','331082105247','五景岙村',4,NULL,NULL,NULL,'','n','1970-01-01 00:00:00'),(630,'331082105000','331082105248','永丰村',4,NULL,NULL,NULL,'','n','1970-01-01 00:00:00'),(631,'331082105000','331082105249','溪南村',4,NULL,NULL,NULL,'','n','1970-01-01 00:00:00'),(632,'331082105000','331082105250','下堂村',4,NULL,NULL,NULL,'','n','1970-01-01 00:00:00'),(633,'331082105000','331082105251','花塘村',4,NULL,NULL,NULL,'','n','1970-01-01 00:00:00'),(634,'331082105000','331082105252','玉峰村',4,NULL,NULL,NULL,'','n','1970-01-01 00:00:00'),(635,'331082105000','331082105253','五村',4,NULL,NULL,NULL,'','n','1970-01-01 00:00:00'),(636,'331082105000','331082105254','岭上蒋村',4,NULL,NULL,NULL,'','n','1970-01-01 00:00:00'),(637,'331082105000','331082105255','田洋王村',4,NULL,NULL,NULL,'','n','1970-01-01 00:00:00'),(638,'331082105000','331082105256','马家湾村',4,NULL,NULL,NULL,'','n','1970-01-01 00:00:00'),(639,'331082105000','331082105259','三合村',4,NULL,NULL,NULL,'','n','1970-01-01 00:00:00'),(640,'331082105000','331082105260','双岭村',4,NULL,NULL,NULL,'','n','1970-01-01 00:00:00'),(641,'331082105000','331082105261','黄三村',4,NULL,NULL,NULL,'','n','1970-01-01 00:00:00'),(642,'331082105000','331082105262','百步村',4,NULL,NULL,NULL,'','n','1970-01-01 00:00:00'),(643,'331082105000','331082105263','高塘村',4,NULL,NULL,NULL,'','n','1970-01-01 00:00:00'),(644,'331082105000','331082105264','九岗头村',4,NULL,NULL,NULL,'','n','1970-01-01 00:00:00'),(645,'331082105000','331082105265','山上叶村',4,NULL,NULL,NULL,'','n','1970-01-01 00:00:00'),(646,'331082106000','331082106001','黄沙社区',4,NULL,NULL,NULL,'','n','1970-01-01 00:00:00'),(647,'331082106000','331082106200','白水洋村',4,NULL,NULL,NULL,'','n','1970-01-01 00:00:00'),(648,'331082106000','331082106201','上吴村',4,NULL,NULL,NULL,'','n','1970-01-01 00:00:00'),(649,'331082106000','331082106202','罗渡村',4,NULL,NULL,NULL,'','n','1970-01-01 00:00:00'),(650,'331082106000','331082106203','上元地村',4,NULL,NULL,NULL,'','n','1970-01-01 00:00:00'),(651,'331082106000','331082106204','斋坦村',4,NULL,NULL,NULL,'','n','1970-01-01 00:00:00'),(652,'331082106000','331082106205','下利村',4,NULL,NULL,NULL,'','n','1970-01-01 00:00:00'),(653,'331082106000','331082106206','东山村',4,NULL,NULL,NULL,'','n','1970-01-01 00:00:00'),(654,'331082106000','331082106207','岩头王村',4,NULL,NULL,NULL,'','n','1970-01-01 00:00:00'),(655,'331082106000','331082106208','埠头村',4,NULL,NULL,NULL,'','n','1970-01-01 00:00:00'),(656,'331082106000','331082106209','井头翁村',4,NULL,NULL,NULL,'','n','1970-01-01 00:00:00'),(657,'331082106000','331082106210','西村',4,NULL,NULL,NULL,'','n','1970-01-01 00:00:00'),(658,'331082106000','331082106211','东村',4,NULL,NULL,NULL,'','n','1970-01-01 00:00:00'),(659,'331082106000','331082106212','新串村',4,NULL,NULL,NULL,'','n','1970-01-01 00:00:00'),(660,'331082106000','331082106213','柏枝岙村',4,NULL,NULL,NULL,'','n','1970-01-01 00:00:00'),(661,'331082106000','331082106214','林高山村',4,NULL,NULL,NULL,'','n','1970-01-01 00:00:00'),(662,'331082106000','331082106215','塘头朱村',4,NULL,NULL,NULL,'','n','1970-01-01 00:00:00'),(663,'331082106000','331082106216','上峰村',4,NULL,NULL,NULL,'','n','1970-01-01 00:00:00'),(664,'331082106000','331082106217','溪头叶村',4,NULL,NULL,NULL,'','n','1970-01-01 00:00:00'),(665,'331082106000','331082106218','蒋岙村',4,NULL,NULL,NULL,'','n','1970-01-01 00:00:00'),(666,'331082106000','331082106219','下黄村',4,NULL,NULL,NULL,'','n','1970-01-01 00:00:00'),(667,'331082106000','331082106220','前店村',4,NULL,NULL,NULL,'','n','1970-01-01 00:00:00'),(668,'331082106000','331082106221','山岙村',4,NULL,NULL,NULL,'','n','1970-01-01 00:00:00'),(669,'331082106000','331082106222','祥里村',4,NULL,NULL,NULL,'','n','1970-01-01 00:00:00'),(670,'331082106000','331082106223','后赵村',4,NULL,NULL,NULL,'','n','1970-01-01 00:00:00'),(671,'331082106000','331082106224','林坝塘村',4,NULL,NULL,NULL,'','n','1970-01-01 00:00:00'),(672,'331082106000','331082106225','下庄村',4,NULL,NULL,NULL,'','n','1970-01-01 00:00:00'),(673,'331082106000','331082106226','上庄村',4,NULL,NULL,NULL,'','n','1970-01-01 00:00:00'),(674,'331082106000','331082106227','上施村',4,NULL,NULL,NULL,'','n','1970-01-01 00:00:00'),(675,'331082106000','331082106228','上山根村',4,NULL,NULL,NULL,'','n','1970-01-01 00:00:00'),(676,'331082106000','331082106229','上雪村',4,NULL,NULL,NULL,'','n','1970-01-01 00:00:00'),(677,'331082106000','331082106230','上官村',4,NULL,NULL,NULL,'','n','1970-01-01 00:00:00'),(678,'331082106000','331082106231','溪头村',4,NULL,NULL,NULL,'','n','1970-01-01 00:00:00'),(679,'331082106000','331082106234','双楼村',4,NULL,NULL,NULL,'','n','1970-01-01 00:00:00'),(680,'331082106000','331082106235','下洋村',4,NULL,NULL,NULL,'','n','1970-01-01 00:00:00'),(681,'331082106000','331082106236','后禄村',4,NULL,NULL,NULL,'','n','1970-01-01 00:00:00'),(682,'331082106000','331082106239','殿前陈村',4,NULL,NULL,NULL,'','n','1970-01-01 00:00:00'),(683,'331082106000','331082106240','后山林村',4,NULL,NULL,NULL,'','n','1970-01-01 00:00:00'),(684,'331082106000','331082106242','白水下村',4,NULL,NULL,NULL,'','n','1970-01-01 00:00:00'),(685,'331082106000','331082106243','渭溪村',4,NULL,NULL,NULL,'','n','1970-01-01 00:00:00'),(686,'331082106000','331082106244','西官村',4,NULL,NULL,NULL,'','n','1970-01-01 00:00:00'),(687,'331082106000','331082106245','店溪村',4,NULL,NULL,NULL,'','n','1970-01-01 00:00:00'),(688,'331082106000','331082106246','蔡家园村',4,NULL,NULL,NULL,'','n','1970-01-01 00:00:00'),(689,'331082106000','331082106247','后谢村',4,NULL,NULL,NULL,'','n','1970-01-01 00:00:00'),(690,'331082106000','331082106248','王山头村',4,NULL,NULL,NULL,'','n','1970-01-01 00:00:00'),(691,'331082106000','331082106249','上尤村',4,NULL,NULL,NULL,'','n','1970-01-01 00:00:00'),(692,'331082106000','331082106250','东方红村',4,NULL,NULL,NULL,'','n','1970-01-01 00:00:00'),(693,'331082106000','331082106251','东杜村',4,NULL,NULL,NULL,'','n','1970-01-01 00:00:00'),(694,'331082106000','331082106258','龙泉村',4,NULL,NULL,NULL,'','n','1970-01-01 00:00:00'),(695,'331082106000','331082106261','碎岩村',4,NULL,NULL,NULL,'','n','1970-01-01 00:00:00'),(696,'331082106000','331082106262','大平裘村',4,NULL,NULL,NULL,'','n','1970-01-01 00:00:00'),(697,'331082106000','331082106263','杨树孔村',4,NULL,NULL,NULL,'','n','1970-01-01 00:00:00'),(698,'331082106000','331082106264','下林村',4,NULL,NULL,NULL,'','n','1970-01-01 00:00:00'),(699,'331082106000','331082106265','里后坑村',4,NULL,NULL,NULL,'','n','1970-01-01 00:00:00'),(700,'331082106000','331082106266','山头王村',4,NULL,NULL,NULL,'','n','1970-01-01 00:00:00'),(701,'331082106000','331082106267','箬孔村',4,NULL,NULL,NULL,'','n','1970-01-01 00:00:00'),(702,'331082106000','331082106269','溪岸林村',4,NULL,NULL,NULL,'','n','1970-01-01 00:00:00'),(703,'331082106000','331082106270','桥西村',4,NULL,NULL,NULL,'','n','1970-01-01 00:00:00'),(704,'331082106000','331082106271','桥头蔡村',4,NULL,NULL,NULL,'','n','1970-01-01 00:00:00'),(705,'331082106000','331082106272','新塘村',4,NULL,NULL,NULL,'','n','1970-01-01 00:00:00'),(706,'331082106000','331082106273','前垟村',4,NULL,NULL,NULL,'','n','1970-01-01 00:00:00'),(707,'331082106000','331082106274','坦头路村',4,NULL,NULL,NULL,'','n','1970-01-01 00:00:00'),(708,'331082106000','331082106275','坦南村',4,NULL,NULL,NULL,'','n','1970-01-01 00:00:00'),(709,'331082106000','331082106276','前园村',4,NULL,NULL,NULL,'','n','1970-01-01 00:00:00'),(710,'331082106000','331082106277','下杨岙村',4,NULL,NULL,NULL,'','n','1970-01-01 00:00:00'),(711,'331082106000','331082106278','荷莲地村',4,NULL,NULL,NULL,'','n','1970-01-01 00:00:00'),(712,'331082106000','331082106282','通济堂村',4,NULL,NULL,NULL,'','n','1970-01-01 00:00:00'),(713,'331082106000','331082106283','塘田王村',4,NULL,NULL,NULL,'','n','1970-01-01 00:00:00'),(714,'331082106000','331082106284','店前村',4,NULL,NULL,NULL,'','n','1970-01-01 00:00:00'),(715,'331082106000','331082106285','塘田徐村',4,NULL,NULL,NULL,'','n','1970-01-01 00:00:00'),(716,'331082106000','331082106286','下峙村',4,NULL,NULL,NULL,'','n','1970-01-01 00:00:00'),(717,'331082106000','331082106287','下洋庄村',4,NULL,NULL,NULL,'','n','1970-01-01 00:00:00'),(718,'331082106000','331082106288','西洋庄村',4,NULL,NULL,NULL,'','n','1970-01-01 00:00:00'),(719,'331082106000','331082106289','前塘村',4,NULL,NULL,NULL,'','n','1970-01-01 00:00:00'),(720,'331082106000','331082106290','岙口村',4,NULL,NULL,NULL,'','n','1970-01-01 00:00:00'),(721,'331082106000','331082106291','安桥村',4,NULL,NULL,NULL,'','n','1970-01-01 00:00:00'),(722,'331082106000','331082106292','塘里王村',4,NULL,NULL,NULL,'','n','1970-01-01 00:00:00'),(723,'331082106000','331082106293','胡头宋村',4,NULL,NULL,NULL,'','n','1970-01-01 00:00:00'),(724,'331082106000','331082106294','田洋胡村',4,NULL,NULL,NULL,'','n','1970-01-01 00:00:00'),(725,'331082106000','331082106295','山下村',4,NULL,NULL,NULL,'','n','1970-01-01 00:00:00'),(726,'331082106000','331082106296','上蔡村',4,NULL,NULL,NULL,'','n','1970-01-01 00:00:00'),(727,'331082106000','331082106297','新江村',4,NULL,NULL,NULL,'','n','1970-01-01 00:00:00'),(728,'331082106000','331082106298','曹山村',4,NULL,NULL,NULL,'','n','1970-01-01 00:00:00'),(729,'331082106000','331082106302','半山村',4,NULL,NULL,NULL,'','n','1970-01-01 00:00:00'),(730,'331082106000','331082106303','界岭村',4,NULL,NULL,NULL,'','n','1970-01-01 00:00:00'),(731,'331082106000','331082106304','水晶坦村',4,NULL,NULL,NULL,'','n','1970-01-01 00:00:00'),(732,'331082106000','331082106305','水对郑村',4,NULL,NULL,NULL,'','n','1970-01-01 00:00:00'),(733,'331082106000','331082106306','大园村',4,NULL,NULL,NULL,'','n','1970-01-01 00:00:00'),(734,'331082106000','331082106307','环溪口村',4,NULL,NULL,NULL,'','n','1970-01-01 00:00:00'),(735,'331082106000','331082106308','划溪村',4,NULL,NULL,NULL,'','n','1970-01-01 00:00:00'),(736,'331082106000','331082106309','枫树岗村',4,NULL,NULL,NULL,'','n','1970-01-01 00:00:00'),(737,'331082106000','331082106314','上宅村',4,NULL,NULL,NULL,'','n','1970-01-01 00:00:00'),(738,'331082106000','331082106315','假山村',4,NULL,NULL,NULL,'','n','1970-01-01 00:00:00'),(739,'331082106000','331082106316','下宅村',4,NULL,NULL,NULL,'','n','1970-01-01 00:00:00'),(740,'331082106000','331082106317','三份村',4,NULL,NULL,NULL,'','n','1970-01-01 00:00:00'),(741,'331082106000','331082106318','照山村',4,NULL,NULL,NULL,'','n','1970-01-01 00:00:00'),(742,'331082106000','331082106319','陈家山村',4,NULL,NULL,NULL,'','n','1970-01-01 00:00:00'),(743,'331082106000','331082106321','高庄田村',4,NULL,NULL,NULL,'','n','1970-01-01 00:00:00'),(744,'331082106000','331082106323','中央屋村',4,NULL,NULL,NULL,'','n','1970-01-01 00:00:00'),(745,'331082106000','331082106324','八村',4,NULL,NULL,NULL,'','n','1970-01-01 00:00:00'),(746,'331082106000','331082106325','丰坑村',4,NULL,NULL,NULL,'','n','1970-01-01 00:00:00'),(747,'331082106000','331082106326','里梅村',4,NULL,NULL,NULL,'','n','1970-01-01 00:00:00'),(748,'331082106000','331082106327','黄坦洋村',4,NULL,NULL,NULL,'','n','1970-01-01 00:00:00'),(749,'331082106000','331082106328','唐岙村',4,NULL,NULL,NULL,'','n','1970-01-01 00:00:00'),(750,'331082106000','331082106332','西山村',4,NULL,NULL,NULL,'','n','1970-01-01 00:00:00'),(751,'331082106000','331082106333','戴棋村',4,NULL,NULL,NULL,'','n','1970-01-01 00:00:00'),(752,'331082106000','331082106334','洋高山村',4,NULL,NULL,NULL,'','n','1970-01-01 00:00:00'),(753,'331082106000','331082106335','大泛村',4,NULL,NULL,NULL,'','n','1970-01-01 00:00:00'),(754,'331082106000','331082106340','前庄村',4,NULL,NULL,NULL,'','n','1970-01-01 00:00:00'),(755,'331082106000','331082106343','凉棚基村',4,NULL,NULL,NULL,'','n','1970-01-01 00:00:00'),(756,'331082106000','331082106344','后寥村',4,NULL,NULL,NULL,'','n','1970-01-01 00:00:00'),(757,'331082106000','331082106345','大雷村',4,NULL,NULL,NULL,'','n','1970-01-01 00:00:00'),(758,'331082106000','331082106346','湖东村',4,NULL,NULL,NULL,'','n','1970-01-01 00:00:00'),(759,'331082106000','331082106347','坑口村',4,NULL,NULL,NULL,'','n','1970-01-01 00:00:00'),(760,'331082106000','331082106348','大岩村',4,NULL,NULL,NULL,'','n','1970-01-01 00:00:00'),(761,'331082106000','331082106349','双港村',4,NULL,NULL,NULL,'','n','1970-01-01 00:00:00'),(762,'331082106000','331082106350','三统村',4,NULL,NULL,NULL,'','n','1970-01-01 00:00:00'),(763,'331082106000','331082106351','安头村',4,NULL,NULL,NULL,'','n','1970-01-01 00:00:00'),(764,'331082106000','331082106352','黄家山村',4,NULL,NULL,NULL,'','n','1970-01-01 00:00:00'),(765,'331082106000','331082106353','董张往村',4,NULL,NULL,NULL,'','n','1970-01-01 00:00:00'),(766,'331082106000','331082106354','龙里村',4,NULL,NULL,NULL,'','n','1970-01-01 00:00:00'),(767,'331082106000','331082106355','其后山村',4,NULL,NULL,NULL,'','n','1970-01-01 00:00:00'),(768,'331082106000','331082106356','丁公园村',4,NULL,NULL,NULL,'','n','1970-01-01 00:00:00'),(769,'331082107000','331082107200','张家渡村',4,NULL,NULL,NULL,'','n','1970-01-01 00:00:00'),(770,'331082107000','331082107201','下井潭村',4,NULL,NULL,NULL,'','n','1970-01-01 00:00:00'),(771,'331082107000','331082107202','钱徐村',4,NULL,NULL,NULL,'','n','1970-01-01 00:00:00'),(772,'331082107000','331082107203','旺人墩村',4,NULL,NULL,NULL,'','n','1970-01-01 00:00:00'),(773,'331082107000','331082107204','方溪村',4,NULL,NULL,NULL,'','n','1970-01-01 00:00:00'),(774,'331082107000','331082107205','门前村',4,NULL,NULL,NULL,'','n','1970-01-01 00:00:00'),(775,'331082107000','331082107206','井头村',4,NULL,NULL,NULL,'','n','1970-01-01 00:00:00'),(776,'331082107000','331082107207','下泛村',4,NULL,NULL,NULL,'','n','1970-01-01 00:00:00'),(777,'331082107000','331082107208','上泛村',4,NULL,NULL,NULL,'','n','1970-01-01 00:00:00'),(778,'331082107000','331082107209','范山村',4,NULL,NULL,NULL,'','n','1970-01-01 00:00:00'),(779,'331082107000','331082107210','下外山村',4,NULL,NULL,NULL,'','n','1970-01-01 00:00:00'),(780,'331082107000','331082107211','景山村',4,NULL,NULL,NULL,'','n','1970-01-01 00:00:00'),(781,'331082107000','331082107212','阵车村',4,NULL,NULL,NULL,'','n','1970-01-01 00:00:00'),(782,'331082107000','331082107213','新村',4,NULL,NULL,NULL,'','n','1970-01-01 00:00:00'),(783,'331082107000','331082107214','东长枧村',4,NULL,NULL,NULL,'','n','1970-01-01 00:00:00'),(784,'331082107000','331082107215','维前王村',4,NULL,NULL,NULL,'','n','1970-01-01 00:00:00'),(785,'331082107000','331082107216','陶西村',4,NULL,NULL,NULL,'','n','1970-01-01 00:00:00'),(786,'331082107000','331082107217','大岙村',4,NULL,NULL,NULL,'','n','1970-01-01 00:00:00'),(787,'331082107000','331082107218','岭溪村',4,NULL,NULL,NULL,'','n','1970-01-01 00:00:00'),(788,'331082107000','331082107219','下洋顾村',4,NULL,NULL,NULL,'','n','1970-01-01 00:00:00'),(789,'331082107000','331082107220','里程村',4,NULL,NULL,NULL,'','n','1970-01-01 00:00:00'),(790,'331082107000','331082107221','车口溪村',4,NULL,NULL,NULL,'','n','1970-01-01 00:00:00'),(791,'331082107000','331082107222','麻峙村',4,NULL,NULL,NULL,'','n','1970-01-01 00:00:00'),(792,'331082107000','331082107223','里外施村',4,NULL,NULL,NULL,'','n','1970-01-01 00:00:00'),(793,'331082107000','331082107224','黄家寮村',4,NULL,NULL,NULL,'','n','1970-01-01 00:00:00'),(794,'331082107000','331082107225','林家坑村',4,NULL,NULL,NULL,'','n','1970-01-01 00:00:00'),(795,'331082107000','331082107226','峡头村',4,NULL,NULL,NULL,'','n','1970-01-01 00:00:00'),(796,'331082107000','331082107227','新树坑村',4,NULL,NULL,NULL,'','n','1970-01-01 00:00:00'),(797,'331082107000','331082107228','尚山村',4,NULL,NULL,NULL,'','n','1970-01-01 00:00:00'),(798,'331082107000','331082107229','黄石坦村',4,NULL,NULL,NULL,'','n','1970-01-01 00:00:00'),(799,'331082107000','331082107230','陈应新村',4,NULL,NULL,NULL,'','n','1970-01-01 00:00:00'),(800,'331082107000','331082107231','宝上岙村',4,NULL,NULL,NULL,'','n','1970-01-01 00:00:00'),(801,'331082107000','331082107232','独山村',4,NULL,NULL,NULL,'','n','1970-01-01 00:00:00'),(802,'331082107000','331082107233','俞家岙村',4,NULL,NULL,NULL,'','n','1970-01-01 00:00:00'),(803,'331082107000','331082107234','三星村',4,NULL,NULL,NULL,'','n','1970-01-01 00:00:00'),(804,'331082107000','331082107235','大岭村',4,NULL,NULL,NULL,'','n','1970-01-01 00:00:00'),(805,'331082107000','331082107236','箬溪村',4,NULL,NULL,NULL,'','n','1970-01-01 00:00:00'),(806,'331082107000','331082107237','叶家岙村',4,NULL,NULL,NULL,'','n','1970-01-01 00:00:00'),(807,'331082107000','331082107238','湖新村',4,NULL,NULL,NULL,'','n','1970-01-01 00:00:00'),(808,'331082107000','331082107239','长潭村',4,NULL,NULL,NULL,'','n','1970-01-01 00:00:00'),(809,'331082107000','331082107240','小海门村',4,NULL,NULL,NULL,'','n','1970-01-01 00:00:00'),(810,'331082107000','331082107241','大路上村',4,NULL,NULL,NULL,'','n','1970-01-01 00:00:00'),(811,'331082107000','331082107242','山头许村',4,NULL,NULL,NULL,'','n','1970-01-01 00:00:00'),(812,'331082107000','331082107243','小岭村',4,NULL,NULL,NULL,'','n','1970-01-01 00:00:00'),(813,'331082107000','331082107244','舟岭村',4,NULL,NULL,NULL,'','n','1970-01-01 00:00:00'),(814,'331082107000','331082107245','山头何村',4,NULL,NULL,NULL,'','n','1970-01-01 00:00:00'),(815,'331082107000','331082107246','杨家山村',4,NULL,NULL,NULL,'','n','1970-01-01 00:00:00'),(816,'331082108000','331082108200','留贤村',4,NULL,NULL,NULL,'','n','1970-01-01 00:00:00'),(817,'331082108000','331082108201','八叠村',4,NULL,NULL,NULL,'','n','1970-01-01 00:00:00'),(818,'331082108000','331082108202','岙西村',4,NULL,NULL,NULL,'','n','1970-01-01 00:00:00'),(819,'331082108000','331082108203','里柱村',4,NULL,NULL,NULL,'','n','1970-01-01 00:00:00'),(820,'331082108000','331082108204','龙潭坑村',4,NULL,NULL,NULL,'','n','1970-01-01 00:00:00'),(821,'331082108000','331082108205','岙东村',4,NULL,NULL,NULL,'','n','1970-01-01 00:00:00'),(822,'331082108000','331082108206','坑头村',4,NULL,NULL,NULL,'','n','1970-01-01 00:00:00'),(823,'331082108000','331082108207','下鲁村',4,NULL,NULL,NULL,'','n','1970-01-01 00:00:00'),(824,'331082108000','331082108208','方山头村',4,NULL,NULL,NULL,'','n','1970-01-01 00:00:00'),(825,'331082108000','331082108209','渡头村',4,NULL,NULL,NULL,'','n','1970-01-01 00:00:00'),(826,'331082108000','331082108210','更楼村',4,NULL,NULL,NULL,'','n','1970-01-01 00:00:00'),(827,'331082108000','331082108211','三江村',4,NULL,NULL,NULL,'','n','1970-01-01 00:00:00'),(828,'331082108000','331082108212','石鼓村',4,NULL,NULL,NULL,'','n','1970-01-01 00:00:00'),(829,'331082108000','331082108213','陈店村',4,NULL,NULL,NULL,'','n','1970-01-01 00:00:00'),(830,'331082108000','331082108214','上垟村',4,NULL,NULL,NULL,'','n','1970-01-01 00:00:00'),(831,'331082108000','331082108215','浦叶村',4,NULL,NULL,NULL,'','n','1970-01-01 00:00:00'),(832,'331082108000','331082108216','下吴村',4,NULL,NULL,NULL,'','n','1970-01-01 00:00:00'),(833,'331082108000','331082108217','望洋店村',4,NULL,NULL,NULL,'','n','1970-01-01 00:00:00'),(834,'331082108000','331082108218','上郭村',4,NULL,NULL,NULL,'','n','1970-01-01 00:00:00'),(835,'331082108000','331082108219','下塘园村',4,NULL,NULL,NULL,'','n','1970-01-01 00:00:00'),(836,'331082108000','331082108220','沙湾村',4,NULL,NULL,NULL,'','n','1970-01-01 00:00:00'),(837,'331082108000','331082108221','磨头村',4,NULL,NULL,NULL,'','n','1970-01-01 00:00:00'),(838,'331082108000','331082108222','沙头村',4,NULL,NULL,NULL,'','n','1970-01-01 00:00:00'),(839,'331082108000','331082108223','后郭村',4,NULL,NULL,NULL,'','n','1970-01-01 00:00:00'),(840,'331082108000','331082108224','杨杜村',4,NULL,NULL,NULL,'','n','1970-01-01 00:00:00'),(841,'331082108000','331082108225','下缸窑村',4,NULL,NULL,NULL,'','n','1970-01-01 00:00:00'),(842,'331082108000','331082108226','下蔡村',4,NULL,NULL,NULL,'','n','1970-01-01 00:00:00'),(843,'331082108000','331082108227','柴埠渡村',4,NULL,NULL,NULL,'','n','1970-01-01 00:00:00'),(844,'331082108000','331082108228','上坪村',4,NULL,NULL,NULL,'','n','1970-01-01 00:00:00'),(845,'331082108000','331082108229','下坪村',4,NULL,NULL,NULL,'','n','1970-01-01 00:00:00'),(846,'331082108000','331082108230','蓼岸村',4,NULL,NULL,NULL,'','n','1970-01-01 00:00:00'),(847,'331082108000','331082108231','董岸村',4,NULL,NULL,NULL,'','n','1970-01-01 00:00:00'),(848,'331082108000','331082108232','坊前村',4,NULL,NULL,NULL,'','n','1970-01-01 00:00:00'),(849,'331082108000','331082108233','白毛村',4,NULL,NULL,NULL,'','n','1970-01-01 00:00:00'),(850,'331082108000','331082108234','官庄村',4,NULL,NULL,NULL,'','n','1970-01-01 00:00:00'),(851,'331082108000','331082108235','新四村',4,NULL,NULL,NULL,'','n','1970-01-01 00:00:00'),(852,'331082108000','331082108236','下村',4,NULL,NULL,NULL,'','n','1970-01-01 00:00:00'),(853,'331082108000','331082108237','桥阳村',4,NULL,NULL,NULL,'','n','1970-01-01 00:00:00'),(854,'331082108000','331082108238','西岙村',4,NULL,NULL,NULL,'','n','1970-01-01 00:00:00'),(855,'331082108000','331082108239','前后人村',4,NULL,NULL,NULL,'','n','1970-01-01 00:00:00'),(856,'331082108000','331082108240','义岙口村',4,NULL,NULL,NULL,'','n','1970-01-01 00:00:00'),(857,'331082108000','331082108241','江溪村',4,NULL,NULL,NULL,'','n','1970-01-01 00:00:00'),(858,'331082108000','331082108242','大洋村',4,NULL,NULL,NULL,'','n','1970-01-01 00:00:00'),(859,'331082108000','331082108243','姜家岙村',4,NULL,NULL,NULL,'','n','1970-01-01 00:00:00'),(860,'331082108000','331082108244','岭后村',4,NULL,NULL,NULL,'','n','1970-01-01 00:00:00'),(861,'331082108000','331082108245','大山郭村',4,NULL,NULL,NULL,'','n','1970-01-01 00:00:00'),(862,'331082108000','331082108246','马郎山村',4,NULL,NULL,NULL,'','n','1970-01-01 00:00:00'),(863,'331082108000','331082108247','沿岸村',4,NULL,NULL,NULL,'','n','1970-01-01 00:00:00'),(864,'331082108000','331082108248','利站村',4,NULL,NULL,NULL,'','n','1970-01-01 00:00:00'),(865,'331082108000','331082108249','谢岙村',4,NULL,NULL,NULL,'','n','1970-01-01 00:00:00'),(866,'331082108000','331082108250','赤缪街村',4,NULL,NULL,NULL,'','n','1970-01-01 00:00:00'),(867,'331082108000','331082108251','赤缪童村',4,NULL,NULL,NULL,'','n','1970-01-01 00:00:00'),(868,'331082108000','331082108252','昌岙村',4,NULL,NULL,NULL,'','n','1970-01-01 00:00:00'),(869,'331082108000','331082108253','口坑岙村',4,NULL,NULL,NULL,'','n','1970-01-01 00:00:00'),(870,'331082108000','331082108254','潘岙村',4,NULL,NULL,NULL,'','n','1970-01-01 00:00:00'),(871,'331082108000','331082108255','吕山店村',4,NULL,NULL,NULL,'','n','1970-01-01 00:00:00'),(872,'331082108000','331082108256','尹村',4,NULL,NULL,NULL,'','n','1970-01-01 00:00:00'),(873,'331082108000','331082108257','石佛洋村',4,NULL,NULL,NULL,'','n','1970-01-01 00:00:00'),(874,'331082108000','331082108258','许岙村',4,NULL,NULL,NULL,'','n','1970-01-01 00:00:00'),(875,'331082108000','331082108259','三益村',4,NULL,NULL,NULL,'','n','1970-01-01 00:00:00'),(876,'331082108000','331082108260','沙段村',4,NULL,NULL,NULL,'','n','1970-01-01 00:00:00'),(877,'331082108000','331082108261','下沈村',4,NULL,NULL,NULL,'','n','1970-01-01 00:00:00'),(878,'331082108000','331082108262','周家岙村',4,NULL,NULL,NULL,'','n','1970-01-01 00:00:00'),(879,'331082108000','331082108263','松树林村',4,NULL,NULL,NULL,'','n','1970-01-01 00:00:00'),(880,'331082108000','331082108264','陈婆岙村',4,NULL,NULL,NULL,'','n','1970-01-01 00:00:00'),(881,'331082108000','331082108265','下赵村',4,NULL,NULL,NULL,'','n','1970-01-01 00:00:00'),(882,'331082108000','331082108266','桥下村',4,NULL,NULL,NULL,'','n','1970-01-01 00:00:00'),(883,'331082108000','331082108267','方家岙村',4,NULL,NULL,NULL,'','n','1970-01-01 00:00:00'),(884,'331082108000','331082108268','方家岭村',4,NULL,NULL,NULL,'','n','1970-01-01 00:00:00'),(885,'331082108000','331082108269','张家湾村',4,NULL,NULL,NULL,'','n','1970-01-01 00:00:00'),(886,'331082108000','331082108270','崔岙村',4,NULL,NULL,NULL,'','n','1970-01-01 00:00:00'),(887,'331082108000','331082108271','水港村',4,NULL,NULL,NULL,'','n','1970-01-01 00:00:00'),(888,'331082108000','331082108272','满塘村',4,NULL,NULL,NULL,'','n','1970-01-01 00:00:00'),(889,'331082108000','331082108273','茶辽村',4,NULL,NULL,NULL,'','n','1970-01-01 00:00:00'),(890,'331082108000','331082108274','新坦村',4,NULL,NULL,NULL,'','n','1970-01-01 00:00:00'),(891,'331082108000','331082108275','上山村',4,NULL,NULL,NULL,'','n','1970-01-01 00:00:00'),(892,'331082108000','331082108276','荷山村',4,NULL,NULL,NULL,'','n','1970-01-01 00:00:00'),(893,'331082108000','331082108277','彭山村',4,NULL,NULL,NULL,'','n','1970-01-01 00:00:00'),(894,'331082109000','331082109200','花园联合村',4,NULL,NULL,NULL,'','n','1970-01-01 00:00:00'),(895,'331082109000','331082109201','清潭村',4,NULL,NULL,NULL,'','n','1970-01-01 00:00:00'),(896,'331082109000','331082109202','坎头村',4,NULL,NULL,NULL,'','n','1970-01-01 00:00:00'),(897,'331082109000','331082109203','叶岙村',4,NULL,NULL,NULL,'','n','1970-01-01 00:00:00'),(898,'331082109000','331082109204','指岩村',4,NULL,NULL,NULL,'','n','1970-01-01 00:00:00'),(899,'331082109000','331082109205','柴坦村',4,NULL,NULL,NULL,'','n','1970-01-01 00:00:00'),(900,'331082109000','331082109206','新坑村',4,NULL,NULL,NULL,'','n','1970-01-01 00:00:00'),(901,'331082109000','331082109207','于岙村',4,NULL,NULL,NULL,'','n','1970-01-01 00:00:00'),(902,'331082109000','331082109208','陈家村',4,NULL,NULL,NULL,'','n','1970-01-01 00:00:00'),(903,'331082109000','331082109209','吴家村',4,NULL,NULL,NULL,'','n','1970-01-01 00:00:00'),(904,'331082109000','331082109210','大左村',4,NULL,NULL,NULL,'','n','1970-01-01 00:00:00'),(905,'331082109000','331082109211','大左岙村',4,NULL,NULL,NULL,'','n','1970-01-01 00:00:00'),(906,'331082109000','331082109214','庄基村',4,NULL,NULL,NULL,'','n','1970-01-01 00:00:00'),(907,'331082109000','331082109217','山舟村',4,NULL,NULL,NULL,'','n','1970-01-01 00:00:00'),(908,'331082109000','331082109220','竹家山村',4,NULL,NULL,NULL,'','n','1970-01-01 00:00:00'),(909,'331082109000','331082109221','八年村',4,NULL,NULL,NULL,'','n','1970-01-01 00:00:00'),(910,'331082109000','331082109222','宝田村',4,NULL,NULL,NULL,'','n','1970-01-01 00:00:00'),(911,'331082109000','331082109223','梅园村',4,NULL,NULL,NULL,'','n','1970-01-01 00:00:00'),(912,'331082109000','331082109224','温家岙村',4,NULL,NULL,NULL,'','n','1970-01-01 00:00:00'),(913,'331082109000','331082109225','古竹塘村',4,NULL,NULL,NULL,'','n','1970-01-01 00:00:00'),(914,'331082109000','331082109226','岭脚金村',4,NULL,NULL,NULL,'','n','1970-01-01 00:00:00'),(915,'331082109000','331082109227','哈龙岙村',4,NULL,NULL,NULL,'','n','1970-01-01 00:00:00'),(916,'331082109000','331082109230','长加山村',4,NULL,NULL,NULL,'','n','1970-01-01 00:00:00'),(917,'331082109000','331082109233','梓树坑村',4,NULL,NULL,NULL,'','n','1970-01-01 00:00:00'),(918,'331082109000','331082109234','官坑村',4,NULL,NULL,NULL,'','n','1970-01-01 00:00:00'),(919,'331082109000','331082109235','梨树坑村',4,NULL,NULL,NULL,'','n','1970-01-01 00:00:00'),(920,'331082109000','331082109236','仰天坪村',4,NULL,NULL,NULL,'','n','1970-01-01 00:00:00'),(921,'331082109000','331082109237','下涨村',4,NULL,NULL,NULL,'','n','1970-01-01 00:00:00'),(922,'331082109000','331082109238','双坑村',4,NULL,NULL,NULL,'','n','1970-01-01 00:00:00'),(923,'331082109000','331082109239','青峰村',4,NULL,NULL,NULL,'','n','1970-01-01 00:00:00'),(924,'331082109000','331082109240','栅下村',4,NULL,NULL,NULL,'','n','1970-01-01 00:00:00'),(925,'331082109000','331082109241','平坑村',4,NULL,NULL,NULL,'','n','1970-01-01 00:00:00'),(926,'331082109000','331082109242','灰坑村',4,NULL,NULL,NULL,'','n','1970-01-01 00:00:00'),(927,'331082109000','331082109243','白岩村',4,NULL,NULL,NULL,'','n','1970-01-01 00:00:00'),(928,'331082109000','331082109244','王扇村',4,NULL,NULL,NULL,'','n','1970-01-01 00:00:00'),(929,'331082109000','331082109245','六青村',4,NULL,NULL,NULL,'','n','1970-01-01 00:00:00'),(930,'331082109000','331082109246','临黄村',4,NULL,NULL,NULL,'','n','1970-01-01 00:00:00'),(931,'331082109000','331082109247','黄龙村',4,NULL,NULL,NULL,'','n','1970-01-01 00:00:00'),(932,'331082109000','331082109248','沙衣辽村',4,NULL,NULL,NULL,'','n','1970-01-01 00:00:00'),(933,'331082110000','331082110200','三村',4,NULL,NULL,NULL,'','n','1970-01-01 00:00:00'),(934,'331082110000','331082110201','泾东村',4,NULL,NULL,NULL,'','n','1970-01-01 00:00:00'),(935,'331082110000','331082110202','前坊村',4,NULL,NULL,NULL,'','n','1970-01-01 00:00:00'),(936,'331082110000','331082110203','泾西村',4,NULL,NULL,NULL,'','n','1970-01-01 00:00:00'),(937,'331082110000','331082110204','西翁村',4,NULL,NULL,NULL,'','n','1970-01-01 00:00:00'),(938,'331082110000','331082110209','外岙村',4,NULL,NULL,NULL,'','n','1970-01-01 00:00:00'),(939,'331082110000','331082110210','新前塘村',4,NULL,NULL,NULL,'','n','1970-01-01 00:00:00'),(940,'331082110000','331082110211','岩园村',4,NULL,NULL,NULL,'','n','1970-01-01 00:00:00'),(941,'331082110000','331082110212','西岙村',4,NULL,NULL,NULL,'','n','1970-01-01 00:00:00'),(942,'331082110000','331082110213','梅岘村',4,NULL,NULL,NULL,'','n','1970-01-01 00:00:00'),(943,'331082110000','331082110214','横山前村',4,NULL,NULL,NULL,'','n','1970-01-01 00:00:00'),(944,'331082110000','331082110215','店头村',4,NULL,NULL,NULL,'','n','1970-01-01 00:00:00'),(945,'331082110000','331082110216','炉头村',4,NULL,NULL,NULL,'','n','1970-01-01 00:00:00'),(946,'331082110000','331082110217','小炉头村',4,NULL,NULL,NULL,'','n','1970-01-01 00:00:00'),(947,'331082110000','331082110218','前大岙村',4,NULL,NULL,NULL,'','n','1970-01-01 00:00:00'),(948,'331082110000','331082110219','新花街村',4,NULL,NULL,NULL,'','n','1970-01-01 00:00:00'),(949,'331082110000','331082110220','前里村',4,NULL,NULL,NULL,'','n','1970-01-01 00:00:00'),(950,'331082110000','331082110221','横路村',4,NULL,NULL,NULL,'','n','1970-01-01 00:00:00'),(951,'331082110000','331082110222','西庄村',4,NULL,NULL,NULL,'','n','1970-01-01 00:00:00'),(952,'331082110000','331082110223','塘头村',4,NULL,NULL,NULL,'','n','1970-01-01 00:00:00'),(953,'331082110000','331082110224','后泾村',4,NULL,NULL,NULL,'','n','1970-01-01 00:00:00'),(954,'331082110000','331082110225','西柯岙村',4,NULL,NULL,NULL,'','n','1970-01-01 00:00:00'),(955,'331082110000','331082110226','兰田村',4,NULL,NULL,NULL,'','n','1970-01-01 00:00:00'),(956,'331082110000','331082110227','兰田张村',4,NULL,NULL,NULL,'','n','1970-01-01 00:00:00'),(957,'331082110000','331082110228','新屋村',4,NULL,NULL,NULL,'','n','1970-01-01 00:00:00'),(958,'331082110000','331082110229','上周村',4,NULL,NULL,NULL,'','n','1970-01-01 00:00:00'),(959,'331082110000','331082110230','东林村',4,NULL,NULL,NULL,'','n','1970-01-01 00:00:00'),(960,'331082110000','331082110235','东岙村',4,NULL,NULL,NULL,'','n','1970-01-01 00:00:00'),(961,'331082110000','331082110237','湾里店村',4,NULL,NULL,NULL,'','n','1970-01-01 00:00:00'),(962,'331082110000','331082110238','巷弄村',4,NULL,NULL,NULL,'','n','1970-01-01 00:00:00'),(963,'331082110000','331082110239','西管岙村',4,NULL,NULL,NULL,'','n','1970-01-01 00:00:00'),(964,'331082110000','331082110240','管岙村',4,NULL,NULL,NULL,'','n','1970-01-01 00:00:00'),(965,'331082110000','331082110241','沙渚村',4,NULL,NULL,NULL,'','n','1970-01-01 00:00:00'),(966,'331082110000','331082110242','西戎旗村',4,NULL,NULL,NULL,'','n','1970-01-01 00:00:00'),(967,'331082110000','331082110243','戎旗村',4,NULL,NULL,NULL,'','n','1970-01-01 00:00:00'),(968,'331082110000','331082110244','里沙巷村',4,NULL,NULL,NULL,'','n','1970-01-01 00:00:00'),(969,'331082110000','331082110245','联合新村',4,NULL,NULL,NULL,'','n','1970-01-01 00:00:00'),(970,'331082110000','331082110246','大山村',4,NULL,NULL,NULL,'','n','1970-01-01 00:00:00'),(971,'331082110000','331082110247','联谊村',4,NULL,NULL,NULL,'','n','1970-01-01 00:00:00'),(972,'331082111000','331082111200','水洋村',4,NULL,NULL,NULL,'','n','1970-01-01 00:00:00'),(973,'331082111000','331082111201','前岙洋村',4,NULL,NULL,NULL,'','n','1970-01-01 00:00:00'),(974,'331082111000','331082111202','孔化岙村',4,NULL,NULL,NULL,'','n','1970-01-01 00:00:00'),(975,'331082111000','331082111203','清潭头村',4,NULL,NULL,NULL,'','n','1970-01-01 00:00:00'),(976,'331082111000','331082111204','马头山村',4,NULL,NULL,NULL,'','n','1970-01-01 00:00:00'),(977,'331082111000','331082111205','浦东村',4,NULL,NULL,NULL,'','n','1970-01-01 00:00:00'),(978,'331082111000','331082111206','下洋水村',4,NULL,NULL,NULL,'','n','1970-01-01 00:00:00'),(979,'331082111000','331082111207','上金村',4,NULL,NULL,NULL,'','n','1970-01-01 00:00:00'),(980,'331082111000','331082111208','下洋岙村',4,NULL,NULL,NULL,'','n','1970-01-01 00:00:00'),(981,'331082111000','331082111209','上洋岙村',4,NULL,NULL,NULL,'','n','1970-01-01 00:00:00'),(982,'331082111000','331082111210','山陈村',4,NULL,NULL,NULL,'','n','1970-01-01 00:00:00'),(983,'331082111000','331082111211','外王村',4,NULL,NULL,NULL,'','n','1970-01-01 00:00:00'),(984,'331082111000','331082111212','东洋村',4,NULL,NULL,NULL,'','n','1970-01-01 00:00:00'),(985,'331082111000','331082111213','黄土山村',4,NULL,NULL,NULL,'','n','1970-01-01 00:00:00'),(986,'331082111000','331082111214','白箬潭村',4,NULL,NULL,NULL,'','n','1970-01-01 00:00:00'),(987,'331082111000','331082111215','石牛村',4,NULL,NULL,NULL,'','n','1970-01-01 00:00:00'),(988,'331082111000','331082111216','水家岙村',4,NULL,NULL,NULL,'','n','1970-01-01 00:00:00'),(989,'331082111000','331082111217','蒋家岙村',4,NULL,NULL,NULL,'','n','1970-01-01 00:00:00'),(990,'331082111000','331082111218','车坑村',4,NULL,NULL,NULL,'','n','1970-01-01 00:00:00'),(991,'331082111000','331082111219','山殿村',4,NULL,NULL,NULL,'','n','1970-01-01 00:00:00'),(992,'331082111000','331082111220','双板桥村',4,NULL,NULL,NULL,'','n','1970-01-01 00:00:00'),(993,'331082111000','331082111221','南蒋村',4,NULL,NULL,NULL,'','n','1970-01-01 00:00:00'),(994,'331082111000','331082111222','红光村',4,NULL,NULL,NULL,'','n','1970-01-01 00:00:00'),(995,'331082111000','331082111223','车埭村',4,NULL,NULL,NULL,'','n','1970-01-01 00:00:00'),(996,'331082111000','331082111224','街路村',4,NULL,NULL,NULL,'','n','1970-01-01 00:00:00'),(997,'331082111000','331082111225','亭山村',4,NULL,NULL,NULL,'','n','1970-01-01 00:00:00'),(998,'331082111000','331082111226','上岙村',4,NULL,NULL,NULL,'','n','1970-01-01 00:00:00'),(999,'331082111000','331082111227','下岙村',4,NULL,NULL,NULL,'','n','1970-01-01 00:00:00'),(1000,'331082111000','331082111228','兰道村',4,NULL,NULL,NULL,'','n','1970-01-01 00:00:00'),(1001,'331082111000','331082111229','庙山后村',4,NULL,NULL,NULL,'','n','1970-01-01 00:00:00'),(1002,'331082111000','331082111230','前高村',4,NULL,NULL,NULL,'','n','1970-01-01 00:00:00'),(1003,'331082111000','331082111231','下百岩村',4,NULL,NULL,NULL,'','n','1970-01-01 00:00:00'),(1004,'331082111000','331082111232','上百岩村',4,NULL,NULL,NULL,'','n','1970-01-01 00:00:00'),(1005,'331082111000','331082111233','西岑村',4,NULL,NULL,NULL,'','n','1970-01-01 00:00:00'),(1006,'331082111000','331082111234','东岑村',4,NULL,NULL,NULL,'','n','1970-01-01 00:00:00'),(1007,'331082111000','331082111235','道头村',4,NULL,NULL,NULL,'','n','1970-01-01 00:00:00'),(1008,'331082111000','331082111236','鲍宅村',4,NULL,NULL,NULL,'','n','1970-01-01 00:00:00'),(1009,'331082111000','331082111237','桩头村',4,NULL,NULL,NULL,'','n','1970-01-01 00:00:00'),(1010,'331082111000','331082111238','下湾村',4,NULL,NULL,NULL,'','n','1970-01-01 00:00:00'),(1011,'331082111000','331082111239','长甸一村',4,NULL,NULL,NULL,'','n','1970-01-01 00:00:00'),(1012,'331082111000','331082111240','长甸二村',4,NULL,NULL,NULL,'','n','1970-01-01 00:00:00'),(1013,'331082111000','331082111241','长甸三村',4,NULL,NULL,NULL,'','n','1970-01-01 00:00:00'),(1014,'331082111000','331082111242','施家岙村',4,NULL,NULL,NULL,'','n','1970-01-01 00:00:00'),(1015,'331082111000','331082111243','上岙周村',4,NULL,NULL,NULL,'','n','1970-01-01 00:00:00'),(1016,'331082111000','331082111244','上山冯村',4,NULL,NULL,NULL,'','n','1970-01-01 00:00:00'),(1017,'331082111000','331082111245','寺前张村',4,NULL,NULL,NULL,'','n','1970-01-01 00:00:00'),(1018,'331082112000','331082112001','解放社区',4,NULL,NULL,NULL,'','n','1970-01-01 00:00:00'),(1019,'331082112000','331082112005','凤山社区',4,NULL,NULL,NULL,'','n','1970-01-01 00:00:00'),(1020,'331082112000','331082112006','松山社区',4,NULL,NULL,NULL,'','n','1970-01-01 00:00:00'),(1021,'331082112000','331082112007','金都社区',4,NULL,NULL,NULL,'','n','1970-01-01 00:00:00'),(1022,'331082112000','331082112200','前王村',4,NULL,NULL,NULL,'','n','1970-01-01 00:00:00'),(1023,'331082112000','331082112201','杜东村',4,NULL,NULL,NULL,'','n','1970-01-01 00:00:00'),(1024,'331082112000','331082112202','杜西村',4,NULL,NULL,NULL,'','n','1970-01-01 00:00:00'),(1025,'331082112000','331082112203','良种村',4,NULL,NULL,NULL,'','n','1970-01-01 00:00:00'),(1026,'331082112000','331082112204','杜前村',4,NULL,NULL,NULL,'','n','1970-01-01 00:00:00'),(1027,'331082112000','331082112205','富洋村',4,NULL,NULL,NULL,'','n','1970-01-01 00:00:00'),(1028,'331082112000','331082112206','王界山村',4,NULL,NULL,NULL,'','n','1970-01-01 00:00:00'),(1029,'331082112000','331082112207','白岩前村',4,NULL,NULL,NULL,'','n','1970-01-01 00:00:00'),(1030,'331082112000','331082112208','麻车村',4,NULL,NULL,NULL,'','n','1970-01-01 00:00:00'),(1031,'331082112000','331082112209','燕库村',4,NULL,NULL,NULL,'','n','1970-01-01 00:00:00'),(1032,'331082112000','331082112210','洋平村',4,NULL,NULL,NULL,'','n','1970-01-01 00:00:00'),(1033,'331082112000','331082112211','溪头村',4,NULL,NULL,NULL,'','n','1970-01-01 00:00:00'),(1034,'331082112000','331082112212','西外村',4,NULL,NULL,NULL,'','n','1970-01-01 00:00:00'),(1035,'331082112000','331082112213','杜北村',4,NULL,NULL,NULL,'','n','1970-01-01 00:00:00'),(1036,'331082112000','331082112214','斜岙村',4,NULL,NULL,NULL,'','n','1970-01-01 00:00:00'),(1037,'331082112000','331082112215','横路村',4,NULL,NULL,NULL,'','n','1970-01-01 00:00:00'),(1038,'331082112000','331082112216','湖田村',4,NULL,NULL,NULL,'','n','1970-01-01 00:00:00'),(1039,'331082112000','331082112217','杜南村',4,NULL,NULL,NULL,'','n','1970-01-01 00:00:00'),(1040,'331082112000','331082112218','蟾洋村',4,NULL,NULL,NULL,'','n','1970-01-01 00:00:00'),(1041,'331082112000','331082112219','穿山村',4,NULL,NULL,NULL,'','n','1970-01-01 00:00:00'),(1042,'331082112000','331082112220','铁路头村',4,NULL,NULL,NULL,'','n','1970-01-01 00:00:00'),(1043,'331082112000','331082112221','新楼村',4,NULL,NULL,NULL,'','n','1970-01-01 00:00:00'),(1044,'331082112000','331082112222','塘岸村',4,NULL,NULL,NULL,'','n','1970-01-01 00:00:00'),(1045,'331082112000','331082112223','楼下村',4,NULL,NULL,NULL,'','n','1970-01-01 00:00:00'),(1046,'331082112000','331082112224','上王村',4,NULL,NULL,NULL,'','n','1970-01-01 00:00:00'),(1047,'331082112000','331082112225','西湖村',4,NULL,NULL,NULL,'','n','1970-01-01 00:00:00'),(1048,'331082112000','331082112226','上洋村',4,NULL,NULL,NULL,'','n','1970-01-01 00:00:00'),(1049,'331082112000','331082112227','西边村',4,NULL,NULL,NULL,'','n','1970-01-01 00:00:00'),(1050,'331082112000','331082112228','东边村',4,NULL,NULL,NULL,'','n','1970-01-01 00:00:00'),(1051,'331082112000','331082112229','东峙村',4,NULL,NULL,NULL,'','n','1970-01-01 00:00:00'),(1052,'331082112000','331082112230','方田洋村',4,NULL,NULL,NULL,'','n','1970-01-01 00:00:00'),(1053,'331082112000','331082112231','双桥头村',4,NULL,NULL,NULL,'','n','1970-01-01 00:00:00'),(1054,'331082112000','331082112232','横湖村',4,NULL,NULL,NULL,'','n','1970-01-01 00:00:00'),(1055,'331082112000','331082112233','西峙村',4,NULL,NULL,NULL,'','n','1970-01-01 00:00:00'),(1056,'331082112000','331082112234','蔡岙村',4,NULL,NULL,NULL,'','n','1970-01-01 00:00:00'),(1057,'331082112000','331082112235','半洋村',4,NULL,NULL,NULL,'','n','1970-01-01 00:00:00'),(1058,'331082112000','331082112236','上四份村',4,NULL,NULL,NULL,'','n','1970-01-01 00:00:00'),(1059,'331082112000','331082112237','松中村',4,NULL,NULL,NULL,'','n','1970-01-01 00:00:00'),(1060,'331082112000','331082112238','沙巷村',4,NULL,NULL,NULL,'','n','1970-01-01 00:00:00'),(1061,'331082112000','331082112239','湖头村',4,NULL,NULL,NULL,'','n','1970-01-01 00:00:00'),(1062,'331082112000','331082112240','汾东村',4,NULL,NULL,NULL,'','n','1970-01-01 00:00:00'),(1063,'331082112000','331082112241','汾西村',4,NULL,NULL,NULL,'','n','1970-01-01 00:00:00'),(1064,'331082112000','331082112242','后洋村',4,NULL,NULL,NULL,'','n','1970-01-01 00:00:00'),(1065,'331082112000','331082112243','岸头村',4,NULL,NULL,NULL,'','n','1970-01-01 00:00:00'),(1066,'331082112000','331082112244','胜利村',4,NULL,NULL,NULL,'','n','1970-01-01 00:00:00'),(1067,'331082112000','331082112245','汇头村',4,NULL,NULL,NULL,'','n','1970-01-01 00:00:00'),(1068,'331082112000','331082112246','三石徐村',4,NULL,NULL,NULL,'','n','1970-01-01 00:00:00'),(1069,'331082112000','331082112247','独木堂村',4,NULL,NULL,NULL,'','n','1970-01-01 00:00:00'),(1070,'331082112000','331082112248','横灯村',4,NULL,NULL,NULL,'','n','1970-01-01 00:00:00'),(1071,'331082112000','331082112249','金星村',4,NULL,NULL,NULL,'','n','1970-01-01 00:00:00'),(1072,'331082112000','331082112250','后地村',4,NULL,NULL,NULL,'','n','1970-01-01 00:00:00'),(1073,'331082112000','331082112251','洪家村',4,NULL,NULL,NULL,'','n','1970-01-01 00:00:00'),(1074,'331082112000','331082112252','下八年村',4,NULL,NULL,NULL,'','n','1970-01-01 00:00:00'),(1075,'331082112000','331082112253','富沈村',4,NULL,NULL,NULL,'','n','1970-01-01 00:00:00'),(1076,'331082112000','331082112254','山项楼下村',4,NULL,NULL,NULL,'','n','1970-01-01 00:00:00'),(1077,'331082112000','331082112255','横楼村',4,NULL,NULL,NULL,'','n','1970-01-01 00:00:00'),(1078,'331082112000','331082112256','卢家村',4,NULL,NULL,NULL,'','n','1970-01-01 00:00:00'),(1079,'331082112000','331082112257','上墩头村',4,NULL,NULL,NULL,'','n','1970-01-01 00:00:00'),(1080,'331082112000','331082112258','酒店村',4,NULL,NULL,NULL,'','n','1970-01-01 00:00:00'),(1081,'331082112000','331082112259','东际村',4,NULL,NULL,NULL,'','n','1970-01-01 00:00:00'),(1082,'331082112000','331082112260','西堑村',4,NULL,NULL,NULL,'','n','1970-01-01 00:00:00'),(1083,'331082112000','331082112261','厉家村',4,NULL,NULL,NULL,'','n','1970-01-01 00:00:00'),(1084,'331082112000','331082112262','西岸村',4,NULL,NULL,NULL,'','n','1970-01-01 00:00:00'),(1085,'331082112000','331082112263','大爿地村',4,NULL,NULL,NULL,'','n','1970-01-01 00:00:00'),(1086,'331082112000','331082112264','河东村',4,NULL,NULL,NULL,'','n','1970-01-01 00:00:00'),(1087,'331082112000','331082112265','西横村',4,NULL,NULL,NULL,'','n','1970-01-01 00:00:00'),(1088,'331082112000','331082112266','东横村',4,NULL,NULL,NULL,'','n','1970-01-01 00:00:00'),(1089,'331082112000','331082112267','西邵村',4,NULL,NULL,NULL,'','n','1970-01-01 00:00:00'),(1090,'331082112000','331082112268','炮台村',4,NULL,NULL,NULL,'','n','1970-01-01 00:00:00'),(1091,'331082112000','331082112269','土城村',4,NULL,NULL,NULL,'','n','1970-01-01 00:00:00'),(1092,'331082112000','331082112270','四份村',4,NULL,NULL,NULL,'','n','1970-01-01 00:00:00'),(1093,'331082112000','331082112271','戴家村',4,NULL,NULL,NULL,'','n','1970-01-01 00:00:00'),(1094,'331082112000','331082112272','杜下浦村',4,NULL,NULL,NULL,'','n','1970-01-01 00:00:00'),(1095,'331082112000','331082112273','保家村',4,NULL,NULL,NULL,'','n','1970-01-01 00:00:00'),(1096,'331082112000','331082112274','厂横村',4,NULL,NULL,NULL,'','n','1970-01-01 00:00:00'),(1097,'331082112000','331082112275','东葛村',4,NULL,NULL,NULL,'','n','1970-01-01 00:00:00'),(1098,'331082112000','331082112276','草坦村',4,NULL,NULL,NULL,'','n','1970-01-01 00:00:00'),(1099,'331082112000','331082112277','塘下村',4,NULL,NULL,NULL,'','n','1970-01-01 00:00:00'),(1100,'331082112000','331082112278','勤横湖村',4,NULL,NULL,NULL,'','n','1970-01-01 00:00:00'),(1101,'331082112000','331082112279','溪口村',4,NULL,NULL,NULL,'','n','1970-01-01 00:00:00'),(1102,'331082112000','331082112280','开井村',4,NULL,NULL,NULL,'','n','1970-01-01 00:00:00'),(1103,'331082112000','331082112281','铁场村',4,NULL,NULL,NULL,'','n','1970-01-01 00:00:00'),(1104,'331082112000','331082112282','马岙村',4,NULL,NULL,NULL,'','n','1970-01-01 00:00:00'),(1105,'331082112000','331082112283','马宅村',4,NULL,NULL,NULL,'','n','1970-01-01 00:00:00'),(1106,'331082112000','331082112284','西坑村',4,NULL,NULL,NULL,'','n','1970-01-01 00:00:00'),(1107,'331082112000','331082112285','上大坑村',4,NULL,NULL,NULL,'','n','1970-01-01 00:00:00'),(1108,'331082112000','331082112286','南山村',4,NULL,NULL,NULL,'','n','1970-01-01 00:00:00'),(1109,'331082112000','331082112287','毛竹下村',4,NULL,NULL,NULL,'','n','1970-01-01 00:00:00'),(1110,'331082112000','331082112288','福岙村',4,NULL,NULL,NULL,'','n','1970-01-01 00:00:00'),(1111,'331082112000','331082112289','周公岙村',4,NULL,NULL,NULL,'','n','1970-01-01 00:00:00'),(1112,'331082112000','331082112290','石岙村',4,NULL,NULL,NULL,'','n','1970-01-01 00:00:00'),(1113,'331082112000','331082112291','六亩洋村',4,NULL,NULL,NULL,'','n','1970-01-01 00:00:00'),(1114,'331082112000','331082112292','十八浒村',4,NULL,NULL,NULL,'','n','1970-01-01 00:00:00'),(1115,'331082112000','331082112293','南溪村',4,NULL,NULL,NULL,'','n','1970-01-01 00:00:00'),(1116,'331082112000','331082112294','下周村',4,NULL,NULL,NULL,'','n','1970-01-01 00:00:00'),(1117,'331082112000','331082112295','龙王村',4,NULL,NULL,NULL,'','n','1970-01-01 00:00:00'),(1118,'331082112000','331082112296','小溪庄村',4,NULL,NULL,NULL,'','n','1970-01-01 00:00:00'),(1119,'331082112000','331082112297','横溪庄村',4,NULL,NULL,NULL,'','n','1970-01-01 00:00:00'),(1120,'331082112000','331082112298','新潘村',4,NULL,NULL,NULL,'','n','1970-01-01 00:00:00'),(1121,'331082112000','331082112299','垦岙村',4,NULL,NULL,NULL,'','n','1970-01-01 00:00:00'),(1122,'331082112000','331082112300','上林村',4,NULL,NULL,NULL,'','n','1970-01-01 00:00:00'),(1123,'331082112000','331082112301','新林村',4,NULL,NULL,NULL,'','n','1970-01-01 00:00:00'),(1124,'331082112000','331082112302','横岸村',4,NULL,NULL,NULL,'','n','1970-01-01 00:00:00'),(1125,'331082112000','331082112303','垦岙陈村',4,NULL,NULL,NULL,'','n','1970-01-01 00:00:00'),(1126,'331082112000','331082112304','张万村',4,NULL,NULL,NULL,'','n','1970-01-01 00:00:00'),(1127,'331082112000','331082112305','市场村',4,NULL,NULL,NULL,'','n','1970-01-01 00:00:00'),(1128,'331082112000','331082112306','三房村',4,NULL,NULL,NULL,'','n','1970-01-01 00:00:00'),(1129,'331082112000','331082112307','前进村',4,NULL,NULL,NULL,'','n','1970-01-01 00:00:00'),(1130,'331082112000','331082112308','九华村',4,NULL,NULL,NULL,'','n','1970-01-01 00:00:00'),(1131,'331082112000','331082112309','推船沟村',4,NULL,NULL,NULL,'','n','1970-01-01 00:00:00'),(1132,'331082112000','331082112310','小田村',4,NULL,NULL,NULL,'','n','1970-01-01 00:00:00'),(1133,'331082112000','331082112311','新湖村',4,NULL,NULL,NULL,'','n','1970-01-01 00:00:00'),(1134,'331082112000','331082112312','朝南屋村',4,NULL,NULL,NULL,'','n','1970-01-01 00:00:00'),(1135,'331082112000','331082112313','小金门村',4,NULL,NULL,NULL,'','n','1970-01-01 00:00:00'),(1136,'331082112000','331082112314','横岐村',4,NULL,NULL,NULL,'','n','1970-01-01 00:00:00'),(1137,'331082112000','331082112315','岙底陈村',4,NULL,NULL,NULL,'','n','1970-01-01 00:00:00'),(1138,'331082112000','331082112316','塘里洋村',4,NULL,NULL,NULL,'','n','1970-01-01 00:00:00'),(1139,'331082112000','331082112317','肯步村',4,NULL,NULL,NULL,'','n','1970-01-01 00:00:00'),(1140,'331082112000','331082112318','东连村',4,NULL,NULL,NULL,'','n','1970-01-01 00:00:00'),(1141,'331082112000','331082112319','兰江塘村',4,NULL,NULL,NULL,'','n','1970-01-01 00:00:00'),(1142,'331082112000','331082112320','知建村',4,NULL,NULL,NULL,'','n','1970-01-01 00:00:00'),(1143,'331082112000','331082112321','应山塘村',4,NULL,NULL,NULL,'','n','1970-01-01 00:00:00'),(1144,'331082112000','331082112322','花山村',4,NULL,NULL,NULL,'','n','1970-01-01 00:00:00'),(1145,'331082113000','331082113200','市头村',4,NULL,NULL,NULL,'','n','1970-01-01 00:00:00'),(1146,'331082113000','331082113201','里岙村',4,NULL,NULL,NULL,'','n','1970-01-01 00:00:00'),(1147,'331082113000','331082113202','外岙村',4,NULL,NULL,NULL,'','n','1970-01-01 00:00:00'),(1148,'331082113000','331082113203','城山村',4,NULL,NULL,NULL,'','n','1970-01-01 00:00:00'),(1149,'331082113000','331082113204','水路张村',4,NULL,NULL,NULL,'','n','1970-01-01 00:00:00'),(1150,'331082113000','331082113205','翻身村',4,NULL,NULL,NULL,'','n','1970-01-01 00:00:00'),(1151,'331082113000','331082113206','横岐路村',4,NULL,NULL,NULL,'','n','1970-01-01 00:00:00'),(1152,'331082113000','331082113207','土改村',4,NULL,NULL,NULL,'','n','1970-01-01 00:00:00'),(1153,'331082113000','331082113208','劳动村',4,NULL,NULL,NULL,'','n','1970-01-01 00:00:00'),(1154,'331082113000','331082113209','民主村',4,NULL,NULL,NULL,'','n','1970-01-01 00:00:00'),(1155,'331082113000','331082113210','西洋坝村',4,NULL,NULL,NULL,'','n','1970-01-01 00:00:00'),(1156,'331082113000','331082113211','如宝村',4,NULL,NULL,NULL,'','n','1970-01-01 00:00:00'),(1157,'331082113000','331082113212','山根村',4,NULL,NULL,NULL,'','n','1970-01-01 00:00:00'),(1158,'331082113000','331082113213','塘后村',4,NULL,NULL,NULL,'','n','1970-01-01 00:00:00'),(1159,'331082113000','331082113214','下灯村',4,NULL,NULL,NULL,'','n','1970-01-01 00:00:00'),(1160,'331082113000','331082113215','新塘岸村',4,NULL,NULL,NULL,'','n','1970-01-01 00:00:00'),(1161,'331082113000','331082113216','上盘闸村',4,NULL,NULL,NULL,'','n','1970-01-01 00:00:00'),(1162,'331082113000','331082113217','甲石头村',4,NULL,NULL,NULL,'','n','1970-01-01 00:00:00'),(1163,'331082113000','331082113218','老塘岸村',4,NULL,NULL,NULL,'','n','1970-01-01 00:00:00'),(1164,'331082113000','331082113219','下尤村',4,NULL,NULL,NULL,'','n','1970-01-01 00:00:00'),(1165,'331082113000','331082113220','新岙村',4,NULL,NULL,NULL,'','n','1970-01-01 00:00:00'),(1166,'331082113000','331082113221','上岙里村',4,NULL,NULL,NULL,'','n','1970-01-01 00:00:00'),(1167,'331082113000','331082113222','涂岙村',4,NULL,NULL,NULL,'','n','1970-01-01 00:00:00'),(1168,'331082113000','331082113223','金杏灯村',4,NULL,NULL,NULL,'','n','1970-01-01 00:00:00'),(1169,'331082113000','331082113224','沙基村',4,NULL,NULL,NULL,'','n','1970-01-01 00:00:00'),(1170,'331082113000','331082113225','下畔村',4,NULL,NULL,NULL,'','n','1970-01-01 00:00:00'),(1171,'331082113000','331082113226','山建村',4,NULL,NULL,NULL,'','n','1970-01-01 00:00:00'),(1172,'331082113000','331082113227','海建村',4,NULL,NULL,NULL,'','n','1970-01-01 00:00:00'),(1173,'331082113000','331082113228','王峙村',4,NULL,NULL,NULL,'','n','1970-01-01 00:00:00'),(1174,'331082113000','331082113229','新建村',4,NULL,NULL,NULL,'','n','1970-01-01 00:00:00'),(1175,'331082113000','331082113230','达道村',4,NULL,NULL,NULL,'','n','1970-01-01 00:00:00'),(1176,'331082113000','331082113231','白沙村',4,NULL,NULL,NULL,'','n','1970-01-01 00:00:00'),(1177,'331082113000','331082113232','磊石坑村',4,NULL,NULL,NULL,'','n','1970-01-01 00:00:00'),(1178,'331082113000','331082113233','联合村',4,NULL,NULL,NULL,'','n','1970-01-01 00:00:00'),(1179,'331082113000','331082113234','旧城村',4,NULL,NULL,NULL,'','n','1970-01-01 00:00:00'),(1180,'331082113000','331082113235','新城村',4,NULL,NULL,NULL,'','n','1970-01-01 00:00:00'),(1181,'331082113000','331082113236','大跳村',4,NULL,NULL,NULL,'','n','1970-01-01 00:00:00'),(1182,'331082113000','331082113237','短朱村',4,NULL,NULL,NULL,'','n','1970-01-01 00:00:00'),(1183,'331082113000','331082113238','杜建村',4,NULL,NULL,NULL,'','n','1970-01-01 00:00:00'),(1184,'331082113000','331082113239','头门村',4,NULL,NULL,NULL,'','n','1970-01-01 00:00:00'),(1185,'331082113000','331082113240','雀儿岙村',4,NULL,NULL,NULL,'','n','1970-01-01 00:00:00'),(1186,'331082113000','331082113241','田岙村',4,NULL,NULL,NULL,'','n','1970-01-01 00:00:00'),(1187,'331082114000','331082114200','顺南村',4,NULL,NULL,NULL,'','n','1970-01-01 00:00:00'),(1188,'331082114000','331082114201','小峙村',4,NULL,NULL,NULL,'','n','1970-01-01 00:00:00'),(1189,'331082114000','331082114202','荷花塘村',4,NULL,NULL,NULL,'','n','1970-01-01 00:00:00'),(1190,'331082114000','331082114203','横路塘村',4,NULL,NULL,NULL,'','n','1970-01-01 00:00:00'),(1191,'331082114000','331082114204','新殿村',4,NULL,NULL,NULL,'','n','1970-01-01 00:00:00'),(1192,'331082114000','331082114205','大顺村',4,NULL,NULL,NULL,'','n','1970-01-01 00:00:00'),(1193,'331082114000','331082114206','北塘村',4,NULL,NULL,NULL,'','n','1970-01-01 00:00:00'),(1194,'331082114000','331082114207','后塘村',4,NULL,NULL,NULL,'','n','1970-01-01 00:00:00'),(1195,'331082114000','331082114208','万兴村',4,NULL,NULL,NULL,'','n','1970-01-01 00:00:00'),(1196,'331082114000','331082114209','老厂基村',4,NULL,NULL,NULL,'','n','1970-01-01 00:00:00'),(1197,'331082114000','331082114210','四岔村',4,NULL,NULL,NULL,'','n','1970-01-01 00:00:00'),(1198,'331082114000','331082114211','南洋厂村',4,NULL,NULL,NULL,'','n','1970-01-01 00:00:00'),(1199,'331082114000','331082114212','田头村',4,NULL,NULL,NULL,'','n','1970-01-01 00:00:00'),(1200,'331082114000','331082114213','西毕村',4,NULL,NULL,NULL,'','n','1970-01-01 00:00:00'),(1201,'331082114000','331082114214','岭前村',4,NULL,NULL,NULL,'','n','1970-01-01 00:00:00'),(1202,'331082114000','331082114215','沙门村',4,NULL,NULL,NULL,'','n','1970-01-01 00:00:00'),(1203,'331082114000','331082114216','下山头村',4,NULL,NULL,NULL,'','n','1970-01-01 00:00:00'),(1204,'331082114000','331082114217','龙头口村',4,NULL,NULL,NULL,'','n','1970-01-01 00:00:00'),(1205,'331082114000','331082114218','蛇尾村',4,NULL,NULL,NULL,'','n','1970-01-01 00:00:00'),(1206,'331082114000','331082114219','岙前村',4,NULL,NULL,NULL,'','n','1970-01-01 00:00:00'),(1207,'331082114000','331082114220','川下村',4,NULL,NULL,NULL,'','n','1970-01-01 00:00:00'),(1208,'331082114000','331082114221','杨家村',4,NULL,NULL,NULL,'','n','1970-01-01 00:00:00'),(1209,'331082114000','331082114222','尖头村',4,NULL,NULL,NULL,'','n','1970-01-01 00:00:00'),(1210,'331082114000','331082114223','八份村',4,NULL,NULL,NULL,'','n','1970-01-01 00:00:00'),(1211,'331082114000','331082114224','项庄村',4,NULL,NULL,NULL,'','n','1970-01-01 00:00:00'),(1212,'331082114000','331082114225','方山村',4,NULL,NULL,NULL,'','n','1970-01-01 00:00:00'),(1213,'331082114000','331082114226','利兰村',4,NULL,NULL,NULL,'','n','1970-01-01 00:00:00'),(1214,'331082114000','331082114227','石仓村',4,NULL,NULL,NULL,'','n','1970-01-01 00:00:00'),(1215,'331082114000','331082114228','高才村',4,NULL,NULL,NULL,'','n','1970-01-01 00:00:00'),(1216,'331082114000','331082114229','小岙村',4,NULL,NULL,NULL,'','n','1970-01-01 00:00:00'),(1217,'331082114000','331082114230','牛路头村',4,NULL,NULL,NULL,'','n','1970-01-01 00:00:00'),(1218,'331082114000','331082114231','下江山村',4,NULL,NULL,NULL,'','n','1970-01-01 00:00:00'),(1219,'331082114000','331082114232','龙头村',4,NULL,NULL,NULL,'','n','1970-01-01 00:00:00'),(1220,'331082114000','331082114233','老灯村',4,NULL,NULL,NULL,'','n','1970-01-01 00:00:00'),(1221,'331082114000','331082114234','下谗村',4,NULL,NULL,NULL,'','n','1970-01-01 00:00:00'),(1222,'331082114000','331082114235','南门坑村',4,NULL,NULL,NULL,'','n','1970-01-01 00:00:00'),(1223,'331082114000','331082114236','兴村',4,NULL,NULL,NULL,'','n','1970-01-01 00:00:00'),(1224,'331082114000','331082114237','蒲兰头村',4,NULL,NULL,NULL,'','n','1970-01-01 00:00:00'),(1225,'331082114000','331082114238','城外村',4,NULL,NULL,NULL,'','n','1970-01-01 00:00:00'),(1226,'331082114000','331082114239','车头村',4,NULL,NULL,NULL,'','n','1970-01-01 00:00:00'),(1227,'331082114000','331082114240','上蒋村',4,NULL,NULL,NULL,'','n','1970-01-01 00:00:00'),(1228,'331082114000','331082114241','芙蓉村',4,NULL,NULL,NULL,'','n','1970-01-01 00:00:00'),(1229,'331082114000','331082114242','沙门头村',4,NULL,NULL,NULL,'','n','1970-01-01 00:00:00'),(1230,'331082114000','331082114243','崴虎村',4,NULL,NULL,NULL,'','n','1970-01-01 00:00:00'),(1231,'331082114000','331082114244','城里村',4,NULL,NULL,NULL,'','n','1970-01-01 00:00:00'),(1232,'331082114000','331082114245','石柱下村',4,NULL,NULL,NULL,'','n','1970-01-01 00:00:00'),(1233,'331082114000','331082114246','上塘村',4,NULL,NULL,NULL,'','n','1970-01-01 00:00:00'),(1234,'331082114000','331082114247','涧大岙村',4,NULL,NULL,NULL,'','n','1970-01-01 00:00:00'),(1235,'331082114000','331082114248','涧二村',4,NULL,NULL,NULL,'','n','1970-01-01 00:00:00'),(1236,'331082114000','331082114249','涧三村',4,NULL,NULL,NULL,'','n','1970-01-01 00:00:00'),(1237,'331082114000','331082114250','涧四村',4,NULL,NULL,NULL,'','n','1970-01-01 00:00:00'),(1238,'331082114000','331082114251','涧五村',4,NULL,NULL,NULL,'','n','1970-01-01 00:00:00'),(1239,'331082114000','331082114252','下石井村',4,NULL,NULL,NULL,'','n','1970-01-01 00:00:00'),(1240,'331082114000','331082114253','连盘村',4,NULL,NULL,NULL,'','n','1970-01-01 00:00:00'),(1241,'331082114000','331082114254','英雄村',4,NULL,NULL,NULL,'','n','1970-01-01 00:00:00'),(1242,'331082114000','331082114255','万安村',4,NULL,NULL,NULL,'','n','1970-01-01 00:00:00'),(1243,'331082114000','331082114256','四联村',4,NULL,NULL,NULL,'','n','1970-01-01 00:00:00'),(1244,'331082114000','331082114257','盈峙村',4,NULL,NULL,NULL,'','n','1970-01-01 00:00:00'),(1245,'331082114000','331082114258','浦后村',4,NULL,NULL,NULL,'','n','1970-01-01 00:00:00'),(1246,'331082114000','331082114259','三联村',4,NULL,NULL,NULL,'','n','1970-01-01 00:00:00'),(1247,'331082114000','331082114260','公平村',4,NULL,NULL,NULL,'','n','1970-01-01 00:00:00'),(1248,'331082114000','331082114261','永兴村',4,NULL,NULL,NULL,'','n','1970-01-01 00:00:00'),(1249,'331082114000','331082114262','鲤鱼村',4,NULL,NULL,NULL,'','n','1970-01-01 00:00:00'),(1250,'331082114000','331082114263','珊瑚村',4,NULL,NULL,NULL,'','n','1970-01-01 00:00:00'),(1251,'331082114000','331082114264','双联村',4,NULL,NULL,NULL,'','n','1970-01-01 00:00:00'),(1252,'331082114000','331082114265','新桥村',4,NULL,NULL,NULL,'','n','1970-01-01 00:00:00'),(1253,'331082114000','331082114266','岩下村',4,NULL,NULL,NULL,'','n','1970-01-01 00:00:00'),(1254,'331082114000','331082114267','新山村',4,NULL,NULL,NULL,'','n','1970-01-01 00:00:00'),(1255,'331082114000','331082114268','白箬峙村',4,NULL,NULL,NULL,'','n','1970-01-01 00:00:00'),(1256,'331082114000','331082114269','屯峙村',4,NULL,NULL,NULL,'','n','1970-01-01 00:00:00'),(1257,'331082114000','331082114270','中城村',4,NULL,NULL,NULL,'','n','1970-01-01 00:00:00'),(1258,'331082114000','331082114271','塘坤村',4,NULL,NULL,NULL,'','n','1970-01-01 00:00:00'),(1259,'331082114000','331082114272','山南村',4,NULL,NULL,NULL,'','n','1970-01-01 00:00:00'),(1260,'331082114000','331082114273','冬瓜山村',4,NULL,NULL,NULL,'','n','1970-01-01 00:00:00'),(1261,'331082114000','331082114274','武坑村',4,NULL,NULL,NULL,'','n','1970-01-01 00:00:00'),(1262,'331082114000','331082114275','后面山村',4,NULL,NULL,NULL,'','n','1970-01-01 00:00:00'),(1263,'331082114000','331082114276','陈家村',4,NULL,NULL,NULL,'','n','1970-01-01 00:00:00'),(1264,'331082114000','331082114277','武坑闸村',4,NULL,NULL,NULL,'','n','1970-01-01 00:00:00'),(1265,'331082114000','331082114278','石桌塘村',4,NULL,NULL,NULL,'','n','1970-01-01 00:00:00'),(1266,'331082114000','331082114279','南港村',4,NULL,NULL,NULL,'','n','1970-01-01 00:00:00');

--
-- Table structure for table `ya02wmsj_cecoe_region_info`
--

CREATE TABLE `ya02wmsj_cecoe_region_info` (
  `id` int(10) unsigned NOT NULL AUTO_INCREMENT,
  `code` varchar(20) NOT NULL COMMENT '区域编码',
  `total_num` smallint(6) NOT NULL DEFAULT '0' COMMENT '农村文化礼堂总数',
  `total_area` decimal(12,2) NOT NULL DEFAULT '0.00' COMMENT '总面积平方米',
  `sort` tinyint(4) NOT NULL DEFAULT '1' COMMENT '排序',
  PRIMARY KEY (`id`)
) ENGINE=InnoDB DEFAULT CHARSET=utf8mb4;

--
-- Dumping data for table `ya02wmsj_cecoe_region_info`
--


--
-- Table structure for table `ya02wmsj_cecoe_room_time`
--

CREATE TABLE `ya02wmsj_cecoe_room_time` (
  `id` int(11) NOT NULL AUTO_INCREMENT COMMENT '表ID',
  `start_time` varchar(21) NOT NULL DEFAULT '' COMMENT '房间的开放时间, 08:00',
  `end_time` varchar(21) NOT NULL DEFAULT '' COMMENT '房间开放的结束时间, 15:00',
  `roomid` int(10) unsigned NOT NULL DEFAULT '0' COMMENT '房间的id，关联games_room表id',
  `nums` tinyint(3) unsigned NOT NULL DEFAULT '0' COMMENT '当前时间房间内已有人数',
  PRIMARY KEY (`id`)
) ENGINE=InnoDB DEFAULT CHARSET=utf8 COMMENT='直播间开放时段表';

--
-- Dumping data for table `ya02wmsj_cecoe_room_time`
--


--
-- Table structure for table `ya02wmsj_cecoe_serve_category`
--

CREATE TABLE `ya02wmsj_cecoe_serve_category` (
  `id` int(10) unsigned NOT NULL AUTO_INCREMENT COMMENT '表ID',
  `name` varchar(51) NOT NULL DEFAULT '' COMMENT '分类名称',
  `desc` varchar(1002) CHARACTER SET utf8 NOT NULL DEFAULT '' COMMENT '分类描述',
  `ctime` timestamp NOT NULL DEFAULT CURRENT_TIMESTAMP COMMENT '添加时间',
  PRIMARY KEY (`id`)
) ENGINE=InnoDB AUTO_INCREMENT=25 DEFAULT CHARSET=utf8mb4 COMMENT='服务分类表';

--
-- Dumping data for table `ya02wmsj_cecoe_serve_category`
--

INSERT INTO `ya02wmsj_cecoe_serve_category` VALUES (15,'律师咨询','','2020-01-09 17:40:05'),(16,'农残检测','','2020-01-09 17:40:12'),(18,'家政','','2020-03-25 02:00:31'),(19,'开锁','','2020-03-25 02:01:11'),(20,'管道疏通','','2020-03-25 02:01:17'),(21,'免费发药点','','2020-03-30 03:09:44'),(22,'体育馆地图','','2020-03-30 03:10:25');

--
-- Table structure for table `ya02wmsj_cecoe_serve_info`
--

CREATE TABLE `ya02wmsj_cecoe_serve_info` (
  `id` int(10) unsigned NOT NULL AUTO_INCREMENT COMMENT '表ID',
  `title` varchar(51) NOT NULL DEFAULT '' COMMENT '名称',
  `desc` varchar(1002) CHARACTER SET utf8 NOT NULL DEFAULT '' COMMENT '描述',
  `category_id` int(10) unsigned NOT NULL COMMENT '服务分类id，关联ya02wmsj_cecoe_serve_category表id',
  `serve_concat` varchar(201) NOT NULL DEFAULT '' COMMENT '服务联系方式：联系人1!!电话1##联系人2!!电话2',
  `serve_address` varchar(201) NOT NULL DEFAULT '' COMMENT '服务地址',
  `serve_time` varchar(201) NOT NULL DEFAULT '' COMMENT '服务时间描述',
  `organization` varchar(201) NOT NULL DEFAULT '' COMMENT '发布机构',
  `region_code` char(13) NOT NULL DEFAULT '' COMMENT '区域编码，关联region表code',
  `st_lnglat` varchar(51) NOT NULL DEFAULT '' COMMENT '经纬度坐标',
  `ctime` timestamp NOT NULL DEFAULT CURRENT_TIMESTAMP COMMENT '添加时间',
  PRIMARY KEY (`id`)
) ENGINE=InnoDB AUTO_INCREMENT=188 DEFAULT CHARSET=utf8mb4 COMMENT='服务信息表';

--
-- Dumping data for table `ya02wmsj_cecoe_serve_info`
--

INSERT INTO `ya02wmsj_cecoe_serve_info` VALUES (13,'小王律师咨询','提供法律援助',15,'小王!!小芳##15868932659!!15258963258','浙江省台州市临海市古城街道叶下线','每周六下午2点到5点','小王律师事务所','331082002001','121.144950,28.858400','2020-01-09 21:34:17'),(14,'牛国强农残检测','农残检测，我们是专业的',16,'牛国强!!牛国立!!牛素芬!!夏魏丽##15836996325!!15269369845!!15269365926!!15726396263','浙江省台州市临海市古城街道蒋安','周一至周六，下午2点到4点半','牛国强农残检测服务中心','331082111000','121.122291,28.869525','2020-01-09 22:59:18'),(15,'白水洋中心卫生院','',21,'联系人##85805333','白水洋镇东风街2号','','白水洋镇东风街2号','331082106000','121.144950,28.858400','2020-03-30 03:14:12'),(16,'白水洋镇双楼卫生院','',21,'联系人##13750636538','白水洋镇双楼村','','白水洋镇双楼村','331082106234','121.144950,28.858400','2020-04-02 06:04:34'),(17,'白水洋镇店前卫生院','',21,'联系人##13750636538','白水洋镇店前村','','白水洋镇店前卫生院','331082106220','121.144950,28.858400','2020-04-02 06:23:40'),(18,'白水洋镇双港卫生院','',21,'联系人##13757625257','白水洋镇白鹤路8号','','白水洋镇双港卫生院','331082106001','121.144950,28.858400','2020-04-02 06:25:05'),(19,'白水洋镇黄坦卫生院','',21,'联系人##18057658257','白水洋镇石门村','','白水洋镇黄坦卫生院','331082106000','121.144950,28.858400','2020-04-02 06:25:59'),(20,'大田街道社区卫生服务中心','',21,'联系人##85176236','大田街道蒲山路50号','','大田街道社区卫生服务中心','331082004000','121.144950,28.858400','2020-04-02 06:27:12'),(21,'大田街道朝阳卫生站','',21,'联系人##18969625691','大田下沙屠村','','大田街道朝阳卫生站','331082004000','121.144950,28.858400','2020-04-02 06:28:07'),(22,'大田街道岭外卫生站','',21,'联系人##18968518935','大田双庙村','','大田街道岭外卫生站','331082004224','121.144950,28.858400','2020-04-02 06:29:31'),(23,'大洋街道社区卫生服务中心','',21,'联系人##89365370','临海市大洋街道曹家路','','大洋街道社区卫生服务中心','331082002000','121.144950,28.858400','2020-04-02 06:30:06'),(24,'东塍中心卫生院','',21,'联系人##13777628353','东塍镇川津路301号','','东塍中心卫生院','331082101000','121.144950,28.858400','2020-04-02 06:30:44'),(25,'东塍中心卫生院岭根分院','',21,'联系人##13967657317','岭根村1-2号','','东塍中心卫生院岭根分院','331082101000','121.144950,28.858400','2020-04-02 06:32:02'),(26,'东塍中心卫生院康岭分院','',21,'联系人##13777670422','康一村285号','','东塍中心卫生院康岭分院','331082101246','121.144950,28.858400','2020-04-02 06:32:47'),(27,'东塍中心卫生院东鲁分院','',21,'联系人##13586133930','东溪单村1-2号','','东塍中心卫生院东鲁分院','331082101220','121.144950,28.858400','2020-04-02 06:34:33'),(28,'杜桥中心卫生院','',21,'联系人##13958508879','临海市杜桥镇解放街33号','','杜桥中心卫生院','331082112000','121.144950,28.858400','2020-04-02 06:35:38'),(29,'杜桥镇市场卫生院','',21,'联系人##13757603115','临海市杜桥镇新潘村','','杜桥镇市场卫生院','331082112298','121.144950,28.858400','2020-04-02 06:36:47'),(30,'杜桥镇川南卫生院','',21,'联系人##13736205735','临海市杜桥镇河东村','','杜桥镇川南卫生院','331082112264','121.144950,28.858400','2020-04-02 06:38:54'),(31,'杜桥镇山项卫生院','',21,'联系人##15157603750','临海市杜桥镇后地村7-66号','','杜桥镇山项卫生院','331082112250','121.144950,28.858400','2020-04-02 06:39:47'),(32,'杜桥镇溪口卫生院','',21,'联系人##13486226566','临海市杜桥镇溪口村','','杜桥镇溪口卫生院','331082112279','121.144950,28.858400','2020-04-02 06:49:02'),(33,'杜桥镇大汾卫生院','',21,'联系人##13456690307','临海市杜桥镇汾西村7-1号','','杜桥镇大汾卫生院','331082112241','121.144950,28.858400','2020-04-02 06:49:54'),(34,'杜桥镇西洋卫生院','',21,'联系人##18967653993','临海市杜桥镇山后葛村','','杜桥镇西洋卫生院','331082112275','121.144950,28.858400','2020-04-02 06:59:17'),(35,'府东社区居委会2-全民健身路径','',22,'联系人##13586110318','临海市大洋街道府东小区13幢5号','全天','府东社区居委会','331082002000','121.144950,28.858400','2020-04-02 07:03:05'),(36,'古城街道社区卫生服务中心','',21,'药房##89390993','古城街道花街路120号','节假日不上班','古城街道社区卫生服务中心','331082001012','121.144950,28.858400','2020-04-02 07:06:30'),(37,'河头中心卫生院','',21,'孙朱争##13515865937','河头镇人民路','','河头中心卫生院','331082105200','121.144950,28.858400','2020-04-02 07:07:59'),(38,'河头镇岭景卫生院','',21,'许鼎##13958589661','河头镇兰桥村','','河头镇岭景卫生院','331082105244','121.144950,28.858400','2020-04-02 07:08:36'),(39,'河头镇河溪卫生院','',21,'许利吉##18906555171','河头镇前山村','','河头镇河溪卫生院','331082105217','121.144950,28.858400','2020-04-02 07:10:53'),(40,'河头镇文溪卫生院','',21,'金阳云##13616633627','河头镇百步村','','河头镇文溪卫生院','331082105262','121.144950,28.858400','2020-04-02 07:11:26'),(41,'河头镇宜塘卫生院','',21,'朱强##13586140289','河头镇宜石地村','','河头镇宜塘卫生院','331082105236','121.144950,28.858400','2020-04-02 07:16:23'),(42,'汇溪中心卫生院','',21,'联系人##85966380','临海市汇溪镇两头门村甬临路1号','','汇溪中心卫生院','331082103201','121.144950,28.858400','2020-04-02 07:17:05'),(43,'汇溪镇牌前卫生院','',21,'联系人##85928706','临海市汇溪镇牌前村','','汇溪镇牌前卫生院','331082103205','121.144950,28.858400','2020-04-02 07:17:28'),(44,'汇溪镇仙人桥卫生院','',21,'联系人##85950819','临海市汇溪镇仙人桥村','','汇溪镇仙人桥卫生院','331082103218','121.144950,28.858400','2020-04-02 07:17:55'),(45,'江南街道社区卫生服务中心','',21,'联系人##0576-85936116','小溪村5-60号','','江南街道社区卫生服务中心','331082003219','121.144950,28.858400','2020-04-02 07:18:48'),(46,'江南街道社区卫生服务站','',21,'联系人##0576-89115352','江南大道24号','','江南街道社区卫生服务站','331082003000','121.144950,28.858400','2020-04-02 07:20:01'),(47,'括苍中心卫生院','',21,'联系人##0576-89392951','临海市括苍镇张家渡村溪西路1号','','括苍中心卫生院','331082107000','121.144950,28.858400','2020-04-02 07:20:49'),(48,'括苍镇爱国卫生院','',21,'联系人##0576-89053252','临海市括苍镇小海门村','','括苍镇爱国卫生院','331082107240','121.144950,28.858400','2020-04-02 07:21:24'),(49,'括苍镇大岭卫生院','',21,'联系人##0576-89360679','临海市括苍镇星岭村大岭','','括苍镇大岭卫生院','331082107235','121.144950,28.858400','2020-04-02 07:22:38'),(50,'上盘中心卫生院','',21,'联系人##0576-85777575','临海市上盘镇山海路3号','','上盘中心卫生院','331082113000','121.144950,28.858400','2020-04-02 07:24:16'),(51,'上盘镇滨海卫生院','',21,'联系人##0576-85756122','临海市上盘镇金杏灯村','','上盘镇滨海卫生院','331082113223','121.144950,28.858400','2020-04-02 07:24:53'),(52,'上盘镇新城卫生院','',21,'联系人##0576-85070307','临海市上盘镇新城村','','上盘镇新城卫生院','331082113235','121.144950,28.858400','2020-04-02 07:25:45'),(53,'邵家渡街道社区卫生服务中心','',21,'徐海红##15067697268','邵家渡街道锦衣南路','','邵家渡街道社区卫生服务中心','331082005200','121.144950,28.858400','2020-04-02 07:26:41'),(54,'邵家渡街道邵东卫生服务站','',21,'徐海红##15067697268','邵家渡街道滩头村','','邵家渡街道邵东卫生服务站','331082005224','121.144950,28.858400','2020-04-02 07:27:13'),(55,'邵家渡街道钓鱼亭卫生服务站','',21,'徐海红##15067697268','邵家渡街道钓鱼亭村','','邵家渡街道钓鱼亭卫生服务站','331082005237','121.144950,28.858400','2020-04-02 07:27:58'),(56,'桃渚中心卫生院','',21,'联系人##13736202605','临海市桃渚镇东洋大道北1号','','桃渚中心卫生院','331082114000','121.144950,28.858400','2020-04-02 07:28:57'),(57,'桃渚镇桃渚卫生院','',21,'联系人##15167626228','临海市桃渚镇城外村','','桃渚镇桃渚卫生院','331082114238','121.144950,28.858400','2020-04-02 07:29:37'),(58,'桃渚镇连盘卫生院','',21,'联系人##13958593929','临海市桃渚镇万安村','','桃渚镇连盘卫生院','331082114255','121.144950,28.858400','2020-04-02 07:30:54'),(59,'桃渚镇中城卫生所','',21,'联系人##18957622515','临海市桃渚镇中城村','','桃渚镇中城卫生所','331082114270','121.144950,28.858400','2020-04-02 07:31:19'),(60,'桃渚镇方山卫生所','',21,'联系人##13665778634','临海市桃渚镇牛路头村山头自然村','','桃渚镇方山卫生所','331082114230','121.144950,28.858400','2020-04-02 07:32:22'),(61,'桃渚镇北涧卫生所','',21,'联系人##13616869599','临海市桃渚镇北涧二村','','桃渚镇北涧卫生所','331082114248','121.144950,28.858400','2020-04-02 07:33:27'),(62,'小芝中心卫生院','',21,'联系人##15267283023','临海市小芝镇海珍路1号','','小芝中心卫生院','331082114200','121.144950,28.858400','2020-04-02 07:39:16'),(63,'小芝镇车口卫生院','',21,'联系人##15857696515','临海市小芝镇车口村','','小芝镇车口卫生院','331082114239','121.144950,28.858400','2020-04-02 08:19:24'),(64,'汛桥中心卫生院','',21,'联系人##89390100','临海市汛桥镇利丰村汛利东路8号','','汛桥中心卫生院','331082100000','121.144950,28.858400','2020-04-02 08:21:38'),(65,'汛桥镇蒋山分院','',21,'联系人##89394083','临海市汛桥镇寺前村','','汛桥镇蒋山分院','331082100226','121.144950,28.858400','2020-04-02 08:36:31'),(66,'沿江中心卫生院','',21,'联系人##13586123306','沿江镇水洋大道51号','','沿江中心卫生院','331082111000','121.144950,28.858400','2020-04-02 08:37:50'),(67,'沿江镇西岑卫生院','',21,'联系人##13575820911','沿江镇道头村88号','','沿江镇西岑卫生院','331082111235','121.144950,28.858400','2020-04-02 09:04:40'),(68,'沿江镇杜岐卫生院','',21,'联系人##13750635689','沿江镇下岙村','','沿江镇杜岐卫生院','331082111227','121.144950,28.858400','2020-04-02 09:05:21'),(69,'沿江镇长甸卫生院','',21,'联系人##13666432673','沿江镇长甸三村','','沿江镇长甸卫生院','331082111241','121.144950,28.858400','2020-04-02 09:05:47'),(70,'永丰中心卫生院','',21,'联系人##89361980','临海市永丰镇石鼓村','','永丰中心卫生院','331082108212','121.144950,28.858400','2020-04-02 09:06:35'),(71,'永丰镇沿溪卫生院','',21,'联系人##89367391','临海市永丰镇沿岸村','','永丰镇沿溪卫生院','331082108247','121.144950,28.858400','2020-04-02 09:15:36'),(72,'永丰镇八叠卫生院','',21,'联系人##89361980','临海市永丰镇八叠村','','永丰镇八叠卫生院','331082108201','121.144950,28.858400','2020-04-02 09:16:24'),(73,'永丰镇居溪卫生院','',21,'联系人##89367350','临海市永丰镇下赵村','','永丰镇居溪卫生院','331082108265','121.144950,28.858400','2020-04-02 09:16:58'),(74,'永丰镇白毛卫生院','',21,'联系人##89367357','临海市永丰镇白毛村','','永丰镇白毛卫生院','331082108233','121.144950,28.858400','2020-04-02 09:18:08'),(75,'永丰镇彭山卫生院','',21,'联系人##89367356','临海市永丰镇崔岙村','','永丰镇彭山卫生院','331082108270','121.144950,28.858400','2020-04-02 09:33:29'),(76,'永丰镇许岭卫生院','',21,'联系人##85053600','临海市永丰镇石佛洋村2-80号','','永丰镇许岭卫生院','331082108257','121.144950,28.858400','2020-04-02 09:34:18'),(77,'涌泉中心卫生院','',21,'联系人##13666428300','临海市涌泉镇龙凤路165号','','涌泉中心卫生院','331082110200','121.144950,28.858400','2020-04-02 09:34:55'),(78,'涌泉镇管岙卫生院','',21,'联系人##13989624710','临海市涌泉镇管岙村2-62号','','涌泉镇管岙卫生院','331082110240','121.144950,28.858400','2020-04-02 09:35:24'),(79,'府东社区居委会1-全民健身路径','',22,'联系人##13586110318','临海市大洋街道府东小区13幢5号','全天','府东社区居委会','331082002000','121.14933454876886,28.8586876480846','2020-04-02 11:54:25'),(80,'府东社区居委会-全民健身路径','',22,'联系人##13586110318','临海市大洋街道府东小区13幢5号','全天','府东社区居委会','331082002000','121.14916283253275,28.85865089541253','2020-04-02 11:57:03'),(81,'临海市汇溪镇联峰村村民委员会健身路径（箬坑村）','',22,'联系人##13105699621','临海市汇溪镇联峰村','全天','临海市汇溪镇联峰村村民委员会','331082103232','121.18848831503551,28.985045634304953','2020-04-02 11:58:05'),(82,'临海市汇溪镇联峰村村民委员会-健身路径(良坑村)','',22,'联系人##13105699621','临海市汇溪镇联峰村','全天','临海市汇溪镇联峰村村民委员会','331082103231','121.18841153079491,28.985890460572687	临海市汇溪镇联峰村','2020-04-02 11:59:42'),(83,'临海市汇溪镇联峰村村民委员会乒乓球场(良坑村)','',22,'联系人##13105699621','临海市汇溪镇联峰村','全天','临海市汇溪镇联峰村村民委员会','331082103231','121.18841153079491,28.985890460572687','2020-04-02 12:01:31'),(84,'临海市汇溪镇姜岙村-篮球场','',22,'联系人##13058667935','临海市汇溪镇龙溪村','全天','临海市汇溪镇龙溪村民委员','331082103203','121.22694246137975,28.96896780058645','2020-04-02 12:03:37'),(85,'临海市汇溪镇龙溪村民委员会篮球场(下曼村)','',22,'联系人##13058667935','临海市汇溪镇龙溪村','全天','临海市汇溪镇龙溪村民委员会','331082103204','121.22963193185961,28.968873221625657		','2020-04-02 12:05:05'),(86,'临海市东塍镇下街村村民委员会-健身路径2','',22,'联系人##13606656318','临海市东塍镇下街村	','全天','临海市东塍镇下街村村民委员会','331082101200','121.26742798739434,28.92366339902476','2020-04-02 12:06:43'),(87,'临海市东塍镇下街村村民委员会-健身路径1','',22,'联系人##13606656318','临海市东塍镇下街村	','全天','临海市东塍镇下街村村民委员会','331082101200','121.26742798739434,28.92366339902476','2020-04-02 12:07:49'),(88,'临海市东塍镇东溪单村-健身路径(东山陈村)','',22,'18257669809##18257669809','临海市东塍镇东溪单村','全天','临海市东塍镇东溪单村村民委员会','331082101221','121.24984029763894,28.945393640646948	','2020-04-02 12:10:48'),(89,'临海市河头镇山上叶村-乒乓球场','',22,'联系人##15306761988','临海市河头镇山上叶村','全天','临海市河头镇山上叶村村民委员','331082105265','121.16207089354893,29.03932006862922','2020-04-02 12:12:17'),(90,'临海市汇溪镇西溪村-乒乓球场','',22,'联系人##13989673218','临海市汇溪镇西溪村','全天','临海市汇溪镇西溪村村民委员会','331082103215','121.05066642336277,28.87834833386914		','2020-04-02 12:13:01'),(91,'临海市东塍镇隔溪村全民健康路径(后山金村2)','',22,'联系人##13566896331','临海市东塍镇隔溪村','全天','临海市东塍镇隔溪村村民委员会','331082103215','121.30165424834618,28.93148231495181		','2020-04-02 12:14:52'),(92,'临海市东塍镇隔溪村-篮球场(大路头村)','',22,'联系人##13566896331','临海市东塍镇隔溪村','全天','临海市东塍镇隔溪村村民委员会','331082101238','121.30165424834618,28.93148231495181		','2020-04-02 12:15:56'),(93,'临海市东塍镇隔溪村-健身路径(大路头村)','',22,'联系人##13566896331','临海市东塍镇隔溪村','全天','临海市东塍镇隔溪村村民委员会','331082101238','121.30165424834618,28.93148231495181','2020-04-02 12:16:57'),(94,'临海市括苍镇陈应新村乒乓球场','',22,'联系人##13515860118','临海市括苍镇陈应新村','全天','临海市括苍镇陈应新村村民委员会','331082107230','120.97874469639544,28.876644118701797		','2020-04-02 12:17:54'),(95,'临海市汇溪镇天门村健身路径(高塘村)','',22,'联系人##13058601467','临海市汇溪镇黄支罗村','全天','临海市汇溪镇天门村村民委员会','331082103226','121.21737639877794,28.954749074473472		','2020-04-02 12:21:10'),(96,'临海市汇溪镇天门村健身路径(坑岙村)','',22,'联系人##13058601467','临海市汇溪镇黄支罗村','全天','临海市汇溪镇天门村村民委员会','331082103236','121.19543004151068,29.00942201028059		','2020-04-02 12:21:57'),(97,'临海市河头镇岭合村村民委员会（岭下塘）乒乓球场','',22,'联系人##15825476085','临海市河头镇岭祥村','全天','临海市河头镇岭合村村民委员会','331082105210','121.10803725710556,28.979184096425048		','2020-04-02 12:31:04'),(98,'临海市永丰镇八叠小学-篮球场','',22,'联系人##0576-85150552','临海市永丰镇八叠村','18:00—20:00','临海市永丰镇八叠小学','331082108201','121.07494244755885,28.91576823891715		','2020-04-02 12:32:13'),(99,'临海市永丰镇八叠小学-乒乓球场','',22,'联系人##0576-85150552','临海市永丰镇八叠村','18:00—20:00','临海市永丰镇八叠小学','331082108201','121.07532451451522,28.9154136662619','2020-04-02 12:36:46'),(100,'台州学院附中-田径场','',22,'联系人##0576-89117700','临海市军体路8号','6：00-8：00','台州学院附中','331082001000','121.12097647166881,28.84775716677962		','2020-04-02 12:38:05'),(101,'临海市古城街道府城村（灵江小区）全民健身路径','',22,'联系人##13093832289','临海市古城街道府城村','全天','临海市古城街道府城村村民委员会','331082001205','121.10969663915193,28.83582497059635		','2020-04-02 13:14:29'),(102,'临海市古城街道府城村（巾山村）健身路径','',22,'联系人##13093832289','临海市古城街道府城村','全天','临海市古城街道府城村村民委员会','331082001206','121.11961727591687,28.832557515443874		','2020-04-02 13:15:55'),(103,'临海市古城街道西洋村村民委员会-三人制篮球场','',22,'联系人##13586137677','临海市古城街道西洋村','全天','临海市古城街道西洋村村民委员会','331082001219','121.16721124668965,28.853653488968586		','2020-04-02 13:16:42'),(104,'临海市括苍镇张家渡村村民委员会-全民健身路径','',22,'联系人##13586135808','临海市括苍镇张家渡村	','全天','临海市括苍镇张家渡村村民委员会','331082107000','120.98900181315986,28.855358026476026','2020-04-02 13:17:49'),(105,'临海市括苍镇张家渡村篮球场','',22,'联系人##13586135808','临海市括苍镇张家渡村	','全天','临海市括苍镇张家渡村村民委员会','331082107000','120.98900181315986,28.855358026476026','2020-04-02 13:18:11'),(106,'临海市括苍镇张家渡村健身路径','',22,'联系人##13586135808','临海市括苍镇张家渡村	','全天','临海市括苍镇张家渡村村民委员会','331082107000','120.98900181315986,28.855358026476026','2020-04-02 13:18:33'),(107,'临海市括苍镇旺人墩村健身路径','',22,'联系人##13706550581','临海市括苍镇张家渡村	','全天','临海市括苍镇旺人墩村村民委员会','331082107203','120.99257509340957,28.85242633495463		','2020-04-02 13:19:19'),(108,'临海市邵家渡街道牛头山村全民健身路径2','',22,'联系人##13706764090','临海市邵家渡街道牛头山村','全天','临海市邵家渡街道牛头山村村民委员会','331082005233','121.27230557847156,28.8441405025205		','2020-04-02 13:20:11'),(109,'临海市邵家渡街道牛头山村全民健身路径1','',22,'联系人##13706764090','临海市邵家渡街道牛头山村','全天','临海市邵家渡街道牛头山村村民委员会','331082005233','121.27230557847156,28.8441405025205		','2020-04-02 13:20:24'),(110,'临海市邵家渡街道牛头山村村民委员会-篮球场','',22,'联系人##13706764090','临海市邵家渡街道牛头山村','全天','临海市邵家渡街道牛头山村村民委员会','331082005233','121.27230557847156,28.8441405025205		','2020-04-02 13:20:43'),(111,'邵家渡街道牛头山村全民健身路径(原鼠岙村)','',22,'联系人##13706764090','临海市邵家渡街道牛头山村','全天','临海市邵家渡街道牛头山村村民委员会','331082005233','121.27230557847156,28.8441405025205		','2020-04-02 13:21:06'),(112,'临海市邵家渡街道牛头山村全民健身路径4','',22,'联系人##13706764090','临海市邵家渡街道牛头山村','全天','临海市邵家渡街道牛头山村村民委员会','331082005233','121.27230557847156,28.8441405025205		','2020-04-02 13:21:23'),(113,'临海市邵家渡街道牛头村全民健身路径3','',22,'联系人##13706764090','临海市邵家渡街道牛头山村','全天','临海市邵家渡街道牛头山村村民委员会','331082005233','121.27230557847156,28.8441405025205		','2020-04-02 13:21:39'),(114,'临海市邵家渡街道牛头山村村民委员会-乒乓球馆','',22,'联系人##13706764090','临海市邵家渡街道牛头山村','全天','临海市邵家渡街道牛头山村村民委员会','331082005233','121.27230557847156,28.8441405025205		','2020-04-02 13:21:55'),(115,'临海市江南街道城南村全民健身路径(三洞桥2)','',22,'联系人##13093857057','	临海市江南街道城南村	','全天','临海市江南街道城南村村民委员会','331082003211','121.14483562545232,28.81834838656445','2020-04-02 13:42:02'),(116,'临海市江南街道城南村-乒乓球场(岩子洋村)','',22,'联系人##13093857057','	临海市江南街道城南村	','全天','临海市江南街道城南村村民委员会','331082003211','121.14483562545232,28.81834838656445','2020-04-02 13:42:24'),(117,'临海市江南街道城南村-篮球场〈三洞桥2)','',22,'联系人##13093857057','临海市江南街道城南村','全天','临海市江南街道城南村村民委员会','331082003211','121.14483562545232,28.81834838656445','2020-04-02 13:42:42'),(118,'临海市江南街道城南村-全民健身路径(三洞桥村)','',22,'联系人##13093857057','	临海市江南街道城南村','全天','临海市江南街道城南村村民委员会','331082003211','121.14483562545232,28.81834838656445','2020-04-02 13:43:17'),(119,'临海市江南街道城南村村民委员会-乒乓球场','',22,'联系人##13093857057','	临海市江南街道城南村','全天','临海市江南街道城南村村民委员会','331082003211','121.14622834338395,28.817208429662035','2020-04-02 13:43:40'),(120,'临海市江南街道城南村-乒乓球场(三洞桥村)','',22,'联系人##13093857057','	临海市江南街道城南村','全天','临海市江南街道城南村村民委员会','331082003211','121.14483562545232,28.81834838656445','2020-04-02 13:44:00'),(121,'临海市江南街道城南村村民委员会-全民健身路径','',22,'联系人##13093857057','	临海市江南街道城南村','全天','临海市江南街道城南村村民委员会','331082003211','121.14483562545232,28.81834838656445','2020-04-02 13:44:19'),(122,'临海市江南街道城南村村民委员会-篮球场','',22,'联系人##13093857057','	临海市江南街道城南村','全天','临海市江南街道城南村村民委员会','331082003211','121.14483562545232,28.81834838656445','2020-04-02 13:44:39'),(123,'临海市江南街道城南村全民健身路径(岩子洋村)','',22,'联系人##13093857057','	临海市江南街道城南村','全天','临海市江南街道城南村村民委员会','331082003211','121.14483562545232,28.81834838656445','2020-04-02 13:44:54'),(124,'临海市江南街道城南村-乒乓球场2','',22,'联系人##13093857057','	临海市江南街道城南村','全天','临海市江南街道城南村村民委员会','331082003211','121.14483562545232,28.81834838656445','2020-04-02 13:45:10'),(125,'临海市江南街道城南村篮球场(岩子洋村)','',22,'联系人##13093857057','	临海市江南街道城南村','全天','临海市江南街道城南村村民委员会','331082003211','121.14483562545232,28.81834838656445','2020-04-02 13:45:30'),(126,'临海市江南街道城南村-篮球场(三洞桥村)','',22,'联系人##13093857057','	临海市江南街道城南村','全天','临海市江南街道城南村村民委员会','331082003211','121.14483562545232,28.81834838656445','2020-04-02 13:45:49'),(127,'天美家政服务部','',18,'小马家政服务##15167627799,13511444414','浙江省台州市临海市台州府路288号-a8110附近','8:00~18:00','天美家政服务部','331082000000','121.144950,28.858400','2020-04-03 07:11:49'),(128,'小马家政服务','',18,'小马家政服务##13511444414; 15167627799','浙江省台州市临海市富阳路76附近','8:00~18:00','小马家政服务','331082114210','121.144950,28.858400','2020-04-03 07:36:15'),(129,'临海市快易家政服务中心','',18,'临海市快易家政服务中心##13221616770,13958549997','浙江省台州市临海市川津路','8:00~18:00','临海市快易家政服务中心','331082101201','121.144950,28.858400','2020-04-03 07:42:25'),(130,'志成开锁王','',19,'志成开锁王##13157663232','浙江省台州市临海市汇溪门业西南','8:00~18:00','志成开锁王','331082103201','121.144950,28.858400','2020-04-03 07:48:32'),(131,'老街开锁','',19,'老街开锁##15558521383','浙江省台州市临海市人民路165号附近','8:00~18:00','老街开锁','331082001008','121.144950,28.858400','2020-04-03 08:01:15'),(132,'凌锋锁业','',19,'凌锋锁业##15858679855','台州市临海市杜桥镇牌门路626号(泰隆银行隔壁)','8:00~18:00','凌锋锁业','331082112006','121.144950,28.858400','2020-04-03 08:03:58'),(135,'唯家家政服务(旗舰店)','',18,'唯家家政服务(旗舰店)##13566893884,15867676713','浙江省台州市临海市盈杜线','8:00~18:00','唯家家政服务(旗舰店)','331082112213','121.144950,28.858400','2020-04-03 08:13:23'),(139,'临海市中心菜场','免费检测',16,'金祖兵##13706764469','临海市巾山路','','临海市中心菜场','331082001003','121.144950,28.858400','2020-04-05 13:49:37'),(140,'临海第二中心菜场','免费检测',16,'张哲通##18957657339','临海市水云南路66号','周一至周五','临海第二中心菜场','331082001003','121.144950,28.858400','2020-04-05 13:55:22'),(141,'临海市洪池菜场','免费检测',16,'金祖兵##13706764469','临海市洪池路','周一至周五','临海市洪池菜场','331082001003','121.144950,28.858400','2020-04-05 13:58:47'),(142,'临海市花街农贸市场','免费检测',16,'林贤勇##13867630039','临海市花街路36号','周一至周五','临海市花街农贸市场','331082001003','121.144950,28.858400','2020-04-05 14:02:18'),(143,'临海市东湖农贸市场','免费检测',16,'应友明##13706550666','临海市人民路318号','周一至周五','临海市东湖农贸市场','331082001003','121.144950,28.858400','2020-04-05 14:05:21'),(144,'临海市两水农贸市场','免费检测',16,'董三龙##13586159897','临海市古城街道两水村','周一至周五','临海市两水农贸市场','331082001222','121.144950,28.858400','2020-04-05 14:06:44'),(145,'临海市人民路农贸市场','免费检测',16,'曹兴满##18957656599','临海市人民路南端','周一至周五','临海市人民路农贸市场','331082001003','121.144950,28.858400','2020-04-05 14:11:05'),(146,'临海市蔬菜批发市场','免费检测',16,'项兆兴##13958566603','临海市江南路以西日山小区','周一至周五','临海市蔬菜批发市场','331082001003','121.144950,28.858400','2020-04-05 14:16:30'),(147,'临海市后塘路农贸市场','免费检测',16,'叶再力##13958599092','临海市后塘路','周一至周五','临海市后塘路农贸市场','331082001003','121.144950,28.858400','2020-04-05 14:18:41'),(148,'临海市大洋街道前江村农贸市场','免费检测',16,'章软飞##13968437701','临海市大洋街道前江村','周一至周五','临海市大洋街道前江村农贸市场','331082002226','121.144950,28.858400','2020-04-05 14:20:26'),(149,'临海市开发区中心菜场','免费检测',16,'应明顺##13806560525','临海市城东闸头','周一至周五','临海市开发区中心菜场','331082002007','121.144950,28.858400','2020-04-05 14:29:49'),(150,'临海市大洋综合市场','免费检测',16,'项剑##13326095555','临海市大洋街道办事处泾头项村','周一至周五','临海市大洋综合市场','331082002206','121.144950,28.858400','2020-04-05 14:31:28'),(151,'临海市大田中心菜场','免费检测',16,'叶银山##13093895828','临海市大田街道南通路','周一至周五','临海市大田中心菜场','331082004204','121.144950,28.858400','2020-04-05 14:38:34'),(152,'临海市花岙农贸市场','免费检测',16,'蒋通法##13736522571','临海市江南街道向阳路396号','周一至周五','临海市花岙农贸市场','331082003213','121.144950,28.858400','2020-04-05 14:48:27'),(153,'临海市小溪村农贸市场','免费检测',16,'杨勇##13058610111','临海市小溪村','周一至周五','临海市小溪村农贸市场','331082003219','121.144950,28.858400','2020-04-05 14:49:45'),(154,'临海市汛桥农贸市场','免费检测',16,'周雨兴##13626676815','临海市汛桥镇环江西巷','周一至周五','临海市汛桥农贸市场','331082100201','121.144950,28.858400','2020-04-05 14:52:46'),(155,'临海市尤溪农贸综合市场','免费检测',16,'邵直良##13958556378','临海市尤溪镇花联村','周一至周五','临海市尤溪农贸综合市场','331082109000','121.144950,28.858400','2020-04-05 14:54:08'),(156,'临海市邵家渡商品综合市场','免费检测',16,'谢才富##13645766446','临海市邵家渡镇邵家渡村','周一至周五','临海市邵家渡商品综合市场','331082005000','121.144950,28.858400','2020-04-05 14:55:22'),(157,'临海市沿江中心农贸市场','免费检测',16,'蔡高良##13736580777','临海市沿江镇水洋村殿前街','周一至周五','临海市沿江中心农贸市场','331082111200','121.144950,28.858400','2020-04-05 14:56:43'),(158,'临海市白水洋中心菜场','免费检测',16,'丁兆友##13906768703','临海市白水洋镇白水洋村','周一至周五','临海市白水洋中心菜场','331082106200','121.144950,28.858400','2020-04-05 14:57:51'),(159,'临海市小芝农贸交易市场','免费检测',16,'何新政##15067653007','临海市小芝镇振兴路','周一至周五','临海市小芝农贸交易市场','331082104207','121.144950,28.858400','2020-04-05 15:01:44'),(160,'临海市涌泉农贸综合市场','免费检测',16,'冯贻兴##15990681988','临海市涌泉镇三村村','周一至周五','临海市涌泉农贸综合市场','331082110000','121.144950,28.858400','2020-04-05 15:02:47'),(161,'临海市桃渚镇四岔农贸市场','免费检测',16,'黄元法##13806564038','临海市桃渚镇四岔村','周一至周五','临海市桃渚镇四岔农贸市场','331082114210','121.144950,28.858400','2020-04-05 15:03:51'),(162,'临海市上盘中心农贸市场','免费检测',16,'王茂军##13626682277','临海市上盘镇下灯村四方塘','周一至周五','临海市上盘中心农贸市场','331082113214','121.144950,28.858400','2020-04-05 15:04:51'),(163,'临海市杜桥中心菜场','免费检测',16,'王正芳##13958596329','临海市杜桥镇杜川路','周一至周五','临海市杜桥中心菜场','331082112006','121.144950,28.858400','2020-04-05 15:06:46'),(164,' 浙江时空律师事务所	 	 	','<p style=\"text-indent:24.0pt;line-height:150%;mso-layout-grid-align:\r\nnone;text-autospace:none\">（1）为村民、居民及时解答日常生产生活中遇到的法律问题，提供专业的法律意见；</p>\r\n\r\n<p style=\"text-indent:24.0pt;line-height:150%;mso-layout-grid-align:\r\nnone;text-autospace:none\">（2）接受村民、居民委托，代为起草、修改有关法律文书和参与诉讼活动；</p>\r\n\r\n<p style=\"text-indent:24.0pt;line-height:150%;mso-layout-grid-align:\r\nnone;text-autospace:none\">（3）定期举办法治讲座，发放法治宣传资料，宣传日常生产生活相关的法律知识；</p>\r\n\r\n<p style=\"text-indent:24.0pt;line-height:150%;mso-layout-grid-align:\r\nnone;text-autospace:none\">（4）参与村（社区）人民调解委员会主持的纠纷调处工作；</p>\r\n\r\n<p style=\"text-indent:24.0pt;line-height:150%;mso-layout-grid-align:\r\nnone;text-autospace:none\">（5）协助起草、审核、修订村规民约、社区公约和其他管理规定，为村（社区）治理重大决策提供法律意见等；</p>\r\n\r\n<p style=\"text-indent:24.0pt;line-height:150%;mso-layout-grid-align:\r\nnone;text-autospace:none\">（6）建立、管理司法行政第五级微信工作群。</p>',15,'王以德!!朱意煊!!施杨浩!!尤卫利!!冯春贵!!许先德!!周海胜!!黄  为!!尹  江!!余坚杰##13906765311!!13958555210!!15057288233!!18105762345!!13058830889!!13058865567!!13732331995!!13706550934!!13606656790!!13706767757','浙江省台州市临海市G104(靖江中路)','周一至周五','浙江时空律师事务所','331082000000','121.144950,28.858400','2020-04-06 15:18:29'),(165,'浙江秉铎律师事务所 	 	','<p style=\"text-indent:24.0pt;line-height:150%;mso-layout-grid-align:\r\nnone;text-autospace:none\">（1）为村民、居民及时解答日常生产生活中遇到的法律问题，提供专业的法律意见；</p>\r\n\r\n<p style=\"text-indent:24.0pt;line-height:150%;mso-layout-grid-align:\r\nnone;text-autospace:none\">（2）接受村民、居民委托，代为起草、修改有关法律文书和参与诉讼活动；</p>\r\n\r\n<p style=\"text-indent:24.0pt;line-height:150%;mso-layout-grid-align:\r\nnone;text-autospace:none\">（3）定期举办法治讲座，发放法治宣传资料，宣传日常生产生活相关的法律知识；</p>\r\n\r\n<p style=\"text-indent:24.0pt;line-height:150%;mso-layout-grid-align:\r\nnone;text-autospace:none\">（4）参与村（社区）人民调解委员会主持的纠纷调处工作；</p>\r\n\r\n<p style=\"text-indent:24.0pt;line-height:150%;mso-layout-grid-align:\r\nnone;text-autospace:none\">（5）协助起草、审核、修订村规民约、社区公约和其他管理规定，为村（社区）治理重大决策提供法律意见等；</p>\r\n\r\n<p style=\"text-indent:24.0pt;line-height:150%;mso-layout-grid-align:\r\nnone;text-autospace:none\">（6）建立、管理司法行政第五级微信工作群。</p>',15,'陈宰正!!杨文斌!!王金梅##13586156277!!13968592055!!13626643107','浙江省台州市临海市G104(靖江中路)','周一至周五','浙江秉铎律师事务所','331082000000','121.144950,28.858400','2020-04-06 15:21:33'),(166,'浙江全力律师事务所','<p style=\"text-indent:24.0pt;line-height:150%;mso-layout-grid-align:\r\nnone;text-autospace:none\">（1）为村民、居民及时解答日常生产生活中遇到的法律问题，提供专业的法律意见；</p>\r\n\r\n<p style=\"text-indent:24.0pt;line-height:150%;mso-layout-grid-align:\r\nnone;text-autospace:none\">（2）接受村民、居民委托，代为起草、修改有关法律文书和参与诉讼活动；</p>\r\n\r\n<p style=\"text-indent:24.0pt;line-height:150%;mso-layout-grid-align:\r\nnone;text-autospace:none\">（3）定期举办法治讲座，发放法治宣传资料，宣传日常生产生活相关的法律知识；</p>\r\n\r\n<p style=\"text-indent:24.0pt;line-height:150%;mso-layout-grid-align:\r\nnone;text-autospace:none\">（4）参与村（社区）人民调解委员会主持的纠纷调处工作；</p>\r\n\r\n<p style=\"text-indent:24.0pt;line-height:150%;mso-layout-grid-align:\r\nnone;text-autospace:none\">（5）协助起草、审核、修订村规民约、社区公约和其他管理规定，为村（社区）治理重大决策提供法律意见等；</p>\r\n\r\n<p style=\"text-indent:24.0pt;line-height:150%;mso-layout-grid-align:\r\nnone;text-autospace:none\">（6）建立、管理司法行政第五级微信工作群。</p>',15,'李宏伟!!王甫春!!王直飞!!尹仁伟!!黄荷琴!!张  辉!!林红月!!林娜!!黄峰##13058826689!!13958565395!!13058682108!!13777648547!!13968652984!!13586099110!!15957626794!!13566890508!!13606656616','浙江省台州市临海市古城街道白云三巷58号耀达大厦','周一至周五','浙江全力律师事务所','331082000000','121.144950,28.858400','2020-04-06 15:33:43'),(167,'浙江崇和律师事务所','<p style=\"text-indent:24.0pt;line-height:150%;mso-layout-grid-align:\r\nnone;text-autospace:none\">（1）为村民、居民及时解答日常生产生活中遇到的法律问题，提供专业的法律意见；</p>\r\n\r\n<p style=\"text-indent:24.0pt;line-height:150%;mso-layout-grid-align:\r\nnone;text-autospace:none\">（2）接受村民、居民委托，代为起草、修改有关法律文书和参与诉讼活动；</p>\r\n\r\n<p style=\"text-indent:24.0pt;line-height:150%;mso-layout-grid-align:\r\nnone;text-autospace:none\">（3）定期举办法治讲座，发放法治宣传资料，宣传日常生产生活相关的法律知识；</p>\r\n\r\n<p style=\"text-indent:24.0pt;line-height:150%;mso-layout-grid-align:\r\nnone;text-autospace:none\">（4）参与村（社区）人民调解委员会主持的纠纷调处工作；</p>\r\n\r\n<p style=\"text-indent:24.0pt;line-height:150%;mso-layout-grid-align:\r\nnone;text-autospace:none\">（5）协助起草、审核、修订村规民约、社区公约和其他管理规定，为村（社区）治理重大决策提供法律意见等；</p>\r\n\r\n<p style=\"text-indent:24.0pt;line-height:150%;mso-layout-grid-align:\r\nnone;text-autospace:none\">（6）建立、管理司法行政第五级微信工作群。</p>',15,'陈  霞!!陈丛良##13858620367!!13586110365','浙江省台州市临海市大洋街道凯歌路府东小区西50米','周一至周五','浙江崇和律师事务所','331082000000','121.144950,28.858400','2020-04-06 15:36:12'),(168,'浙江临观律师事务所','<p style=\"text-indent:24.0pt;line-height:150%;mso-layout-grid-align:\r\nnone;text-autospace:none\">（1）为村民、居民及时解答日常生产生活中遇到的法律问题，提供专业的法律意见；</p>\r\n\r\n<p style=\"text-indent:24.0pt;line-height:150%;mso-layout-grid-align:\r\nnone;text-autospace:none\">（2）接受村民、居民委托，代为起草、修改有关法律文书和参与诉讼活动；</p>\r\n\r\n<p style=\"text-indent:24.0pt;line-height:150%;mso-layout-grid-align:\r\nnone;text-autospace:none\">（3）定期举办法治讲座，发放法治宣传资料，宣传日常生产生活相关的法律知识；</p>\r\n\r\n<p style=\"text-indent:24.0pt;line-height:150%;mso-layout-grid-align:\r\nnone;text-autospace:none\">（4）参与村（社区）人民调解委员会主持的纠纷调处工作；</p>\r\n\r\n<p style=\"text-indent:24.0pt;line-height:150%;mso-layout-grid-align:\r\nnone;text-autospace:none\">（5）协助起草、审核、修订村规民约、社区公约和其他管理规定，为村（社区）治理重大决策提供法律意见等；</p>\r\n\r\n<p style=\"text-indent:24.0pt;line-height:150%;mso-layout-grid-align:\r\nnone;text-autospace:none\">（6）建立、管理司法行政第五级微信工作群。</p>',15,'朱昌通!!郑 杰!!王刚!!项敏杰!!朱明##13362695319!!3586125678!!13586039191!!13676622851!!18857638988','月河路16号','周一至周五','浙江临观律师事务所','331082000000','121.144950,28.858400','2020-04-06 15:40:19'),(169,'同城家政服务（临海管道疏通清洗 ）','',20,'张经理##4008194879','浙江省台州市临海市崇和门广场','全天','同城家政服务','','121.144950,28.858400','2020-04-07 01:29:42'),(170,'临海市临瑞管道疏通工程有限公司','',20,'彭师傅##4008192340',' 临海市江南大道157号','全天','临海市临瑞管道疏通工程有限公司','331082003000','121.144950,28.858400','2020-04-07 01:45:52'),(171,'丰辉','',20,'赵爱国##4008583760','临海市靖江中路167号','全天','丰辉','','121.144950,28.858400','2020-04-07 01:51:08'),(172,'浙江贯通律师事务所','<p style=\"text-indent:24.0pt;line-height:150%;mso-layout-grid-align:\r\nnone;text-autospace:none\">（1）为村民、居民及时解答日常生产生活中遇到的法律问题，提供专业的法律意见；</p>\r\n\r\n<p style=\"text-indent:24.0pt;line-height:150%;mso-layout-grid-align:\r\nnone;text-autospace:none\">（2）接受村民、居民委托，代为起草、修改有关法律文书和参与诉讼活动；</p>\r\n\r\n<p style=\"text-indent:24.0pt;line-height:150%;mso-layout-grid-align:\r\nnone;text-autospace:none\">（3）定期举办法治讲座，发放法治宣传资料，宣传日常生产生活相关的法律知识；</p>\r\n\r\n<p style=\"text-indent:24.0pt;line-height:150%;mso-layout-grid-align:\r\nnone;text-autospace:none\">（4）参与村（社区）人民调解委员会主持的纠纷调处工作；</p>\r\n\r\n<p style=\"text-indent:24.0pt;line-height:150%;mso-layout-grid-align:\r\nnone;text-autospace:none\">（5）协助起草、审核、修订村规民约、社区公约和其他管理规定，为村（社区）治理重大决策提供法律意见等；</p>\r\n\r\n<p style=\"text-indent:24.0pt;line-height:150%;mso-layout-grid-align:\r\nnone;text-autospace:none\">（6）建立、管理司法行政第五级微信工作群。</p>',15,'周贯通!!金盼盼!!尤再军!!王藩霖!!罗菊萍!!陶玲娇!!陈晓燕!!张明强##13018881533!!15712683717!!13357608840!!13626678998!!13858608128!!13958547562!!13666422079!!15325588389','浙江省台州市临海市东方大道101号','周一至周五','浙江贯通律师事务所','331082000000','121.144950,28.858400','2020-04-07 02:56:09'),(173,'浙江鲁大律师事务所','<p style=\"text-indent:24.0pt;line-height:150%;mso-layout-grid-align:\r\nnone;text-autospace:none\">（1）为村民、居民及时解答日常生产生活中遇到的法律问题，提供专业的法律意见；</p>\r\n\r\n<p style=\"text-indent:24.0pt;line-height:150%;mso-layout-grid-align:\r\nnone;text-autospace:none\">（2）接受村民、居民委托，代为起草、修改有关法律文书和参与诉讼活动；</p>\r\n\r\n<p style=\"text-indent:24.0pt;line-height:150%;mso-layout-grid-align:\r\nnone;text-autospace:none\">（3）定期举办法治讲座，发放法治宣传资料，宣传日常生产生活相关的法律知识；</p>\r\n\r\n<p style=\"text-indent:24.0pt;line-height:150%;mso-layout-grid-align:\r\nnone;text-autospace:none\">（4）参与村（社区）人民调解委员会主持的纠纷调处工作；</p>\r\n\r\n<p style=\"text-indent:24.0pt;line-height:150%;mso-layout-grid-align:\r\nnone;text-autospace:none\">（5）协助起草、审核、修订村规民约、社区公约和其他管理规定，为村（社区）治理重大决策提供法律意见等；</p>\r\n\r\n<p style=\"text-indent:24.0pt;line-height:150%;mso-layout-grid-align:\r\nnone;text-autospace:none\">（6）建立、管理司法行政第五级微信工作群。</p>',15,'金玲玲!!吴佳丹!!金  跃!!葛小传##13750637169!!18815209356!!18906550078!!13857607296','人民路299号国土大厦9楼','周一至周五','浙江鲁大律师事务所','331082000000','121.144950,28.858400','2020-04-07 03:01:59'),(174,'浙江易特纳律师事务所','<p style=\"text-indent:24.0pt;line-height:150%;mso-layout-grid-align:\r\nnone;text-autospace:none\">（1）为村民、居民及时解答日常生产生活中遇到的法律问题，提供专业的法律意见；</p>\r\n\r\n<p style=\"text-indent:24.0pt;line-height:150%;mso-layout-grid-align:\r\nnone;text-autospace:none\">（2）接受村民、居民委托，代为起草、修改有关法律文书和参与诉讼活动；</p>\r\n\r\n<p style=\"text-indent:24.0pt;line-height:150%;mso-layout-grid-align:\r\nnone;text-autospace:none\">（3）定期举办法治讲座，发放法治宣传资料，宣传日常生产生活相关的法律知识；</p>\r\n\r\n<p style=\"text-indent:24.0pt;line-height:150%;mso-layout-grid-align:\r\nnone;text-autospace:none\">（4）参与村（社区）人民调解委员会主持的纠纷调处工作；</p>\r\n\r\n<p style=\"text-indent:24.0pt;line-height:150%;mso-layout-grid-align:\r\nnone;text-autospace:none\">（5）协助起草、审核、修订村规民约、社区公约和其他管理规定，为村（社区）治理重大决策提供法律意见等；</p>\r\n\r\n<p style=\"text-indent:24.0pt;line-height:150%;mso-layout-grid-align:\r\nnone;text-autospace:none\">（6）建立、管理司法行政第五级微信工作群。</p>',15,'卢  俊!!韩高远!!王珊珊##18967659857!!15757558832!!18258683378','浙江省临海市古城街道崇和路123号民政局','周一至周五','浙江易特纳律师事务所','331082000000','121.144950,28.858400','2020-04-07 03:04:20'),(175,'浙江普安律师事务所','<p style=\"text-indent:24.0pt;line-height:150%;mso-layout-grid-align:\r\nnone;text-autospace:none\">（1）为村民、居民及时解答日常生产生活中遇到的法律问题，提供专业的法律意见；</p>\r\n\r\n<p style=\"text-indent:24.0pt;line-height:150%;mso-layout-grid-align:\r\nnone;text-autospace:none\">（2）接受村民、居民委托，代为起草、修改有关法律文书和参与诉讼活动；</p>\r\n\r\n<p style=\"text-indent:24.0pt;line-height:150%;mso-layout-grid-align:\r\nnone;text-autospace:none\">（3）定期举办法治讲座，发放法治宣传资料，宣传日常生产生活相关的法律知识；</p>\r\n\r\n<p style=\"text-indent:24.0pt;line-height:150%;mso-layout-grid-align:\r\nnone;text-autospace:none\">（4）参与村（社区）人民调解委员会主持的纠纷调处工作；</p>\r\n\r\n<p style=\"text-indent:24.0pt;line-height:150%;mso-layout-grid-align:\r\nnone;text-autospace:none\">（5）协助起草、审核、修订村规民约、社区公约和其他管理规定，为村（社区）治理重大决策提供法律意见等；</p>\r\n\r\n<p style=\"text-indent:24.0pt;line-height:150%;mso-layout-grid-align:\r\nnone;text-autospace:none\">（6）建立、管理司法行政第五级微信工作群。</p>',15,'何达松!!翁孝杯!!卢俊杰!!祁国敏!!朱支地!!何林军!!林  峰!!何文君##13325861698!!13906769762!!13906768238!!13905868561!!13325861668!!13738553123!!13958552088!!13586115980','浙江省台州市临海市人民路299号','周一至周五','浙江普安律师事务所','331082000000','121.144950,28.858400','2020-04-07 03:08:38'),(176,'浙江双国律师所','<p style=\"text-indent:24.0pt;line-height:150%;mso-layout-grid-align:\r\nnone;text-autospace:none\">（1）为村民、居民及时解答日常生产生活中遇到的法律问题，提供专业的法律意见；</p>\r\n\r\n<p style=\"text-indent:24.0pt;line-height:150%;mso-layout-grid-align:\r\nnone;text-autospace:none\">（2）接受村民、居民委托，代为起草、修改有关法律文书和参与诉讼活动；</p>\r\n\r\n<p style=\"text-indent:24.0pt;line-height:150%;mso-layout-grid-align:\r\nnone;text-autospace:none\">（3）定期举办法治讲座，发放法治宣传资料，宣传日常生产生活相关的法律知识；</p>\r\n\r\n<p style=\"text-indent:24.0pt;line-height:150%;mso-layout-grid-align:\r\nnone;text-autospace:none\">（4）参与村（社区）人民调解委员会主持的纠纷调处工作；</p>\r\n\r\n<p style=\"text-indent:24.0pt;line-height:150%;mso-layout-grid-align:\r\nnone;text-autospace:none\">（5）协助起草、审核、修订村规民约、社区公约和其他管理规定，为村（社区）治理重大决策提供法律意见等；</p>\r\n\r\n<p style=\"text-indent:24.0pt;line-height:150%;mso-layout-grid-align:\r\nnone;text-autospace:none\">（6）建立、管理司法行政第五级微信工作群。</p>',15,'孙国卫!!金卫军!!金卫军##13058686699!!15168615319!!15168615319','杜桥府前街172号','周一至周五','浙江双国律师所','331082000000','121.144950,28.858400','2020-04-07 03:27:58'),(177,'浙江回浦律师事务所','<p style=\"text-indent:24.0pt;line-height:150%;mso-layout-grid-align:\r\nnone;text-autospace:none\">（1）为村民、居民及时解答日常生产生活中遇到的法律问题，提供专业的法律意见；</p>\r\n\r\n<p style=\"text-indent:24.0pt;line-height:150%;mso-layout-grid-align:\r\nnone;text-autospace:none\">（2）接受村民、居民委托，代为起草、修改有关法律文书和参与诉讼活动；</p>\r\n\r\n<p style=\"text-indent:24.0pt;line-height:150%;mso-layout-grid-align:\r\nnone;text-autospace:none\">（3）定期举办法治讲座，发放法治宣传资料，宣传日常生产生活相关的法律知识；</p>\r\n\r\n<p style=\"text-indent:24.0pt;line-height:150%;mso-layout-grid-align:\r\nnone;text-autospace:none\">（4）参与村（社区）人民调解委员会主持的纠纷调处工作；</p>\r\n\r\n<p style=\"text-indent:24.0pt;line-height:150%;mso-layout-grid-align:\r\nnone;text-autospace:none\">（5）协助起草、审核、修订村规民约、社区公约和其他管理规定，为村（社区）治理重大决策提供法律意见等；</p>\r\n\r\n<p style=\"text-indent:24.0pt;line-height:150%;mso-layout-grid-align:\r\nnone;text-autospace:none\">（6）建立、管理司法行政第五级微信工作群。</p>',15,'张玉海!!梁伟新!!吴卫星!!周金多##13958581290!!13706765022!!13004787699!!13058685500','浙江省临海市东方大道92号（古建大厦5楼）','周一至周五','浙江回浦律师事务所','331082000000','121.144950,28.858400','2020-04-07 03:33:29'),(178,'临海市大洋法律服务所','<p style=\"text-indent:24.0pt;line-height:150%;mso-layout-grid-align:\r\nnone;text-autospace:none\">（1）为村民、居民及时解答日常生产生活中遇到的法律问题，提供专业的法律意见；</p>\r\n\r\n<p style=\"text-indent:24.0pt;line-height:150%;mso-layout-grid-align:\r\nnone;text-autospace:none\">（2）接受村民、居民委托，代为起草、修改有关法律文书和参与诉讼活动；</p>\r\n\r\n<p style=\"text-indent:24.0pt;line-height:150%;mso-layout-grid-align:\r\nnone;text-autospace:none\">（3）定期举办法治讲座，发放法治宣传资料，宣传日常生产生活相关的法律知识；</p>\r\n\r\n<p style=\"text-indent:24.0pt;line-height:150%;mso-layout-grid-align:\r\nnone;text-autospace:none\">（4）参与村（社区）人民调解委员会主持的纠纷调处工作；</p>\r\n\r\n<p style=\"text-indent:24.0pt;line-height:150%;mso-layout-grid-align:\r\nnone;text-autospace:none\">（5）协助起草、审核、修订村规民约、社区公约和其他管理规定，为村（社区）治理重大决策提供法律意见等；</p>\r\n\r\n<p style=\"text-indent:24.0pt;line-height:150%;mso-layout-grid-align:\r\nnone;text-autospace:none\">（6）建立、管理司法行政第五级微信工作群。</p>',15,'杨颖敏!!汤爱民!!梁大本!!季龙榜!!袁建军!!陈建和##13073827798!!13806560178!!13515863200!!13806561559!!13575821139!!13357606893','浙江省台州市临海市办事大厅对面深甫路','周一至周五','临海市大洋法律服务所','331082000000','121.144950,28.858400','2020-04-07 06:14:59'),(179,'浙江郑和陈律师所','<p style=\"text-indent:24.0pt;line-height:150%;mso-layout-grid-align:\r\nnone;text-autospace:none\">（1）为村民、居民及时解答日常生产生活中遇到的法律问题，提供专业的法律意见；</p>\r\n\r\n<p style=\"text-indent:24.0pt;line-height:150%;mso-layout-grid-align:\r\nnone;text-autospace:none\">（2）接受村民、居民委托，代为起草、修改有关法律文书和参与诉讼活动；</p>\r\n\r\n<p style=\"text-indent:24.0pt;line-height:150%;mso-layout-grid-align:\r\nnone;text-autospace:none\">（3）定期举办法治讲座，发放法治宣传资料，宣传日常生产生活相关的法律知识；</p>\r\n\r\n<p style=\"text-indent:24.0pt;line-height:150%;mso-layout-grid-align:\r\nnone;text-autospace:none\">（4）参与村（社区）人民调解委员会主持的纠纷调处工作；</p>\r\n\r\n<p style=\"text-indent:24.0pt;line-height:150%;mso-layout-grid-align:\r\nnone;text-autospace:none\">（5）协助起草、审核、修订村规民约、社区公约和其他管理规定，为村（社区）治理重大决策提供法律意见等；</p>\r\n\r\n<p style=\"text-indent:24.0pt;line-height:150%;mso-layout-grid-align:\r\nnone;text-autospace:none\">（6）建立、管理司法行政第五级微信工作群。</p>',15,'陈谷静!!郑志慧!!陈 萍##13958581277!!13586136488!!18657656708','浙江省台州市临海市大洋街道深浦路1-28号','周一至周五','浙江郑和陈律师所','331082000000','121.144950,28.858400','2020-04-07 06:18:49'),(180,'浙江郑和陈律师所','<p style=\"text-indent:24.0pt;line-height:150%;mso-layout-grid-align:\r\nnone;text-autospace:none\">（1）为村民、居民及时解答日常生产生活中遇到的法律问题，提供专业的法律意见；</p>\r\n\r\n<p style=\"text-indent:24.0pt;line-height:150%;mso-layout-grid-align:\r\nnone;text-autospace:none\">（2）接受村民、居民委托，代为起草、修改有关法律文书和参与诉讼活动；</p>\r\n\r\n<p style=\"text-indent:24.0pt;line-height:150%;mso-layout-grid-align:\r\nnone;text-autospace:none\">（3）定期举办法治讲座，发放法治宣传资料，宣传日常生产生活相关的法律知识；</p>\r\n\r\n<p style=\"text-indent:24.0pt;line-height:150%;mso-layout-grid-align:\r\nnone;text-autospace:none\">（4）参与村（社区）人民调解委员会主持的纠纷调处工作；</p>\r\n\r\n<p style=\"text-indent:24.0pt;line-height:150%;mso-layout-grid-align:\r\nnone;text-autospace:none\">（5）协助起草、审核、修订村规民约、社区公约和其他管理规定，为村（社区）治理重大决策提供法律意见等；</p>\r\n\r\n<p style=\"text-indent:24.0pt;line-height:150%;mso-layout-grid-align:\r\nnone;text-autospace:none\">（6）建立、管理司法行政第五级微信工作群。</p>',15,'詹良君!!宋万天##13088610978!!13586116911','浙江省台州市临海市白水洋镇中心幼儿园(继光东路南)','周一至周五','临海市维正法律服务所','331082000000','121.144950,28.858400','2020-04-07 06:21:23'),(181,'浙江东创律师事务所','<p style=\"text-indent:24.0pt;line-height:150%;mso-layout-grid-align:\r\nnone;text-autospace:none\">（1）为村民、居民及时解答日常生产生活中遇到的法律问题，提供专业的法律意见；</p>\r\n\r\n<p style=\"text-indent:24.0pt;line-height:150%;mso-layout-grid-align:\r\nnone;text-autospace:none\">（2）接受村民、居民委托，代为起草、修改有关法律文书和参与诉讼活动；</p>\r\n\r\n<p style=\"text-indent:24.0pt;line-height:150%;mso-layout-grid-align:\r\nnone;text-autospace:none\">（3）定期举办法治讲座，发放法治宣传资料，宣传日常生产生活相关的法律知识；</p>\r\n\r\n<p style=\"text-indent:24.0pt;line-height:150%;mso-layout-grid-align:\r\nnone;text-autospace:none\">（4）参与村（社区）人民调解委员会主持的纠纷调处工作；</p>\r\n\r\n<p style=\"text-indent:24.0pt;line-height:150%;mso-layout-grid-align:\r\nnone;text-autospace:none\">（5）协助起草、审核、修订村规民约、社区公约和其他管理规定，为村（社区）治理重大决策提供法律意见等；</p>\r\n\r\n<p style=\"text-indent:24.0pt;line-height:150%;mso-layout-grid-align:\r\nnone;text-autospace:none\">（6）建立、管理司法行政第五级微信工作群。</p>',15,'严丹凤!!蔡继龙##13757698098!!13586112937','台州市临海市古城街道清化路87号','周一至周五','浙江东创律师事务所','331082000000','121.144950,28.858400','2020-04-07 06:22:56'),(182,'临海市古城法律服务所','<p style=\"text-indent:24.0pt;line-height:150%;mso-layout-grid-align:\r\nnone;text-autospace:none\">（1）为村民、居民及时解答日常生产生活中遇到的法律问题，提供专业的法律意见；</p>\r\n\r\n<p style=\"text-indent:24.0pt;line-height:150%;mso-layout-grid-align:\r\nnone;text-autospace:none\">（2）接受村民、居民委托，代为起草、修改有关法律文书和参与诉讼活动；</p>\r\n\r\n<p style=\"text-indent:24.0pt;line-height:150%;mso-layout-grid-align:\r\nnone;text-autospace:none\">（3）定期举办法治讲座，发放法治宣传资料，宣传日常生产生活相关的法律知识；</p>\r\n\r\n<p style=\"text-indent:24.0pt;line-height:150%;mso-layout-grid-align:\r\nnone;text-autospace:none\">（4）参与村（社区）人民调解委员会主持的纠纷调处工作；</p>\r\n\r\n<p style=\"text-indent:24.0pt;line-height:150%;mso-layout-grid-align:\r\nnone;text-autospace:none\">（5）协助起草、审核、修订村规民约、社区公约和其他管理规定，为村（社区）治理重大决策提供法律意见等；</p>\r\n\r\n<p style=\"text-indent:24.0pt;line-height:150%;mso-layout-grid-align:\r\nnone;text-autospace:none\">（6）建立、管理司法行政第五级微信工作群。</p>',15,'李  妍!!鲍银永!!杨建国!!郑菊明!!陈先铭##13626670568!!13004774182!!13586110578!!13626681758!!13058703255','浙江省台州市临海市巾山中路58-3号','周一至周五','临海市古城法律服务所','331082000000','121.144950,28.858400','2020-04-07 06:26:56'),(183,'临海市申正法律服务所','<p style=\"text-indent:24.0pt;line-height:150%;mso-layout-grid-align:\r\nnone;text-autospace:none\">（1）为村民、居民及时解答日常生产生活中遇到的法律问题，提供专业的法律意见；</p>\r\n\r\n<p style=\"text-indent:24.0pt;line-height:150%;mso-layout-grid-align:\r\nnone;text-autospace:none\">（2）接受村民、居民委托，代为起草、修改有关法律文书和参与诉讼活动；</p>\r\n\r\n<p style=\"text-indent:24.0pt;line-height:150%;mso-layout-grid-align:\r\nnone;text-autospace:none\">（3）定期举办法治讲座，发放法治宣传资料，宣传日常生产生活相关的法律知识；</p>\r\n\r\n<p style=\"text-indent:24.0pt;line-height:150%;mso-layout-grid-align:\r\nnone;text-autospace:none\">（4）参与村（社区）人民调解委员会主持的纠纷调处工作；</p>\r\n\r\n<p style=\"text-indent:24.0pt;line-height:150%;mso-layout-grid-align:\r\nnone;text-autospace:none\">（5）协助起草、审核、修订村规民约、社区公约和其他管理规定，为村（社区）治理重大决策提供法律意见等；</p>\r\n\r\n<p style=\"text-indent:24.0pt;line-height:150%;mso-layout-grid-align:\r\nnone;text-autospace:none\">（6）建立、管理司法行政第五级微信工作群。</p>',15,'李先福!!苏学兴!!陈 智!!宋万喜##13706767178!!13357621148!!13706553635!!13566437848','浙江省台州市临海市府前街105号','周一至周五','临海市申正法律服务所','331082000000','121.144950,28.858400','2020-04-07 06:30:07'),(184,'临海市杜桥法律服务所','<p style=\"text-indent:24.0pt;line-height:150%;mso-layout-grid-align:\r\nnone;text-autospace:none\">（1）为村民、居民及时解答日常生产生活中遇到的法律问题，提供专业的法律意见；</p>\r\n\r\n<p style=\"text-indent:24.0pt;line-height:150%;mso-layout-grid-align:\r\nnone;text-autospace:none\">（2）接受村民、居民委托，代为起草、修改有关法律文书和参与诉讼活动；</p>\r\n\r\n<p style=\"text-indent:24.0pt;line-height:150%;mso-layout-grid-align:\r\nnone;text-autospace:none\">（3）定期举办法治讲座，发放法治宣传资料，宣传日常生产生活相关的法律知识；</p>\r\n\r\n<p style=\"text-indent:24.0pt;line-height:150%;mso-layout-grid-align:\r\nnone;text-autospace:none\">（4）参与村（社区）人民调解委员会主持的纠纷调处工作；</p>\r\n\r\n<p style=\"text-indent:24.0pt;line-height:150%;mso-layout-grid-align:\r\nnone;text-autospace:none\">（5）协助起草、审核、修订村规民约、社区公约和其他管理规定，为村（社区）治理重大决策提供法律意见等；</p>\r\n\r\n<p style=\"text-indent:24.0pt;line-height:150%;mso-layout-grid-align:\r\nnone;text-autospace:none\">（6）建立、管理司法行政第五级微信工作群。</p>',15,'厉学元!!陈敏!!严军利##13018833322!!13058805008!!13175856378','浙江省台州市临海市府前街111、113、115、117号附近','周一至周五','临海市杜桥法律服务所','331082000000','121.144950,28.858400','2020-04-07 06:32:20'),(185,'临海市云帆法律服务所','<p style=\"text-indent:24.0pt;line-height:150%;mso-layout-grid-align:\r\nnone;text-autospace:none\">（1）为村民、居民及时解答日常生产生活中遇到的法律问题，提供专业的法律意见；</p>\r\n\r\n<p style=\"text-indent:24.0pt;line-height:150%;mso-layout-grid-align:\r\nnone;text-autospace:none\">（2）接受村民、居民委托，代为起草、修改有关法律文书和参与诉讼活动；</p>\r\n\r\n<p style=\"text-indent:24.0pt;line-height:150%;mso-layout-grid-align:\r\nnone;text-autospace:none\">（3）定期举办法治讲座，发放法治宣传资料，宣传日常生产生活相关的法律知识；</p>\r\n\r\n<p style=\"text-indent:24.0pt;line-height:150%;mso-layout-grid-align:\r\nnone;text-autospace:none\">（4）参与村（社区）人民调解委员会主持的纠纷调处工作；</p>\r\n\r\n<p style=\"text-indent:24.0pt;line-height:150%;mso-layout-grid-align:\r\nnone;text-autospace:none\">（5）协助起草、审核、修订村规民约、社区公约和其他管理规定，为村（社区）治理重大决策提供法律意见等；</p>\r\n\r\n<p style=\"text-indent:24.0pt;line-height:150%;mso-layout-grid-align:\r\nnone;text-autospace:none\">（6）建立、管理司法行政第五级微信工作群。</p>',15,'冯荣尚!!王卫军!!施海波##13857626198!!15168611217!!13858608180','东方大道22号司法行政大楼西侧','周一至周五','临海市云帆法律服务所','331082000000','121.144950,28.858400','2020-04-07 06:34:16');

--
-- Table structure for table `ya02wmsj_cecoe_service_order`
--

CREATE TABLE `ya02wmsj_cecoe_service_order` (
  `id` int(10) unsigned NOT NULL AUTO_INCREMENT COMMENT '表ID',
  `pid` int(10) unsigned NOT NULL DEFAULT '0' COMMENT '父ID',
  `name` varchar(51) CHARACTER SET utf8 NOT NULL DEFAULT '' COMMENT '服务分类名称',
  `desc` varchar(1002) CHARACTER SET utf8 NOT NULL DEFAULT '' COMMENT '服务分类描述',
  `type` enum('分类','服务') NOT NULL DEFAULT '分类' COMMENT '节点类型',
  `full_value` smallint(5) unsigned NOT NULL DEFAULT '0' COMMENT '服务点单阈值',
  `cur_value` smallint(5) unsigned NOT NULL DEFAULT '0' COMMENT '服务点单累计值',
  `service_time` varchar(101) NOT NULL DEFAULT '' COMMENT '服务时间',
  `service_scope` varchar(101) NOT NULL DEFAULT '' COMMENT '服务范围',
  `sort` int(11) DEFAULT '0' COMMENT '排序',
  `ctime` timestamp NOT NULL DEFAULT CURRENT_TIMESTAMP COMMENT '添加时间',
  `level` tinyint(3) unsigned NOT NULL DEFAULT '1' COMMENT '节点层级',
  `icon` varchar(101) NOT NULL DEFAULT '' COMMENT '服务分类图标',
  PRIMARY KEY (`id`)
) ENGINE=InnoDB AUTO_INCREMENT=131 DEFAULT CHARSET=utf8mb4;

--
-- Dumping data for table `ya02wmsj_cecoe_service_order`
--

INSERT INTO `ya02wmsj_cecoe_service_order` VALUES (1,0,'理论宣讲服务','','分类',0,0,'','',10,'2019-06-05 18:13:39',1,'/uploads/ya02wmsj_cecoe/pic/20200319/00538e5ac3205240619d0c74dd82c841.png'),(2,0,'教育服务','','分类',0,0,'','',20,'2019-06-05 18:18:39',1,'/uploads/ya02wmsj_cecoe/pic/20200319/4591ca81d49a62a0762144446fe7cb57.png'),(3,0,'文化服务','','分类',0,0,'','',30,'2019-06-13 14:35:38',1,'/uploads/ya02wmsj_cecoe/pic/20200319/162726537491661ab03bab67a19c3120.png'),(4,0,'科技与科普服务','','分类',0,0,'','',40,'2019-06-13 14:36:13',1,'/uploads/ya02wmsj_cecoe/pic/20200319/eb05dda0b7aa0bdf8801e8ef135079d4.png'),(5,0,'健身体育服务','','分类',0,0,'','',50,'2019-06-13 14:38:53',1,'/uploads/ya02wmsj_cecoe/pic/20200319/be9d222876c2b5002722db80be1b1c27.png'),(6,0,'网络惠民服务','','分类',0,0,'','',60,'2019-07-08 18:48:28',1,'/uploads/ya02wmsj_cecoe/pic/20200319/e178efd767094ad054d1f7bf1e4283c4.png'),(11,0,'政策宣讲服务','','分类',0,0,'','',80,'2019-07-09 16:37:41',2,'/uploads/ya02wmsj_cecoe/pic/20200319/fc4b8f21532e86ef3841568b2104a2c4.png'),(12,0,'法治宣讲服务','','分类',0,0,'','',90,'2019-07-09 16:37:54',2,'/uploads/ya02wmsj_cecoe/pic/20200319/5153ecb29a0ac5a44dd1423710a496f7.png'),(13,0,'百行知识宣讲服务','','分类',0,0,'','',100,'2019-07-09 16:38:24',2,'/uploads/ya02wmsj_cecoe/pic/20200319/2ba4b29570525c22848112f4ab4945f4.png'),(14,0,'特色公益服务','','分类',0,0,'','',70,'2019-07-09 16:39:14',2,'/uploads/ya02wmsj_cecoe/pic/20200319/6d0cd516dd38daeaebc362ad568520c5.png'),(15,1,'廉政文化、基层反腐宣讲','','服务',0,0,'','',99,'2019-07-09 16:41:42',2,''),(16,1,'陈春阳理论达人团队','','服务',0,0,'','',99,'2019-07-09 16:42:43',2,''),(17,11,'“最多跑一次”政策宣讲','1、开展“最多跑一次”政策宣讲及理论培训（5人）','服务',20,0,'8、9月份开展集中宣讲','全体市民',99,'2019-07-09 16:43:44',3,''),(18,11,'阳光政务服务','1、行政服务中心导办、咨询（20人）\r\n2、企业投资项目涉及事项服务（20人）\r\n3、审批过程监督、效能、服务提升等（20人）','服务',100,0,'','',99,'2019-07-09 16:46:06',3,''),(23,3,'送书法活动','1、开展送书法下乡活动（20人）','服务',0,0,'春节等传统节日','全体市民',99,'2019-07-09 19:02:57',2,''),(24,5,'联络服务','1、提供休闲运动、益智健身等联系联络（20人）','服务',0,0,'全年','全体市民',99,'2019-07-09 19:06:17',2,''),(25,4,'科技特派员下乡','1、进行农业实用技术知道，对杨梅栽培、桔子除虫等进行培训或实地指导（5人）','服务',0,0,'','',99,'2019-07-10 23:04:18',2,''),(26,2,'政策咨询','1、开展升学就学教育政策咨询（10人）\r\n2、中高考志愿咨询（20人）','服务',0,0,'','',99,'2019-07-10 23:06:11',2,''),(27,2,'公益宣讲','1、家庭教育宣讲（5人）\r\n2、心理健康宣讲（5人）','服务',0,0,'','',99,'2019-07-10 23:07:19',2,''),(28,6,'进村入户服务','1、为广大数字电视用户提供新房装修线路规划、为行为不便、身患重病老人提供上门服务，上门指导用户使用在线缴费业务（27人）','服务',0,0,'','',99,'2019-07-10 23:11:46',2,''),(29,14,'就业帮扶、职业技能培训','1、开展残疾人就业帮扶、职业技能培训等活动，鼓励残疾人自立自强（45人）','服务',0,0,'','',99,'2019-07-10 23:13:51',3,''),(30,12,'反邪教','1、反邪宣传（10人）','服务',0,0,'','',99,'2019-07-10 23:15:28',3,''),(31,12,'扫黑除恶','1、开展“扫黑除恶攻坚年”宣传（10人）','服务',0,0,'','',99,'2019-07-10 23:16:22',3,''),(32,13,'职工职业道德','1、开展职工职业道德讲座（2人）','服务',0,0,'','',99,'2019-07-10 23:17:33',3,''),(33,13,'劳动保护','1、开展劳动保护讲座（2人）\r\n2、开展劳动争议预防与调解讲座（1人）\r\n3、开展构建和谐劳动关系职工子女家庭教育讲座（1人）','服务',0,0,'','',99,'2019-07-10 23:18:55',3,''),(34,5,'体质监测','1、国民体质监测（20人）','服务',0,0,'','',99,'2019-07-10 23:25:11',2,''),(36,1,'陈引奭乡土达人团队','','服务',0,0,'','',99,'2020-03-30 07:17:13',2,''),(37,1,'传递红色精神','','服务',0,0,'','',1,'2020-03-30 07:20:02',2,''),(41,14,'山地救援知识宣讲','','服务',0,0,'','',99,'2020-04-09 05:59:41',3,''),(42,14,'山地救援行动','','服务',0,0,'','',99,'2020-04-09 06:34:06',3,''),(44,11,'“唱好治水好声音”','','服务',0,0,'','',99,'2020-04-09 11:11:47',3,''),(45,11,'“水情讲堂”讲座','','服务',0,0,'','',99,'2020-04-09 11:12:07',3,''),(46,3,'茶文化与健康','','服务',0,0,'','',99,'2020-04-09 11:39:22',2,''),(47,3,'古典音乐欣赏','','服务',0,0,'','',99,'2020-04-09 11:39:41',2,''),(48,3,'摄影知识','','服务',0,0,'','',99,'2020-04-09 11:39:59',2,''),(49,13,'百行知识讲座','','服务',0,0,'','',99,'2020-04-09 11:41:20',3,''),(50,1,'习近平新时代中国特色社会主义思想、十九 大精神宣讲等','','服务',0,0,'','',99,'2020-04-12 08:00:28',2,''),(51,1,'历史文化宣讲','','服务',0,0,'','',99,'2020-04-12 08:01:25',2,''),(52,1,'党史宣讲','','服务',0,0,'','',99,'2020-04-12 08:01:52',2,''),(53,1,'弘扬中华民族的传统文化，提升临海的演讲与 朗诵氛围','','服务',0,0,'','',99,'2020-04-12 08:02:33',2,''),(54,1,'道德宣讲、乡风文明','','服务',0,0,'','',99,'2020-04-12 08:02:54',2,''),(55,1,'红色理论宣讲','','服务',0,0,'','',99,'2020-04-12 08:03:22',2,''),(56,1,'历史文化、人文社科类讲座','','服务',0,0,'','',99,'2020-04-12 08:04:11',2,''),(57,2,'师德宣讲','','服务',0,0,'','',99,'2020-04-12 08:04:57',2,''),(58,2,'普善幸福','','服务',0,0,'','',99,'2020-04-12 08:05:18',2,''),(59,2,'感恩与孝道','','服务',0,0,'','',99,'2020-04-12 08:05:39',2,''),(60,2,'就业宣讲','','服务',0,0,'','',99,'2020-04-12 08:06:07',2,''),(61,2,'人才宣讲','','服务',0,0,'','',99,'2020-04-12 08:06:21',2,''),(62,2,'毕业生宣讲','','服务',0,0,'','',99,'2020-04-12 08:06:42',2,''),(63,2,'绿卡政策宣讲','','服务',0,0,'','',99,'2020-04-12 08:07:05',2,''),(64,2,'劳动人事争议宣讲','','服务',0,0,'','',99,'2020-04-12 08:07:29',2,''),(65,2,'“三进三服务”社保政策宣讲','','服务',0,0,'','',99,'2020-04-12 08:07:48',2,''),(66,2,'防溺水安全教育','','服务',0,0,'','',99,'2020-04-12 08:08:13',2,''),(67,2,'女童保护讲座','','服务',0,0,'','',99,'2020-04-12 08:08:41',2,''),(68,2,'慰问重点青少年','','服务',0,0,'','',99,'2020-04-12 08:08:56',2,''),(69,2,'守护心田社会工作心理服务中心活动','','服务',0,0,'','',99,'2020-04-12 08:09:22',2,''),(70,2,'心理健康知识宣讲','','服务',0,0,'','',99,'2020-04-12 08:09:48',2,''),(71,2,'心理健康志愿服务队','','服务',0,0,'','',99,'2020-04-12 08:10:23',2,''),(72,2,'春泥计划','','服务',0,0,'','',99,'2020-04-12 08:11:09',2,''),(73,3,'送书画送文艺下乡','','服务',0,0,'','',99,'2020-04-12 08:11:57',2,''),(74,3,'讴歌新时代，文明乡村行','','服务',0,0,'','',99,'2020-04-12 08:12:17',2,''),(75,3,'歌曲类讲座','','服务',0,0,'','',99,'2020-04-12 08:12:39',2,''),(76,3,'摄影类讲座','','服务',0,0,'','',99,'2020-04-12 08:12:52',2,''),(77,3,'曲艺类讲座','','服务',0,0,'','',99,'2020-04-12 08:13:25',2,''),(78,3,'舞蹈类讲座','','服务',0,0,'','',99,'2020-04-12 08:13:53',2,''),(79,3,'器乐类讲座','','服务',0,0,'','',99,'2020-04-12 08:14:12',2,''),(80,3,'美术类讲座','','服务',0,0,'','',99,'2020-04-12 08:14:24',2,''),(81,3,'历史文物展板展览','','服务',0,0,'','',99,'2020-04-12 08:14:43',2,''),(82,3,'葫芦丝知识','','服务',0,0,'','',99,'2020-04-12 08:15:43',2,''),(83,3,'中西方美术赏析','','服务',0,0,'','',99,'2020-04-12 08:16:01',2,''),(84,3,'礼行天下','','服务',0,0,'','',99,'2020-04-12 08:16:17',2,''),(85,3,'插花艺术','','服务',0,0,'','',99,'2020-04-12 08:16:32',2,''),(86,3,'文学进礼堂','','服务',0,0,'','',99,'2020-04-12 08:16:51',2,''),(87,3,'书法进礼堂','','服务',0,0,'','',99,'2020-04-12 08:17:11',2,''),(88,3,'美术进礼堂','','服务',0,0,'','',99,'2020-04-12 08:17:27',2,''),(89,3,'戏曲进礼堂','','服务',0,0,'','',99,'2020-04-12 08:17:42',2,''),(90,3,'舞蹈进礼堂','','服务',0,0,'','',99,'2020-04-12 08:17:57',2,''),(91,3,'音乐进礼堂','','服务',0,0,'','',99,'2020-04-12 08:18:13',2,''),(92,3,'根艺进礼堂','','服务',0,0,'','',99,'2020-04-12 08:18:37',2,''),(93,3,'民间文艺进礼堂','','服务',0,0,'','',99,'2020-04-12 08:18:55',2,''),(94,3,'诗词楹联进礼堂','','服务',0,0,'','',99,'2020-04-12 08:19:10',2,''),(95,3,'摄影进礼堂','','服务',0,0,'','',99,'2020-04-12 08:19:32',2,''),(96,4,'农产品质量安全宣传','','服务',0,0,'','',99,'2020-04-12 08:20:13',2,''),(97,4,'农业技术宣讲','','服务',0,0,'','',99,'2020-04-12 08:20:28',2,''),(98,4,'生态文明宣传','','服务',0,0,'','',99,'2020-04-12 08:20:53',2,''),(99,4,'气象科普志愿服务','','服务',0,0,'','',99,'2020-04-12 08:21:10',2,''),(100,4,'农产品栽种','','服务',0,0,'','',99,'2020-04-12 08:21:31',2,''),(101,4,'水产品养殖','','服务',0,0,'','',99,'2020-04-12 08:21:49',2,''),(102,4,'健康讲堂','','服务',0,0,'','',99,'2020-04-12 08:22:04',2,''),(103,4,'消防','','服务',0,0,'','',99,'2020-04-12 08:22:20',2,''),(104,5,'青春健康大讲堂','','服务',0,0,'','',99,'2020-04-12 08:23:01',2,''),(105,5,'健康知识宣传','','服务',0,0,'','',99,'2020-04-12 08:23:17',2,''),(106,5,'送医下乡','','服务',0,0,'','',99,'2020-04-12 08:23:38',2,''),(107,6,'“每日一助”','','服务',0,0,'','',99,'2020-04-12 08:24:13',2,''),(108,6,'“农民信箱”','','服务',0,0,'','',99,'2020-04-12 08:24:28',2,''),(109,6,'网络便民咨询服务','','服务',0,0,'','',99,'2020-04-12 08:24:49',2,''),(110,14,'送医上门、送康复上门','','服务',0,0,'','',99,'2020-04-12 08:25:29',3,''),(111,14,'社工结对帮扶','','服务',0,0,'','',99,'2020-04-12 08:25:51',3,''),(112,14,'送教上门、助学助教活动','','服务',0,0,'','',99,'2020-04-12 08:40:40',3,''),(113,14,'巡回理发','','服务',0,0,'','',99,'2020-04-12 08:41:00',3,''),(114,14,'衣循环	爱循环','','服务',0,0,'','',99,'2020-04-12 08:41:19',3,''),(115,14,'银丝情缘','','服务',0,0,'','',99,'2020-04-12 08:41:35',3,''),(116,14,'春泥巧手进百村','','服务',0,0,'','',99,'2020-04-12 08:42:08',3,''),(117,11,'“妈妈式”暖心“上门服务”','','服务',0,0,'','',99,'2020-04-12 08:45:45',3,''),(118,11,'政策宣传','','服务',0,0,'','',99,'2020-04-12 08:46:10',3,''),(119,11,'金融服务','','服务',0,0,'','',99,'2020-04-12 08:46:33',3,''),(120,11,'税收相关政策宣讲','','服务',0,0,'','',99,'2020-04-12 08:46:56',3,''),(121,11,'政策宣讲','','服务',0,0,'','',99,'2020-04-12 08:48:22',3,''),(122,11,'“四好农村路”宣讲','','服务',0,0,'','',99,'2020-04-12 08:48:45',3,''),(123,11,'文明城市创建知识宣传','','服务',0,0,'','',99,'2020-04-12 08:49:06',3,''),(124,11,'五水共治小品','','服务',0,0,'','',99,'2020-04-12 08:51:05',3,''),(125,11,'治水业务培训','','服务',0,0,'','',99,'2020-04-12 08:51:17',3,''),(126,11,'“污水零直排区”建设讲座','','服务',0,0,'','',99,'2020-04-12 08:51:41',3,''),(127,12,'法治宣传教育','','服务',0,0,'','',99,'2020-04-12 08:56:27',3,''),(128,12,'针对青少年开展法治宣讲','','服务',0,0,'','',99,'2020-04-12 08:56:48',3,''),(129,13,'安全知识讲座','','服务',0,0,'','',99,'2020-04-12 08:57:32',3,''),(130,13,'健康知识讲座','','服务',0,0,'','',99,'2020-04-12 08:58:05',3,'');

--
-- Table structure for table `ya02wmsj_cecoe_solicit_articles`
--

CREATE TABLE `ya02wmsj_cecoe_solicit_articles` (
  `id` int(10) unsigned NOT NULL AUTO_INCREMENT COMMENT '表ID',
  `activity_id` int(10) unsigned NOT NULL DEFAULT '0' COMMENT '活动ID，对应activity表ID',
  `title` varchar(101) NOT NULL DEFAULT '' COMMENT '征文标题',
  `contents` text COMMENT '征文内容',
  `doc_path` varchar(1001) NOT NULL DEFAULT '' COMMENT '文档附件路径',
  `pic_path` varchar(1001) NOT NULL DEFAULT '' COMMENT '图片附件路径',
  `voice_path` varchar(1001) NOT NULL DEFAULT '' COMMENT '音频附件路径',
  `video_path` varchar(1001) NOT NULL DEFAULT '' COMMENT '视频附件路径',
  `uuid` int(10) unsigned NOT NULL DEFAULT '0' COMMENT '投稿人uuid,关联base_ppl表uuid',
  `ctime` datetime NOT NULL DEFAULT '1970-01-01 00:00:00' COMMENT '创建时间',
  PRIMARY KEY (`id`)
) ENGINE=MyISAM DEFAULT CHARSET=utf8 COMMENT='征文-线上活动表';

--
-- Dumping data for table `ya02wmsj_cecoe_solicit_articles`
--


--
-- Table structure for table `ya02wmsj_cecoe_special_info`
--

CREATE TABLE `ya02wmsj_cecoe_special_info` (
  `id` int(10) unsigned NOT NULL AUTO_INCREMENT COMMENT '表ID',
  `uuid` char(32) NOT NULL DEFAULT '' COMMENT '用户uuid',
  `type_id` int(10) unsigned NOT NULL COMMENT '特殊人群分类id',
  `desc` text NOT NULL COMMENT '简介',
  `region_id` char(12) NOT NULL DEFAULT '' COMMENT '关联region的code',
  `ctime` timestamp NOT NULL DEFAULT CURRENT_TIMESTAMP COMMENT '添加时间',
  PRIMARY KEY (`id`)
) ENGINE=InnoDB DEFAULT CHARSET=utf8mb4 COMMENT='特殊人群扩展表';

--
-- Dumping data for table `ya02wmsj_cecoe_special_info`
--


--
-- Table structure for table `ya02wmsj_cecoe_stadia`
--

CREATE TABLE `ya02wmsj_cecoe_stadia` (
  `id` int(10) unsigned NOT NULL AUTO_INCREMENT COMMENT '表ID',
  `name` varchar(51) NOT NULL DEFAULT '' COMMENT '场馆名称',
  `desc` varchar(1002) CHARACTER SET utf8 NOT NULL DEFAULT '' COMMENT '描述',
  `region_code` char(13) NOT NULL DEFAULT '' COMMENT '区域编码，关联region表code',
  `latitude` float(10,7) NOT NULL DEFAULT '0.0000000' COMMENT 'GIS地理点位纬度',
  `longitude` float(10,7) NOT NULL DEFAULT '0.0000000' COMMENT 'GIS地理点位经度',
  `address` varchar(201) NOT NULL DEFAULT '' COMMENT '详细地址',
  `charge_name` varchar(21) NOT NULL DEFAULT '' COMMENT '负责人',
  `phone` varchar(51) NOT NULL DEFAULT '' COMMENT '联系方式,多个用","隔开,最填写多3个',
  `ctime` timestamp NOT NULL DEFAULT CURRENT_TIMESTAMP COMMENT '添加时间',
  PRIMARY KEY (`id`)
) ENGINE=InnoDB AUTO_INCREMENT=6 DEFAULT CHARSET=utf8mb4 COMMENT='场馆列表';

--
-- Dumping data for table `ya02wmsj_cecoe_stadia`
--

INSERT INTO `ya02wmsj_cecoe_stadia` VALUES (1,'临海体育馆','描述内容','331082002003',0.0000000,0.0000000,'开发大道与临海大道交叉口','6','9','2019-07-15 19:49:41'),(2,'冶水休闲体育公园','9','331082001001',0.0000000,0.0000000,'江滨东路347号','5','8','2019-07-15 19:53:39'),(3,'东湖游泳馆','','331082001011',0.0000000,0.0000000,'台州市临海市鲤山路36号','','13757695586','2019-08-19 17:56:03'),(5,'测试场馆','测试地图的','331082002001',0.0000000,0.0000000,'临海政府','陈某','123','2019-08-22 00:06:47');

--
-- Table structure for table `ya02wmsj_cecoe_talent`
--

CREATE TABLE `ya02wmsj_cecoe_talent` (
  `id` int(10) unsigned NOT NULL AUTO_INCREMENT COMMENT '表ID',
  `uuid` char(32) NOT NULL COMMENT '关联base_ppl表uuid',
  `name` varchar(51) NOT NULL DEFAULT '' COMMENT '姓名',
  `desc` varchar(1002) NOT NULL DEFAULT '' COMMENT '特长描述',
  `team_id` int(10) unsigned NOT NULL COMMENT '人才队伍ID, 关联talent_team表id',
  `ctime` timestamp NOT NULL DEFAULT CURRENT_TIMESTAMP COMMENT '添加时间',
  `region_id` char(12) NOT NULL DEFAULT '' COMMENT '区域关联ya02wmsj_cecoe_reigon的code',
  `sex` char(1) NOT NULL DEFAULT '1' COMMENT '性别，编码应符合gb/t 2261.1',
  `pic_url` varchar(201) NOT NULL DEFAULT '' COMMENT '用户头像',
  PRIMARY KEY (`id`)
) ENGINE=InnoDB AUTO_INCREMENT=21 DEFAULT CHARSET=utf8 COMMENT='人才表';

--
-- Dumping data for table `ya02wmsj_cecoe_talent`
--

INSERT INTO `ya02wmsj_cecoe_talent` VALUES (1,'','陈春阳','习近平新时代中国特色社会主义思想、十九大精神宣讲等',6,'2020-04-07 02:32:01','331082000000','1',''),(2,'','徐波波','乡村振兴、依法治国等',6,'2020-04-07 02:32:35','331082000000','1',''),(3,'','郭莹莹','习近平文化思想与传统文化、礼仪文化、政务利益、商务礼仪、服务礼仪等',6,'2020-04-07 02:33:00','331082000000','1',''),(4,'','胡薇薇','社会主义核心价值观、家庭教育理念等',6,'2020-04-07 02:33:25','331082000000','1',''),(5,'','金莎莎','十九大精神、中国税务精神等',6,'2020-04-07 02:33:50','331082000000','1',''),(6,'','潘轶','十九大精神、社会主义核心价值观等',6,'2020-04-07 02:34:11','331082000000','1',''),(7,'','陈引奭','临海历史文化、历代文物等',7,'2020-04-07 02:34:36','331082000000','1',''),(8,'','彭连生','临海地方历史文化、文化遗产保护、金石研究等',7,'2020-04-07 02:35:00','331082000000','1',''),(9,'','林大岳','临海历史文化、临海人文精神、重要历史人物事迹等',7,'2020-04-07 02:35:23','331082000000','1',''),(10,'','胡正权','临海历史文化名镇名村、历史建筑、传统村落保护和利用等',7,'2020-04-07 02:35:46','331082000000','1',''),(11,'','詹维强','中共党史、临海地方党史、临海历史文化等',8,'2020-04-07 02:36:13','331082000000','1',''),(12,'','叶奕','中共党史、临海地方党史、临海历史文化等',8,'2020-04-07 02:36:36','331082000000','1',''),(13,'','王鸣','弘扬垦荒精神等',8,'2020-04-07 02:36:58','331082000000','1',''),(14,'','金玲华','弘扬老知青垦荒精神、社会主义核心价值观等',8,'2020-04-07 02:37:25','331082000000','1',''),(15,'','方言兵','劳动争议、法律援助典型案例等',9,'2020-04-07 02:37:47','331082000000','1',''),(16,'','冯春贵','青少年法治意识培养、老年人权益保障法、涉农法律法规等',9,'2020-04-07 02:38:10','331082000000','1',''),(17,'','施杨浩','小微企业发展、知识产权保护等',9,'2020-04-07 02:38:33','331082000000','1',''),(18,'','吴卫星','妇女儿童权益保护等',9,'2020-04-07 02:38:56','331082000000','1',''),(19,'','陈霞','法律服务打造最佳营商环境等',9,'2020-04-07 02:39:20','331082000000','1','');

--
-- Table structure for table `ya02wmsj_cecoe_talent_team`
--

CREATE TABLE `ya02wmsj_cecoe_talent_team` (
  `id` int(10) unsigned NOT NULL AUTO_INCREMENT COMMENT '表ID',
  `name` varchar(51) NOT NULL DEFAULT '' COMMENT '队伍名称',
  `desc` varchar(1002) NOT NULL DEFAULT '' COMMENT '队伍描述',
  `sort` int(11) DEFAULT '0' COMMENT '排序',
  `ctime` timestamp NOT NULL DEFAULT CURRENT_TIMESTAMP COMMENT '添加时间',
  PRIMARY KEY (`id`)
) ENGINE=InnoDB AUTO_INCREMENT=29 DEFAULT CHARSET=utf8 COMMENT='人才队伍表';

--
-- Dumping data for table `ya02wmsj_cecoe_talent_team`
--

INSERT INTO `ya02wmsj_cecoe_talent_team` VALUES (1,'艺术人才队伍','绘画，书法，葫芦丝等',99,'2019-06-10 21:04:33'),(2,'消防救援人才','消防，护士，医生等',99,'2019-06-10 21:08:08'),(3,'建筑人才队伍','工程师，建筑师等',99,'2019-06-10 21:09:07'),(4,'教育人才队伍','老师，幼教等',99,'2019-06-20 14:40:20'),(5,'测试队伍1','',99,'2020-04-07 02:14:14'),(6,'陈春阳理论达人团队','',99,'2020-04-07 02:17:03'),(7,'陈引奭乡土达人团队','',99,'2020-04-07 02:20:49'),(8,'“崇文观澜”党史达人团队','',99,'2020-04-07 02:21:06'),(9,'“问法说事”法治达人团队','',99,'2020-04-07 02:21:23'),(10,'临海山地救援','',99,'2020-04-09 02:10:46'),(11,'“春风化雨”志愿服务队','',99,'2020-04-09 02:11:03'),(12,'健康卫士志愿服务队','',99,'2020-04-09 02:11:15'),(13,'“问法说事” 法律达人宣讲团','',99,'2020-04-09 02:11:32'),(14,'“水秀临海”志愿服务队','',99,'2020-04-09 02:11:47'),(15,'临海市“劳模匠心”志愿服务队','',99,'2020-04-09 02:11:56'),(16,'百花逐梦志愿服务队','',99,'2020-04-09 02:12:08'),(17,'96345党员志愿服务队','',99,'2020-04-09 02:12:17'),(18,'临海清风志愿服务队','',99,'2020-04-09 02:12:29'),(19,'临海农商银行“有为”志愿服务队','',99,'2020-04-09 02:12:43'),(20,'多城联创志愿服务队','',99,'2020-04-09 02:12:53'),(21,'临海市根艺美术家协会','',99,'2020-04-09 02:13:04'),(22,'台州市生态环境局临海分局志愿者服务队','',99,'2020-04-09 02:13:14'),(23,'书法家惠民服务队','',99,'2020-04-09 02:13:26'),(24,'临海市志愿者协会','',99,'2020-04-09 02:13:39'),(25,'临海市乡村振兴志愿服务队','',99,'2020-04-09 02:13:51'),(26,'临海市博乐社会服务中心','',99,'2020-04-09 02:14:05'),(27,'党校红色理论宣讲团','',99,'2020-04-09 02:14:20'),(28,'临海市人社局志愿服务队','',99,'2020-04-09 02:14:29');

--
-- Table structure for table `ya02wmsj_cecoe_tiny_wish`
--

CREATE TABLE `ya02wmsj_cecoe_tiny_wish` (
  `id` int(10) unsigned NOT NULL AUTO_INCREMENT COMMENT '表ID',
  `title` varchar(201) NOT NULL DEFAULT '' COMMENT '心愿标题',
  `desc` text COMMENT '心愿描述',
  `path` varchar(1002) NOT NULL DEFAULT '' COMMENT '内容资源（图片）路径',
  `name` varchar(21) NOT NULL DEFAULT '' COMMENT '申请人姓名',
  `phone` varchar(21) NOT NULL DEFAULT '' COMMENT '申请人联系方式',
  `address` varchar(101) NOT NULL DEFAULT '' COMMENT '申请人详细地址',
  `story` varchar(1001) NOT NULL DEFAULT '' COMMENT '申请人的故事描述',
  `icon_path` varchar(302) NOT NULL DEFAULT '' COMMENT '封面图片',
  `status` enum('待审核','驳回','待认领','已认领','已实现') NOT NULL DEFAULT '待审核' COMMENT '心愿状态',
  `review_msg` varchar(201) NOT NULL DEFAULT '' COMMENT '驳回意见',
  `audit_user_id` char(32) NOT NULL DEFAULT '' COMMENT '审核人uuid，关联user表uuid',
  `audit_time` timestamp NOT NULL DEFAULT '0000-00-00 00:00:00' COMMENT '审核时间',
  `sort` int(10) unsigned NOT NULL DEFAULT '99' COMMENT '排序',
  `source` enum('pc','phone') NOT NULL DEFAULT 'pc' COMMENT '来源',
  `region_code` char(13) NOT NULL DEFAULT '' COMMENT '区域编码，关联region表code',
  `user_id` char(32) NOT NULL DEFAULT '' COMMENT '录入人uuid，关联user表uuid',
  `ctime` timestamp NOT NULL DEFAULT CURRENT_TIMESTAMP COMMENT '录入时间',
  PRIMARY KEY (`id`)
) ENGINE=InnoDB AUTO_INCREMENT=9 DEFAULT CHARSET=utf8 COMMENT='微心愿表';

--
-- Dumping data for table `ya02wmsj_cecoe_tiny_wish`
--

INSERT INTO `ya02wmsj_cecoe_tiny_wish` VALUES (7,'希望有一个篮球','很喜欢篮球，但是买不起，希望有人能完成我的心愿','/uploads/ya02wmsj_cecoe/pic/20200412/8bea0af11b5c2799cd712517289bc404.jpg','李小明','18364459328','滨海街道','','/uploads/ya02wmsj_cecoe/pic/20200412/8bea0af11b5c2799cd712517289bc404.jpg','待认领','','4d92a971360243b0bab91e2ffc6740e3','2020-04-12 02:44:25',99,'phone','331082001001','e6d47f5f00a14e9fbb1188a51b8659e7','2020-04-12 02:44:09'),(8,'我需要一包口罩','开学了','/uploads/ya02wmsj_cecoe/pic/20200413/497d0d5bfcaad539e82a2bbf3d543a39.jpg','张三','13566688888','江边','','/uploads/ya02wmsj_cecoe/pic/20200413/497d0d5bfcaad539e82a2bbf3d543a39.jpg','待认领','','4d92a971360243b0bab91e2ffc6740e3','2020-04-13 07:41:39',99,'phone','331082001001','e6d47f5f00a14e9fbb1188a51b8659e7','2020-04-13 07:40:49');

--
-- Table structure for table `ya02wmsj_cecoe_tiny_wish_claim`
--

CREATE TABLE `ya02wmsj_cecoe_tiny_wish_claim` (
  `id` int(10) unsigned NOT NULL AUTO_INCREMENT COMMENT '表ID',
  `wish_id` int(10) NOT NULL COMMENT '心愿表id，关联tiny_wish表id',
  `user_id` char(32) NOT NULL DEFAULT '' COMMENT '认领人uuid，关联user表uuid',
  `name` varchar(21) NOT NULL DEFAULT '' COMMENT '认领人姓名',
  `phone` varchar(21) NOT NULL DEFAULT '' COMMENT '认领人联系方式',
  `address` varchar(101) NOT NULL DEFAULT '' COMMENT '认领人详细地址',
  `region_code` char(13) NOT NULL DEFAULT '' COMMENT '区域编码，关联region表code',
  `path` varchar(1002) NOT NULL DEFAULT '' COMMENT '内容资源（图片）路径',
  `tell` varchar(1001) NOT NULL DEFAULT '' COMMENT '认领人的感想描述',
  `status` enum('待审核','驳回','待实现','待确认','已实现','未实现') NOT NULL DEFAULT '待审核' COMMENT '状态',
  `review_msg` varchar(201) NOT NULL DEFAULT '' COMMENT '驳回说明',
  `audit_time` timestamp NOT NULL DEFAULT '0000-00-00 00:00:00' COMMENT '审核时间',
  `ctime` timestamp NOT NULL DEFAULT CURRENT_TIMESTAMP COMMENT '录入时间',
  `audit_user_id` char(32) NOT NULL DEFAULT '' COMMENT '审核人uuid，关联user表uuid',
  `confirm_user_id` char(32) NOT NULL DEFAULT '' COMMENT '办结确认人uuid，关联user表uuid',
  `confirm_time` timestamp NOT NULL DEFAULT '0000-00-00 00:00:00' COMMENT '办结确认时间',
  PRIMARY KEY (`id`)
) ENGINE=InnoDB AUTO_INCREMENT=4 DEFAULT CHARSET=utf8 COMMENT='微心愿-心愿认领表';

--
-- Dumping data for table `ya02wmsj_cecoe_tiny_wish_claim`
--


--
-- Table structure for table `ya02wmsj_cecoe_user`
--

CREATE TABLE `ya02wmsj_cecoe_user` (
  `id` int(10) unsigned NOT NULL AUTO_INCREMENT COMMENT '表ID',
  `uuid` char(32) CHARACTER SET utf8 NOT NULL COMMENT '关联base_ppl表uuid',
  `serialnumber` varchar(50) CHARACTER SET utf8 NOT NULL DEFAULT '' COMMENT '手机绑定唯一码',
  `name` varchar(31) CHARACTER SET utf8 NOT NULL DEFAULT '' COMMENT '用户真实姓名',
  `nickname` varchar(51) NOT NULL DEFAULT '' COMMENT '用户昵称',
  `account` varchar(31) CHARACTER SET utf8 NOT NULL DEFAULT '' COMMENT '登录账户名,英文数字下划线组成，可用于登录',
  `sex` char(1) CHARACTER SET utf8 NOT NULL DEFAULT '1' COMMENT '性别，编码应符合gb/t 2261.1',
  `phone` char(11) CHARACTER SET utf8 NOT NULL DEFAULT '' COMMENT '手机号码,可用于登录',
  `pic_url` varchar(201) CHARACTER SET utf8 NOT NULL DEFAULT '' COMMENT '用户头像',
  `region_code` char(12) CHARACTER SET utf8 NOT NULL DEFAULT '' COMMENT '管理员所属区域的区域编码',
  `ca_id` int(10) unsigned NOT NULL DEFAULT '0' COMMENT '文化礼堂id，管理ya02wmsj_cecoe_cultural_auditorium表id',
  `region_id` char(12) CHARACTER SET utf8 NOT NULL DEFAULT '' COMMENT '用户管辖区域的区域编码',
  `passwd` char(32) CHARACTER SET utf8 NOT NULL DEFAULT '' COMMENT '密码',
  `pwd_salt` char(32) CHARACTER SET utf8 NOT NULL DEFAULT '' COMMENT '盐值, 为32位的安全随即数',
  `first_login` enum('n','y') CHARACTER SET utf8 NOT NULL DEFAULT 'y' COMMENT '是否初次登录',
  `pay_passwd` char(32) CHARACTER SET utf8 NOT NULL DEFAULT '' COMMENT '支付密码',
  `errtime` int(10) unsigned NOT NULL DEFAULT '0' COMMENT '最后一次错误时间戳，成功之后置空，最大支持到2038-01-19 04:14:07',
  `errtimes` tinyint(3) unsigned NOT NULL DEFAULT '0' COMMENT '错误次数, 配置次之后锁定账户，成功登陆之后置0',
  `lockstatus` enum('ip','un','no','check','reject') CHARACTER SET utf8 NOT NULL DEFAULT 'no' COMMENT '锁定状态, ip-IP锁定 un-用户名锁定 no-未锁定 check-注册审核 reject-注册审核被驳回 ',
  `sign_ip` int(10) unsigned NOT NULL DEFAULT '0' COMMENT '最后一次登录IP地址',
  `enter_man_uuid` char(32) CHARACTER SET utf8 NOT NULL DEFAULT '' COMMENT '录入人uuid，关联当前表uuid',
  `modify_man_uuid` char(32) CHARACTER SET utf8 NOT NULL DEFAULT '' COMMENT '修改人uuid，关联当前表uuid',
  `special_people_id` int(11) NOT NULL DEFAULT '0' COMMENT '特殊人群id关联people_type表id',
  `porgan_id` varchar(101) CHARACTER SET utf8 NOT NULL DEFAULT '' COMMENT '实践组织机构id列表, 关联organ_practice表id',
  `vorgan_id` varchar(101) CHARACTER SET utf8 NOT NULL DEFAULT '' COMMENT '管辖志愿者组织id列表, 关联organ_volunteer表id',
  `plat_id` int(10) unsigned NOT NULL DEFAULT '0' COMMENT '六大平台ID，只针对于六大平台管理员',
  `team_id` int(11) DEFAULT '0' COMMENT '人才队伍id',
  `is_on` enum('ip','un','no','time','ever') CHARACTER SET utf8 NOT NULL DEFAULT 'no' COMMENT '账号是否启用',
  `ban_time` int(10) unsigned NOT NULL DEFAULT '0' COMMENT '账号禁用时长',
  `reason` varchar(51) CHARACTER SET utf8 NOT NULL DEFAULT '' COMMENT '封禁原因描述',
  `points` mediumint(8) NOT NULL DEFAULT '0' COMMENT '用户总积分',
  `user_src` enum('pc','phone') CHARACTER SET utf8 NOT NULL DEFAULT 'phone' COMMENT '用户来源,PC录入或手机端注册',
  `ctime` timestamp NOT NULL DEFAULT CURRENT_TIMESTAMP COMMENT '添加时间',
  `qq_openid` varchar(101) CHARACTER SET utf8 NOT NULL DEFAULT '' COMMENT 'QQ授权登陆openID',
  `wechat_openid` varchar(101) CHARACTER SET utf8 NOT NULL DEFAULT '' COMMENT '微信授权登陆openID',
  `sina_openid` varchar(101) CHARACTER SET utf8 NOT NULL DEFAULT '' COMMENT '新浪授权登陆openID',
  `qq_pic` varchar(201) CHARACTER SET utf8 NOT NULL DEFAULT '' COMMENT 'QQ头像',
  `wechat_pic` varchar(201) CHARACTER SET utf8 NOT NULL DEFAULT '' COMMENT '微信头像',
  `sina_pic` varchar(201) CHARACTER SET utf8 NOT NULL DEFAULT '' COMMENT '新浪微博头像',
  `qq_nickname` varchar(101) NOT NULL DEFAULT '' COMMENT 'QQ昵称',
  `wechat_nickname` varchar(101) CHARACTER SET utf8 NOT NULL DEFAULT '' COMMENT '微信昵称',
  `sina_nickname` varchar(101) CHARACTER SET utf8 NOT NULL DEFAULT '' COMMENT '新浪微博昵称',
  PRIMARY KEY (`id`),
  UNIQUE KEY `u_idx_1` (`uuid`)
) ENGINE=InnoDB AUTO_INCREMENT=409 DEFAULT CHARSET=utf8mb4 COMMENT='用户表';

--
-- Dumping data for table `ya02wmsj_cecoe_user`
--

INSERT INTO `ya02wmsj_cecoe_user` VALUES (1,'4d92a971360243b0bab91e2ffc6740e3','','系统管理员','','admin','1','','','',0,'','2e47fe3615b6f60c653263707ddcebed','e5c23c121d1806be52445eac6439e555','y','',0,0,'no',1942075236,'','',0,'','',0,0,'no',0,'',0,'phone','2019-05-29 15:46:23','','','','','','','','',''),(318,'ff2f9e265bab43a98231ed487d6cd69b','','陈本义','157****5989','15706805989','1','15706805989','http://review.360tianma.com//uploads/default/head.jpg','331082001202',0,'331082001202','043671f82452812010d4ab1fd63fbc42','f94a30859856156e7f518f26632ab19b','y','',0,0,'no',1942075236,'','',0,'','',0,0,'no',0,'',19,'pc','2020-03-20 08:54:10','','','','','','','','',''),(324,'2b10d51f38144edcbef13f1c96b4414d','','150****0305','150****0305','15068750305','0','15068750305','http://review.360tianma.com/uploads/default/head.jpg','331082001001',0,'','65591151b91cee98a43bc71ee09e0ef8','958f0288fbb9e48c5b7a22a8d0436c85','y','',0,0,'no',1942075236,'','',0,'','',0,0,'no',0,'',2,'phone','2020-03-23 02:03:13','','','','','','','','',''),(327,'982d8a09db9b4c79b1b100e3071fb920','','','','15258843993','0','15258843993','/uploads/default/head.jpg','',0,'','9d227458d5f1fac9fdd4a30fac710f1c','a8a805e3964ee38013786cf23d91f0e7','y','',0,0,'no',2104975918,'','',0,'','',0,0,'no',0,'',0,'phone','2020-03-23 02:18:35','','','','','','','','',''),(334,'f62b055d90d64875b26b2b6d39a59138','','李毅','','lhs_sjzx_1','1','15269365869','','331082000000',0,'331082000000','d5ec08528ccc02e8c344a6e2fafdc7f2','751821f95598d0ce58d2a5d2fb242eae','y','',0,0,'no',1942075236,'','',0,'18','',0,0,'no',0,'',0,'pc','2020-03-23 03:05:43','','','','','','','','',''),(335,'aea302ff0a894b129266a5fcac2a3743','','蒋义城','','gcjd_sjs_1','1','15356892547','','331082001001',0,'331082001000','ab4d84aaf62b82a811e75cefcac03491','16730890827f1bf233663d84320efadd','y','',0,0,'no',1942075236,'','',0,'19','',0,0,'no',0,'',0,'pc','2020-03-23 03:06:48','','','','','','','','',''),(336,'068a1d3dad2842a7b046a58bd798cfa6','','赵丽伟','','dyjd_sjs_1','1','15356329854','','331082002001',0,'331082002000','a4868c04fa78c779641ee88d4e951b98','6bfa1ac22b9463ca35c437da65301a42','y','',0,0,'no',666230053,'','',0,'20','',0,0,'no',0,'',0,'pc','2020-03-23 03:07:35','','','','','','','','',''),(337,'57108ee3e5d4408eb104551d179b2657','','韩健辉','','whsq_sjz_1','1','15385692364','','331082001001',0,'331082001001','8016c74bfcee5e81f61a3f2f8902cfb5','9c7a946fbf8438826bf13386a47f7325','y','',0,0,'no',0,'','',0,'21','',0,0,'no',0,'',0,'pc','2020-03-23 03:08:58','','','','','','','','',''),(338,'e933e3f04c85424b807adf7e5c0e4b48','','李春光','','fdsq_sjz_1','2','15325693568','','331082002001',0,'331082002001','7f86a10e9908ac00ce43107611941725','aeb54c8eecb2357a0af1f1bc6871ecb6','y','',0,0,'no',1942075236,'','',0,'23','',0,0,'no',0,'',0,'pc','2020-03-23 03:09:46','','','','','','','','',''),(340,'37f316ca06494d059cfd0bafe1ab5e8f','','','151****1512','15161531512','0','15161531512','http://review.360tianma.com//uploads/default/head.jpg','331082001001',0,'','7c5072b7119802752eeccf01eaa7c2e6','e6831e636e4188b81052f016ba9e6964','y','',0,0,'no',2062158613,'','',0,'','',0,0,'no',0,'',13,'phone','2020-03-23 05:34:22','','','','','','','','',''),(341,'bb146100ace649a4aac3f27aa1f09b9c','','','138****1585','13858671585','0','13858671585','http://review.360tianma.com//uploads/default/head.jpg','331082002003',0,'','5e01107fce0e8e9153a76f29d7434df1','829b41c0b3c43fa9814d70322c7dffb7','y','',0,0,'no',1909901826,'','',0,'','',0,0,'no',0,'',18,'phone','2020-03-23 06:26:12','E695B6B7B842B2AD93C13F127F964E37','','','/uploads/default/head.jpg','','','','',''),(342,'8abbec18ddc84f2c9156834c85bd5df5','','杨珂阳','','xqz_sjs_1','2','15269356369','','331082100200',0,'331082100000','3362217eaf54d38174f8fbe02c390438','b0107a4937bbcb68f05acac7d1126477','y','',0,0,'no',3086469756,'','',0,'25','',0,0,'no',0,'',0,'pc','2020-03-23 06:44:58','','','','','','','','',''),(343,'d3a543037ce6446994e236af44c7a752','','许子文','','lfc_sjz_1','2','15258962365','','331082100200',0,'331082100200','0f5bf5d170031618345013f8dd9568a6','4db6244a0ed3efae1173ffd342b2be12','y','',0,0,'no',3086469756,'','',0,'30','',0,0,'no',0,'',0,'pc','2020-03-23 06:45:50','','','','','','','','',''),(344,'f6c059f7dccc49c4a6416b756fdc40b2','','吕安邦','','xqz_qn_1','1','15269359653','','331082001001',0,'331082000000','cf9d0b876d8ce0e01c78254dad28b1e8','9ee349b8cd3373b32bf1c54010521ac9','y','',0,0,'no',3086469756,'','',0,'','3',0,0,'no',0,'',0,'pc','2020-03-23 07:07:38','','','','','','','','',''),(345,'e5dd0d27b0fe41ff959d0804761b6671','','赵斌','','dyjd_qnzy_1','1','15252639856','','331082001001',0,'331082000000','ab7eb13ae297259ed103b73bb1933fc4','edc31fd9def2cd74811443d6ecc29099','y','',0,0,'no',1942075236,'','',0,'','2',0,0,'no',0,'',0,'pc','2020-03-23 07:08:36','','','','','','','','',''),(346,'bab5bed5198249b5b3001e73ea879eda','','马俊一','','lhs_dermyy_1','1','15258693265','','331082001001',0,'331082000000','b695a34596a52a1217dc75fd30f2f893','0961753e91319d66296d244ee59325e2','y','',0,0,'no',0,'','',0,'','12',0,0,'no',0,'',0,'pc','2020-03-23 07:09:25','','','','','','','','',''),(347,'c1c0b56a155748a2b75fff29db091c81','','李明','','lhs_sjzx_2','1','15252636987','','331082001001',0,'331082000000','1d2d0b44ce6edb5558fe909b286098a3','f33f34af2566a2f30b2c69ab9c928ced','y','',0,0,'no',666230053,'','',0,'18','1',0,0,'no',0,'',0,'pc','2020-03-23 07:10:23','','','','','','','','',''),(348,'a1b5c20ba0c949869298133d3fe5d169','','libra','libra','17326044678','1','17326044678','','',0,'331082000000','8c0cf75b8e43cdca33b00920eb9d160c','6cc4938d9a3185fc03fd4cb7a963827f','y','',0,0,'no',1942075236,'','',0,'','',0,0,'no',0,'',1,'pc','2020-03-23 09:20:51','','','','','','','','',''),(349,'97dab42630364208b93443bbe7b60f81','','','','18337126748','0','18337126748','/uploads/default/head.jpg','331082001001',0,'','a143dd09ed9c76031ddb34046264f697','d7506b307863dda66f76c7262879fe39','y','',0,0,'no',1942010296,'','',0,'','',0,0,'no',0,'',14,'phone','2020-03-23 09:45:33','','','','','','','','',''),(350,'5e7e3675e9da4b87aa949419a477bd87','','','','15888608517','0','15888608517','/uploads/default/head.jpg','331082002006',0,'','bbca9d34a742ea5f18a4848809595c77','766601f06afe4698bd293a20a4677ef9','y','',0,0,'no',1880224108,'','',0,'','',0,0,'no',0,'',3,'phone','2020-03-24 00:19:07','','','','','','','','',''),(351,'7eba9d5845994ee8bed952cc4c9bc177','','','','15988945288','0','15988945288','/uploads/default/head.jpg','',0,'','f7bc3a4b65362c3a392c14a93a921178','5a5cc3dac20b65d9ac10810d5cf63429','y','',0,0,'no',3670882130,'','',0,'','',0,0,'no',0,'',0,'phone','2020-03-24 01:06:28','','','','','','','','',''),(352,'a2a6938f5be34857ab06b0fda2040f40','','Tina','','13083981897','2','13083981897','/uploads/default/head.jpg','331082001001',0,'','dee4b1a132be49dd8232dd2a9dba1f10','91cec05d5003a16651cce0b28302fee6','y','',0,0,'no',1942075236,'','',0,'','',0,0,'no',0,'',4,'pc','2020-03-24 01:26:51','','','','','','','','',''),(353,'74a1ef21f9b74696b6bc8da1b6b995f9','','张晓敏','137****6442','13758246442','1','13758246442','http://review.360tianma.com/uploads/default/head.jpg','331082001202',0,'331082001202','59f9e83df4e9f1ab19a8a7634bdba55d','91c59dc3c209526db01018e7064f17c2','y','',0,0,'no',3670882303,'','',0,'','',0,0,'no',0,'',18,'pc','2020-03-24 02:08:22','','','','','','','','',''),(354,'0911b213274c44f08104432c0d5680a4','','','','17858409880','0','17858409880','http://review.360tianma.com/uploads/default/head.jpg','331082001002',0,'','35c9af7e2905fbf05765028be006a8f6','37c1cf218246510dc912f764f786b7be','y','',0,0,'no',2104975918,'','',0,'','',0,0,'no',0,'',4,'phone','2020-03-24 09:14:18','','','','','','','','',''),(355,'f145f8936c0a4cba8d6adf2bcc410d25','','','189****9021','18967659021','0','18967659021','http://review.360tianma.com//uploads/default/head.jpg','',0,'','ca6458435ac58828e2cdc9dcea38f7dd','0d82473dd61f48c7067fa83caa61a8d2','y','',0,0,'no',605251962,'','',0,'','',0,0,'no',0,'',3,'phone','2020-03-25 03:02:08','','','','','','','','',''),(358,'0fb56a51cd124b90b7796885abdeb932','','','彭于晏','18267839955','0','18267839955','http://thirdwx.qlogo.cn/mmopen/vi_32/PiajxSqBRaEJoykHJQDHtf5yuTRPy09lc7S9v28HAxYwXV9lBCrHmbYoiatib2a6suFOU6yxLZOicib39Lb9H04Y6Rw/132','331082001001',0,'','c8d51b8cba416394d2033993f2d2b510','f4adda32e86f9ebc38308a2ad761041e','y','',0,0,'no',1942075236,'','',0,'','',0,0,'no',0,'',26,'phone','2020-03-25 03:51:31','170797D78913EE794DC3522EA12ECE80','','','http://thirdqq.qlogo.cn/g?b=oidb&k=aXvjSTn4dVCWH7YJFvY2ZA&s=100&t=1584021461','','','','',''),(359,'04e68979aba44c338f0be5f969f67df2','','','','18372177240','0','18372177240','/uploads/default/head.jpg','',0,'','9b4d7c58ed1869084993c5c392baf546','f7088b977db9ffc1e57ac5fdd7aed9a0','y','',0,0,'no',736332717,'','',0,'','',0,0,'no',0,'',0,'phone','2020-03-25 06:43:18','','','','','','','','',''),(360,'602b8da281ba480d8a4c638eabc6de04','','','','18258039670','0','18258039670','/uploads/default/head.jpg','',0,'','d9282632ac3cc78e9bd2c67968438fd7','6893e8b13d748eec919397adf17f4f37','y','',0,0,'no',3703564743,'','',0,'','',0,0,'no',0,'',0,'phone','2020-03-25 07:51:57','','','','','','','','',''),(361,'dcedc69a57ce4d72b2320de00d19c3d2','','','','13665770370','0','13665770370','/uploads/default/head.jpg','',0,'','38977337b33ef724e38cf47c54c92da3','3fe8bfd82351c9296beca2fc4557d4db','y','',0,0,'no',3703564744,'','',0,'','',0,0,'no',0,'',0,'phone','2020-03-25 08:11:14','','','','','','','','',''),(362,'bfa140d0c9754c478bacffe60114037b','','','','13958583522','0','13958583522','/uploads/default/head.jpg','',0,'','72a7a958df972e582a6a800462cd3156','2e7a5c69a1ce550a5a544017b36b0ddd','y','',0,0,'no',2090916152,'','',0,'','',0,0,'no',0,'',0,'phone','2020-03-25 08:11:54','','','','','','','','',''),(363,'605914f4822c4e18943168c940d81060','','','','13806560653','0','13806560653','/uploads/default/head.jpg','',0,'','2a17c6d96ece85d83365cf42e788a773','356b07cc0f95136d3130d36bcb911461','y','',0,0,'no',1880224125,'','',0,'','',0,0,'no',0,'',0,'phone','2020-03-25 08:15:49','','','','','','','','',''),(364,'584275b26f874a7ead320dd94c8be323','','','159****4579','15937274579','0','15937274579','http://review.360tianma.com//uploads/default/head.jpg','',0,'','67a56338fac90c25a86c405e7772a03f','1526eeb42866063ab213c0bb6f24ab5c','y','',0,0,'no',1880223334,'','',0,'','',0,0,'no',0,'',0,'phone','2020-03-25 08:16:21','','','','','','','','',''),(365,'e22ddd68090847faa7ad0ade8e5cd50b','','','','13958561009','0','13958561009','/uploads/default/head.jpg','',0,'','fe9c085f340fac952b987e4ee3284a55','41cecb76c9945651342fd69573d5ed86','y','',0,0,'no',605238078,'','',0,'','',0,0,'no',0,'',0,'phone','2020-03-25 08:23:09','','','','','','','','',''),(366,'fd91163d217642aeb179077476735a09','','','','13586100637','0','13586100637','/uploads/default/head.jpg','',0,'','1e270f4737d1992f9a7636a77962867a','8bb309d37a7a4af8ba0158b79f3cc5fc','y','',0,0,'no',3549066347,'','',0,'','',0,0,'no',0,'',0,'phone','2020-03-25 08:52:50','','','','','','','','',''),(367,'54d4fe8835b14d6694061861c2a1fa2c','','','','13666895533','0','13666895533','/uploads/default/head.jpg','',0,'','b931a7745abe6bbd0a283a94b4cf119a','45452e981fa59e677e95e78a4e1889e8','y','',0,0,'no',3670882097,'','',0,'','',0,0,'no',0,'',0,'phone','2020-03-25 12:22:11','','','','','','','','',''),(368,'5a84eebdd6fc47589de65d15ebb2de8d','','','','13606767555','0','13606767555','/uploads/default/head.jpg','',0,'','e14998509d99345e07b90c0e0aa62b4a','08f2e0ae24ced91555b7a5ca3a48e43f','y','',0,0,'no',666294740,'','',0,'','',0,0,'no',0,'',0,'phone','2020-03-25 12:35:52','','','','','','','','',''),(369,'c1b5160c1cc245139b1991abc2cabc18','','','','13958556600','0','13958556600','/uploads/default/head.jpg','',0,'','8411c8ad410242f5e7cb0b3e53488026','c83bdf2ae194aacf2d85bcc3de4d2a27','y','',0,0,'no',3670882131,'','',0,'','',0,0,'no',0,'',0,'phone','2020-03-25 13:07:39','','','','','','','','',''),(370,'13934aed9fea41058248f1c1b7045068','','','','13858608078','0','13858608078','/uploads/default/head.jpg','',0,'','20d5ca4c167d63705b484da68cca2388','b4fcc5a23f7b92cf757e4483ea34232b','y','',0,0,'no',3670882081,'','',0,'','',0,0,'no',0,'',0,'phone','2020-03-25 15:21:10','','','','','','','','',''),(371,'41dc02ef48704edfa7f273405143d9f8','','','','17826856972','0','17826856972','/uploads/default/head.jpg','331082002001',0,'','189030e606d649cc8dd69a7d06001420','58db0f6fe1c43eb8abe695ba179ee65a','y','',0,0,'no',2104975918,'','',0,'','',0,0,'no',0,'',5,'phone','2020-03-26 03:17:45','','','','','','','','',''),(375,'e6d47f5f00a14e9fbb1188a51b8659e7','','黄加棋','183****7058','18357747058','1','18357747058','http://review.360tianma.com//uploads/default/head.jpg','331082001202',0,'331082001202','5c747fb6620341bb30e6bab4c545b77f','079e845e45a0215e708030ad138147e0','y','',0,0,'no',1879716590,'','',0,'','',0,0,'no',0,'',37,'pc','2020-03-26 03:43:03','','','','','','','','',''),(376,'b212060217984a6581c5b484997e0a17','','','','13958523556','0','13958523556','/uploads/default/head.jpg','',0,'','459b4d6ef6ba06ac899be91cc1b1b642','ae41b84a8bbd9b945c881200c1b0be7b','y','',0,0,'no',605202331,'','',0,'','',0,0,'no',0,'',0,'phone','2020-03-27 01:14:20','','','','','','','','',''),(377,'087211183e98402fae79b49f2e1e6392','','','','13958596510','0','13958596510','/uploads/default/head.jpg','',0,'','55471102d77ec6ca6b0bbae1fe241206','badb758e55d08d87f966836eeec92a59','y','',0,0,'no',1909901826,'','',0,'','',0,0,'no',0,'',0,'phone','2020-03-27 01:50:48','','','','','','','','',''),(378,'9369c0de31f3404fbe40f445056bbd64','','墨初@','','operate_001','2','15200000001','','331082000000',0,'','5577110ef071e966966050bfedbd9f10','2752f1e279c75794ce9dc59124a5e837','y','',0,0,'no',2104975918,'','',0,'','',0,0,'no',0,'',0,'pc','2020-03-28 06:00:25','','','','','','','','',''),(379,'28f169fa39fe4e09bd5469be6c60532f','','树深时见鹿','','operate_002','1','15200000002','','331082000000',0,'','9c6f84358fd8d759d747ced3d6646b5d','7fb431aed980f47fe3ecc213032d62ec','y','',0,0,'no',1909901826,'','',0,'','',0,0,'no',0,'',0,'pc','2020-03-28 07:32:24','','','','','','','','',''),(380,'5aba4b3dc2bc4fc49b3228dae028e972','','指间轻纱°','','operate_003','2','15200000003','','331082000000',0,'','2e1d4c675d3aaaa67e2fa0658054fc09','de154df604e4dbe1da55050aa2416920','y','',1585708304,1,'no',1909901826,'','',0,'','',0,0,'no',0,'',0,'pc','2020-03-28 07:33:36','','','','','','','','',''),(381,'5af3f4cb4f484ba887481f6c4a657f95','','流星划过sky','','operate_004','1','15200000004','','331082000000',0,'','9e062d261fcdcfd8970aa7205841db6f','83dd948060dd1d4a91e063a076c27c66','y','',0,0,'no',1909901826,'','',0,'','',0,0,'no',0,'',0,'pc','2020-03-28 07:35:51','','','','','','','','',''),(382,'6111946965dd4de2acfae55a9e774877','','智慧科协发布','','operate_005','1','15200000005','','331082000000',0,'','b78bf1fcf49345709288a2ed425a85e4','fca1c6fbfcd9c7d2c5ce977d8e9c95fa','y','',0,0,'no',1909901826,'','',0,'','',0,0,'no',0,'',0,'pc','2020-03-28 07:36:16','','','','','','','','',''),(383,'27b10bdbb553432eb467be8469bb632f','','教育局发布','','operate_006','1','15200000006','','331082000000',0,'','bb27db3d9d8aa1ee072cb169d2883700','9afea36c5825c41085d06f8b313564f3','y','',0,0,'no',1909901826,'','',0,'','',0,0,'no',0,'',0,'pc','2020-03-28 07:36:36','','','','','','','','',''),(384,'1a9c4977a5fb468f9f87cc73510301b2','','凝眸う','','operate_007','2','15200000007','','331082000000',0,'','d3a871e04a4b8838905c6291ea60f4ee','0e65419150e63d98d041862ebdd66eec','y','',0,0,'no',1909901826,'','',0,'','',0,0,'no',0,'',0,'pc','2020-03-28 07:36:56','','','','','','','','',''),(385,'35f0f30a755e488e956232f058c69a05','','半窗疏影','','operate_008','2','15200000008','','331082000000',0,'','2ae2cbf0dc6ea226660150e52d09ce9a','e52ad370e51e8ed451ac2c0f8cc40708','y','',0,0,'no',0,'','',0,'','',0,0,'no',0,'',0,'pc','2020-03-28 07:37:19','','','','','','','','',''),(386,'17268df82e0948a0b8f52955a1670fb8','','斜阳下° 微笑 ╮','','operate_009','2','15200000009','','331082000000',0,'','0dc0d06bd61e188619991b9d68d552e2','11e272d3b5921aac3f4126e81aeb18e2','y','',0,0,'no',1909901826,'','',0,'','',0,0,'no',0,'',0,'pc','2020-03-28 07:38:03','','','','','','','','',''),(387,'e69d7d241af64e76817639410d1e6cf6','','初雪','','operate_010','2','15200000010','','331082000000',0,'','95c0539d66c425eac34a07a36bf0c698','a4bc91905a8a065531af5c929818de71','y','',0,0,'no',3078662132,'','',0,'','',0,0,'no',0,'',0,'pc','2020-03-28 07:38:25','','','','','','','','',''),(388,'9bd8e281a8aa41868b90b65ac3acccf3','','临海发布','','operate_011','1','15200000011','','331082000000',0,'','0865322bf63716818fcc9106a98119a5','9efe0642b31e308919c93b96db905f14','y','',0,0,'no',3078661249,'','',0,'','',0,0,'no',0,'',0,'pc','2020-03-28 07:38:53','','','','','','','','',''),(389,'60b0129aa4e64097b11c7f1bce63fd6c','','文明实践中心','','operate_012','1','15200000012','','331082000000',0,'','c49d33c78e05bbe4fe1b398bdd871305','7a1c498c980c6c3ecf457a2e2466beec','y','',0,0,'no',0,'','',0,'','',0,0,'no',0,'',0,'pc','2020-03-28 07:51:16','','','','','','','','',''),(390,'c5c90ef932ac43e282ce62b20a9df0b4','','','','13736208308','0','13736208308','/uploads/default/head.jpg','',0,'','4280daae56757d22fe385f5354436c80','e187c0453ca6baa28484d282179c4917','y','',0,0,'no',3670882153,'','',0,'','',0,0,'no',0,'',0,'phone','2020-03-30 01:48:26','','','','','','','','',''),(391,'fd10d6b89cec4a4cb59f423d3acb2485','','','','13736204342','0','13736204342','http://thirdwx.qlogo.cn/mmopen/vi_32/Q0j4TwGTfTLsblvibO6Mnnd8omu0RVxZ235YDeAibwCicySnszYNMMW9ibdSgdbrlODiaX5x9en17w580fecWT9O1Jw/132','',0,'','77e302ce34cd635b258dafd39318d5dd','620d8f144b8119da569afe2335329232','y','',0,0,'no',3549066255,'','',0,'','',0,0,'no',0,'',2,'phone','2020-03-30 02:29:17','','','','','','','','',''),(392,'a2c82daefb4a478c951410412616d207','','','','13575822695','0','13575822695','/uploads/default/head.jpg','',0,'','e75fed9a18bee8e1708ce54470b4aed6','951e00cd89540ad8350cf75e24270cbd','y','',0,0,'no',1909901826,'','',0,'','',0,0,'no',0,'',0,'phone','2020-03-30 02:35:16','','','','','','','','',''),(393,'42f6aa997f16466193ab684d7727dce1','','方德友','','wandeyou','1','13706768881','/ya02lhwhlt_wdhaw/','331082001202',0,'331082001202','01bf4aab87e3b22adf3e5829b875b770','507d36a557ed9ec3473aa0d49a05ee57','y','',0,0,'no',0,'','',0,'','',0,0,'no',0,'',0,'pc','2020-03-30 02:46:42','','','','','','','','',''),(394,'67b2a9dace124a849c7168747cf1619c','','','','13605816591','0','13605816591','http://review.360tianma.com/uploads/default/head.jpg','331082001203',0,'','bf310daf550750d5f3078d3832182133','7918c6ef5edca7ca0b7f150a849adb69','y','',0,0,'no',1942075236,'','',0,'','',0,0,'no',0,'',0,'phone','2020-03-30 05:00:30','','','','','','','','',''),(395,'99cbb083d75c477ca4054781e3b1d102','','未知用户','','13857131128','0','13857131128','/uploads/default/head.jpg','331082001200',0,'331082001200','b9babd501281e15dc3bd6e04b3379527','881faf6685311bcb060058534c5f14bf','y','',0,0,'no',3748175784,'','',0,'','',0,0,'no',0,'',0,'pc','2020-03-31 05:37:08','','','','','','','','',''),(397,'0bda64c16a66440e86cd5b5e5e442c0e','','章来泉','','18258188664','1','18258188664','/uploads/default/head.jpg','331082001203',0,'331082001203','ff85b78f6613ab8b41abd839d5f3d1cc','1c96f176f3824eff0d584993d8c9aa08','y','',0,0,'no',1879716590,'','',0,'','',0,0,'no',0,'',0,'pc','2020-04-01 07:55:41','','','','','','','','',''),(398,'9346ce6505034a558311de0101c209ff','','文化社区采编','','operate_whsq','1','15269658456','','331082000000',0,'331082001001','e235d6efc78cd5d55613e85396b81eec','b0df3552d6cb7cd49c9573d21cd36c65','y','',0,0,'no',3078662132,'','',0,'','',0,0,'no',0,'',0,'pc','2020-04-01 11:47:12','','','','','','','','',''),(399,'840e52afdd284ab5a248a9054cdf8f00','','','','13958551085','0','13958551085','/uploads/default/head.jpg','',0,'','f3f1dd789e3386b2ada72022815866a7','eda6fe02f269c4c98c86511943d99b6d','y','',0,0,'no',666219692,'','',0,'','',0,0,'no',0,'',0,'phone','2020-04-02 08:38:26','','','','','','','','',''),(400,'d529638c8efa4f79857d76bcdb3c7d67','','','','18958576633','0','18958576633','/uploads/default/head.jpg','',0,'','c82c282bba03bafdcb42e57ed5fd8d0e','b648bdaa515cdc7b634e3e7942479e9e','y','',0,0,'no',1018954040,'','',0,'','',0,0,'no',0,'',0,'phone','2020-04-03 00:35:45','','','','','','','','',''),(401,'e349684d83b146f99c9a951758a2bf84','','anson_yan','','o_18999999999','1','18999999999','','331082001001',0,'331082001001','cb725f3a575d1d856cabf573cbe6a457','bb7cc698910e08f045410610387d05a3','y','',0,0,'no',3078661249,'','',0,'','',0,0,'no',0,'',0,'pc','2020-04-03 07:43:55','','','','','','','','',''),(402,'c39419700a19470581640027f7d6dbca','','139****8713','139****8713','13982268713','0','13982268713','http://review.360tianma.com//uploads/default/head.jpg','',0,'','d536668665a958983a247fc115a81a2c','776fe973c9232e701214446faf810a0e','y','',0,0,'no',2101703379,'','',0,'','',0,0,'no',0,'',2,'phone','2020-04-03 15:44:25','','','1801806580','','','/uploads/member/D9CD5D3DC598B26879C5262B5F7DA6AB/15857924493236.jpeg','','',''),(403,'c13d6595fe1c4edcaadc2f146c21f26e','','','','13018955800','0','13018955800','/uploads/default/head.jpg','331082001001',0,'','184c88c455f25a118f3a8df566c1acdf','769bf5ef5357578654e053a63ae71d1f','y','',0,0,'no',2104975918,'','',0,'','',0,0,'no',0,'',0,'phone','2020-04-07 08:12:57','','','','','','','','',''),(405,'90ee2060f62e419c9dec9355ecef9231','','','探索者','15397017519','0','15397017519','http://thirdwx.qlogo.cn/mmopen/vi_32/Q0j4TwGTfTKGKKZJsD7uyciauEs4vzgaGzichstOea41ERsmTTlVsBWRiaT0g0XLoV6sl5P7HWavY1hv9cjkhEuBw/132','331082001001',0,'','fffae5b19123d2eddc53164aebeebdec','51bd388582a20470b7d8b22b4bacc49e','y','',0,0,'no',3670882303,'','',0,'','',0,0,'no',0,'',24,'phone','2020-04-08 06:10:25','','o6DTI1aSIlaw3bHg8D3DgPA6YWjU','','','http://thirdwx.qlogo.cn/mmopen/vi_32/Q0j4TwGTfTKGKKZJsD7uyciauEs4vzgaGzichstOea41ERsmTTlVsBWRiaT0g0XLoV6sl5P7HWavY1hv9cjkhEuBw/132','','','',''),(406,'60a39148807e42a4abade7937eeec8d8','','','','15068882217','0','15068882217','/uploads/default/head.jpg','331082001003',0,'','e5edd4bf860d6e2d3c71389998695618','01decf7b3e32ba5f3ae80270b70ec32e','y','',0,0,'no',3703079100,'','',0,'','',0,0,'no',0,'',12,'phone','2020-04-10 02:14:38','','','','','','','','',''),(407,'f0a1d97672b540cf81df09e553762556','','','克里斯Sss','13157190917','0','13157190917','http://thirdwx.qlogo.cn/mmopen/vi_32/JNSJld6FVQPSYXR1icnR2ztjxkGnNLSLCa9TEu7VPiaGuqesAHHLiaiaXZz4h5RhbRgicCb34TTK5l8xPIgyCS2uocw/132','',0,'','b687a03d5c3b67d0b700a996cece9f29','a991dd34fe8bc8b80987364c57ea3c10','y','',0,0,'no',2090915455,'','',0,'','',0,0,'no',0,'',0,'phone','2020-04-12 04:41:45','','','','','','','','',''),(408,'9a616424837a4a62b3aa819e2adf718b','','','136****2022','13626602022','0','13626602022','http://review.360tianma.com//uploads/default/head.jpg','',0,'','19520ee458c4826ee0d1df44ebe3fa06','ea4da23c77447e48a031e172ae5a2eae','y','',0,0,'no',0,'','',0,'','',0,0,'no',0,'',0,'phone','2020-04-13 04:34:11','','','','','','','','','');

--
-- Table structure for table `ya02wmsj_cecoe_vod`
--

CREATE TABLE `ya02wmsj_cecoe_vod` (
  `id` int(10) unsigned NOT NULL AUTO_INCREMENT COMMENT '表ID',
  `type_id` varchar(30) NOT NULL DEFAULT '' COMMENT '分类id',
  `man_id` char(32) NOT NULL COMMENT '发布人uuid，关联user表uuid',
  `vid` varchar(20) NOT NULL DEFAULT '' COMMENT '网易云 点播id',
  `vod_name` varchar(101) NOT NULL DEFAULT '' COMMENT '点播名称',
  `snapshoturl` varchar(201) NOT NULL DEFAULT '' COMMENT '视频封面',
  `downloadorigurl` varchar(1001) NOT NULL DEFAULT '' COMMENT '原始视频url',
  `initialsize` varchar(20) NOT NULL DEFAULT '' COMMENT '视频大小',
  `status` char(2) NOT NULL DEFAULT '10' COMMENT '视频的状态，10表示初始，20表示失败，30表示处理中，40表示成功，50表示屏蔽',
  `transcoding_status` enum('100','101','102','103','200','201','202') NOT NULL DEFAULT '100' COMMENT '推流转码状态, 100表示视频未转码, 101表示视频转码中, 102表示视频已转码, 103表示网易云状态未就绪, 200表示阿里云数据丢失, 201表示网易云数据丢失, 202表示源视频丢失或已删除',
  `width` smallint(5) unsigned NOT NULL DEFAULT '0' COMMENT '视频的宽',
  `height` smallint(5) unsigned NOT NULL DEFAULT '0' COMMENT '视频的高',
  `SktVodPlayUrl` varchar(201) NOT NULL DEFAULT '' COMMENT 'SktVod播放地址',
  `advancedPlayUrl` varchar(201) NOT NULL DEFAULT '' COMMENT 'advanced播放地址',
  `androidPlayUrl` varchar(201) NOT NULL DEFAULT '' COMMENT '安卓播放地址',
  `changhongPlayUrl` varchar(201) NOT NULL DEFAULT '' COMMENT '长虹盒子播放地址',
  `ipanelPlayUrl` varchar(201) NOT NULL DEFAULT '' COMMENT 'ipanel播放地址',
  `ootWebTvCamUrl` varchar(201) NOT NULL DEFAULT '' COMMENT 'ott盒子播放地址',
  `shipVodPlayUrl` varchar(201) NOT NULL DEFAULT '' COMMENT '同洲盒子播放地址',
  `vlcVideoPlayUrl` varchar(201) NOT NULL DEFAULT '' COMMENT 'VLC播放地址',
  `ctime` timestamp NOT NULL DEFAULT CURRENT_TIMESTAMP COMMENT '添加时间',
  PRIMARY KEY (`id`)
) ENGINE=InnoDB AUTO_INCREMENT=70 DEFAULT CHARSET=utf8 COMMENT='点播表';

--
-- Dumping data for table `ya02wmsj_cecoe_vod`
--

INSERT INTO `ya02wmsj_cecoe_vod` VALUES (1,'104357226','4d92a971360243b0bab91e2ffc6740e3','2649527277','超强台风已致浙江28死20失联 临海救援人员奋战一夜席地而睡','http://vodacewiygf.nosdn.127.net/947a9216-142e-4fd2-8c60-4426cea4e3b8.jpg','http://vodacewiygf.nosdn.127.net/e710c92a-6807-4d6f-aa8a-2f8fac941103.mp4?download=taifeng.mp4.mp4','9415573','40','100',0,0,'','','','','','','','','2019-08-19 00:08:24'),(2,'145187','4d92a971360243b0bab91e2ffc6740e3','2924452252','理论云课堂视频测试','','','','10','100',0,0,'','','','','','','','','2020-03-02 22:50:19'),(3,'104357226','4d92a971360243b0bab91e2ffc6740e3','2924446720','理论云学堂视频测试','http://vodacewiygf.nosdn.127.net/0a30fb0b-a078-4c22-b8dd-9f7ff811ba8e.jpg','http://vodacewiygf.nosdn.127.net/b23e27dc-b582-4473-8a37-e33ea8f6d4af.mp4?download=37355.mp4.mp4','4304773','40','100',0,0,'','','','','','','','','2020-03-02 22:51:19'),(4,'145187','4d92a971360243b0bab91e2ffc6740e3','2924457174','教育视频','','','','10','100',0,0,'','','','','','','','','2020-03-02 22:57:34'),(5,'104357226','4d92a971360243b0bab91e2ffc6740e3','2924462024','教育视频','http://vodacewiygf.nosdn.127.net/9693c707-9e17-4c95-b966-40cba98d7185.jpg','http://vodacewiygf.nosdn.127.net/be9625f1-6af1-440f-8bf3-a39590458adf.mp4?download=8ef0050fb514be531ac85fac65c12ac8.mp4.mp4','9789976','40','100',0,0,'','','','','','','','','2020-03-02 22:58:49'),(7,'104412353','4d92a971360243b0bab91e2ffc6740e3','2943931742','开学第一课','http://vodacewiygf.nosdn.127.net/40e70152-dbf3-4fb8-a16c-1e9197ebed10.jpg','http://vodacewiygf.nosdn.127.net/32500f54-0a93-465d-92be-32edc5d73c4d.mp4?download=282d83f1f5812424a5716c4855ddd972.mp4.mp4','8400952','40','100',0,0,'','','','','','','','','2020-03-19 03:23:51'),(8,'104412353','4d92a971360243b0bab91e2ffc6740e3','2943932843','临海校园','http://vodacewiygf.nosdn.127.net/bac05b33-d2a8-4816-bb4b-41f6ba706849.jpg','http://vodacewiygf.nosdn.127.net/960f5302-5382-43de-a80d-2f7ac8c2d9a8.mp4?download=430c5d08c45144e0a5593dca88185cd9.mp4.mp4','1787968','40','100',0,0,'','','','','','','','','2020-03-19 03:25:57'),(9,'104412353','4d92a971360243b0bab91e2ffc6740e3','2944218844','临海小学','http://vodacewiygf.nosdn.127.net/10c50ca0-3d27-4cd8-aa2c-1fface9552fc.jpg','http://vodacewiygf.nosdn.127.net/291a0dc0-0bcd-4372-8fc3-263ae877e028.mp4?download=21604fd7060727a40f0fe8abb15c8e84.mp4.mp4','7996100','40','100',0,0,'','','','','','','','','2020-03-19 07:55:02'),(10,'145187','4d92a971360243b0bab91e2ffc6740e3','2951852076','黄石坦·回望，片头字幕需处理.mp4','','http://vodacewiygf.nosdn.127.net/ca9c6ea9-248b-4138-9f87-f1907435b6b9.mp4?download=%E9%BB%84%E7%9F%B3%E5%9D%A6%C2%B7%E5%9B%9E%E6%9C%9B%EF%BC%8C%E7%89%87%E5%A4%B4%E5%AD%97%E5%B9%95%E9%9C%80%E5%A4%84%E7%90%86.mp4.mp4','412123365','10','100',0,0,'','','','','','','','','2020-03-27 01:01:57'),(15,'104357226','4d92a971360243b0bab91e2ffc6740e3','2951895006','大美永丰','http://vodacewiygf.nosdn.127.net/7324aa64-dbb3-4759-909d-a83b666c6411.jpg','http://vodacewiygf.nosdn.127.net/49ce5da3-f75c-4725-ab99-ec94c85df1f4.mp4?download=%E5%A4%A7%E7%BE%8E%E6%B0%B8%E4%B8%B0%EF%BC%882019%EF%BC%89.mp4.mp4','360773597','40','100',0,0,'','','','','','','','','2020-03-27 01:54:25'),(16,'104357226','4d92a971360243b0bab91e2ffc6740e3','2951898213','诚义江南.mp4','http://vodacewiygf.nosdn.127.net/67e7abf9-70bd-4fa3-ae86-63c8473fa6fd.jpg','http://vodacewiygf.nosdn.127.net/54c3e637-4f9d-4220-90ba-537240f6c1f5.mp4?download=%E8%AF%9A%E4%B9%89%E6%B1%9F%E5%8D%97.mp4.mp4','1938984','40','100',0,0,'','','','','','','','','2020-03-27 01:58:31'),(17,'104357226','4d92a971360243b0bab91e2ffc6740e3','2951894781','杜桥宣传片','http://vodacewiygf.nosdn.127.net/5cfdf090-eeb6-4bfd-a61e-a32a3685ce07.jpg','http://vodacewiygf.nosdn.127.net/4b276b05-6aa8-43c3-a3ee-897116e1d6e7.mpg?download=%E6%9D%9C%E6%A1%A5%E5%AE%A3%E4%BC%A0%E7%89%87.mpg.mpg','100978692','40','100',0,0,'','','','','','','','','2020-03-27 02:00:05'),(18,'104357226','4d92a971360243b0bab91e2ffc6740e3','2951929686','一群00后小天使在国家级历史文化名城临海唱响《我的祖国》','http://vodacewiygf.nosdn.127.net/d167d3cd-bed7-4159-811d-637898ba1995.jpg','http://vodacewiygf.nosdn.127.net/6a4706d8-9349-460c-a358-a0920fad0769.mp4?download=%E4%B8%80%E7%BE%A400%E5%90%8E%E5%B0%8F%E5%A4%A9%E4%BD%BF%E5%9C%A8%E5%9B%BD%E5%AE%B6%E7%BA%A7%E5%8E%86%E5%8F%B2%E6%96%87%E5%8C%96%E5%90%8D%E5%9F%8E%E4%B8%B4%E6%B5%B7%E5%94%B1%E5%93%8D%E3%80%8A%E6%88%91%E7%9A%84%E7%A5%96%E5%9B%BD%E3%80%8B.mp4.mp4','265608731','40','100',0,0,'','','','','','','','','2020-03-27 02:40:06'),(19,'145187','4d92a971360243b0bab91e2ffc6740e3','2951934915','41a83af549ea0934f1a552f448a4750e.mp4','http://vodacewiygf.nosdn.127.net/400e1af7-7607-4f99-85b6-91852e970e47.jpg','http://vodacewiygf.nosdn.127.net/4535c013-0f1a-4f9a-9203-084987c6cd6c.mp4?download=41a83af549ea0934f1a552f448a4750e.mp4.mp4','1471503','40','100',0,0,'','','','','','','','','2020-03-27 02:41:32'),(20,'104412353','4d92a971360243b0bab91e2ffc6740e3','2951934915','自律人生','http://vodacewiygf.nosdn.127.net/400e1af7-7607-4f99-85b6-91852e970e47.jpg','http://vodacewiygf.nosdn.127.net/4535c013-0f1a-4f9a-9203-084987c6cd6c.mp4?download=41a83af549ea0934f1a552f448a4750e.mp4.mp4','1471503','40','100',0,0,'','','','','','','','','2020-03-27 02:43:36'),(21,'104405634','4d92a971360243b0bab91e2ffc6740e3','2951946640','这女娃要逆天了','http://vodacewiygf.nosdn.127.net/4a4c2877-aa39-4d2d-a6e7-3ca87af466c4.jpg','http://vodacewiygf.nosdn.127.net/2ae2bf4a-aa81-46b1-9bd0-744b7ad697bc.mp4?download=%E8%BF%99%E5%A5%B3%E5%A8%83%E8%A6%81%E9%80%86%E5%A4%A9%E4%BA%86.mp4.mp4','4036625','40','100',0,0,'','','','','','','','','2020-03-27 02:54:16'),(22,'104405634','4d92a971360243b0bab91e2ffc6740e3','2951948910','老奶奶给暴雨中的兵哥哥撑伞','http://vodacewiygf.nosdn.127.net/ce65c780-c3a0-44ce-bbb9-d16a3d724d94.jpg','http://vodacewiygf.nosdn.127.net/efa89fb4-0c5b-4a65-be02-f3a05f92dfd3.mp4?download=%E8%80%81%E5%A5%B6%E5%A5%B6%E7%BB%99%E6%9A%B4%E9%9B%A8%E4%B8%AD%E7%9A%84%E5%85%B5%E5%93%A5%E5%93%A5%E6%92%91%E4%BC%9E.mp4.mp4','1606008','40','100',0,0,'','','','','','','','','2020-03-27 02:59:39'),(23,'104357226','4d92a971360243b0bab91e2ffc6740e3','2951945911','临海旅游宣传片2018','http://vodacewiygf.nosdn.127.net/2abd91de-a182-4c0b-aba8-746cb62c847b.jpg','http://vodacewiygf.nosdn.127.net/7cfd4fcb-31e0-4494-abe5-966c485315ce.mp4?download=%E4%B8%B4%E6%B5%B7%E6%97%85%E6%B8%B8%E5%AE%A3%E4%BC%A0%E7%89%872018.mp4.mp4','1621998951','40','100',0,0,'','','','','','','','','2020-03-27 03:00:09'),(24,'104357226','4d92a971360243b0bab91e2ffc6740e3','2951954565','临海美食系列《羊肉药膳》','http://vodacewiygf.nosdn.127.net/724e0441-5203-475c-928d-8942c695c5e8.jpg','http://vodacewiygf.nosdn.127.net/ff8d430a-6561-4112-a07b-8d72afc861b7.mp4?download=%E4%B8%B4%E6%B5%B7%E7%BE%8E%E9%A3%9F%E7%B3%BB%E5%88%97%E3%80%8A%E7%BE%8A%E8%82%89%E8%8D%AF%E8%86%B3%E3%80%8B.mp4.mp4','121195537','40','100',0,0,'','','','','','','','','2020-03-27 03:01:46'),(25,'104405634','4d92a971360243b0bab91e2ffc6740e3','2951964089','拉链头坏了，不要慌，叫你一招','http://vodacewiygf.nosdn.127.net/6c659917-dd22-4f0b-9b9d-fa807427d9cd.jpg','http://vodacewiygf.nosdn.127.net/ec20a28d-1759-4f54-8e57-8de1b4f86189.mp4?download=%E6%8B%89%E9%93%BE%E5%A4%B4%E5%9D%8F%E4%BA%86%EF%BC%8C%E4%B8%8D%E8%A6%81%E6%85%8C%EF%BC%8C%E5%8F%AB%E4%BD%A0%E4%B8%80%E6%8B%9B.mp4.mp4','1816107','40','100',0,0,'','','','','','','','','2020-03-27 03:08:19'),(26,'104405634','4d92a971360243b0bab91e2ffc6740e3','2951971487','钟南山分析美国疫情数据','http://vodacewiygf.nosdn.127.net/da0a320d-b1ba-46f3-9682-2859cb6c13ce.jpg','http://vodacewiygf.nosdn.127.net/c7821eb1-eac6-46c1-8115-d54f1eebb07f.mp4?download=%E9%92%9F%E5%8D%97%E5%B1%B1%E5%88%86%E6%9E%90%E7%BE%8E%E5%9B%BD%E7%96%AB%E6%83%85%E6%95%B0%E6%8D%AE.mp4.mp4','2702360','40','100',0,0,'','','','','','','','','2020-03-27 03:18:31'),(27,'104357226','4d92a971360243b0bab91e2ffc6740e3','2951956199','秀丨台州名小吃——蛋清羊尾','http://vodacewiygf.nosdn.127.net/98ae1000-3a5d-4f7f-b5d2-ca2d6d229a70.jpg','http://vodacewiygf.nosdn.127.net/d576bd34-63bc-4d00-b60b-350b9c5b2bc6.mp4?download=%E7%A7%80%E4%B8%A8%E5%8F%B0%E5%B7%9E%E5%90%8D%E5%B0%8F%E5%90%83%E2%80%94%E2%80%94%E8%9B%8B%E6%B8%85%E7%BE%8A%E5%B0%BE.mp4.mp4','189071353','40','100',0,0,'','','','','','','','','2020-03-27 03:23:20'),(29,'104357226','4d92a971360243b0bab91e2ffc6740e3','2952120889','（临海）春节到，龙舞人欢腾，奶奶大妈们巧手演示贴龙鳞做板龙','http://vodacewiygf.nosdn.127.net/c4f807e2-d36d-4718-960d-8f7ecd35355e.jpg','http://vodacewiygf.nosdn.127.net/986f796b-316c-45f8-9864-621021b6e0b2.mp4?download=%EF%BC%88%E4%B8%B4%E6%B5%B7%EF%BC%89%E6%98%A5%E8%8A%82%E5%88%B0%EF%BC%8C%E9%BE%99%E8%88%9E%E4%BA%BA%E6%AC%A2%E8%85%BE%EF%BC%8C%E5%A5%B6%E5%A5%B6%E5%A4%A7%E5%A6%88%E4%BB%AC%E5%B7%A7%E6%89%8B%E6%BC%94%E7%A4%BA%E8%B4%B4%E9%BE%99%E9%B3%9E%E5%81%9A%E6%9D%BF%E9%BE%99.mp4.mp4','108206604','40','100',0,0,'','','','','','','','','2020-03-27 06:08:12'),(30,'104357226','4d92a971360243b0bab91e2ffc6740e3','2952140578','杜桥送大暑船','http://vodacewiygf.nosdn.127.net/dadc92f3-7aba-4041-8625-7d88eea6414d.jpg','http://vodacewiygf.nosdn.127.net/98513d3d-62b8-4e54-84cc-9fde2b346bae.mp4?download=%E6%9D%9C%E6%A1%A5%E9%80%81%E5%A4%A7%E6%9A%91%E8%88%B9.mp4.mp4','1632544086','40','100',0,0,'','','','','','','','','2020-03-27 06:23:39'),(31,'104357226','4d92a971360243b0bab91e2ffc6740e3','2952142798','张家渡大道地民居','http://vodacewiygf.nosdn.127.net/80008dc8-8279-4e4a-9503-a8bb5afd7b9e.jpg','http://vodacewiygf.nosdn.127.net/4df8cf42-a8aa-4ae0-8dfc-e91430afdc3c.mp4?download=%E5%BC%A0%E5%AE%B6%E6%B8%A1%E5%A4%A7%E9%81%93%E5%9C%B0%E6%B0%91%E5%B1%85.mp4.mp4','243742234','40','100',0,0,'','','','','','','','','2020-03-27 06:39:18'),(33,'104405634','4d92a971360243b0bab91e2ffc6740e3','2952181958','彩虹碗','http://vodacewiygf.nosdn.127.net/c0559003-bafb-42e8-ba7e-7b6dc3645046.jpg','http://vodacewiygf.nosdn.127.net/f37f9860-617f-47be-81e5-df27f920710a.mp4?download=%E5%BD%A9%E8%99%B9%E7%A2%97.mp4.mp4','2711207','40','100',0,0,'','','','','','','','','2020-03-27 07:04:54'),(34,'104405634','4d92a971360243b0bab91e2ffc6740e3','2952186139','哈佛猪头门','http://vodacewiygf.nosdn.127.net/fee34a25-5262-4a07-b095-515a603636b7.jpg','http://vodacewiygf.nosdn.127.net/367a6754-9a94-4b8b-841a-65dd2320a884.mp4?download=%E5%93%88%E4%BD%9B%E7%8C%AA%E5%A4%B4%E9%97%A8.mp4.mp4','4269528','40','100',0,0,'','','','','','','','','2020-03-27 07:06:13'),(35,'104405634','4d92a971360243b0bab91e2ffc6740e3','2952189449','惊险一刻','http://vodacewiygf.nosdn.127.net/44ca406b-878d-4868-ae75-0024311aafd8.jpg','http://vodacewiygf.nosdn.127.net/69a3632e-0be9-4ae8-bec8-9f049e9c46f7.mp4?download=%E6%83%8A%E9%99%A9%E4%B8%80%E5%88%BB.mp4.mp4','1825690','40','100',0,0,'','','','','','','','','2020-03-27 07:07:39'),(36,'104405634','4d92a971360243b0bab91e2ffc6740e3','2952191523','临危不惧','http://vodacewiygf.nosdn.127.net/b73a8296-c6bd-4416-aa0a-311a8c0475a9.jpg','http://vodacewiygf.nosdn.127.net/83624651-390c-415e-8d49-97918095f662.mp4?download=%E4%B8%B4%E5%8D%B1%E4%B8%8D%E6%83%A7.mp4.mp4','1354480','40','100',0,0,'','','','','','','','','2020-03-27 07:10:48'),(37,'104405634','4d92a971360243b0bab91e2ffc6740e3','2952226396','彩虹碗222','http://vodacewiygf.nosdn.127.net/0b5976e5-90ea-4772-9491-6b17e0e200a0.jpg','http://vodacewiygf.nosdn.127.net/470690f4-dd4b-461a-9646-b6f411b89571.mp4?download=%E5%BD%A9%E8%99%B9%E7%A2%97222.mp4.mp4','2711207','40','100',0,0,'','','','','','','','','2020-03-27 07:46:20'),(39,'104357226','4d92a971360243b0bab91e2ffc6740e3','2952232374','临海非遗新春庙会演出','http://vodacewiygf.nosdn.127.net/eb93f2bd-970c-4932-9a7f-19c283d1ce8d.jpg','http://vodacewiygf.nosdn.127.net/e2dfaab7-2b90-4c22-ae68-ec4bf2d1e8eb.mp4?download=%E4%B8%B4%E6%B5%B7%E9%9D%9E%E9%81%97%E6%96%B0%E6%98%A5%E5%BA%99%E4%BC%9A%E6%BC%94%E5%87%BA.mp4.mp4','278611933','40','100',0,0,'','','','','','','','','2020-03-27 07:57:27'),(40,'104357226','4d92a971360243b0bab91e2ffc6740e3','2952230998','上盘镇——小镇里的棋王爷爷','http://vodacewiygf.nosdn.127.net/105cc5a4-1854-4401-b9d3-2f304a90532b.jpg','http://vodacewiygf.nosdn.127.net/fccc779e-5bb7-4131-9411-362f8de59041.mp4?download=%E4%B8%8A%E7%9B%98%E9%95%87%E2%80%94%E2%80%94%E5%B0%8F%E9%95%87%E9%87%8C%E7%9A%84%E6%A3%8B%E7%8E%8B%E7%88%B7%E7%88%B7.mp4.mp4','362076813','40','100',0,0,'','','','','','','','','2020-03-27 08:02:34'),(41,'104357226','4d92a971360243b0bab91e2ffc6740e3','2952260948','台州府城祭孔大典','http://vodacewiygf.nosdn.127.net/c1a7b0f9-bb3b-408a-b78e-4b102f2fa36d.jpg','http://vodacewiygf.nosdn.127.net/d80e826c-4f58-43bb-abf2-ab7c32cf9d7b.mp4?download=%E5%8F%B0%E5%B7%9E%E5%BA%9C%E5%9F%8E%E7%A5%AD%E5%AD%94%E5%A4%A7%E5%85%B8.mp4.mp4','2627198614','40','100',0,0,'','','','','','','','','2020-03-27 08:26:54'),(42,'104357226','4d92a971360243b0bab91e2ffc6740e3','2952265458','张秀娟剪纸','http://vodacewiygf.nosdn.127.net/407fcc90-dbf8-46ed-ad79-3db375ca4dd7.jpg','http://vodacewiygf.nosdn.127.net/2558b556-c94a-4cf3-a28f-40701a3841c1.mp4?download=%E5%BC%A0%E7%A7%80%E5%A8%9F%E5%89%AA%E7%BA%B8.mp4.mp4','9540835','40','100',0,0,'','','','','','','','','2020-03-27 08:27:19'),(44,'104357226','4d92a971360243b0bab91e2ffc6740e3','2952278110','临海市优秀非遗传承人-董仁普','http://vodacewiygf.nosdn.127.net/a80b7857-ac40-4971-9b72-d10d86b8ef7f.jpg','http://vodacewiygf.nosdn.127.net/a3e91f07-1816-4d9d-8bb7-34ce01fd7937.mp4?download=%E8%91%A3%E4%BB%81%E6%99%AE.mp4.mp4','434889788','40','100',0,0,'','','','','','','','','2020-03-27 08:38:03'),(45,'104357226','4d92a971360243b0bab91e2ffc6740e3','2952276991','临海市优秀非遗传承人-蔡雪贞','http://vodacewiygf.nosdn.127.net/56ca4007-550d-489d-b83c-221bb640a542.jpg','http://vodacewiygf.nosdn.127.net/3a601ab0-2122-441a-8b42-cce53b8391d5.mp4?download=%E8%94%A1%E9%9B%AA%E8%B4%9E.mp4.mp4','451782906','40','100',0,0,'','','','','','','','','2020-03-27 08:43:52'),(46,'104357226','4d92a971360243b0bab91e2ffc6740e3','2952287690','临海市优秀非遗传承人-李善土','http://vodacewiygf.nosdn.127.net/aabf8fe5-535b-4a73-bc0a-230429a70a14.jpg','http://vodacewiygf.nosdn.127.net/5f32d786-cb11-4120-b5f7-1e45087b9d84.mp4?download=%E6%9D%8E%E5%96%84%E5%9C%9F.mp4.mp4','574414688','40','100',0,0,'','','','','','','','','2020-03-27 08:48:35'),(47,'104357226','4d92a971360243b0bab91e2ffc6740e3','2952292437','临海市优秀非遗传承人-李伟育','http://vodacewiygf.nosdn.127.net/30471b09-f4d9-43bc-b685-82652a1df4d8.jpg','http://vodacewiygf.nosdn.127.net/dca6256a-b351-4fa2-a98f-9699286dac61.mp4?download=%E6%9D%8E%E4%BC%9F%E8%82%B2.mp4.mp4','488950677','40','100',0,0,'','','','','','','','','2020-03-27 08:52:59'),(48,'104357226','4d92a971360243b0bab91e2ffc6740e3','2952293444','临海市优秀非遗传承人-李忠芳','http://vodacewiygf.nosdn.127.net/38be0163-2086-4550-b9fd-8f0268d6c17b.jpg','http://vodacewiygf.nosdn.127.net/34d8f653-8b49-46d0-bc35-45d410f347b7.mp4?download=%E6%9D%8E%E5%BF%A0%E8%8A%B3.mp4.mp4','369768063','40','100',0,0,'','','','','','','','','2020-03-27 08:56:21'),(49,'104357226','4d92a971360243b0bab91e2ffc6740e3','2952301255','临海市优秀非遗传承人-罗献兵','http://vodacewiygf.nosdn.127.net/5b28722a-d674-4556-9874-f6f602f4754f.jpg','http://vodacewiygf.nosdn.127.net/ad4b888e-9947-483c-bd01-d816b92578fb.mp4?download=%E7%BD%97%E7%8C%AE%E5%85%B5.mp4.mp4','491028671','40','100',0,0,'','','','','','','','','2020-03-27 09:01:22'),(50,'104357226','4d92a971360243b0bab91e2ffc6740e3','2952298945','临海市优秀非遗传承人-马曙明','http://vodacewiygf.nosdn.127.net/9a7ae03f-0d8e-4e75-883d-42390800d24d.jpg','http://vodacewiygf.nosdn.127.net/ede7e845-bd1b-48f2-af56-1a7a20206805.mp4?download=%E9%A9%AC%E6%9B%99%E6%98%8E.mp4.mp4','371676004','40','100',0,0,'','','','','','','','','2020-03-27 09:04:14'),(51,'104357226','4d92a971360243b0bab91e2ffc6740e3','2952307440','临海市优秀非遗传承人-王建','http://vodacewiygf.nosdn.127.net/cd85f75a-2ee1-4e53-acc5-3da6a0a8a5c4.jpg','http://vodacewiygf.nosdn.127.net/469b2f99-7330-4472-8303-1f66db25c250.mp4?download=%E7%8E%8B%E5%BB%BA.mp4.mp4','414116925','40','100',0,0,'','','','','','','','','2020-03-27 09:11:39'),(52,'104357226','4d92a971360243b0bab91e2ffc6740e3','2952311621','临海市优秀非遗传承人-王吕员','http://vodacewiygf.nosdn.127.net/f9d06575-8bea-4c24-8a46-ebe59f81ffb2.jpg','http://vodacewiygf.nosdn.127.net/1c3383ba-508b-47ec-a26a-e49c5a0865c0.mp4?download=%E7%8E%8B%E5%90%95%E5%91%98.mp4.mp4','541201580','40','100',0,0,'','','','','','','','','2020-03-27 09:17:07'),(54,'104405634','4d92a971360243b0bab91e2ffc6740e3','2952990533','国家买单','http://vodacewiygf.nosdn.127.net/22b93eee-8f5b-4acc-90f8-cc715dd1bbaf.jpg','http://vodacewiygf.nosdn.127.net/ca8c4981-7367-4b3d-ba7c-a148aaa8478d.mp4?download=%E5%9B%BD%E5%AE%B6%E4%B9%B0%E5%8D%95.mp4.mp4','881835','40','100',0,0,'','','','','','','','','2020-03-28 03:53:17'),(55,'104405634','5aba4b3dc2bc4fc49b3228dae028e972','2953786227','男子袭击执勤武警直接被ko','http://vodacewiygf.nosdn.127.net/97f00a2b-a2c1-40b6-9bdf-b196afb32565.jpg','http://vodacewiygf.nosdn.127.net/c064c2e5-53df-4a82-b7f7-f2e0aecf6123.mp4?download=%E7%94%B7%E5%AD%90%E8%A2%AD%E5%87%BB%E6%89%A7%E5%8B%A4%E6%AD%A6%E8%AD%A6%E7%9B%B4%E6%8E%A5%E8%A2%ABko.mp4.mp4','1455009','40','100',0,0,'','','','','','','','','2020-03-29 00:59:36'),(56,'104405634','4d92a971360243b0bab91e2ffc6740e3','2954236256','送别英雄','http://vodacewiygf.nosdn.127.net/78416c87-1835-4569-adf5-f9bf4a675f50.jpg','http://vodacewiygf.nosdn.127.net/c0a9e540-f370-4185-8afc-f4a25ce51699.mp4?download=%E9%80%81%E5%88%AB%E8%8B%B1%E9%9B%84.mp4.mp4','2769878','40','100',0,0,'','','','','','','','','2020-03-29 09:44:50'),(57,'104405634','4d92a971360243b0bab91e2ffc6740e3','2954236342','我是中国台湾人','http://vodacewiygf.nosdn.127.net/f578eb7d-abbd-426f-9ca5-08685032412d.jpg','http://vodacewiygf.nosdn.127.net/6c705f45-768b-405c-81b0-2f83dd2e2079.mp4?download=%E6%88%91%E6%98%AF%E4%B8%AD%E5%9B%BD%E5%8F%B0%E6%B9%BE%E4%BA%BA.mp4.mp4','3054961','40','100',0,0,'','','','','','','','','2020-03-29 09:45:15'),(58,'104405634','9369c0de31f3404fbe40f445056bbd64','2954719912','111','http://vodacewiygf.nosdn.127.net/9474feee-6642-4063-8c8f-923b05145602.jpg','http://vodacewiygf.nosdn.127.net/484ba40c-14eb-4122-9582-d87d0b6b0cbb.mp4?download=ooo.mp4.mp4','5277858','40','100',0,0,'','','','','','','','','2020-03-30 01:10:58'),(59,'104357226','4d92a971360243b0bab91e2ffc6740e3','2955659402','临海市优秀非遗传承人-张秀娟','http://vodacewiygf.nosdn.127.net/8fd4d037-968e-4482-a41e-52e306a72b1f.jpg','http://vodacewiygf.nosdn.127.net/6707e48a-4a19-4706-8093-f1ff5a6d4fa7.mp4?download=%E5%BC%A0%E7%A7%80%E5%A8%9F.mp4.mp4','493130434','40','100',0,0,'','','','','','','','','2020-03-31 00:03:58'),(60,'104357226','4d92a971360243b0bab91e2ffc6740e3','2955670061','临海市优秀非遗传承人-朱吕贵','http://vodacewiygf.nosdn.127.net/3c3b2d59-7bb9-4cf7-83cc-02479e235946.jpg','http://vodacewiygf.nosdn.127.net/64e69771-c42e-40b3-8609-7df3956b80c4.mp4?download=%E6%9C%B1%E5%90%95%E8%B4%B5.mp4.mp4','610179857','40','100',0,0,'','','','','','','','','2020-03-31 00:09:56'),(61,'104357226','4d92a971360243b0bab91e2ffc6740e3','2955673765','白鹤大帝信俗','http://vodacewiygf.nosdn.127.net/090d6755-8f10-4360-9754-263fb6f28885.jpg','http://vodacewiygf.nosdn.127.net/323ec9b4-6a60-43fb-bff9-cc3ef973d268.mp4?download=%E7%99%BD%E9%B9%A4%E5%A4%A7%E5%B8%9D%E4%BF%A1%E4%BF%97.mp4.mp4','743813135','40','100',0,0,'','','','','','','','','2020-03-31 00:16:03'),(62,'104357226','4d92a971360243b0bab91e2ffc6740e3','2955679442','大石车灯戏','http://vodacewiygf.nosdn.127.net/334aaaff-c0d3-41f2-9a64-3bf849a0fdd8.jpg','http://vodacewiygf.nosdn.127.net/56af881e-44dc-4ac6-9afa-d2764f81f37d.mp4?download=%E5%A4%A7%E7%9F%B3%E8%BD%A6%E7%81%AF%E6%88%8F.mp4.mp4','1308637121','40','100',0,0,'','','','','','','','','2020-03-31 00:58:52'),(63,'104357226','4d92a971360243b0bab91e2ffc6740e3','2956901405','初心故事丨陈云芳：医者仁心','http://vodacewiygf.nosdn.127.net/b3aaaa8c-551c-47e1-a681-3f1f12b290e5.jpg','http://vodacewiygf.nosdn.127.net/c8ea2a97-9f38-4040-bee1-3d03040e8a60.mp4?download=tjg_3545786445_50000_34d053f241c2478cba4e3b756cc96729.f10002.mp4.mp4','82660866','40','100',0,0,'','','','','','','','','2020-04-01 04:55:21'),(65,'104357226','4d92a971360243b0bab91e2ffc6740e3','2956912355','初心故事丨专职网格员：百姓的事无小事','http://vodacewiygf.nosdn.127.net/c330570d-2829-4beb-a71c-2510c1666040.jpg','http://vodacewiygf.nosdn.127.net/e3ad42cf-df66-40af-b669-edf6481f8af5.mp4?download=tjg_3545786445_50000_908dfef4c0634603a46bab66d4d0fc21.f10002.mp4.mp4','166955135','40','100',0,0,'','','','','','','','','2020-04-01 05:10:19'),(66,'104357226','4d92a971360243b0bab91e2ffc6740e3','2956920217','初心故事丨临海公安干警：跨越70年的初心','http://vodacewiygf.nosdn.127.net/a38fbc4f-c136-45f2-8423-bde3f0833c8b.jpg','http://vodacewiygf.nosdn.127.net/37ce304a-2df8-4732-b836-fa75208ddcd6.mp4?download=shg_3545786445_50000_1c543d7bd49c493b92dbf1bb27737b16.f10002.mp4.mp4','85711243','40','100',0,0,'','','','','','','','','2020-04-01 05:14:18'),(67,'104357226','4d92a971360243b0bab91e2ffc6740e3','2956923009','初心故事丨屈彦桌：小账目彰显大担当','http://vodacewiygf.nosdn.127.net/3a15b89e-2deb-40f8-9dba-8e42e09a85a8.jpg','http://vodacewiygf.nosdn.127.net/7777815b-284e-4449-a5bd-724ec9a5c179.mp4?download=tjg_3545786445_50000_8926b22c98a54508a365aea106e99a85.f10002.mp4.mp4','45560936','40','100',0,0,'','','','','','','','','2020-04-01 05:15:08');

--
-- Table structure for table `ya02wmsj_cecoe_vod_type`
--

CREATE TABLE `ya02wmsj_cecoe_vod_type` (
  `id` int(10) unsigned NOT NULL AUTO_INCREMENT COMMENT '表ID',
  `man_id` char(32) NOT NULL COMMENT '创建分类人员，关联user表uuid',
  `type_id` varchar(20) NOT NULL DEFAULT '' COMMENT '网易云点播类型id',
  `type_name` varchar(101) NOT NULL DEFAULT '' COMMENT '分类名称',
  `description` varchar(101) NOT NULL DEFAULT '' COMMENT '分类描述',
  `ctime` timestamp NOT NULL DEFAULT CURRENT_TIMESTAMP COMMENT '添加时间',
  `display` tinyint(3) NOT NULL DEFAULT '1' COMMENT '是否展示该分类 0-不展示 1-展示',
  `region_code` char(12) NOT NULL DEFAULT '' COMMENT '区域编码',
  `allow_delete` tinyint(3) unsigned NOT NULL DEFAULT '0' COMMENT '默认不可删除 0-不可删除 1-可删除',
  PRIMARY KEY (`id`)
) ENGINE=InnoDB AUTO_INCREMENT=10 DEFAULT CHARSET=utf8mb4 COMMENT='点播分类列表';

--
-- Dumping data for table `ya02wmsj_cecoe_vod_type`
--

INSERT INTO `ya02wmsj_cecoe_vod_type` VALUES (1,'4d92a971360243b0bab91e2ffc6740e3','104337406','志愿者风采','志愿者','2019-05-29 20:38:34',1,'',1),(2,'4d92a971360243b0bab91e2ffc6740e3','104330719','实践队风采','实践队','2019-05-29 20:38:44',1,'',1),(3,'4d92a971360243b0bab91e2ffc6740e3','104357226','新闻素材','放一些新闻相关的视频素材','2019-08-18 23:37:02',1,'',1),(4,'4d92a971360243b0bab91e2ffc6740e3','104412353','教育类视频','教育','2020-03-19 02:49:19',1,'',1),(5,'4d92a971360243b0bab91e2ffc6740e3','104405634','测试视频','测试视频','2020-03-27 02:53:55',1,'',0),(8,'4d92a971360243b0bab91e2ffc6740e3','104404905','测试视频2','测试视频2','2020-04-10 08:05:02',1,'',1);

--
-- Table structure for table `ya02wmsj_cecoe_volunteer_info`
--

CREATE TABLE `ya02wmsj_cecoe_volunteer_info` (
  `id` int(10) unsigned NOT NULL AUTO_INCREMENT COMMENT '表ID',
  `uuid` char(32) NOT NULL DEFAULT '' COMMENT '用户uuid',
  `name` varchar(31) NOT NULL DEFAULT '' COMMENT '申请人真实姓名',
  `intro` text NOT NULL COMMENT '用户个人简介',
  `address` varchar(255) NOT NULL DEFAULT '' COMMENT '常驻地  中文地址',
  `status` tinyint(3) unsigned NOT NULL DEFAULT '0' COMMENT '简介是否通过审核 0-未审核 1-已审核 3-被驳回',
  `check_uuid` char(32) NOT NULL DEFAULT '' COMMENT '审核人uuid',
  `check_time` timestamp NOT NULL DEFAULT '0000-00-00 00:00:00' COMMENT '审核时间',
  `review_msg` varchar(201) NOT NULL DEFAULT '' COMMENT '审核意见',
  `vorgan_id` varchar(101) NOT NULL DEFAULT '' COMMENT '志愿者组织机构id列表, 关联organ_volunteer表id',
  `serve_time` int(10) unsigned NOT NULL DEFAULT '0' COMMENT '服务时间，分钟',
  `ctime` timestamp NOT NULL DEFAULT CURRENT_TIMESTAMP COMMENT '添加时间',
  PRIMARY KEY (`id`)
) ENGINE=InnoDB AUTO_INCREMENT=18 DEFAULT CHARSET=utf8mb4 COMMENT='志愿者简介表';

--
-- Dumping data for table `ya02wmsj_cecoe_volunteer_info`
--

INSERT INTO `ya02wmsj_cecoe_volunteer_info` VALUES (10,'bd949488301b4bceb7e6750d6c2dc5df','姜超','我来自同心志愿服务队','',0,'','0000-00-00 00:00:00','','39',0,'2019-07-14 00:03:16'),(11,'953c125269ab4693bf48a944d8705b77','彭杰','我来自“最多跑一次”宣讲志愿服务队','',0,'','0000-00-00 00:00:00','','43',0,'2019-07-14 00:12:46'),(14,'09ff4db587db4aa3bfa4db7120d72e54','啦啦啦','木呜呜呜呜温柔呀','侯迫切需要',0,'','0000-00-00 00:00:00','','42,43',0,'2019-07-25 17:45:56'),(15,'871ba57647534b78b3f1374cc409436f','王树','人类','鸿蒙宇宙地球',0,'','0000-00-00 00:00:00','','41',0,'2019-07-31 22:39:11'),(16,'c8660342c12c407db87c61e137f86cb2','陈本义','加入志愿者','杭州',1,'','0000-00-00 00:00:00','','43',0,'2019-08-19 21:40:57'),(17,'a2eeb4cb14f44330832e1c40e429bc88','','<p><p><center><img src=\"\" alt=\"\" /></center></p>111111111</p>','',0,'','0000-00-00 00:00:00','','',0,'2019-12-27 22:08:13');

--
-- Table structure for table `ya02wmsj_cecoe_vote`
--

CREATE TABLE `ya02wmsj_cecoe_vote` (
  `id` int(10) unsigned NOT NULL AUTO_INCREMENT COMMENT '表ID',
  `activity_id` int(10) unsigned NOT NULL DEFAULT '0' COMMENT '活动ID，对应activity表ID',
  `title` varchar(101) NOT NULL DEFAULT '' COMMENT '参选者名称',
  `pic` varchar(201) NOT NULL DEFAULT '' COMMENT '参选者照片',
  `content` varchar(3002) NOT NULL DEFAULT '' COMMENT '参选者简介',
  `vote_number` mediumint(9) NOT NULL DEFAULT '0' COMMENT '当前累计票数',
  `vote_num` int(10) unsigned NOT NULL DEFAULT '0' COMMENT '累计人数',
  `score_num` smallint(8) unsigned NOT NULL DEFAULT '0' COMMENT '评分人数',
  `score_sum` smallint(8) unsigned NOT NULL DEFAULT '0' COMMENT '总评分',
  PRIMARY KEY (`id`)
) ENGINE=InnoDB AUTO_INCREMENT=121 DEFAULT CHARSET=utf8 COMMENT='评选人物表';

--
-- Dumping data for table `ya02wmsj_cecoe_vote`
--

INSERT INTO `ya02wmsj_cecoe_vote` VALUES (1,25,'张三','/uploads/ya02wmsj_cecoe/pic/20200303/1583219742_608835278.jpg','三三三',4,0,0,0),(2,25,'李四','/uploads/ya02wmsj_cecoe/pic/20200303/1583219813_519345534.JPG','四四四',3,0,0,0),(8,39,'于兴邦','/uploads/ya02wmsj_cecoe/pic/20200319/29c9fa07c2f0aa5a8558be231ffc13d3.jpeg','男，1984年8月出生，中共党员，汉族，本科学历，2013年11月至2017年3月任大田街道白筑村党支部书记，现任该村党支部负责人，东方永安集团浙东休闲家居城副总经理。他筹集千万资金对白筑村岙里水库进行除险加固、修建村内白云山道路，并带领村“两委”成员建设白筑村康居工程，拆迁村内危旧房一万多平方米；组织建立五大微信群，使它们成为村内资源与信息共享平台。他组织浙东休闲家居城成功申报国家AAA旅游景区、省工业旅游示范基地；组建团队搭建“大田公社”微商城，整合临海100多家农合联成员产品，通过中国人寿等大型公司销售网络推广，实现临海农业合作社农副产品的集体线上销售。在他的带领下，白筑村“两委”成员团结一心，该村连续两年获得大田街道“优秀村集体”荣誉。',5,0,0,0),(9,39,'王丹丹','/uploads/ya02wmsj_cecoe/pic/20200319/ebc2e665665ab4412533f6ccb056d79a.jpeg','女，1987年12月出生，中共党员，汉族，本科，中级导游，浙江台运国际旅行社有限公司总经理助理。她凭借工作经验摸索出“人性化+个性化”的服务模式和“原则性+灵活性”的带团技巧，深入挖掘景、物后的文化渊源，创新导游词，“寓教于乐”开展导游工作；她积极为导游从业人员争取工资福利待遇，力争破除导游低薪困境；作为台州旅游协会副会长兼导游委员会主任，她还时常邀请名师对导游进行职业技能培训，提升从业人员素质，为全域旅游人才队伍建设出力。她曾被国家旅游局评为“2015全国好导游”，2016年，她被评为“全国旅游系统劳动模范”。',4,0,0,0),(10,39,'王迪','/uploads/ya02wmsj_cecoe/pic/20200319/a87722219902d93704305a45177835c8.jpeg','男，1985年9月出生，中共党员，汉族，硕士学历，台州市通益机械设备有限公司总经理，浙江东来包装有限公司董事长，临海市第十四届政协委员。他长期从事金属包装产品生产设备的研发、金属包装产品创新设计、包装产品与生产设备市场开拓，研发的全自动数控龙门冲获浙江省工业优秀新产品三等奖。2015年以后，他在公司加强互联网营销，使海外销售额占比由20%提升至40%。在他努力下，公司被列为“国家重点扶持高新技术企业”。2013年，他获得临海市第二届职工优秀技术创新成果唯一的“一等奖”；2014年，他被台州技工学校聘为机械专业建设指导委员会委员；2015年，他被评为“台州市500精英”。',3,0,0,0),(29,39,'方跃','/uploads/ya02wmsj_cecoe/pic/20200319/bdb85a2d693f34e792426faf4cc7afc7.jpeg','男，1985年1月出生，中共党员，汉族，本科学历，台州市乌岩春农业开发有限公司董事长，临海市乌岩春茶业专业合作社副理事长。他创建“乌岩春”茶叶品牌，在自己的企业施行绿色管理模式，根据现代婚庆需求独创“喜茶”，组建电商团队大力开展线上销售，不断扩大产品市场。他以乌岩春合作社为龙头，带动丁公园、后辽、曹山、界岭、安头等村建成万亩优质茶园基地。与白水洋镇人民政府合作，在安基山投资建设滑翔伞基地，成功举办台州市第五届体育休闲节暨全国滑翔伞邀请赛。他曾被评为台州市“农技标兵”、台州市“农村科创之星”。目前，合作社安基山茶场为省农业厅茶叶精品园、省级残疾人扶贫基地、省级科技示范户。',3,0,0,0),(39,65,'1','/uploads/ya02wmsj_cecoe/pic/20200324/afa89825829d476f9751a5a5c22e8e8e.jpg','内容',0,0,0,0),(40,68,'临海市篮球队','/uploads/ya02wmsj_cecoe/pic/20200324/6d05e5410810b21d4a5f1a2436da6507.jpeg','很有集体感，获得多次比赛冠军',3,0,6,20),(41,68,'临海市足球队','/uploads/ya02wmsj_cecoe/pic/20200324/9a1b4970c4aaea585a248512d82b472d.jpg','队伍气氛活跃，荣辱与共',4,0,6,20),(43,70,'','','',0,0,0,0),(44,71,'勒布朗詹姆斯','/uploads/ya02wmsj_cecoe/pic/20200331/cd24d93e56163934aa74ef1543b60526.jpg','篮球巨星',1,0,0,0),(45,71,'C罗','/uploads/ya02wmsj_cecoe/pic/20200331/2c7d6dc211bb91c05ec72043ec84c9ee.jpg','足球巨星',2,0,0,0),(48,76,'','/uploads/ya02wmsj_cecoe/pic/20200407/c8dfb366f9f7a76315c29324289457d2.jpg','',0,0,0,0),(49,77,'','/uploads/ya02wmsj_cecoe/pic/20200407/de57a194db3311d4e9adc6387fac0b14.jpg','',0,0,0,0),(50,78,'','/uploads/ya02wmsj_cecoe/pic/20200407/ac62c883c9e825ec3c650e11f26e9607.jpg','',0,0,0,0),(51,79,'','/uploads/ya02wmsj_cecoe/pic/20200407/e8f50a482b40e0012e739f4f97ca972e.jpg','',0,0,0,0),(52,80,'','/uploads/ya02wmsj_cecoe/pic/20200407/403c2bab1e4143492d595dcd8826ccd8.jpg','',0,0,0,0),(53,81,'','/uploads/ya02wmsj_cecoe/pic/20200407/903a623db8e1344890e5587dc1e5b3ef.jpg/uploads/ya02wmsj_cecoe/pic/20200407/903a623db8e1344890e5587dc1e5b3ef.jpg','',0,0,0,0),(54,82,'','/uploads/ya02wmsj_cecoe/pic/20200407/50d054922c0e64d70890bead6ab3d30d.jpg','',0,0,0,0),(55,83,'','/uploads/ya02wmsj_cecoe/pic/20200407/296df3164128ece7bcfe381c2646acf2.jpg','',0,0,0,0),(56,84,'','/uploads/ya02wmsj_cecoe/pic/20200407/8a05b26f291f7a35cba956fb336d9001.jpg','',0,0,0,0),(57,85,'','/uploads/ya02wmsj_cecoe/pic/20200407/0990a4f1c2e58235288281e6e2c92bf5.png','',0,0,0,0),(58,86,'','/uploads/ya02wmsj_cecoe/pic/20200407/70445d5a7bd9406ae6651de27568a64c.jpg','',0,0,0,0),(59,87,'','/uploads/ya02wmsj_cecoe/pic/20200407/372541069511ecf7253223b508ae460f.jpg','',0,0,0,0),(60,88,'','/uploads/ya02wmsj_cecoe/pic/20200407/90d22a0c16ff7c9a3cc5ba0fe9440bca.jpg','',0,0,0,0),(61,89,'','/uploads/ya02wmsj_cecoe/pic/20200407/c308e78d70e008b3c6ade61f0a54496a.jpg','',0,0,0,0),(62,90,'','/uploads/ya02wmsj_cecoe/pic/20200407/d473edabb8419f79f4be59092e483df5.png','',0,0,0,0),(63,91,'','/uploads/ya02wmsj_cecoe/pic/20200407/5de65d8d25a2e3c6c294222b7aa086f9.jpg','',0,0,0,0),(64,92,'','/uploads/ya02wmsj_cecoe/pic/20200407/fdead620b1191469fa0fb87fe8264cad.jpg','',0,0,0,0),(65,93,'','/uploads/ya02wmsj_cecoe/pic/20200407/8990944dfe1dc80fc301d06ddb15f429.jpg','',0,0,0,0),(66,94,'','/uploads/ya02wmsj_cecoe/pic/20200407/625292bddd119ee94afdce14fe7d6315.jpg','',0,0,0,0),(67,95,'','/uploads/ya02wmsj_cecoe/pic/20200407/5ad631982bc37cc716aec760020c5c0a.jpg','',0,0,0,0),(68,96,'','/uploads/ya02wmsj_cecoe/pic/20200407/c23487730052bf5e0ab66caff20f2283.jpg','',0,0,0,0),(69,97,'','/uploads/ya02wmsj_cecoe/pic/20200407/339e976247ad234a40af508ffbd776db.jpg','',0,0,0,0),(70,98,'','/uploads/ya02wmsj_cecoe/pic/20200407/856fbc4eec4afa02ddd2cec7d559f9a6.jpg','',0,0,0,0),(71,99,'','/uploads/ya02wmsj_cecoe/pic/20200407/e936da918c9b2f5e8c6b1b505cf637f1.jpg','',0,0,0,0),(72,100,'','/uploads/ya02wmsj_cecoe/pic/20200407/33897aeedc514e03cf1426f9dd17c772.jpg','',0,0,0,0),(73,101,'','/uploads/ya02wmsj_cecoe/pic/20200407/73ca6e68fa0894209472ec434181fdd8.jpg','',0,0,0,0),(74,102,'','/uploads/ya02wmsj_cecoe/pic/20200407/44d8ba432334e30dbff356db75c6f753.jpg','',0,0,0,0),(75,103,'','/uploads/ya02wmsj_cecoe/pic/20200407/ca4ac692d9bbe52ea234a38a38008fb5.jpg','',0,0,0,0),(76,104,'','/uploads/ya02wmsj_cecoe/pic/20200407/c01e6371ae615868c1e27b479ecaae97.jpg','',0,0,0,0),(77,105,'','/uploads/ya02wmsj_cecoe/pic/20200407/08888bdf5ced00cfac3588b37513dde6.jpg','',0,0,0,0),(78,106,'','/uploads/ya02wmsj_cecoe/pic/20200407/b94d6858de59b0eaa516f73962e2fc55.jpg','',0,0,0,0),(79,107,'','/uploads/ya02wmsj_cecoe/pic/20200407/8e6ec1e4d27f802e9fc934a6b07b5b31.jpg','',0,0,0,0),(80,108,'','/uploads/ya02wmsj_cecoe/pic/20200407/30282b6d13812ae6e4521d682fa5131e.jpg','',0,0,0,0),(81,109,'','/uploads/ya02wmsj_cecoe/pic/20200407/cdd48f9c2309b13b8c3ad389199c4e2f.jpg','',0,0,1,3),(82,110,'','/uploads/ya02wmsj_cecoe/pic/20200407/457b19af1d5371a710524b1ec41a9023.jpg','',0,0,0,0),(83,111,'','/uploads/ya02wmsj_cecoe/pic/20200407/1f72b654e1d76edd7ff9887fd080b2a2.jpg','',0,0,0,0),(84,112,'','/uploads/ya02wmsj_cecoe/pic/20200407/ebd98cad4b8ec4605bc900274399a60c.jpg','',0,0,0,0),(85,113,'','/uploads/ya02wmsj_cecoe/pic/20200407/2d9ab9209d8121b6e5528617b323b8ed.jpg','',0,0,0,0),(86,114,'','/uploads/ya02wmsj_cecoe/pic/20200407/80024430bf8aea8ff70113745d88c2ee.jpg','',0,0,0,0),(87,115,'','/uploads/ya02wmsj_cecoe/pic/20200407/902e0cb9c8a37ee81fc9ba88274ba46c.jpg','',0,0,0,0),(88,116,'','/uploads/ya02wmsj_cecoe/pic/20200407/10f3bbf2a8857f6f78a798736ac4473c.jpg','',0,0,0,0),(89,117,'','/uploads/ya02wmsj_cecoe/pic/20200407/9ebdb3954dd43014714dbf6b1c7f5bd5.jpg','',0,0,0,0),(90,118,'','/uploads/ya02wmsj_cecoe/pic/20200407/a83c9a1a504ca8632a7113f76bbc81ec.jpg','',0,0,0,0),(91,119,'','/uploads/ya02wmsj_cecoe/pic/20200407/c891f6f412f6ef50043bbe2cd80d9e0d.jpg','',0,0,0,0),(92,120,'','/uploads/ya02wmsj_cecoe/pic/20200407/b2cfa01e3c3e338bfcac87624e2f70d6.jpg','',0,0,1,5),(93,121,'','/uploads/ya02wmsj_cecoe/pic/20200407/a01cde50dc063b21baa48a1bb1cb4e22.jpg','',0,0,0,0),(94,122,'','/uploads/ya02wmsj_cecoe/pic/20200407/c4ca35a86f92c2d6332739578417162c.jpg','',0,0,0,0),(95,123,'','/uploads/ya02wmsj_cecoe/pic/20200407/9b25d3e5f9e0d1699a5d3ce787c9af80.jpg','',0,0,0,0),(96,124,'','/uploads/ya02wmsj_cecoe/pic/20200407/897a719815feab09ec370971b5fd5f4a.jpg','',0,0,1,5),(97,125,'','/uploads/ya02wmsj_cecoe/pic/20200407/ff1b41bd48958591336c5203eabcf672.png','',0,0,0,0),(98,126,'','/uploads/ya02wmsj_cecoe/pic/20200407/fcab15d65d268b393a284cdacb118944.jpg','',0,0,0,0),(99,127,'','/uploads/ya02wmsj_cecoe/pic/20200407/923a70263972b7d8ed419e75e388f7a7.jpg','',0,0,0,0),(100,128,'','/uploads/ya02wmsj_cecoe/pic/20200407/387ee27fb8b65f2db430501bb884174e.png','',0,0,0,0),(101,129,'','/uploads/ya02wmsj_cecoe/pic/20200407/47f706377fb5dd53009f5fa7a164e924.jpg','',0,0,0,0),(102,130,'','/uploads/ya02wmsj_cecoe/pic/20200407/2e647a6c2f71d0dc7d72b09f3ec87997.jpg','',0,0,1,5),(103,131,'','/uploads/ya02wmsj_cecoe/pic/20200407/00ce60362c5e9024c9de5c9979275022.jpg','',0,0,1,5),(104,132,'','/uploads/ya02wmsj_cecoe/pic/20200407/625594ec5eb35c067a00f8d7d3ca0995.jpg','',0,0,0,0),(105,133,'','/uploads/ya02wmsj_cecoe/pic/20200407/bf4499f54e5dc312eb5900ed86d342d6.jpg','',0,0,2,8),(106,134,'','/uploads/ya02wmsj_cecoe/pic/20200407/634d7fb5a819df2fedaa605e8eccbcc5.jpg','',0,0,4,16),(107,145,'','/uploads/ya02wmsj_cecoe/pic/20200407/d0d9522475dbb607ea2f13e057e72373.png','',0,0,0,0),(110,148,'','/uploads/ya02wmsj_cecoe/pic/20200408/722ba6b231fa05309acf11646db49b7c.jpg','',0,0,0,0),(111,149,'临海发布','/uploads/ya02wmsj_cecoe/pic/20200408/a25e723f8446c1ac9b77e187e8cc4366.jpg','',0,0,2,10),(112,150,'','/uploads/ya02wmsj_cecoe/pic/20200408/83e62e9aaf3f2c2c5cc7144aec771309.jpg','',0,0,3,12),(116,156,'体育老师','/uploads/ya02wmsj_cecoe/pic/20200411/495426e632662d572570d909287d7e26.jpg','获得多次评选嘉奖，教学认真',0,0,3,11),(117,156,'英语老师','/uploads/ya02wmsj_cecoe/pic/20200411/bb637163ffd3fbe360b057c19364b602.jpg','深受一些家长、学生喜爱',0,0,3,13),(118,157,'临海中学体育老师','/uploads/ya02wmsj_cecoe/pic/20200413/5057e939e4fd8894bd6f34a31663cd90.jpg','毕业于北京体育大学，中国儿童中心跆拳道项目负责人、跆拳道专职教师。全国冠军、国家级健将、国家级裁判。\n身体力行，言传身教。德育融入细节，创造积极、阳光、向上的训练环境，让孩子们健康、快乐成长。',3,0,0,0),(119,157,'临海实验中学英语老师','/uploads/ya02wmsj_cecoe/pic/20200413/fee786de96452415aff298b43f105cc9.jpg','中国英语教师协会创意教学成果大赛获一等奖，指导学生参加各级各类竞赛获一等奖，积极挖掘学科特色，助力都江堰国际旅游城市建设',1,0,0,0),(120,158,'','/uploads/ya02wmsj_cecoe/pic/20200413/6d17cc801b71f84c41dd59de5768cabe.jpg','',0,0,4,14);

--
-- Table structure for table `ya02wmsj_cecoe_vote_config`
--

CREATE TABLE `ya02wmsj_cecoe_vote_config` (
  `id` int(10) unsigned NOT NULL AUTO_INCREMENT COMMENT '表ID',
  `activity_id` int(10) unsigned NOT NULL DEFAULT '0' COMMENT '活动ID，对应activity表ID',
  `vote_period` enum('单次','每天','每周','每月') NOT NULL DEFAULT '单次' COMMENT '投票周期',
  `sigle_period_max` smallint(5) unsigned NOT NULL DEFAULT '0' COMMENT '单周期最多投票数',
  `sigle_option_max` smallint(5) unsigned NOT NULL DEFAULT '0' COMMENT '单项最多投票数',
  `start_time` timestamp NOT NULL DEFAULT '0000-00-00 00:00:00' COMMENT '投票开始时间',
  `end_time` timestamp NOT NULL DEFAULT '0000-00-00 00:00:00' COMMENT '投票结束时间',
  PRIMARY KEY (`id`)
) ENGINE=InnoDB DEFAULT CHARSET=utf8 COMMENT='投票配置表';

--
-- Dumping data for table `ya02wmsj_cecoe_vote_config`
--


--
-- Table structure for table `ya02wmsj_cecoe_vote_record`
--

CREATE TABLE `ya02wmsj_cecoe_vote_record` (
  `id` int(10) unsigned NOT NULL AUTO_INCREMENT COMMENT '表ID',
  `uuid` varchar(32) NOT NULL DEFAULT '' COMMENT '用户uuid，关联user表uuid,主要用于移动和h5端',
  `stb_id` varchar(51) NOT NULL DEFAULT '' COMMENT '答题人机顶盒ID',
  `ca_no` varchar(51) NOT NULL DEFAULT '' COMMENT '答题人CA卡号',
  `stb_ip` varchar(21) NOT NULL DEFAULT '' COMMENT '答题人机顶盒IP',
  `join_time` datetime NOT NULL DEFAULT '1970-01-01 00:00:00' COMMENT '答题时间',
  `vote_id` int(10) unsigned NOT NULL DEFAULT '0' COMMENT '评选选项ID, 对应vote表ID',
  `activity_id` int(10) unsigned NOT NULL DEFAULT '0' COMMENT '活动ID，对应activity表ID',
  `score` tinyint(3) unsigned NOT NULL DEFAULT '0',
  PRIMARY KEY (`id`)
) ENGINE=InnoDB AUTO_INCREMENT=126 DEFAULT CHARSET=utf8 COMMENT='评选记录表';

--
-- Dumping data for table `ya02wmsj_cecoe_vote_record`
--

INSERT INTO `ya02wmsj_cecoe_vote_record` VALUES (1,'09ff4db587db4aa3bfa4db7120d72e54','','','','2020-03-19 13:35:05',1,25,0),(2,'d7182abdaa634a0e8e35ad1310a3deb2','','','','2020-03-19 13:35:49',2,25,0),(3,'d7182abdaa634a0e8e35ad1310a3deb2','','','','2020-03-19 17:20:48',1,25,0),(4,'e8fca0ee863d4f7cb77904ff97a50131','','','','2020-03-19 17:49:06',9,39,0),(5,'e8fca0ee863d4f7cb77904ff97a50131','','','','2020-03-19 17:51:07',8,39,0),(6,'d7182abdaa634a0e8e35ad1310a3deb2','','','','2020-03-20 11:40:51',32,41,0),(7,'81ec437c7b334378af7890eaf22934d3','','','','2020-03-20 15:29:42',32,41,0),(8,'81ec437c7b334378af7890eaf22934d3','','','','2020-03-20 15:29:54',2,25,0),(9,'81ec437c7b334378af7890eaf22934d3','','','','2020-03-20 15:29:56',1,25,0),(10,'81ec437c7b334378af7890eaf22934d3','','','','2020-03-20 15:30:37',9,39,0),(11,'81ec437c7b334378af7890eaf22934d3','','','','2020-03-20 15:30:40',8,39,0),(12,'81ec437c7b334378af7890eaf22934d3','','','','2020-03-20 15:30:44',10,39,0),(13,'81ec437c7b334378af7890eaf22934d3','','','','2020-03-20 15:30:50',29,39,0),(14,'d7182abdaa634a0e8e35ad1310a3deb2','','','','2020-03-20 16:49:53',33,42,0),(15,'65fac3305f8f4702bac2423c361d1ae4','','','','2020-03-24 10:02:18',35,44,0),(16,'f30763b9293c4bd8a6728158f5188db4','','','','2020-03-24 11:26:28',34,42,0),(17,'65fac3305f8f4702bac2423c361d1ae4','','','','2020-03-24 13:38:14',37,57,0),(18,'65fac3305f8f4702bac2423c361d1ae4','','','','2020-03-24 13:38:16',38,57,0),(54,'982d8a09db9b4c79b1b100e3071fb920','','','','2020-03-24 17:32:34',41,68,0),(55,'37f316ca06494d059cfd0bafe1ab5e8f','','','','2020-03-24 17:33:34',41,68,0),(56,'37f316ca06494d059cfd0bafe1ab5e8f','','','','2020-03-24 17:33:36',40,68,0),(57,'97dab42630364208b93443bbe7b60f81','','','','2020-03-25 09:37:43',41,68,0),(58,'97dab42630364208b93443bbe7b60f81','','','','2020-03-25 09:37:56',40,68,0),(59,'97dab42630364208b93443bbe7b60f81','','','','2020-03-25 09:39:34',9,39,0),(60,'97dab42630364208b93443bbe7b60f81','','','','2020-03-25 09:39:35',8,39,0),(65,'0fb56a51cd124b90b7796885abdeb932','','','','2020-03-25 17:27:04',40,68,3),(66,'0fb56a51cd124b90b7796885abdeb932','','','','2020-03-25 17:27:04',41,68,5),(67,'0911b213274c44f08104432c0d5680a4','','','','2020-03-25 17:28:33',40,68,5),(68,'0911b213274c44f08104432c0d5680a4','','','','2020-03-25 17:28:33',41,68,3),(69,'bb146100ace649a4aac3f27aa1f09b9c','','','','2020-03-25 18:45:38',40,68,5),(70,'bb146100ace649a4aac3f27aa1f09b9c','','','','2020-03-25 18:45:38',41,68,3),(71,'bb146100ace649a4aac3f27aa1f09b9c','','','','2020-03-25 18:52:11',38,57,0),(72,'bb146100ace649a4aac3f27aa1f09b9c','','','','2020-03-25 18:52:13',37,57,0),(73,'37f316ca06494d059cfd0bafe1ab5e8f','','','','2020-03-26 07:38:23',8,39,0),(74,'65fac3305f8f4702bac2423c361d1ae4','','','','2020-03-26 10:34:16',40,68,3),(75,'65fac3305f8f4702bac2423c361d1ae4','','','','2020-03-26 10:34:16',41,68,4),(76,'65fac3305f8f4702bac2423c361d1ae4','','','','2020-03-26 11:12:10',1,25,0),(77,'0fb56a51cd124b90b7796885abdeb932','','','','2020-03-26 11:15:08',10,39,0),(78,'0fb56a51cd124b90b7796885abdeb932','','','','2020-03-26 11:15:12',29,39,0),(79,'0fb56a51cd124b90b7796885abdeb932','','','','2020-03-26 11:15:15',8,39,0),(80,'0fb56a51cd124b90b7796885abdeb932','','','','2020-03-26 11:15:18',9,39,0),(81,'65fac3305f8f4702bac2423c361d1ae4','','','','2020-03-26 11:15:20',2,25,0),(82,'65fac3305f8f4702bac2423c361d1ae4','','','','2020-03-26 11:15:59',29,39,0),(83,'65fac3305f8f4702bac2423c361d1ae4','','','','2020-03-26 11:16:01',10,39,0),(84,'5e7e3675e9da4b87aa949419a477bd87','','','','2020-03-27 11:22:49',40,68,0),(85,'5e7e3675e9da4b87aa949419a477bd87','','','','2020-03-27 11:22:50',41,68,0),(86,'e6d47f5f00a14e9fbb1188a51b8659e7','','','','2020-03-28 10:37:11',40,68,3),(87,'e6d47f5f00a14e9fbb1188a51b8659e7','','','','2020-03-28 10:37:11',41,68,4),(88,'e6d47f5f00a14e9fbb1188a51b8659e7','','','','2020-03-31 11:29:23',37,57,0),(89,'e6d47f5f00a14e9fbb1188a51b8659e7','','','','2020-03-31 11:29:26',38,57,0),(90,'ff2f9e265bab43a98231ed487d6cd69b','','','','2020-03-31 15:35:51',40,68,1),(91,'ff2f9e265bab43a98231ed487d6cd69b','','','','2020-03-31 15:35:51',41,68,1),(92,'5e7e3675e9da4b87aa949419a477bd87','','','','2020-04-03 08:22:35',37,57,0),(93,'74a1ef21f9b74696b6bc8da1b6b995f9','','','','2020-04-07 09:26:41',81,109,3),(94,'ff2f9e265bab43a98231ed487d6cd69b','','','','2020-04-08 09:31:35',106,134,4),(95,'0911b213274c44f08104432c0d5680a4','','','','2020-04-08 11:48:49',45,71,0),(96,'e6d47f5f00a14e9fbb1188a51b8659e7','','','','2020-04-08 14:14:02',106,134,3),(97,'0fb56a51cd124b90b7796885abdeb932','','','','2020-04-08 14:29:35',105,133,3),(98,'0fb56a51cd124b90b7796885abdeb932','','','','2020-04-08 14:33:03',106,134,4),(99,'bb146100ace649a4aac3f27aa1f09b9c','','','','2020-04-08 14:49:58',111,149,5),(100,'90ee2060f62e419c9dec9355ecef9231','','','','2020-04-08 16:03:24',111,149,5),(101,'90ee2060f62e419c9dec9355ecef9231','','','','2020-04-08 16:03:36',106,134,5),(102,'90ee2060f62e419c9dec9355ecef9231','','','','2020-04-08 16:04:11',105,133,5),(103,'90ee2060f62e419c9dec9355ecef9231','','','','2020-04-08 16:04:19',103,131,5),(104,'90ee2060f62e419c9dec9355ecef9231','','','','2020-04-08 16:05:17',96,124,5),(105,'90ee2060f62e419c9dec9355ecef9231','','','','2020-04-08 16:53:45',44,71,0),(106,'90ee2060f62e419c9dec9355ecef9231','','','','2020-04-08 16:53:48',45,71,0),(107,'90ee2060f62e419c9dec9355ecef9231','','','','2020-04-08 16:54:10',112,150,5),(108,'90ee2060f62e419c9dec9355ecef9231','','','','2020-04-08 16:54:26',102,130,5),(109,'90ee2060f62e419c9dec9355ecef9231','','','','2020-04-09 17:47:58',92,120,5),(110,'e6d47f5f00a14e9fbb1188a51b8659e7','','','','2020-04-10 11:50:17',112,150,3),(111,'0fb56a51cd124b90b7796885abdeb932','','','','2020-04-11 15:06:54',112,150,4),(112,'74a1ef21f9b74696b6bc8da1b6b995f9','','','','2020-04-11 16:47:14',116,156,3),(113,'74a1ef21f9b74696b6bc8da1b6b995f9','','','','2020-04-11 16:47:14',117,156,5),(114,'e6d47f5f00a14e9fbb1188a51b8659e7','','','','2020-04-11 22:32:24',116,156,3),(115,'e6d47f5f00a14e9fbb1188a51b8659e7','','','','2020-04-11 22:32:24',117,156,3),(116,'90ee2060f62e419c9dec9355ecef9231','','','','2020-04-12 11:29:42',116,156,5),(117,'90ee2060f62e419c9dec9355ecef9231','','','','2020-04-12 11:29:42',117,156,5),(118,'74a1ef21f9b74696b6bc8da1b6b995f9','','','','2020-04-13 11:57:27',120,158,4),(119,'74a1ef21f9b74696b6bc8da1b6b995f9','','','','2020-04-13 11:58:54',118,157,0),(120,'ff2f9e265bab43a98231ed487d6cd69b','','','','2020-04-13 12:03:35',120,158,1),(121,'0fb56a51cd124b90b7796885abdeb932','','','','2020-04-13 12:04:37',120,158,4),(122,'e6d47f5f00a14e9fbb1188a51b8659e7','','','','2020-04-13 12:07:38',120,158,5),(123,'f145f8936c0a4cba8d6adf2bcc410d25','','','','2020-04-13 12:09:13',118,157,0),(124,'f145f8936c0a4cba8d6adf2bcc410d25','','','','2020-04-13 12:09:16',119,157,0),(125,'e6d47f5f00a14e9fbb1188a51b8659e7','','','','2020-04-13 16:01:02',118,157,0);


