--
-- Host: localhost    Database: pv_linhai
-- ------------------------------------------------------


--
-- Table structure for table `cmqueue_task_info`
--

CREATE TABLE `cmqueue_task_info` (
  `id` bigint(20) NOT NULL AUTO_INCREMENT COMMENT '任务自增ID',
  `task_name` varchar(255) NOT NULL DEFAULT '' COMMENT '任务别名',
  `task_queue` varchar(255) NOT NULL DEFAULT '' COMMENT '任务队列',
  `task_vhost` varchar(255) NOT NULL DEFAULT '' COMMENT '任务vhost',
  `task_param` varchar(10240) NOT NULL DEFAULT '' COMMENT '任务参数',
  `execute_type` tinyint(4) NOT NULL DEFAULT '0' COMMENT '执行方式',
  `duty` varchar(255) NOT NULL DEFAULT '' COMMENT '负责人',
  `alarm_type` tinyint(4) NOT NULL DEFAULT '0' COMMENT '告警方式',
  `mobiles` varchar(1024) NOT NULL DEFAULT '' COMMENT '手机号',
  `emails` varchar(1024) NOT NULL DEFAULT '' COMMENT '邮件',
  `req_url` varchar(512) NOT NULL DEFAULT '' COMMENT '请求URL',
  `rsp_param` varchar(1024) NOT NULL DEFAULT '' COMMENT '返回结果',
  `create_time` bigint(20) NOT NULL DEFAULT '0' COMMENT '创建时间',
  `update_time` bigint(20) NOT NULL DEFAULT '0' COMMENT '更新时间',
  `status` tinyint(4) NOT NULL DEFAULT '0' COMMENT '上下线状态',
  PRIMARY KEY (`id`)
) ENGINE=InnoDB DEFAULT CHARSET=utf8 COMMENT='消息服务任务表';

--
-- Dumping data for table `cmqueue_task_info`
--


--
-- Table structure for table `im_module_info`
--

CREATE TABLE `im_module_info` (
  `moduleaddr` varchar(32) NOT NULL DEFAULT '' COMMENT '模块地址',
  `modulename` varchar(16) NOT NULL DEFAULT '' COMMENT '模块名',
  `moduleversion` varchar(16) NOT NULL DEFAULT '' COMMENT '支持最低版本号',
  `balanceaddr` varchar(32) NOT NULL DEFAULT '' COMMENT '负载均衡地址',
  `connectcount` bigint(20) NOT NULL DEFAULT '0' COMMENT '用户连接数',
  `uptime` bigint(20) NOT NULL DEFAULT '0' COMMENT '更新时间',
  `status` tinyint(4) NOT NULL DEFAULT '0' COMMENT '状态',
  PRIMARY KEY (`moduleaddr`),
  UNIQUE KEY `moduleaddr` (`moduleaddr`) USING BTREE
) ENGINE=InnoDB DEFAULT CHARSET=utf8 COMMENT='登录服务记录表';

--
-- Dumping data for table `im_module_info`
--


--
-- Table structure for table `tm_adv`
--

CREATE TABLE `tm_adv` (
  `id` int(8) unsigned NOT NULL AUTO_INCREMENT COMMENT '主键',
  `image` varchar(255) DEFAULT NULL COMMENT '图片链接',
  `url` varchar(255) DEFAULT NULL COMMENT '调整链接',
  `sort` int(8) DEFAULT NULL COMMENT '排序',
  `is_login_skip` int(1) DEFAULT '0' COMMENT '是否登录跳转',
  `status` int(1) DEFAULT '1' COMMENT '0删除1正常',
  `form` int(1) DEFAULT '0' COMMENT '类型 0为非原生 1为原生',
  `ios_info` varchar(255) DEFAULT NULL COMMENT 'ios跳转信息',
  `android_info` varchar(255) DEFAULT NULL COMMENT 'android跳转信息',
  `unit_id` int(8) DEFAULT NULL COMMENT '组件id',
  `unit_name` varchar(255) DEFAULT NULL COMMENT '组件名称',
  `add_time` bigint(11) DEFAULT NULL COMMENT '新增时间',
  `update_time` bigint(11) DEFAULT NULL COMMENT '更新时间',
  PRIMARY KEY (`id`) USING BTREE
) ENGINE=MyISAM AUTO_INCREMENT=4 DEFAULT CHARSET=utf8 ROW_FORMAT=DYNAMIC;

--
-- Dumping data for table `tm_adv`
--

INSERT INTO `tm_adv` VALUES (3,'/images/banner.png','',5,1,1,0,NULL,NULL,NULL,NULL,NULL,NULL);

--
-- Table structure for table `tm_answer`
--

CREATE TABLE `tm_answer` (
  `answer_id` int(11) NOT NULL AUTO_INCREMENT,
  `question_id` int(11) NOT NULL COMMENT '问题id',
  `flag` varchar(255) CHARACTER SET utf8 DEFAULT NULL COMMENT 'a，b，c，d',
  `answer_content` varchar(255) CHARACTER SET utf8 DEFAULT NULL COMMENT '答案',
  `create_at` int(10) DEFAULT NULL COMMENT '创建时间',
  `update_at` int(10) DEFAULT NULL COMMENT '修改时间',
  `is_answer` varchar(255) CHARACTER SET utf8 DEFAULT NULL COMMENT '正确答案',
  PRIMARY KEY (`answer_id`)
) ENGINE=InnoDB AUTO_INCREMENT=51 DEFAULT CHARSET=latin1;

--
-- Dumping data for table `tm_answer`
--

INSERT INTO `tm_answer` VALUES (1,0,NULL,'',NULL,NULL,NULL),(2,0,NULL,'',NULL,NULL,NULL),(3,0,NULL,'',NULL,NULL,NULL),(4,1,'A','1',NULL,NULL,NULL),(5,1,'B','32453123132',1521275978,0,'2'),(6,1,'D','爱仕达多',1521276139,1521276139,'2'),(7,2,'A','是的撒卡进度很看好',1521276329,1521276329,'2'),(8,2,'B','可是大家爱看好的开机动画看手机号付款后付款时间和发看见好看就好',1521276329,1521276329,'2'),(9,2,'C','撒大声地',1521276329,1521276329,'2'),(10,2,'D','爱仕达多',1521276329,1521276329,'2'),(11,3,'A','是的撒卡进度很看好',1521276581,1521276581,'D'),(12,3,'B','可是大家爱看好的开机动画看手机号付款后付款时间和发看见好看就好',1521276581,1521276581,'D'),(13,3,'C','撒大声地',1521276581,1521276581,'D'),(14,3,'D','爱仕达多',1521276581,1521276581,'D'),(15,4,'A','是的撒卡进度很看好22',1521276667,1521276667,'D'),(16,4,'B','可是大家爱看好的开机动画看手机号付款后付款时间和发看见好看就好',1521276667,1521276667,'D'),(17,4,'C','撒大声地2',1521276667,1521276667,'D'),(18,4,'D','222222',1521276667,1521276667,'D'),(19,5,'A','撒大声地',1521276991,1521276991,'C'),(20,5,'B','硕大的',1521276991,1521276991,'C'),(21,5,'C','硕大的sad',1521276991,1521276991,'C'),(22,6,'A','撒大声地',1521277061,1521277061,'C'),(23,6,'B','硕大的',1521277061,1521277061,'C'),(24,6,'C','硕大的sad',1521277061,1521277061,'C'),(25,7,'A','撒大声地',1521277116,1521277116,'C'),(26,7,'B',' 23321',1521277116,1521277116,'C'),(27,7,'C','硕大的sad',1521277116,1521277116,'C'),(28,8,'A','撒大声地',1521277172,1521277172,'C'),(29,8,'B','硕大的',1521277172,1521277172,'C'),(30,8,'C','硕大的sad',1521277172,1521277172,'C'),(31,9,'A','46465',1521279815,1521279815,'D'),(32,9,'B','565456',1521279815,1521279815,'D'),(33,9,'C','65465465',1521279815,1521279815,'D'),(34,9,'D','212.1321',1521279815,1521279815,'D'),(35,10,'A','46465',1521279994,1521279994,'D'),(36,10,'B','565456',1521279994,1521279994,'D'),(37,10,'C','65465465',1521279994,1521279994,'D'),(38,10,'D','212.1321',1521279994,1521279994,'D'),(39,11,'A','就开始等会撒',NULL,NULL,'A'),(40,32,'A','结合国际化',1521370570,1521370570,'C'),(41,32,'B','开机即可',1521370570,1521370570,'C'),(42,32,'C','骷髅',1521370570,1521370570,'C'),(43,32,'A','',1521468030,1521468030,'B'),(44,32,'B','',1521468030,1521468030,'B'),(45,40,'A','A',1522758020,1522758020,'B'),(46,40,'S','S',1522758020,1522758020,'B'),(47,41,'A','要先有钱',1523244719,1523244719,'A'),(48,41,'B','无',1523244719,1523244719,'A'),(49,41,'C','鸡',1523244719,1523244719,'A'),(50,41,'D','鸡蛋',1523244719,1523244719,'A');

--
-- Table structure for table `tm_branch`
--

CREATE TABLE `tm_branch` (
  `branch_id` int(10) unsigned NOT NULL AUTO_INCREMENT COMMENT '分支机构ID',
  `parent_id` int(10) unsigned DEFAULT NULL COMMENT '父节点ID',
  `branch_name` varchar(64) NOT NULL COMMENT '分支机构名称',
  `branch_tel` varchar(32) DEFAULT NULL COMMENT '分支机构电话',
  `branch_fax` varchar(32) DEFAULT NULL COMMENT '分支机构传真',
  `branch_code` varchar(64) NOT NULL COMMENT '分支机构代码',
  PRIMARY KEY (`branch_id`)
) ENGINE=InnoDB AUTO_INCREMENT=14 DEFAULT CHARSET=utf8;

--
-- Dumping data for table `tm_branch`
--

INSERT INTO `tm_branch` VALUES (1,NULL,'全部',NULL,NULL,'0'),(2,1,'多媒体中心',NULL,NULL,'DE0D265CCFED6B636B81A80A32725FBD'),(3,1,'技术中心',NULL,NULL,'843C92BF12CB73D0CDD3CEFE92286FD3'),(4,2,'运营部门',NULL,NULL,'24E25CA091ABFA80BF4EFBA9F9217D6B'),(5,2,'产品部门',NULL,NULL,'898385F43ADC759C4DBBC71AF63E67C5'),(6,3,'运维管理部',NULL,NULL,'E1F3F0C9EFF3E2954BFE64557C8E8C07'),(7,3,'技术部',NULL,NULL,'BD27DA35FAA6DC9350D6AD995B0E6FD7'),(8,1,'矩阵号',NULL,NULL,'890B217EF0EED8D1C0BC1BA29C8A5428'),(9,8,'南平',NULL,NULL,'19CE12797FAAD44C5E5FF5A606ACAAB3'),(10,8,'福州',NULL,NULL,'CCFD3F08E70039E72A505EE19715381B'),(11,8,'龙岩',NULL,NULL,'207F74BBE7642C88FB47307F1B0DE049'),(12,8,'莆田',NULL,NULL,'61F146A4AA95CBC7919D2875FC3983E9'),(13,1,'测试',NULL,NULL,'F63DFF7DF3752AFE5D80E1E7C504F696');

--
-- Table structure for table `tm_classes`
--

CREATE TABLE `tm_classes` (
  `classes_id` int(10) unsigned NOT NULL AUTO_INCREMENT COMMENT '栏目ID',
  `classes_code` varchar(64) NOT NULL COMMENT '栏目代码',
  `classes_name` varchar(64) NOT NULL COMMENT '栏目名称',
  `classes_en_name` varchar(64) DEFAULT NULL COMMENT '栏目英文名',
  `classes_intro` varchar(128) DEFAULT NULL COMMENT '分类介绍',
  `site_code` varchar(64) NOT NULL COMMENT '站点ID',
  `index_template_name` varchar(64) DEFAULT NULL COMMENT '首页模板名称',
  `list_template_name` varchar(64) DEFAULT NULL COMMENT '列表页模板名称',
  `detail_template_name` varchar(64) DEFAULT NULL COMMENT '详细页模板名称',
  `list_amount` int(10) unsigned DEFAULT NULL COMMENT '列表显示的记录数',
  `detail_page_title` varchar(64) DEFAULT NULL COMMENT '详细页命名规则',
  `parent_classes_id` int(10) unsigned DEFAULT NULL COMMENT '父栏目ID',
  `sort` int(10) unsigned DEFAULT NULL COMMENT '排序字段',
  PRIMARY KEY (`classes_id`)
) ENGINE=InnoDB AUTO_INCREMENT=10 DEFAULT CHARSET=utf8;

--
-- Dumping data for table `tm_classes`
--

INSERT INTO `tm_classes` VALUES (2,'568955E2999CA3BCA5AC185867BCA1EC','123',NULL,'123','CA1DD4572C81AB750A7ED6C66F2492EA',NULL,NULL,NULL,NULL,NULL,0,3),(3,'458B3421C40DF1BF845BD4BBD04A3A5E','2',NULL,'123','CA1DD4572C81AB750A7ED6C66F2492EA',NULL,NULL,NULL,NULL,NULL,0,2),(4,'CBFFE3615311C389CE10490EAAC6C9BE','23',NULL,'3','CA1DD4572C81AB750A7ED6C66F2492EA',NULL,NULL,NULL,NULL,NULL,0,4),(5,'7CB2026BCDB27436E153FAC4FC2CD847','问',NULL,'问','CA1DD4572C81AB750A7ED6C66F2492EA',NULL,NULL,NULL,NULL,NULL,0,5),(6,'1EC072B06343715C83DD9E97E507EED4','qqqq',NULL,'qqq','0C2923197E2D955123E1C2EE11034DBB',NULL,NULL,NULL,NULL,NULL,0,6),(7,'C013B3A31921B03BB3B2919A74ABF9BD','ww',NULL,'www','0C2923197E2D955123E1C2EE11034DBB',NULL,NULL,NULL,NULL,NULL,6,7),(8,'9200F9B3B45817EDEC6CE11101C24296','klj',NULL,'','CA1DD4572C81AB750A7ED6C66F2492EA',NULL,NULL,NULL,NULL,NULL,2,8),(9,'2924704045D45F3ACCAB80B4F0E3F869','jkhkjh',NULL,'','CA1DD4572C81AB750A7ED6C66F2492EA',NULL,NULL,NULL,NULL,NULL,2,9);

--
-- Table structure for table `tm_client_version`
--

CREATE TABLE `tm_client_version` (
  `id` int(8) unsigned NOT NULL AUTO_INCREMENT COMMENT '主键',
  `version` bigint(11) DEFAULT NULL COMMENT '版本号',
  `add_time` bigint(11) DEFAULT NULL COMMENT '添加时间',
  `is_force` tinyint(1) DEFAULT '0' COMMENT '是否强制更新 1强制 0 否',
  `update_url` varchar(255) DEFAULT NULL COMMENT '更新链接',
  `display_version` varchar(255) DEFAULT NULL COMMENT '展示版本号',
  `remarks` varchar(255) DEFAULT NULL COMMENT '版本号备注信息',
  `client_type` varchar(255) DEFAULT 'iOS' COMMENT '类型 iOS Android',
  `user_id` int(11) DEFAULT NULL COMMENT '操作管理员主键',
  `is_upload` tinyint(1) DEFAULT '0' COMMENT '是否上传文件',
  PRIMARY KEY (`id`) USING BTREE
) ENGINE=InnoDB DEFAULT CHARSET=utf8 ROW_FORMAT=DYNAMIC;

--
-- Dumping data for table `tm_client_version`
--


--
-- Table structure for table `tm_common_article`
--

CREATE TABLE `tm_common_article` (
  `article_id` int(11) NOT NULL AUTO_INCREMENT COMMENT '爬取的新闻数据表主键',
  `aid` varchar(100) DEFAULT NULL COMMENT '文章id，不会重复',
  `website_name` varchar(100) DEFAULT NULL COMMENT '爬取的网站名称',
  `title` varchar(255) DEFAULT NULL COMMENT '文章标题',
  `content` longtext COMMENT '文章内容',
  `keyword` varchar(500) DEFAULT NULL COMMENT '关键字',
  `abstract` varchar(1000) DEFAULT NULL COMMENT '简介',
  `from_source` varchar(255) DEFAULT NULL COMMENT '来源',
  `from_source_url` varchar(500) DEFAULT NULL COMMENT '来源url',
  `url` varchar(500) DEFAULT NULL COMMENT '原文章url',
  `author` varchar(100) DEFAULT NULL COMMENT '作者',
  `organization` varchar(255) DEFAULT NULL COMMENT '发布机构',
  `column` varchar(50) DEFAULT NULL COMMENT '所属栏目',
  `publish_time` datetime DEFAULT NULL COMMENT '发布时间',
  `comment_num` varchar(10) DEFAULT NULL COMMENT '评论数',
  `read_num` varchar(10) DEFAULT NULL COMMENT '阅读数',
  `collect_time` datetime DEFAULT NULL COMMENT '采集时间',
  `img_url1` varchar(255) DEFAULT NULL COMMENT '缩略图1',
  `img_url2` varchar(255) DEFAULT NULL COMMENT '缩略图2',
  `img_url3` varchar(255) DEFAULT NULL COMMENT 'img_url3',
  `column_id` int(11) DEFAULT NULL COMMENT '栏目id',
  `from_id` int(11) DEFAULT NULL COMMENT '来源id',
  `put_time` datetime DEFAULT NULL COMMENT '入库时间',
  PRIMARY KEY (`article_id`)
) ENGINE=InnoDB DEFAULT CHARSET=utf8;

--
-- Dumping data for table `tm_common_article`
--


--
-- Table structure for table `tm_common_article_aids`
--

CREATE TABLE `tm_common_article_aids` (
  `id` int(11) NOT NULL AUTO_INCREMENT COMMENT '爬取的新闻数据aid表主键',
  `aids` longtext COMMENT '还未处理的文章aid集合',
  `create_time` datetime DEFAULT NULL COMMENT '创建时间',
  `update_time` datetime DEFAULT NULL COMMENT '更新时间',
  `is_stop` tinyint(4) DEFAULT '0' COMMENT '是否停止更新数据，0否，1停止',
  PRIMARY KEY (`id`)
) ENGINE=InnoDB DEFAULT CHARSET=utf8;

--
-- Dumping data for table `tm_common_article_aids`
--


--
-- Table structure for table `tm_component`
--

CREATE TABLE `tm_component` (
  `component_id` int(10) unsigned NOT NULL AUTO_INCREMENT COMMENT '产品组件id',
  `component_code` varchar(64) NOT NULL COMMENT '产品组件代码',
  `component_name` varchar(128) NOT NULL COMMENT '产品组件名称',
  `component_key` varchar(64) NOT NULL COMMENT '模块唯一key',
  `developer_code` varchar(64) NOT NULL COMMENT '开发者code',
  `access_key` varchar(128) NOT NULL COMMENT '认证key',
  `secret_key` varchar(128) DEFAULT NULL COMMENT '安全key',
  `index_url` text COMMENT '前端入口地址',
  `index_version` varchar(128) DEFAULT NULL COMMENT '前端版本号',
  `admin_url` text COMMENT '后端入口地址',
  `admin_version` varchar(128) DEFAULT NULL COMMENT '后端版本号',
  `app_code` varchar(64) NOT NULL COMMENT 'app代码',
  `create_time` int(10) unsigned NOT NULL COMMENT '创建时间',
  `company_name` varchar(128) DEFAULT NULL COMMENT '公司名',
  `address` varchar(128) DEFAULT NULL COMMENT '公司地址',
  `tel` varchar(64) DEFAULT NULL COMMENT '公司电话',
  `description` varchar(128) DEFAULT NULL COMMENT '描述',
  `linkman` varchar(128) DEFAULT NULL,
  `note` varchar(128) DEFAULT NULL,
  `component_pic` varchar(128) DEFAULT NULL COMMENT '应用图标',
  `ios_info` varchar(255) DEFAULT NULL COMMENT 'ios入口',
  `android_info` varchar(255) DEFAULT NULL COMMENT 'android入口',
  `sql_version` varchar(255) DEFAULT NULL COMMENT '数据表版本',
  PRIMARY KEY (`component_id`)
) ENGINE=InnoDB DEFAULT CHARSET=utf8 COMMENT='专题敏感词';

--
-- Dumping data for table `tm_component`
--


--
-- Table structure for table `tm_config`
--

CREATE TABLE `tm_config` (
  `id` int(10) unsigned NOT NULL AUTO_INCREMENT COMMENT '主键',
  `key` varchar(255) NOT NULL COMMENT '键名',
  `value` varchar(5000) DEFAULT NULL COMMENT '键值',
  `remarks` varchar(255) DEFAULT NULL COMMENT '备注',
  `type` varchar(255) DEFAULT NULL COMMENT '类型',
  `add_time` bigint(11) DEFAULT NULL COMMENT '添加时间',
  `update_time` bigint(11) DEFAULT NULL COMMENT '更新时间',
  PRIMARY KEY (`id`) USING BTREE
) ENGINE=MyISAM AUTO_INCREMENT=65 DEFAULT CHARSET=utf8 ROW_FORMAT=DYNAMIC;

--
-- Dumping data for table `tm_config`
--

INSERT INTO `tm_config` VALUES (1,'site_name','天马工场','平台名称','base',1534934035,1535003056),(2,'site_logo','/images/logo.png','平台logo','base',1534934035,1535003056),(3,'version','V1','版本号','ios_version',1535082506,1535082506),(4,'must_update','1','强制更新','ios_version',1535082506,1535082506),(5,'version','V1','版本号','android_version',1535082566,1535082566),(6,'must_update','1','强制更新','android_version',1535082566,1535082566),(7,'version','V2','版本号','pc_version',1535082566,1535082566),(8,'must_update','1','强制更新','pc_version',1535082566,1535082566),(9,'ali_sms_key_id','LTAIT0JSTQtwRYUG','阿里短信服务key','client',1535446213,1535446213),(10,'ali_sign_name','天马工场','阿里短信签名','client',1535446213,1535446213),(11,'ali_key_secret','BP3VgP76RWnHrdI4IW8Hy8pF85mtlL','阿里短信服务secret','client',1535446213,1535446213),(12,'Jpush_key','7375019ec90b9de9bb0cc8ed','极光key','client',1535446252,1535446252),(13,'Jpush_secret','1deaf4babb47a22579d2db83','极光secret','client',1535446252,1535446252),(14,'ali_check_template_code','321211','阿里验证短信模板code','client',1536215833,1536215833),(15,'first_login','20',NULL,'point',1539754645,1539754645),(16,'sex','20',NULL,'point',1539754701,1539754701),(17,'birthday','20',NULL,'point',1539754710,1539754710),(18,'mobile','20',NULL,'point',1539754720,1539754720),(19,'wb','20',NULL,'point',1539754728,1539754728),(20,'wx','20',NULL,'point',1539754737,1539754737),(21,'qq','20',NULL,'point',1539754745,1539754745),(22,'sign','20',NULL,'point',1539754818,1539754818),(23,'sign_cycle_first','10','3','point',1539755515,1539755515),(24,'sign_cycle_two','20','7','point',1539755548,1539755548),(25,'sign_extra_two','400','200','point',1539755608,1539755608),(26,'sign_extra_first','200','100','point',1539755622,1539755622),(27,'first_login_switch','1',NULL,'point',1539755926,1539755926),(28,'perfect_information_switch','1',NULL,'point',1539755992,1539755992),(29,'sign_switch','1',NULL,'point',1539756013,1539756013),(30,'BackGroupPic','/images/backgroup.png','个人中心背景图','client',1541059566,1541059566),(31,'auto_location','1','是否自动获取地址','client',1536292655,1540974064),(32,'start_adv_type','1','启动页播放方式','app',1541584929,1541584929),(33,'Baidu_Api_Key','ASiveWjeR4yfH7XjbrmH8c6f','百度统计key','BaiduAnalysis',1541584929,1541584929),(34,'Baidu_Secret_Key','bnP3h9GNlXD7BSdCkiwwcfoM0uLCMUG8','百度统计密钥','BaiduAnalysis',1541584929,1541584929),(35,'Baidu_android_App_Key','47b455ccc0','百度统计应用安卓key','BaiduAnalysis',1541584929,1541584929),(36,'Baidu_iOS_App_Key','24219d0a17','百度统计应用iOSkey','BaiduAnalysis',1541584929,1541584929),(37,'Baidu_refresh_token','22.645a1e7db518610cc669585a819a9934.315360000.1857023811.892630829-14721012','长期refresh_token缓存','BaiduAnalysis',1541663812,1541663812),(38,'type','local','设置上传方式','upload',1541753932,1541753932),(39,'accessKeyId','','OSS的key','OSSupload',1541754539,1541754539),(40,'accessKeySecret','','OSS的Secret','OSSupload',1541754539,1541754539),(41,'endpoint','','OSS的域名','OSSupload',1541754539,1541754539),(42,'bucket','','OSS的空间','OSSupload',1541754539,1541754539),(43,'accessKey','','七牛key','QNupload',1541754846,1541754846),(44,'secretKey','','七牛secret','QNupload',1541754846,1541754846),(45,'bucket','','七牛空间','QNupload',1541754846,1541754846),(46,'upload','','七牛上传地址','QNupload',1541754846,1541754846),(47,'cdn','','七牛获取文件域名','QNupload',1541754846,1541754846),(48,'cdn','','外网访问域名','OSSupload',1542356042,1542356042),(49,'path','/uploads/','路径','LOCALupload',1542356272,1542356272),(50,'absolute_path','','扩展资源盘绝对路径','LOCALupload',1542356272,1542356272),(51,'cdn','','资源盘域名','LOCALupload',1542356272,1542356272),(52,'host','','域名','FTPupload',1542356401,1542356401),(53,'username','','用户名','FTPupload',1542356401,1542356401),(54,'password','','密码','FTPupload',1542356401,1542356401),(55,'port','21','端口号','FTPupload',1542356401,1542356401),(56,'path','/uploads/','路径','FTPupload',1542356401,1542356401),(57,'cdn','','访问域名','FTPupload',1542356401,1542356401),(58,'license','','框架的license','framework',1541663812,1541663812),(59,'public_key','','license的公钥','framework',1541663812,1541663812),(60,'domain','','域名','framework',1541663812,1541663812),(61,'app_start_image','','启动页图片','client',1539677407,1541755126),(62,'app_start_image_m','','中等启动页','client',1539677407,1541755126),(63,'app_start_image_s','','小启动页','client',1539677407,1541755126),(64,'license','horecvdjlrrlshgivsvuupjfaodkrinf','license值','license',1584410644,1584410644);

--
-- Table structure for table `tm_fix_item`
--

CREATE TABLE `tm_fix_item` (
  `fix_id` int(10) unsigned NOT NULL AUTO_INCREMENT COMMENT '受控词ID',
  `fix_name` varchar(128) NOT NULL COMMENT '受控词名称',
  `description` varchar(128) NOT NULL COMMENT '受控词描述',
  `parent_id` int(10) unsigned DEFAULT NULL COMMENT '父节点ID',
  `site_code` varchar(64) NOT NULL COMMENT '站点代码',
  PRIMARY KEY (`fix_id`)
) ENGINE=InnoDB DEFAULT CHARSET=utf8;

--
-- Dumping data for table `tm_fix_item`
--


--
-- Table structure for table `tm_jobs`
--

CREATE TABLE `tm_jobs` (
  `id` int(11) NOT NULL AUTO_INCREMENT,
  `queue` varchar(255) NOT NULL,
  `payload` longtext NOT NULL,
  `attempts` tinyint(3) unsigned NOT NULL,
  `reserved` tinyint(3) unsigned NOT NULL,
  `reserved_at` int(10) unsigned DEFAULT NULL,
  `available_at` int(10) unsigned NOT NULL,
  `created_at` int(10) unsigned NOT NULL,
  PRIMARY KEY (`id`)
) ENGINE=InnoDB DEFAULT CHARSET=utf8;

--
-- Dumping data for table `tm_jobs`
--


--
-- Table structure for table `tm_kind`
--

CREATE TABLE `tm_kind` (
  `type_id` int(10) NOT NULL AUTO_INCREMENT COMMENT '题库类id',
  `title` varchar(255) CHARACTER SET utf8 DEFAULT NULL COMMENT '图库名称',
  `content` varchar(255) CHARACTER SET utf8 DEFAULT NULL COMMENT '题库说明',
  `creattime` int(10) DEFAULT NULL COMMENT '创建时间',
  `updtime` int(10) DEFAULT NULL COMMENT '修改时间',
  `types` varchar(10) CHARACTER SET utf8 DEFAULT NULL COMMENT '题库类型',
  PRIMARY KEY (`type_id`)
) ENGINE=InnoDB AUTO_INCREMENT=22 DEFAULT CHARSET=latin1;

--
-- Dumping data for table `tm_kind`
--

INSERT INTO `tm_kind` VALUES (7,'65464561','654d654111',1521248346,1521248346,'单选'),(9,'客家话','交换机',1521249062,1521292076,'单选'),(11,'两会党建答题','两会党建答题',1522757134,1522757134,'单选'),(12,'测试数据，请勿操作！','测试',1523244437,1523244437,'单选'),(13,'测试1','测测',1523245715,1523412172,'单选'),(14,'测试2','测的',1523245725,1523245725,'单选'),(15,'测试3','测试',1523245737,1523245737,'单选'),(18,'测试12','c饿死',1523245828,1523245828,'单选'),(20,'测试20','测试',1523245857,1523245857,'单选'),(21,'测试21','c饿死',1523245866,1523245866,'单选');

--
-- Table structure for table `tm_member`
--

CREATE TABLE `tm_member` (
  `member_id` int(10) unsigned NOT NULL AUTO_INCREMENT COMMENT '用户ID',
  `member_code` varchar(64) NOT NULL COMMENT '用户代码',
  `member_name` varchar(64) NOT NULL COMMENT '用户名称',
  `member_nickname` varchar(64) DEFAULT NULL COMMENT '昵称',
  `member_real_name` varchar(64) DEFAULT NULL COMMENT '用户真实姓名',
  `password` varchar(32) NOT NULL COMMENT '密码',
  `site_code` varchar(64) NOT NULL COMMENT '站点code',
  `email` varchar(64) DEFAULT NULL COMMENT '邮箱',
  `mobile` varchar(32) NOT NULL COMMENT '手机',
  `head_pic` varchar(500) DEFAULT NULL COMMENT '头像',
  `birthday` varchar(20) DEFAULT NULL COMMENT '生日',
  `sex` tinyint(1) unsigned DEFAULT NULL COMMENT '性别1 男 2 女',
  `access_key` varchar(128) DEFAULT NULL COMMENT '登录认证key',
  `access_key_create_time` int(10) unsigned DEFAULT NULL COMMENT '认证key创建时间',
  `secret_key` varchar(128) DEFAULT NULL COMMENT '安全key',
  `status` tinyint(1) unsigned DEFAULT '0' COMMENT '状态(0：正常，1：停用)',
  `deleted` tinyint(1) unsigned DEFAULT '0' COMMENT '是否删除(0：未删除，1：已删除)',
  `create_time` int(10) unsigned NOT NULL COMMENT '创建时间',
  `wx` varchar(128) DEFAULT NULL COMMENT '微信账号',
  `qq` varchar(128) DEFAULT NULL COMMENT 'qq账号',
  `zfb` varchar(128) DEFAULT NULL COMMENT '支付宝账号',
  `wb` varchar(128) DEFAULT NULL COMMENT '微博账号',
  `receive_notice` tinyint(1) DEFAULT '1' COMMENT '接受消息 0不接受 1接受',
  `wifi_show_image` tinyint(1) DEFAULT '0' COMMENT 'wifi下才显示图片 0否 1是',
  `list_auto_play` tinyint(1) DEFAULT '1' COMMENT '列表播放状态 0否 1是',
  `ip` varchar(30) DEFAULT NULL COMMENT 'ip地址',
  `point` int(11) DEFAULT '0' COMMENT '用户积分',
  `sex_edit_time` int(11) DEFAULT NULL COMMENT '性别上次编辑时间',
  `birthday_edit_time` int(11) DEFAULT NULL COMMENT '生日上次编辑时间',
  `mobile_edit_time` int(11) DEFAULT NULL COMMENT '电话上次编辑时间',
  `wb_edit_time` int(11) DEFAULT NULL COMMENT '微博上次编辑时间',
  `wx_edit_time` int(11) DEFAULT NULL COMMENT '微信上次编辑时间',
  `qq_edit_time` int(11) DEFAULT NULL COMMENT 'qq上次编辑时间',
  `sign_num` int(11) DEFAULT NULL COMMENT '连续签到次数',
  `sign_time` int(11) DEFAULT NULL COMMENT '上次签到时间',
  `close_start_time` int(11) DEFAULT '0' COMMENT '封号开始时间',
  `close_end_time` int(11) DEFAULT '0' COMMENT '封号结束时间',
  `close_down_point` int(11) DEFAULT '0' COMMENT '上次封号扣除积分',
  `close_reason` varchar(255) DEFAULT NULL COMMENT '上次封号原因',
  `login_type` varchar(10) DEFAULT NULL COMMENT '登录类型',
  `member_sn` varchar(40) DEFAULT NULL COMMENT '用户sn账号',
  `register_source` varchar(255) DEFAULT 'APP' COMMENT '注册来源',
  `channel_sources` varchar(255) DEFAULT NULL COMMENT '渠道来源',
  `jpush_id` varchar(100) DEFAULT NULL COMMENT '激光用户id',
  PRIMARY KEY (`member_id`)
) ENGINE=InnoDB AUTO_INCREMENT=55 DEFAULT CHARSET=utf8;

--
-- Dumping data for table `tm_member`
--

INSERT INTO `tm_member` VALUES (1,'CCA13621965AE58771DED86A8FCA98DB','187****4734',NULL,NULL,'d0e809432f539348ef1eefa62551fa84','00000000000000000000000000000000',NULL,'18728804734',NULL,NULL,0,'4C912AA522BF481CD531776656DDDDCC',1525250846,NULL,0,0,1518088581,NULL,NULL,NULL,NULL,1,0,1,NULL,0,NULL,NULL,NULL,NULL,NULL,NULL,NULL,NULL,0,0,0,NULL,'mobile','cshm999998','APP',NULL,NULL),(5,'B43EE08A91EFBB407A6D4C0062800953','155****7009',NULL,NULL,'fdf47d0a45e48b275ede9596d3493817','00000000000000000000000000000000',NULL,'15528007009',NULL,NULL,0,'969F146BDF02B2CD60A4377A109DB13B',1519632400,NULL,0,0,1518075884,NULL,NULL,NULL,NULL,1,0,1,NULL,0,NULL,NULL,NULL,NULL,NULL,NULL,NULL,NULL,0,0,0,NULL,'mobile','cshm999994','APP',NULL,NULL),(7,'BC917C9B7C20CD35B36AB0DC5193BAFC','180****0926','盒子QQ',NULL,'d9b1d7db4cd6e70935368a1efb10e377','0C2923197E2D955123E1C2EE11034DBB',NULL,'18081000926','/uploads/member/18081000926/15211844313716.jpeg','2018-02-09',1,'FCDB1E0C33DFB28227A8BC10FA21FFD5',1521688255,NULL,0,0,1518086408,NULL,NULL,NULL,NULL,1,0,1,NULL,0,NULL,NULL,NULL,NULL,NULL,NULL,NULL,NULL,0,0,0,NULL,'mobile','cshm999992','APP',NULL,NULL),(10,'984AFA53552795408A90F7B4C373C5D9','刘彬1','刘彬1',NULL,'14e1b600b1fd579f47433b88e8d85291','00000000000000000000000000000000',NULL,'13908064279','/uploads/member/13908064279/15211831798769.jpeg','2018-03-16',1,'BFCDDACCAFB1F5D59070E9F55EC8D8F6',1523608001,NULL,0,0,1518417208,NULL,NULL,NULL,NULL,1,0,1,NULL,0,NULL,NULL,NULL,NULL,NULL,NULL,NULL,NULL,0,0,0,NULL,'mobile','cshm999989','APP',NULL,NULL),(11,'3C6FEAEF1B4BF535BD9770AFD4B8D839','187****0886',NULL,NULL,'74f25816d90c44708fba54b5e0eec363','00000000000000000000000000000000',NULL,'18784440886',NULL,NULL,0,'C4789C9D216E5504091427AD073FD834',1522637488,NULL,0,0,1518422019,NULL,NULL,NULL,NULL,1,0,1,NULL,0,NULL,NULL,NULL,NULL,NULL,NULL,NULL,NULL,0,0,0,NULL,'mobile','cshm999988','APP',NULL,NULL),(12,'ED993DBB240D55EFCAE8587E7512B923','136****6144','呵呵',NULL,'c3ef41e6b2fd9aa7a44210804ec23175','00000000000000000000000000000000',NULL,'13699476144',NULL,'2018-03-08',1,'E8C5B6C70A8269F63E8787B829FE9852',1520513715,NULL,0,0,1519456463,NULL,NULL,NULL,NULL,1,0,1,NULL,0,NULL,NULL,NULL,NULL,NULL,NULL,NULL,NULL,0,0,0,NULL,'mobile','cshm999987','APP',NULL,NULL),(13,'9CB8973A284ECAD3A770716C9CBAF474','138****2232',NULL,NULL,'0bb0513d4507950cc0f8029d8e0e15af','00000000000000000000000000000000',NULL,'13880642232',NULL,NULL,0,'36687847F586195E3B130D88F4ED16A5',1521721063,NULL,0,0,1520167150,NULL,NULL,NULL,NULL,1,0,1,NULL,0,NULL,NULL,NULL,NULL,NULL,NULL,NULL,NULL,0,0,0,NULL,'mobile','cshm999986','APP',NULL,NULL),(14,'9C406DB934BC350144FF64F5C581AAB7','158****6063',NULL,NULL,'ff92a240d11b05ebd392348c35f781b2','',NULL,'15882416063','/uploads/member/15882416063/15211886633631.png',NULL,0,'EA8F169DEB60AC20390034FA436E0B0D',1526551750,NULL,0,0,1520585248,NULL,NULL,NULL,NULL,1,0,1,NULL,0,NULL,NULL,NULL,NULL,NULL,NULL,NULL,NULL,0,0,0,NULL,'mobile','cshm999985','APP',NULL,NULL),(15,'5361F09AC1E224C004AC21399757DD1A','156****7710',NULL,NULL,'8697cb6b53ca3621cfbacdd17469748b','00000000000000000000000000000000',NULL,'15682077710',NULL,NULL,0,'D7D597B7440BA2C54752DCA8B4DAA14E',1526625389,NULL,0,0,1520590929,NULL,NULL,NULL,NULL,1,0,1,NULL,0,NULL,NULL,NULL,NULL,NULL,NULL,NULL,NULL,0,0,0,NULL,'mobile','cshm999984','APP',NULL,NULL),(16,'69C0E075F2D638E13EF59727154803DB','185****6181','飞飞虾',NULL,'a428f002cc30b16c9d3492414722aa4a','00000000000000000000000000000000',NULL,'18512816181','/uploads/member/18512816181/15214509522793.png','2007-03-09',1,'751C66D71C9998820F48599CBF8536DD',1522636814,NULL,0,0,1520596365,NULL,NULL,NULL,NULL,1,0,1,NULL,0,NULL,NULL,NULL,NULL,NULL,NULL,NULL,NULL,0,0,0,NULL,'mobile','cshm999983','APP',NULL,NULL),(17,'D7336C755561544803AF9E137C4E2B53','135****2250',NULL,NULL,'3b2bf3ff4d58c2ed8515c7c6a388e0b0','00000000000000000000000000000000',NULL,'13568882250',NULL,NULL,0,'3463A3086CA3EAB6621F683B4852DD78',1520835441,NULL,0,0,1520835441,NULL,NULL,NULL,NULL,1,0,1,NULL,0,NULL,NULL,NULL,NULL,NULL,NULL,NULL,NULL,0,0,0,NULL,'mobile','cshm999982','APP',NULL,NULL),(18,'5193406D63C9F8A3B1BF1FEE71D882F3','182****7391',NULL,NULL,'30d30d20d5b29b35845eebdbf39789e4','00000000000000000000000000000000',NULL,'18215607391',NULL,NULL,0,'2D03E10F6F9DA2D1C824FE3BAAC128E7',1522047913,NULL,0,0,1520921181,NULL,NULL,NULL,NULL,1,0,1,NULL,0,NULL,NULL,NULL,NULL,NULL,NULL,NULL,NULL,0,0,0,NULL,'mobile','cshm999981','APP',NULL,NULL),(19,'97D228C05C0C59C520E89138B442CB47','173****8925',NULL,NULL,'14e1b600b1fd579f47433b88e8d85291','00000000000000000000000000000000',NULL,'17345738925','/uploads/member/17345738925/15222266196586.png',NULL,2,'C196F0F9DB4CAB2F31B315980A453A52',1522636074,NULL,0,0,1520927167,NULL,NULL,NULL,NULL,1,0,1,NULL,0,NULL,NULL,NULL,NULL,NULL,NULL,NULL,NULL,0,0,0,NULL,'mobile','cshm999980','APP',NULL,NULL),(20,'AA66016672955A2B0C2EBDB476BDEAA7','158****6063',NULL,NULL,'63456d9779c107c3f0a53756a84168b2','0C2923197E2D955123E1C2EE11034DBB',NULL,'15882416063','/uploads/member/15882416063/15211886633631.png',NULL,0,'EA8F169DEB60AC20390034FA436E0B0D',1526551750,NULL,0,0,1520935767,NULL,NULL,NULL,NULL,1,0,1,NULL,0,NULL,NULL,NULL,NULL,NULL,NULL,NULL,NULL,0,0,0,NULL,'mobile','cshm999979','APP',NULL,NULL),(21,'3511DFB3CA8E7E5C62891290A3EEE60C','180****0926','盒子',NULL,'551a378573647c88843300e225699a44','00000000000000000000000000000000',NULL,'18081000926','/uploads/member/18081000926/15211844313716.jpeg',NULL,1,'FCDB1E0C33DFB28227A8BC10FA21FFD5',1521688255,NULL,0,0,1521007147,NULL,NULL,NULL,NULL,1,0,1,NULL,0,NULL,NULL,NULL,NULL,NULL,NULL,NULL,NULL,0,0,0,NULL,'mobile','cshm999978','APP',NULL,NULL),(22,'29CA8C53B38C4A2A0C778E682F8FF6DA','测试人员','测试',NULL,'ff92a240d11b05ebd392348c35f781b2','00000000000000000000000000000000',NULL,'15882416063','/uploads/member/15882416063/15211886633631.png','2018-03-16',2,'EA8F169DEB60AC20390034FA436E0B0D',1526551750,NULL,0,0,1521102642,NULL,NULL,NULL,NULL,1,0,1,NULL,0,NULL,NULL,NULL,NULL,NULL,NULL,NULL,NULL,0,0,0,NULL,'mobile','cshm999977','APP',NULL,NULL),(23,'12CD994B48204A4AD266B0D72AB8E262','181****0787',NULL,NULL,'4b26041782f8c33a37c7fb050380edfd','0C2923197E2D955123E1C2EE11034DBB',NULL,'18190710787',NULL,NULL,0,'D029F3A6443BA56C27FB3EE0536508BC',1521196425,NULL,0,0,1521195047,NULL,NULL,NULL,NULL,1,0,1,NULL,0,NULL,NULL,NULL,NULL,NULL,NULL,NULL,NULL,0,0,0,NULL,'mobile','cshm999976','APP',NULL,NULL),(24,'AAA540ED30A16A15CB217F1AFB521B56','159****8455',NULL,NULL,'b0833c2a21e5165d0cf2a525435334a6','00000000000000000000000000000000',NULL,'15908148455','/uploads/member/15908148455/15211961812463.png',NULL,0,'4F994BA3D6337C0BB6C2C96C4AFB51E1',1521543121,NULL,0,0,1521196158,NULL,NULL,NULL,NULL,1,0,1,NULL,0,NULL,NULL,NULL,NULL,NULL,NULL,NULL,NULL,0,0,0,NULL,'mobile','cshm999975','APP',NULL,NULL),(25,'1D807B2FF33607926933630A574199B4','158****4828',NULL,NULL,'bc09046e16a462e691716b666232d283','00000000000000000000000000000000',NULL,'15884594828','/uploads/member/15884594828/15214544678868.jpeg',NULL,0,'BC5B22B16AB6D2695FA9413B95A71665',1521453915,NULL,0,0,1521442457,NULL,NULL,NULL,NULL,1,0,1,NULL,0,NULL,NULL,NULL,NULL,NULL,NULL,NULL,NULL,0,0,0,NULL,'mobile','cshm999974','APP',NULL,NULL),(26,'C7E1C84E96E2BA07DFE916F31BC7BF56','139****7223',NULL,NULL,'df3f5467ddb682da295b30291409bac1','00000000000000000000000000000000',NULL,'13981157223','/uploads/member/13981157223/15214431586265.png','2018-01-19',2,'BFAE79239FA94519BF62C51A6A34C4CF',1521701582,NULL,0,0,1521443123,NULL,NULL,NULL,NULL,1,0,1,NULL,0,NULL,NULL,NULL,NULL,NULL,NULL,NULL,NULL,0,0,0,NULL,'mobile','cshm999973','APP',NULL,NULL),(27,'BD8412618CE269573166149F62138572','187****8953',NULL,NULL,'8c56bb4e4cad1fa231c471f32ac5fac9','00000000000000000000000000000000',NULL,'18798798953',NULL,NULL,0,'94F3CB30B2E347DD452C18504D6DDCDB',1521445922,NULL,0,0,1521445922,NULL,NULL,NULL,NULL,1,0,1,NULL,0,NULL,NULL,NULL,NULL,NULL,NULL,NULL,NULL,0,0,0,NULL,'mobile','cshm999972','APP',NULL,NULL),(28,'B6DD59C5180F23DDAFB56A6F9BF6BBC8','188****3227',NULL,NULL,'af977b5fec65354eeac4668e7cdf5d93','00000000000000000000000000000000',NULL,'18880473227',NULL,NULL,0,'2D55C98267E2447155BF08A662FB47DB',1524123516,NULL,0,0,1521460300,NULL,NULL,NULL,NULL,1,0,1,NULL,0,NULL,NULL,NULL,NULL,NULL,NULL,NULL,NULL,0,0,0,NULL,'mobile','cshm999971','APP',NULL,NULL),(29,'0F83D41582FD1392AA90C08CAC56A131','133****8119',NULL,NULL,'287effc5b6b19803b520b84538a6cf61','00000000000000000000000000000000',NULL,'13348988119',NULL,NULL,0,'F5A89EE482444889BF8C896FD33D6C60',1521779806,NULL,0,0,1521526566,NULL,NULL,NULL,NULL,1,0,1,NULL,0,NULL,NULL,NULL,NULL,NULL,NULL,NULL,NULL,0,0,0,NULL,'mobile','cshm999970','APP',NULL,NULL),(30,'F616157D6E1F0A03D2882E256CA32158','138****7238',NULL,NULL,'f58f14ce55d6bd65dd70eab2ef751f00','00000000000000000000000000000000',NULL,'13810797238',NULL,NULL,0,'80D721E4E9FFFF58CBB19FFCD231DC2F',1521647190,NULL,0,0,1521647190,NULL,NULL,NULL,NULL,1,0,1,NULL,0,NULL,NULL,NULL,NULL,NULL,NULL,NULL,NULL,0,0,0,NULL,'mobile','cshm999969','APP',NULL,NULL),(31,'97A57A6A292EF8F4CD6BE9C2AB9F1212','157****6882',NULL,NULL,'b464c80963eb15ba381627bc0ca4e885','00000000000000000000000000000000',NULL,'15708456882',NULL,NULL,0,'2E214A98E2FEAF00DF358020F0A60021',1522290677,NULL,0,0,1522048389,NULL,NULL,NULL,NULL,1,0,1,NULL,0,NULL,NULL,NULL,NULL,NULL,NULL,NULL,NULL,0,0,0,NULL,'mobile','cshm999968','APP',NULL,NULL),(32,'A1B65739171C61D7F35437EB11B4BE7C','185****5307','请叫我强哥',NULL,'97fdf379dc3f663a834a37fc1b8b787a','00000000000000000000000000000000',NULL,'18583925307','/uploads/member/18583925307/15220542649727.jpeg','2018-03-28',1,'0A55A376730945FBB52B87BC1667BBB5',1522639219,NULL,0,0,1522048826,NULL,NULL,NULL,NULL,1,0,1,NULL,0,NULL,NULL,NULL,NULL,NULL,NULL,NULL,NULL,0,0,0,NULL,'mobile','cshm999967','APP',NULL,NULL),(33,'D571572BB858B3D98990E0C64CF3D8B3','182****7741',NULL,NULL,'ce68e30184b915f5d23a8e5f0434dc69','00000000000000000000000000000000',NULL,'18215677741',NULL,NULL,0,'BD19B77751261D9A5323C4FBBAED4E97',1522217717,NULL,0,0,1522217717,NULL,NULL,NULL,NULL,1,0,1,NULL,0,NULL,NULL,NULL,NULL,NULL,NULL,NULL,NULL,0,0,0,NULL,'mobile','cshm999966','APP',NULL,NULL),(34,'B5DE8C0F6459A92B559E4F572DC49F63','176****6293',NULL,NULL,'d09ac3d4f38b4b7b6eba67779fefa28f','00000000000000000000000000000000',NULL,'17602886293',NULL,NULL,0,'3022A74A870684A1E6349F3A84A9B800',1522389991,NULL,0,0,1522378526,NULL,NULL,NULL,NULL,1,0,1,NULL,0,NULL,NULL,NULL,NULL,NULL,NULL,NULL,NULL,0,0,0,NULL,'mobile','cshm999965','APP',NULL,NULL),(35,'CD3440C9A64BFAEEA96D020E6E0C5089','182****3070',NULL,NULL,'0722250b26d086c97c3836fea4df6c7b','0C2923197E2D955123E1C2EE11034DBB',NULL,'18284823070',NULL,NULL,0,'C1623A7A1ABC044100E02EC6E83C0A71',1526026300,NULL,0,0,1522725789,NULL,NULL,NULL,NULL,1,0,1,NULL,0,NULL,NULL,NULL,NULL,NULL,NULL,NULL,NULL,0,0,0,NULL,'mobile','cshm999964','APP',NULL,NULL),(36,'6A0D5F6FEF6B8E5CFA91B7C5BA64724C','133****0539',NULL,NULL,'6127c58aa2fb66df1a23dfadb3119787','0C2923197E2D955123E1C2EE11034DBB',NULL,'13350850539',NULL,NULL,0,'841A597CBBA516200024B8B252454A80',1522744375,NULL,0,0,1522744375,NULL,NULL,NULL,NULL,1,0,1,NULL,0,NULL,NULL,NULL,NULL,NULL,NULL,NULL,NULL,0,0,0,NULL,'mobile','cshm999963','APP',NULL,NULL),(45,'60045C823694FA91BDAA5806E707DFF9','流年浮夸了岁月',NULL,NULL,'d9cb24df70c94060d312c8df9d4b414b','00000000000000000000000000000000',NULL,'','http://tva4.sinaimg.cn/crop.310.0.789.789.1024/81174c87gw1eglx4sgj2bj21360m1tca.jpg',NULL,1,'10D9AA9250B84BBE6EE46C7B79BA7245',1524125410,NULL,0,0,1523432114,NULL,NULL,NULL,'2165787783',1,0,1,NULL,0,NULL,NULL,NULL,NULL,NULL,NULL,NULL,NULL,0,0,0,NULL,'mobile','cshm999954','APP',NULL,NULL),(46,'1B1E7D74202915E0AC84CDC6779DC488','六月风走街穿巷 ',NULL,NULL,'11432d8dc03879d65e9518f31a6b2552','00000000000000000000000000000000',NULL,'','https://thirdqq.qlogo.cn/qqapp/1106729587/1D5E6358BA0306401120B3BCB601C022/100',NULL,1,'F9EC97569026E52606EB16553C323704',1524020665,NULL,0,0,1524020402,NULL,'1D5E6358BA0306401120B3BCB601C022',NULL,NULL,1,0,1,NULL,0,NULL,NULL,NULL,NULL,NULL,NULL,NULL,NULL,0,0,0,NULL,'mobile','cshm999953','APP',NULL,NULL),(47,'B021ACC49C98428DC7FC6825D787FE39','笋芯',NULL,NULL,'6a2aad9b936019c10779ae0b9072327e','00000000000000000000000000000000',NULL,'15280986043','39.107.76.66/uploads/member/15280986043/15252295589007.jpeg',NULL,0,'98C5A87AA7B9DD9A594B8762FF8000A0',1526283681,NULL,0,0,1524886331,NULL,NULL,NULL,NULL,1,0,1,NULL,0,NULL,NULL,NULL,NULL,NULL,NULL,NULL,NULL,0,0,0,NULL,'mobile','cshm999952','APP',NULL,NULL),(48,'9DC98ACD1245D43D5497F4D79A85C83F','135****0714',NULL,NULL,'08b4a02cdbc3a710bea9600a51b9931f','00000000000000000000000000000000',NULL,'13537570714',NULL,NULL,0,'B56AA269A44478CCF41227B191CDF8CE',1525251257,NULL,0,0,1525251257,NULL,NULL,NULL,NULL,1,0,1,NULL,0,NULL,NULL,NULL,NULL,NULL,NULL,NULL,NULL,0,0,0,NULL,'mobile','cshm999951','APP',NULL,NULL),(49,'BA9939F2DFFBE6F6FC859C7389122717','182****3070',NULL,NULL,'14e1b600b1fd579f47433b88e8d85291','00000000000000000000000000000000',NULL,'18284823070',NULL,NULL,0,'C1623A7A1ABC044100E02EC6E83C0A71',1526026300,NULL,0,0,1525253829,NULL,NULL,NULL,NULL,1,0,1,NULL,0,NULL,NULL,NULL,NULL,NULL,NULL,NULL,NULL,0,0,0,NULL,'mobile','cshm999950','APP',NULL,NULL),(50,'417D1B065C145A9082DD2ACD89FAFA18','会飞的鱼',NULL,NULL,'7c67fb192b1a1b7eef143065b2731d32','00000000000000000000000000000000',NULL,'15928091115','39.107.76.66/uploads/member/15928091115/15253358848289.jpg',NULL,0,'28F10E5BAD7C951AD29E6A386F66B4A6',1526283201,NULL,0,0,1525335660,NULL,NULL,NULL,NULL,1,0,1,NULL,0,NULL,NULL,NULL,NULL,NULL,NULL,NULL,NULL,0,0,0,NULL,'mobile','cshm999949','APP',NULL,NULL),(51,'1A1BD18126AD47265950F7161DF54FCC','177****1226',NULL,NULL,'7c7285ea27f8a978cdfe2fc064c729e0','00000000000000000000000000000000',NULL,'17781481226',NULL,NULL,0,'95F4174631360FBD30C9C4FCFF1F3C65',1526032276,NULL,0,0,1525415440,NULL,NULL,NULL,NULL,1,0,1,NULL,0,NULL,NULL,NULL,NULL,NULL,NULL,NULL,NULL,0,0,0,NULL,'mobile','cshm999948','APP',NULL,NULL),(52,'0D9932C783B3E90A5F9E28994664C471','155****0925',NULL,NULL,'5f5879c1cd1d13d23d864a5b71edc4d3','00000000000000000000000000000000',NULL,'15528330925',NULL,NULL,0,'FDC6E52C6A5B476926889FFEB2D9EC49',1526053710,NULL,0,0,1526053710,NULL,NULL,NULL,NULL,1,0,1,NULL,0,NULL,NULL,NULL,NULL,NULL,NULL,NULL,NULL,0,0,0,NULL,'mobile','cshm999947','APP',NULL,NULL),(53,'9C1BD7E1148877886D7157C196D0414A','小王子',NULL,NULL,'5d03db65ca67c89e4d51b8fbc90265b6','00000000000000000000000000000000',NULL,'18512850113','39.107.76.66/uploads/member/18512850113/15262837975690.png',NULL,0,'448F9874317B8F0E4841FC7C4CF24DC8',1526283741,NULL,0,0,1526283741,NULL,NULL,NULL,NULL,1,0,1,NULL,0,NULL,NULL,NULL,NULL,NULL,NULL,NULL,NULL,0,0,0,NULL,'mobile','cshm999946','APP',NULL,NULL),(54,'92F90BFA14741A9971539DE45EBC8216','136****3086','dammer',NULL,'c9b0dca65827418fe068298c2734b315','00000000000000000000000000000000',NULL,'13699443086',NULL,'19921003',1,'CCE503E0C8367D3D6592FE193E60215F',1528282544,NULL,0,0,1528182007,NULL,NULL,NULL,NULL,1,0,1,NULL,0,NULL,NULL,NULL,NULL,NULL,NULL,NULL,NULL,0,0,0,NULL,'mobile','cshm999945','APP',NULL,NULL);

--
-- Table structure for table `tm_member_comment`
--

CREATE TABLE `tm_member_comment` (
  `comment_id` int(10) unsigned NOT NULL AUTO_INCREMENT COMMENT '评论id',
  `app_id` varchar(128) NOT NULL COMMENT 'appid',
  `member_code` varchar(64) NOT NULL COMMENT '用户code',
  `article_id` int(10) unsigned NOT NULL COMMENT '文章id',
  `article_content` varchar(255) NOT NULL COMMENT '文章节选内容',
  `comment_content` varchar(255) NOT NULL COMMENT '评论内容',
  `create_time` int(10) unsigned NOT NULL COMMENT '评论时间',
  `extend` varchar(255) DEFAULT NULL COMMENT '扩展字段',
  PRIMARY KEY (`comment_id`)
) ENGINE=InnoDB AUTO_INCREMENT=7 DEFAULT CHARSET=utf8;

--
-- Dumping data for table `tm_member_comment`
--

INSERT INTO `tm_member_comment` VALUES (2,'test','B6DD59C5180F23DDAFB56A6F9BF6BBC8',1,'222222222222222222222222222222','222222222222222222222222222222222222',1656554443,''),(3,'test','B6DD59C5180F23DDAFB56A6F9BF6BBC8',1,'333333333333333333333333333333','33333333333333333333333333333333333333',1656554443,''),(5,'test','60045C823694FA91BDAA5806E707DFF9',1,'3444444444444444444444444444','4444444444444444444444444444',1656554443,''),(6,'test','60045C823694FA91BDAA5806E707DFF9',1,'11111111111111111111111111111','11111111111111111111111111',1656554443,'');

--
-- Table structure for table `tm_member_footprint`
--

CREATE TABLE `tm_member_footprint` (
  `footprint_id` int(11) NOT NULL AUTO_INCREMENT COMMENT '足迹主键',
  `member_code` varchar(64) NOT NULL COMMENT '足迹用户编码',
  `app_id` varchar(128) NOT NULL COMMENT 'appid',
  `article_id` int(10) unsigned NOT NULL COMMENT '文章id',
  `title` varchar(50) NOT NULL COMMENT '文章标题',
  `intro` varchar(100) DEFAULT NULL COMMENT '文章简介',
  `pic` varchar(255) DEFAULT NULL COMMENT '文章图片',
  `create_time` int(10) unsigned NOT NULL COMMENT '收藏时间',
  `extend` text COMMENT '扩展字段',
  `tag` varchar(255) DEFAULT NULL COMMENT '标记',
  `type` tinyint(255) DEFAULT '1' COMMENT '类型 1 文章 2视频',
  `status` tinyint(1) DEFAULT '1' COMMENT '1正常0删除',
  PRIMARY KEY (`footprint_id`) USING BTREE
) ENGINE=MyISAM DEFAULT CHARSET=utf8 ROW_FORMAT=DYNAMIC;

--
-- Dumping data for table `tm_member_footprint`
--


--
-- Table structure for table `tm_member_history`
--

CREATE TABLE `tm_member_history` (
  `history_id` int(10) unsigned NOT NULL AUTO_INCREMENT COMMENT '浏览历史id',
  `app_id` varchar(128) NOT NULL COMMENT 'appid',
  `member_code` varchar(64) NOT NULL COMMENT '用户code',
  `article_id` int(10) unsigned NOT NULL COMMENT '文章id',
  `title` varchar(255) NOT NULL COMMENT '文章标题',
  `create_time` int(10) unsigned NOT NULL COMMENT '浏览时间',
  `extend` varchar(255) DEFAULT NULL COMMENT '扩展字段',
  PRIMARY KEY (`history_id`)
) ENGINE=InnoDB AUTO_INCREMENT=26 DEFAULT CHARSET=utf8;

--
-- Dumping data for table `tm_member_history`
--

INSERT INTO `tm_member_history` VALUES (1,'test','60045C823694FA91BDAA5806E707DFF9',4,'article5',1523847786,NULL),(2,'test','60045C823694FA91BDAA5806E707DFF9',2,'article2',1522893600,NULL),(3,'test','B6DD59C5180F23DDAFB56A6F9BF6BBC8',12,'article12',1522893600,NULL),(4,'test','60045C823694FA91BDAA5806E707DFF9',132,'article132',1522980000,NULL),(5,'test','B6DD59C5180F23DDAFB56A6F9BF6BBC8',132,'articl1e132',1522980000,NULL),(6,'test','60045C823694FA91BDAA5806E707DFF9',132,'articl11e132',1523066400,NULL),(7,'test','B6DD59C5180F23DDAFB56A6F9BF6BBC8',132,'ar2ticl11e132',1523066400,NULL),(8,'test','60045C823694FA91BDAA5806E707DFF9',132,'ar2ticl311e132',1523152800,NULL),(9,'test','B6DD59C5180F23DDAFB56A6F9BF6BBC8',132,'ar2ticl311e5132',1523152800,NULL),(10,'test','60045C823694FA91BDAA5806E707DFF9',132,'ar2ticl3113e5132',1523239200,NULL),(11,'tes1t','B6DD59C5180F23DDAFB56A6F9BF6BBC8',132,'ar2ticl3113e5132',1523239200,NULL),(12,'te2s1t','60045C823694FA91BDAA5806E707DFF9',132,'ar2ticl3113e5132',1523325600,NULL),(13,'t4e2s1t','B6DD59C5180F23DDAFB56A6F9BF6BBC8',132,'ar2ticl3113e5132',1523325600,NULL),(14,'t4e21s1t','60045C823694FA91BDAA5806E707DFF9',132,'ar2ticl3113e5132',1523412000,NULL),(15,'t4e21s51t','B6DD59C5180F23DDAFB56A6F9BF6BBC8',132,'ar2ticl3113e5132',1523412000,NULL),(16,'t4e21s51t','60045C823694FA91BDAA5806E707DFF9',132,'ar2ticl31131e5132',1523498400,NULL),(17,'t4e21s51t','B6DD59C5180F23DDAFB56A6F9BF6BBC8',132,'ar2ticl313131e5132',1523498400,NULL),(18,'t4e21s51t','60045C823694FA91BDAA5806E707DFF9',132,'ar2ticl3413131e5132',1523584800,NULL),(19,'t4e21s51t','B6DD59C5180F23DDAFB56A6F9BF6BBC8',132,'ar2ticl34131131e5132',1523584800,NULL),(21,'t4e21s51t','B6DD59C5180F23DDAFB56A6F9BF6BBC8',132,'ar2ticl2341313131e5132',1523671200,NULL),(22,'t4e21s51t','60045C823694FA91BDAA5806E707DFF9',132,'ar2ticl12341313131e5132',1523757600,NULL),(24,'t4e21s51t','60045C823694FA91BDAA5806E707DFF9',132,'ar2ticl1223341313131e5132',1523847786,NULL),(25,'t4e21s51t','B6DD59C5180F23DDAFB56A6F9BF6BBC8',132,'ar2ticl12243341313131e5132',1523847786,NULL);

--
-- Table structure for table `tm_member_opinion`
--

CREATE TABLE `tm_member_opinion` (
  `id` int(10) unsigned NOT NULL AUTO_INCREMENT COMMENT '主键',
  `message` text NOT NULL COMMENT '反馈信息',
  `member_id` int(10) NOT NULL COMMENT '用户id',
  `add_time` bigint(11) NOT NULL COMMENT '添加时间',
  `status` tinyint(1) DEFAULT NULL COMMENT '0关闭1正常2已处理',
  PRIMARY KEY (`id`) USING BTREE
) ENGINE=MyISAM DEFAULT CHARSET=utf8 ROW_FORMAT=DYNAMIC;

--
-- Dumping data for table `tm_member_opinion`
--


--
-- Table structure for table `tm_member_point_log`
--

CREATE TABLE `tm_member_point_log` (
  `id` int(11) NOT NULL AUTO_INCREMENT COMMENT '主键',
  `change_point` int(11) DEFAULT '0' COMMENT '变动积分',
  `now_point` int(11) DEFAULT '0' COMMENT '当时的积分',
  `remark` varchar(255) DEFAULT NULL COMMENT '备注信息',
  `from_component` varchar(50) DEFAULT NULL COMMENT '本次积分变动从哪个组件出发',
  `add_time` bigint(11) DEFAULT NULL COMMENT '添加时间',
  `member_id` int(11) DEFAULT NULL COMMENT '用户id',
  `article_id` int(11) DEFAULT '0' COMMENT '文章id',
  `extend` varchar(4000) DEFAULT NULL COMMENT '扩展字段',
  PRIMARY KEY (`id`) USING BTREE
) ENGINE=InnoDB DEFAULT CHARSET=utf8 ROW_FORMAT=DYNAMIC;

--
-- Dumping data for table `tm_member_point_log`
--


--
-- Table structure for table `tm_member_star`
--

CREATE TABLE `tm_member_star` (
  `star_id` int(10) unsigned NOT NULL AUTO_INCREMENT COMMENT '收藏id',
  `member_code` varchar(64) NOT NULL COMMENT '收藏用户code',
  `app_id` varchar(128) NOT NULL COMMENT 'appid',
  `article_id` int(10) unsigned NOT NULL COMMENT '文章id',
  `title` varchar(50) NOT NULL COMMENT '文章标题',
  `intro` varchar(100) DEFAULT NULL COMMENT '文章简介',
  `pic` varchar(255) DEFAULT NULL COMMENT '文章图片',
  `create_time` int(10) unsigned NOT NULL COMMENT '收藏时间',
  `extend` text COMMENT '扩展字段哦',
  `tag` varchar(255) DEFAULT NULL COMMENT '标记',
  `type` tinyint(255) DEFAULT '1' COMMENT '类型 1 文章 2视频',
  PRIMARY KEY (`star_id`)
) ENGINE=InnoDB AUTO_INCREMENT=15 DEFAULT CHARSET=utf8;

--
-- Dumping data for table `tm_member_star`
--

INSERT INTO `tm_member_star` VALUES (2,'B6DD59C5180F23DDAFB56A6F9BF6BBC8','test',2,'article2',NULL,NULL,1523514903,NULL,NULL,1),(7,'B6DD59C5180F23DDAFB56A6F9BF6BBC8','test',7,'article7','','',1523514922,'',NULL,1),(10,'60045C823694FA91BDAA5806E707DFF9','test',10,'article10','','',1523514922,'',NULL,1),(11,'60045C823694FA91BDAA5806E707DFF9','test',11,'article11','','',1523514922,'',NULL,1),(12,'60045C823694FA91BDAA5806E707DFF9','test',12,'article12','','',1523514922,'',NULL,1),(13,'60045C823694FA91BDAA5806E707DFF9','test',13,'article13','','',1523514922,'',NULL,1),(14,'29CA8C53B38C4A2A0C778E682F8FF6DA','testid',2,'成都日报',NULL,NULL,1528353697,NULL,NULL,1);

--
-- Table structure for table `tm_member_third_party`
--

CREATE TABLE `tm_member_third_party` (
  `id` int(10) unsigned NOT NULL AUTO_INCREMENT COMMENT '主键',
  `uid` varchar(100) NOT NULL COMMENT '第三方唯一标识',
  `type` int(255) DEFAULT NULL COMMENT '1 QQ，2 Wechat，3 SinaWeibo',
  `add_time` bigint(11) DEFAULT NULL COMMENT '添加时间',
  `device_model` varchar(255) DEFAULT NULL COMMENT '第三方登录设备型号',
  `device_type` varchar(255) DEFAULT NULL COMMENT '第三方登录设备类型 PC iOS Android',
  `login_time` bigint(11) DEFAULT NULL COMMENT '登录时间',
  `ip` varchar(30) DEFAULT NULL COMMENT '访问ip',
  `member_code` varchar(255) DEFAULT NULL COMMENT '会员编号',
  `member_id` varchar(255) DEFAULT NULL COMMENT '会员id',
  `address` varchar(255) DEFAULT NULL COMMENT '地区',
  `nick_name` varchar(255) DEFAULT NULL COMMENT '昵称',
  `head_url` varchar(255) DEFAULT NULL COMMENT '头像链接',
  PRIMARY KEY (`id`) USING BTREE
) ENGINE=MyISAM DEFAULT CHARSET=utf8 ROW_FORMAT=DYNAMIC;

--
-- Dumping data for table `tm_member_third_party`
--


--
-- Table structure for table `tm_myprize`
--

CREATE TABLE `tm_myprize` (
  `que_id` int(10) NOT NULL AUTO_INCREMENT COMMENT '主键',
  `user_id` int(10) DEFAULT NULL COMMENT '用户id',
  `mark` int(10) DEFAULT NULL COMMENT '用户答题分数',
  `prize_id` int(10) DEFAULT NULL COMMENT '用户奖品',
  `p_status` int(10) DEFAULT NULL COMMENT '奖品是否兑换0未兑换1已兑换',
  `create_at` int(10) DEFAULT NULL COMMENT '中奖时间',
  `update_at` int(10) NOT NULL COMMENT '兑换时间',
  `yes` int(10) DEFAULT NULL,
  `wrong` int(10) DEFAULT NULL,
  PRIMARY KEY (`que_id`)
) ENGINE=InnoDB AUTO_INCREMENT=56 DEFAULT CHARSET=latin1;

--
-- Dumping data for table `tm_myprize`
--

INSERT INTO `tm_myprize` VALUES (1,55,80,2,0,NULL,0,NULL,NULL),(2,56,30,3,1,NULL,0,32,0),(3,NULL,39,NULL,NULL,1521456267,0,39,-7),(4,NULL,43,NULL,NULL,1521456324,0,32,0),(5,NULL,43,NULL,NULL,1521456325,0,32,0),(6,NULL,43,NULL,NULL,1521456326,0,32,0),(7,NULL,43,NULL,NULL,1521456326,0,32,0),(8,NULL,43,NULL,NULL,1521456326,0,32,0),(9,NULL,43,NULL,NULL,1521456427,0,32,0),(10,NULL,43,NULL,NULL,1521456428,0,32,0),(11,NULL,43,NULL,NULL,1521456428,0,32,0),(12,NULL,43,NULL,NULL,1521456469,0,39,-7),(13,NULL,43,NULL,NULL,1521456470,0,39,-7),(14,NULL,43,NULL,NULL,1521456471,0,39,-7),(15,NULL,43,NULL,NULL,1521456471,0,39,-7),(16,NULL,43,NULL,NULL,1521456493,0,39,7),(17,NULL,43,NULL,NULL,1521456494,0,39,7),(18,NULL,43,NULL,NULL,1521456494,0,39,7),(19,NULL,0,NULL,NULL,1521457121,0,0,-32),(20,NULL,0,NULL,NULL,1521457868,0,0,-32),(21,NULL,0,NULL,NULL,1521459149,0,0,-32),(22,NULL,0,NULL,NULL,1521459159,0,0,-32),(23,NULL,0,NULL,NULL,1521459193,0,0,-32),(24,NULL,0,NULL,NULL,1521459202,0,0,-32),(25,50,0,NULL,NULL,1521459217,0,0,-32),(26,50,0,NULL,NULL,1521459231,0,0,-32),(27,50,0,NULL,NULL,1521459320,0,0,-32),(28,50,0,NULL,NULL,1521459327,0,0,-32),(29,50,0,NULL,NULL,1521459361,0,0,-32),(30,50,0,NULL,NULL,1521459401,0,0,-32),(31,50,0,NULL,NULL,1521459547,0,0,-32),(32,50,0,NULL,NULL,1521459599,0,0,-32),(33,50,0,NULL,NULL,1521459913,0,0,32),(34,50,0,NULL,NULL,1521459998,0,0,32),(35,50,0,NULL,NULL,1521460122,0,0,32),(36,NULL,0,NULL,NULL,1521460681,0,0,32),(37,NULL,0,NULL,NULL,1521460684,0,0,32),(38,NULL,1,NULL,NULL,1521460726,0,1,31),(39,NULL,1,NULL,NULL,1521460727,0,1,31),(40,NULL,1,NULL,NULL,1521460728,0,1,31),(41,50,0,NULL,NULL,1521513190,0,0,39),(42,50,0,NULL,NULL,1521517265,0,0,39),(43,50,0,NULL,NULL,1521525198,0,0,39),(44,50,0,NULL,NULL,1521525618,0,0,39),(45,50,0,NULL,NULL,1521525784,0,0,39),(46,50,0,NULL,NULL,1521526766,0,0,39),(47,50,0,NULL,NULL,1521533073,0,0,39),(48,50,0,NULL,NULL,1521536008,0,0,39),(49,50,0,NULL,NULL,1521536155,0,0,39),(50,0,0,NULL,NULL,1521631879,0,0,39),(51,0,0,NULL,NULL,1522026092,0,0,39),(52,0,0,NULL,NULL,1522113990,0,0,39),(53,0,0,NULL,NULL,1522655644,0,0,39),(54,0,0,NULL,NULL,1523350930,0,0,41),(55,0,0,NULL,NULL,1523350957,0,0,41);

--
-- Table structure for table `tm_parameterex`
--

CREATE TABLE `tm_parameterex` (
  `source_id` int(10) unsigned NOT NULL AUTO_INCREMENT COMMENT '扩展数据id',
  `entity_type` varchar(64) NOT NULL COMMENT '实体对象的类型枚举“component””site““user”',
  `attribute_key` varchar(64) NOT NULL COMMENT '扩展属性名称',
  `attribute_value` varchar(64) NOT NULL COMMENT '扩展数据值',
  `description` varchar(64) NOT NULL COMMENT '描述',
  `create_code` varchar(64) DEFAULT NULL COMMENT '创建用户代码',
  `create_time` int(10) unsigned NOT NULL COMMENT '创建时间',
  PRIMARY KEY (`source_id`)
) ENGINE=InnoDB DEFAULT CHARSET=utf8;

--
-- Dumping data for table `tm_parameterex`
--


--
-- Table structure for table `tm_portal`
--

CREATE TABLE `tm_portal` (
  `portal_key` varchar(64) NOT NULL COMMENT '应用列表key',
  `portal_value` text NOT NULL COMMENT '应用列表菜单值',
  UNIQUE KEY `portal_key` (`portal_key`) USING BTREE
) ENGINE=InnoDB DEFAULT CHARSET=utf8;

--
-- Dumping data for table `tm_portal`
--

INSERT INTO `tm_portal` VALUES ('27483D4C-1A45-2865-9B8C-701EA265ED92','[{\"key\":\"0\",\"title\":\"资讯视频\",\"children\":[]},{\"key\":\"1\",\"title\":\"互动娱乐\",\"category\":\"1\",\"url\":\"\",\"children\":[],\"thunmb\":\"/uploads/default.png\"},{\"key\":\"2\",\"title\":\"管理\",\"category\":\"2\",\"url\":\"\",\"children\":[{\"key\":\"2-0\",\"title\":\"会员管理\",\"type\":\"url\",\"app_code\":\"\",\"admin_url\":\"\",\"index_url\":\"\",\"category\":\"2\",\"url\":\"\",\"thumb\":\"/uploads/default/20180601/6b270aae57882c48982acae1e597db92.png\",\"webUrl\":\"/application/member_info/html/index.html\",\"site_code\":\"00000000000000000000000000000000\"}],\"thunmb\":\"/uploads/default.png\"}]'),('2760AB599245A3B9C4CCBB023F08F151','[{\"key\":\"0\",\"title\":\"资讯视频\",\"children\":[]},{\"key\":\"1\",\"title\":\"互动娱乐\",\"category\":\"1\",\"url\":\"\",\"children\":[],\"thunmb\":\"/uploads/default.png\"},{\"key\":\"2\",\"title\":\"管理\",\"category\":\"2\",\"url\":\"\",\"children\":[{\"key\":\"2-0\",\"title\":\"会员管理\",\"type\":\"url\",\"app_code\":\"\",\"admin_url\":\"\",\"index_url\":\"\",\"category\":\"2\",\"url\":\"\",\"thumb\":\"/uploads/default/20180601/6b270aae57882c48982acae1e597db92.png\",\"webUrl\":\"/application/member_info/html/index.html\",\"site_code\":\"00000000000000000000000000000000\"}],\"thunmb\":\"/uploads/default.png\"}]'),('364F56004D97FA67AE5FD107C7B5292B','[{\"key\":\"0\",\"title\":\"资讯视频\",\"children\":[]},{\"key\":\"1\",\"title\":\"互动娱乐\",\"category\":\"1\",\"url\":\"\",\"children\":[],\"thunmb\":\"/uploads/default.png\"},{\"key\":\"2\",\"title\":\"管理\",\"category\":\"2\",\"url\":\"\",\"children\":[{\"key\":\"2-0\",\"title\":\"会员管理\",\"type\":\"url\",\"app_code\":\"\",\"admin_url\":\"\",\"index_url\":\"\",\"category\":\"2\",\"url\":\"\",\"thumb\":\"/uploads/default/20180601/6b270aae57882c48982acae1e597db92.png\",\"webUrl\":\"/application/member_info/html/index.html\",\"site_code\":\"00000000000000000000000000000000\"}],\"thunmb\":\"/uploads/default.png\"}]');

--
-- Table structure for table `tm_privilege`
--

CREATE TABLE `tm_privilege` (
  `privilege_id` int(10) unsigned NOT NULL AUTO_INCREMENT COMMENT '权限ID',
  `privilege_type` tinyint(1) unsigned NOT NULL DEFAULT '0' COMMENT '权限类型(0：站点权限，1：菜单权限)',
  `privilege_name` varchar(64) NOT NULL COMMENT '权限名称',
  `privilege_code` varchar(64) NOT NULL COMMENT '权限代码',
  `privilege_intro` varchar(128) DEFAULT NULL COMMENT '权限说明',
  `parent_pri_id` varchar(32) DEFAULT NULL COMMENT '父权限代码',
  PRIMARY KEY (`privilege_id`)
) ENGINE=InnoDB AUTO_INCREMENT=26 DEFAULT CHARSET=utf8;

--
-- Dumping data for table `tm_privilege`
--

INSERT INTO `tm_privilege` VALUES (6,0,'基础数据>分类管理','ClassManage','菜单权限',NULL),(7,0,'基础数据>权限管理','PrivilegeManage','菜单权限',NULL),(10,0,'基础数据>角色管理','RoleManage','菜单权限',NULL),(11,0,'基础数据>部门、用户管理','DepartmentUserManage','菜单权限',NULL),(12,0,'组件>组件管理','ComponentManage','菜单权限',NULL),(13,0,'系统>系统升级','SystemUpdate','菜单权限',NULL),(16,0,'会员>会员管理','MemberManage','菜单权限',NULL),(17,0,'站点>站点管理','SiteManage','菜单权限',NULL),(19,0,'门户>门户图标','logoSet','菜单权限',NULL),(20,0,'门户>门户配置','ModuleConfig','菜单权限',NULL),(21,0,'APP>APP配置','ComponentSet','菜单权限',NULL),(22,0,'门户>门户图标','logoSet','菜单权限',NULL),(23,0,'门户>门户配置','ModuleConfig','菜单权限',NULL),(24,0,'APP>APP配置','ComponentSet','菜单权限',NULL),(25,0,'账户>账户信息','mymember','菜单权限',NULL);

--
-- Table structure for table `tm_prize`
--

CREATE TABLE `tm_prize` (
  `prize_id` int(10) NOT NULL AUTO_INCREMENT COMMENT '奖品id',
  `prize_name` varchar(255) CHARACTER SET utf8 DEFAULT NULL COMMENT '奖品名称',
  `prize_content` varchar(255) CHARACTER SET utf8 DEFAULT NULL COMMENT '奖品描述',
  `prize_status` int(10) DEFAULT NULL COMMENT '兑换方式',
  `prize_states` varchar(255) CHARACTER SET utf8 DEFAULT NULL COMMENT '是否展示',
  `prize_sum` int(10) DEFAULT NULL COMMENT '奖品数量',
  `prize_mark` int(10) DEFAULT NULL COMMENT '单个奖品积分值',
  `prize_type` varchar(255) CHARACTER SET utf8 DEFAULT NULL COMMENT '奖品类型',
  `create_at` int(10) DEFAULT NULL COMMENT '新增时间',
  `update_at` int(10) DEFAULT NULL COMMENT '修改时间',
  `prize_image` varchar(255) CHARACTER SET utf8 DEFAULT NULL COMMENT '奖品图片',
  PRIMARY KEY (`prize_id`)
) ENGINE=InnoDB AUTO_INCREMENT=23 DEFAULT CHARSET=latin1;

--
-- Dumping data for table `tm_prize`
--

INSERT INTO `tm_prize` VALUES (4,'我喜欢1','；‘；离开’111',0,'是',1223111,502311,'实物',1521291291,1523437181,'http://39.107.76.66/application/prize/source/upload/20180411/1523419369726.jpg'),(5,'我喜欢','；‘；离开’',1,'否',12,50,'虚拟',1521291298,1521291298,NULL),(6,'收到','十大',1,'是',12,52,'虚拟',1521291449,1521291449,'20180319/c7c029722016b748b1207564b065e056.jpg'),(7,'1212','1哈哈',1,'是',12,12,'虚拟',1521291584,1521352231,'20180319/cc274e738a4ae2f90e31b8c1d245a50e.jpg'),(8,'加上','几点回家熬枯受淡',0,'是',122,22,'实物',1521291705,1523437224,'20180319/4dd17a4118ebf3314122877b85d0d973.jpg'),(9,'阿萨','撒大声地',0,'是',12,552,'实物',1521291914,1521291914,'20180319/ea843fe5c7faf52fa95ffbd773c1d7f0.jpg'),(10,'4545','撒大声地',1,'是',52,50,'实物',1521334925,1521334925,NULL),(16,'委屈','十大',0,'是',25,50,'实物',1521443653,1521443653,NULL),(17,NULL,NULL,NULL,NULL,NULL,NULL,NULL,1521443653,1521443653,NULL),(18,'将尽快尽快看看','讲话稿集合集合管',NULL,NULL,10,20,'实物',1521445044,1521445044,'20180319/e58d23951448966995cfbb070048ba6b.jpg'),(19,'小熊（测试奖品）','测试奖品',0,'是',100,10000,'实物',1523252028,1523252028,'http://192.168.4.123/application/prize/source/upload/20180409/1523251989635.png'),(20,'魔法棒','魔法棒（测试）',1,'是',20000,100,'虚拟',1523252107,1523252514,NULL),(21,'asdfasd','fasdfasdfas',NULL,NULL,32,23,'实物',1523407809,1523407809,'http://39.107.76.66/application/prize/source/upload/20180411/1523407800796.jpg'),(22,'2333','2233232',0,'否',23,23,'实物',1523440206,1523440392,'http://39.107.76.66/application/prize/source/upload/20180411/1523440199551.jpg');

--
-- Table structure for table `tm_push`
--

CREATE TABLE `tm_push` (
  `push_id` bigint(20) unsigned NOT NULL AUTO_INCREMENT COMMENT '推送id',
  `push_content` text NOT NULL COMMENT '推送内容',
  `member_code` varchar(255) DEFAULT '' COMMENT '用户极光pushCode',
  `create_time` int(10) unsigned NOT NULL COMMENT '发送时间',
  `state` tinyint(1) unsigned NOT NULL DEFAULT '0' COMMENT '0:未读 1:已读',
  PRIMARY KEY (`push_id`)
) ENGINE=InnoDB AUTO_INCREMENT=22 DEFAULT CHARSET=utf8;

--
-- Dumping data for table `tm_push`
--

INSERT INTO `tm_push` VALUES (4,'{\"content\":\"fffffff\",\"title\":\"title\",\"iosInfo\":{\"native\":true,\"src\":\"HViewController\",\"paramStr\":\"\",\"wwwFolder\":\"\"},\"androidInfo\":{\"native\":true,\"src\":\"com.higgses.news.mobile.newsmap.NewsMapFragment\",\"paramStr\":\"21e364890c730daff9e413660e04d924\",\"wwwFolder\":\"comp01\\/\"},\"member_code\":\"29CA8C53B38C4A2A0C778E682F8FF6DA\"}','B6DD59C5180F23DDAFB56A6F9BF6BBC8',1523242461,0),(5,'{\"content\":\"fffffff\",\"title\":\"title\",\"iosInfo\":{\"native\":true,\"src\":\"HViewController\",\"paramStr\":\"\",\"wwwFolder\":\"\"},\"androidInfo\":{\"native\":true,\"src\":\"com.higgses.news.mobile.newsmap.NewsMapFragment\",\"paramStr\":\"21e364890c730daff9e413660e04d924\",\"wwwFolder\":\"comp01\\/\"},\"member_code\":\"29CA8C53B38C4A2A0C778E682F8FF6DA\"}','B6DD59C5180F23DDAFB56A6F9BF6BBC8',1523242462,0),(6,'{\"content\":\"fffffff\",\"title\":\"title\",\"iosInfo\":{\"native\":true,\"src\":\"HViewController\",\"paramStr\":\"\",\"wwwFolder\":\"\"},\"androidInfo\":{\"native\":true,\"src\":\"com.higgses.news.mobile.newsmap.NewsMapFragment\",\"paramStr\":\"21e364890c730daff9e413660e04d924\",\"wwwFolder\":\"comp01\\/\"},\"member_code\":\"29CA8C53B38C4A2A0C778E682F8FF6DA\"}','B6DD59C5180F23DDAFB56A6F9BF6BBC8',1523242582,0),(8,'{\"content\":\"fffffff\",\"title\":\"title\",\"iosInfo\":{\"native\":true,\"src\":\"HViewController\",\"paramStr\":\"\",\"wwwFolder\":\"\"},\"androidInfo\":{\"native\":true,\"src\":\"com.higgses.news.mobile.newsmap.NewsMapFragment\",\"paramStr\":\"21e364890c730daff9e413660e04d924\",\"wwwFolder\":\"comp01\\/\"},\"member_code\":\"29CA8C53B38C4A2A0C778E682F8FF6DA\"}','60045C823694FA91BDAA5806E707DFF9',1523242596,1),(9,'{\"content\":\"fffffff\",\"title\":\"title\",\"iosInfo\":{\"native\":true,\"src\":\"HViewController\",\"paramStr\":\"\",\"wwwFolder\":\"\"},\"androidInfo\":{\"native\":true,\"src\":\"com.higgses.news.mobile.newsmap.NewsMapFragment\",\"paramStr\":\"21e364890c730daff9e413660e04d924\",\"wwwFolder\":\"comp01\\/\"},\"member_code\":\"29CA8C53B38C4A2A0C778E682F8FF6DA\"}','60045C823694FA91BDAA5806E707DFF9',1523242596,1),(10,'{\"content\":\"fffffffffffffffffffffffffffffffffffffffffffffffffffffffffffffffffffffffffffffffffffffffffffffffffff\",\"title\":\"title\",\"iosInfo\":{\"native\":true,\"src\":\"HViewController\",\"paramStr\":\"\",\"wwwFolder\":\"\"},\"androidInfo\":{\"native\":true,\"src\":\"com.higgses.news.mobile.newsmap.NewsMapFragment\",\"paramStr\":\"21e364890c730daff9e413660e04d924\",\"wwwFolder\":\"comp01\\/\"},\"member_code\":\"29CA8C53B38C4A2A0C778E682F8FF6DA\"}','60045C823694FA91BDAA5806E707DFF9',1523242596,1),(12,'{\"content\":\"fffffff\",\"title\":\"tiiiiiiiiiiiiiiitle\",\"iosInfo\":{\"native\":true,\"src\":\"HViewController\",\"paramStr\":\"\",\"wwwFolder\":\"\"},\"androidInfo\":{\"native\":true,\"src\":\"com.higgses.news.mobile.newsmap.NewsMapFragment\",\"paramStr\":\"21e364890c730daff9e413660e04d924\",\"wwwFolder\":\"comp01\\/\"},\"member_code\":\"29CA8C53B38C4A2A0C778E682F8FF6DA\"}','60045C823694FA91BDAA5806E707DFF9',1523242596,0),(13,'{\"content\":\"fffffff\",\"title\":\"title\",\"iosInfo\":{\"native\":true,\"src\":\"HViewController\",\"paramStr\":\"\",\"wwwFolder\":\"\"},\"androidInfo\":{\"native\":true,\"src\":\"com.higgses.news.mobile.newsmap.NewsMapFragment\",\"paramStr\":\"21e364890c730daff9e413660e04d924\",\"wwwFolder\":\"comp01\\/\"},\"member_code\":\"29CA8C53B38C4A2A0C778E682F8FF6DA\"}','B6DD59C5180F23DDAFB56A6F9BF6BBC8',1523242596,0),(14,'{\"content\":\"fffffff\",\"title\":\"title\",\"iosInfo\":{\"native\":true,\"src\":\"HViewController\",\"paramStr\":\"\",\"wwwFolder\":\"\"},\"androidInfo\":{\"native\":true,\"src\":\"com.higgses.news.mobile.newsmap.NewsMapFragment\",\"paramStr\":\"21e364890c730daff9e413660e04d924\",\"wwwFolder\":\"comp01\\/\"},\"member_code\":\"29CA8C53B38C4A2A0C778E682F8FF6DA\"}','60045C823694FA91BDAA5806E707DFF9',1523242596,1),(15,'{\"content\":\"fffffff\",\"title\":\"title\",\"iosInfo\":{\"native\":true,\"src\":\"HViewController\",\"paramStr\":\"\",\"wwwFolder\":\"\"},\"androidInfo\":{\"native\":true,\"src\":\"com.higgses.news.mobile.newsmap.NewsMapFragment\",\"paramStr\":\"21e364890c730daff9e413660e04d924\",\"wwwFolder\":\"comp01\\/\"},\"member_code\":\"29CA8C53B38C4A2A0C778E682F8FF6DA\"}','60045C823694FA91BDAA5806E707DFF9',1523242596,0),(16,'{\"content\":\"fffffff\",\"title\":\"title\",\"iosInfo\":{\"native\":true,\"src\":\"HViewController\",\"paramStr\":\"\",\"wwwFolder\":\"\"},\"androidInfo\":{\"native\":true,\"src\":\"com.higgses.news.mobile.newsmap.NewsMapFragment\",\"paramStr\":\"21e364890c730daff9e413660e04d924\",\"wwwFolder\":\"comp01\\/\"},\"member_code\":\"29CA8C53B38C4A2A0C778E682F8FF6DA\"}','60045C823694FA91BDAA5806E707DFF9',1523242596,0),(17,'{\"content\":\"fffffff\",\"title\":\"title\",\"iosInfo\":{\"native\":true,\"src\":\"HViewController\",\"paramStr\":\"\",\"wwwFolder\":\"\"},\"androidInfo\":{\"native\":true,\"src\":\"com.higgses.news.mobile.newsmap.NewsMapFragment\",\"paramStr\":\"21e364890c730daff9e413660e04d924\",\"wwwFolder\":\"comp01\\/\"},\"member_code\":\"29CA8C53B38C4A2A0C778E682F8FF6DA\"}','60045C823694FA91BDAA5806E707DFF9',1523242596,0),(18,'{\"content\":\"fffffff\",\"title\":\"title\",\"iosInfo\":{\"native\":true,\"src\":\"HViewController\",\"paramStr\":\"\",\"wwwFolder\":\"\"},\"androidInfo\":{\"native\":true,\"src\":\"com.higgses.news.mobile.newsmap.NewsMapFragment\",\"paramStr\":\"21e364890c730daff9e413660e04d924\",\"wwwFolder\":\"comp01\\/\"},\"member_code\":\"29CA8C53B38C4A2A0C778E682F8FF6DA\"}','60045C823694FA91BDAA5806E707DFF9',1523242596,0),(19,'{\"content\":\"fffffff\",\"title\":\"title\",\"iosInfo\":{\"native\":true,\"src\":\"HViewController\",\"paramStr\":\"\",\"wwwFolder\":\"\"},\"androidInfo\":{\"native\":true,\"src\":\"com.higgses.news.mobile.newsmap.NewsMapFragment\",\"paramStr\":\"21e364890c730daff9e413660e04d924\",\"wwwFolder\":\"comp01\\/\"},\"member_code\":\"29CA8C53B38C4A2A0C778E682F8FF6DA\"}','60045C823694FA91BDAA5806E707DFF9',1523242596,0),(20,'{\"title\":\"test\",\"content\":\"testttttttttttttttttttttttttttt\",\"member_code\":\"29CA8C53B38C4A2A0C778E682F8FF6DA\"}','29CA8C53B38C4A2A0C778E682F8FF6DA',1526552387,0),(21,'{\"title\":\"testtitle\",\"content\":\"testcontent\",\"member_code\":\"9C1BD7E1148877886D7157C196D0414A\"}','',1528259432,0);

--
-- Table structure for table `tm_push_message`
--

CREATE TABLE `tm_push_message` (
  `id` int(11) unsigned NOT NULL AUTO_INCREMENT COMMENT '主键',
  `title` varchar(255) DEFAULT NULL COMMENT '标题',
  `content` varchar(255) DEFAULT NULL COMMENT '内容',
  `add_time` bigint(11) DEFAULT NULL COMMENT '创建时间',
  `push_time` bigint(11) DEFAULT NULL COMMENT '推送时间',
  `url` varchar(255) DEFAULT NULL COMMENT '链接',
  `status` int(255) unsigned DEFAULT '1' COMMENT '状态 0禁止 1正常 2已推送',
  `cid` varchar(100) DEFAULT NULL COMMENT 'cid极光推送标识',
  `push_situation` text COMMENT '推送情况',
  `ios_info` text COMMENT 'ios推送参数',
  `android_info` text COMMENT 'android推送参数',
  `type` varchar(255) DEFAULT NULL COMMENT '推送类型',
  PRIMARY KEY (`id`) USING BTREE
) ENGINE=MyISAM DEFAULT CHARSET=utf8 ROW_FORMAT=DYNAMIC;

--
-- Dumping data for table `tm_push_message`
--


--
-- Table structure for table `tm_question`
--

CREATE TABLE `tm_question` (
  `id` int(10) unsigned NOT NULL AUTO_INCREMENT,
  `question_content` text CHARACTER SET utf8 COMMENT '问题',
  `create_at` int(10) DEFAULT NULL COMMENT '创建时间',
  `update_at` int(10) DEFAULT NULL COMMENT '修改时间',
  `type` varchar(10) CHARACTER SET utf8 DEFAULT NULL COMMENT '题型',
  `question_resolve` text CHARACTER SET utf8 COMMENT '解析',
  `type_id` int(10) DEFAULT NULL COMMENT '所属哪个题库',
  `mark` int(10) DEFAULT NULL COMMENT '分数',
  PRIMARY KEY (`id`)
) ENGINE=InnoDB AUTO_INCREMENT=42 DEFAULT CHARSET=latin1;

--
-- Dumping data for table `tm_question`
--

INSERT INTO `tm_question` VALUES (1,'1',1521268991,1521268991,NULL,'计划的技术股份',5,1),(2,'2',1521269310,1521269310,NULL,'2',8,1),(3,'3',1521269437,1521269437,NULL,'65656',8,1),(4,'4',1521270430,1521270430,NULL,'65656',8,1),(5,'5',1521270517,1521270517,NULL,'安达市多',5,1),(6,'54646',1521270831,1521270831,NULL,'65465465',6,1),(7,'654645611',1521270900,1521270900,NULL,'654d654111',7,1),(8,'21',1521270964,1521270964,NULL,'大趋势多',8,1),(9,'999',1521271224,1521271224,NULL,'9999',9,1),(10,'10',1521272126,1521272126,NULL,'10',3,1),(11,'11',1521272903,1521272903,NULL,'11',9,1),(12,'12',1521273011,1521273011,NULL,'水电费',8,1),(13,'13',1521274033,1521274033,NULL,'13',7,1),(14,'14',1521274108,1521274108,NULL,'14',7,12),(15,'15',1521274122,1521274122,NULL,'15',7,1),(16,'16',1521274139,1521274139,NULL,'16',9,1),(17,'17',1521274447,1521274447,NULL,'17',3,1),(18,'18',1521275748,1521275748,NULL,'18',5,1),(19,'19',1521275882,1521275882,NULL,'大声道',5,1),(20,'20',1521275978,1521275978,NULL,'20',5,1),(21,'21',1521276139,1521276139,NULL,'开始的发货速度快解放后收款计划',5,1),(22,'22',1521276328,1521276328,NULL,'开始的发货速度快解放后收款计划',5,1),(23,'23',1521276581,1521276581,NULL,'开始的发货速度快解放后收款计划',5,1),(24,'24',1521276667,1521276667,NULL,'开始的发货速度快解放后收款计划',5,1),(25,'25',1521276991,1521276991,NULL,'决定国家',7,1),(26,'安慰',1521277061,1521277061,NULL,'决定国家',7,1),(27,'安慰',1521277116,1521277116,NULL,'决定国家',7,1),(28,'安慰',1521277172,1521277172,NULL,'决定国家',7,1),(29,'安慰sad',1521277636,1521277636,NULL,'决定国家',7,1),(30,'大号',1521279815,1521279815,NULL,'疴看到回复可见',7,1),(31,'大号',1521279994,1521279994,NULL,'疴看到回复可见',7,1),(32,'曹尼玛',1521370569,1521370569,NULL,'呵呵',7,1),(33,'美好承诺',1521465226,1521465226,NULL,'，空间可能就看见',7,NULL),(34,'美女',1521465289,1521465289,NULL,'6546456',7,NULL),(35,'美女',1521465466,1521465466,NULL,'看见好看就好',7,NULL),(36,'美女',1521465553,1521465553,NULL,'环境和钢结构',6,NULL),(37,'妹子',1521467392,1521467392,NULL,'颗粒剂',7,NULL),(38,'加不加',1521467669,1521467669,NULL,'。，看见',5,NULL),(39,'',1521468030,1521468030,NULL,'',5,NULL),(40,'搜索',1522758020,1522758020,'单选','2',9,2),(41,'先有鸡还是先有蛋？',1523244719,1523244719,'单选','要先有钱',12,10);

--
-- Table structure for table `tm_role`
--

CREATE TABLE `tm_role` (
  `role_id` int(10) unsigned NOT NULL AUTO_INCREMENT COMMENT '角色ID',
  `role_code` varchar(64) NOT NULL COMMENT '角色代码',
  `role_name` varchar(128) NOT NULL COMMENT '角色名称',
  `role_intro` varchar(128) DEFAULT NULL COMMENT '角色介绍',
  `branch_code` varchar(64) DEFAULT NULL COMMENT '分支机构代码',
  `externa_code` varchar(64) DEFAULT NULL COMMENT '扩展代码',
  PRIMARY KEY (`role_id`)
) ENGINE=InnoDB AUTO_INCREMENT=5 DEFAULT CHARSET=utf8;

--
-- Dumping data for table `tm_role`
--

INSERT INTO `tm_role` VALUES (1,'1','超级管理员','','',NULL),(2,'AC2E04794F49FC6DF05F6B78BA8CC4DB','编辑','','',NULL),(3,'A11A60B4A075515AB09134B914D6E7FF','记者','','',NULL),(4,'6F52253DA3B9C3719DEF9C1F071A0698','主任','','',NULL);

--
-- Table structure for table `tm_role_component`
--

CREATE TABLE `tm_role_component` (
  `role_code` varchar(64) NOT NULL COMMENT '角色code',
  `component_code` varchar(64) NOT NULL COMMENT '应用插件code'
) ENGINE=InnoDB DEFAULT CHARSET=utf8;

--
-- Dumping data for table `tm_role_component`
--

INSERT INTO `tm_role_component` VALUES ('1','E5C56F2646F50B5EC5C613E9D430427E'),('1','18A88AB07872B12D767B3BD654167AC9'),('1','D2774DD3BC69F6EF535073440170C61F'),('1','B2433C8761B4671553FE6A45C9DCC4CB'),('1','5C13A6E742091B22A98A6F492EBC3740'),('A8D7D4031B79C2676D432ADEA267A171','E5C56F2646F50B5EC5C613E9D430427E'),('A8D7D4031B79C2676D432ADEA267A171','18A88AB07872B12D767B3BD654167AC9'),('A8D7D4031B79C2676D432ADEA267A171','D2774DD3BC69F6EF535073440170C61F'),('A8D7D4031B79C2676D432ADEA267A171','B2433C8761B4671553FE6A45C9DCC4CB'),('A8D7D4031B79C2676D432ADEA267A171','5C13A6E742091B22A98A6F492EBC3740'),('A11A60B4A075515AB09134B914D6E7FF','E5C56F2646F50B5EC5C613E9D430427E'),('A11A60B4A075515AB09134B914D6E7FF','18A88AB07872B12D767B3BD654167AC9'),('A11A60B4A075515AB09134B914D6E7FF','D2774DD3BC69F6EF535073440170C61F'),('A11A60B4A075515AB09134B914D6E7FF','B2433C8761B4671553FE6A45C9DCC4CB'),('A11A60B4A075515AB09134B914D6E7FF','5C13A6E742091B22A98A6F492EBC3740'),('AC2E04794F49FC6DF05F6B78BA8CC4DB','E5C56F2646F50B5EC5C613E9D430427E'),('AC2E04794F49FC6DF05F6B78BA8CC4DB','18A88AB07872B12D767B3BD654167AC9'),('AC2E04794F49FC6DF05F6B78BA8CC4DB','D2774DD3BC69F6EF535073440170C61F'),('1','C5953A90CBA748A88DD3B276E6A2725B'),('1','85B8309028CD4A808DFE353B00C9A9AC'),('1','C488967B8270400CBCD4CF6B0A599274'),('1','BC49B0ED8C214EDCABA6E6F3C2D23058'),('1','50564A2E6B204F9AADE1A4A52C13BF68'),('1','E29B1403654E42F499731ED3D23AA070');

--
-- Table structure for table `tm_role_portal`
--

CREATE TABLE `tm_role_portal` (
  `role_code` varchar(255) DEFAULT NULL COMMENT '角色code',
  `key` varchar(255) DEFAULT NULL COMMENT '能使用的Portal'
) ENGINE=MyISAM DEFAULT CHARSET=utf8 ROW_FORMAT=DYNAMIC;

--
-- Dumping data for table `tm_role_portal`
--


--
-- Table structure for table `tm_role_privilege`
--

CREATE TABLE `tm_role_privilege` (
  `privilege_code` varchar(64) NOT NULL COMMENT '权限CODE',
  `role_code` varchar(64) NOT NULL COMMENT '角色CODE'
) ENGINE=InnoDB DEFAULT CHARSET=utf8;

--
-- Dumping data for table `tm_role_privilege`
--

INSERT INTO `tm_role_privilege` VALUES ('SiteManage','A8D7D4031B79C2676D432ADEA267A171'),('MemberManage','A8D7D4031B79C2676D432ADEA267A171'),('SystemUpdate','A8D7D4031B79C2676D432ADEA267A171'),('ComponentManage','A8D7D4031B79C2676D432ADEA267A171'),('DepartmentUserManage','A8D7D4031B79C2676D432ADEA267A171'),('RoleManage','A8D7D4031B79C2676D432ADEA267A171'),('PrivilegeManage','A8D7D4031B79C2676D432ADEA267A171'),('ClassManage','A8D7D4031B79C2676D432ADEA267A171'),('SiteManage','1'),('MemberManage','1'),('SystemUpdate','1'),('ComponentManage','1'),('DepartmentUserManage','1'),('RoleManage','1'),('PrivilegeManage','1'),('ClassManage','1'),('ComponentManage','A11A60B4A075515AB09134B914D6E7FF'),('DepartmentUserManage','A11A60B4A075515AB09134B914D6E7FF'),('MemberManage','AC2E04794F49FC6DF05F6B78BA8CC4DB'),('DepartmentUserManage','AC2E04794F49FC6DF05F6B78BA8CC4DB'),('RoleManage','AC2E04794F49FC6DF05F6B78BA8CC4DB'),('PrivilegeManage','AC2E04794F49FC6DF05F6B78BA8CC4DB'),('ClassManage','AC2E04794F49FC6DF05F6B78BA8CC4DB'),('mymember','1'),('logoSet','1'),('ModuleConfig','1'),('ComponentSet','1'),('mymember','1'),('logoSet','1'),('ModuleConfig','1'),('ComponentSet','1');

--
-- Table structure for table `tm_role_site`
--

CREATE TABLE `tm_role_site` (
  `role_code` varchar(64) NOT NULL COMMENT '角色代码',
  `site_code` varchar(64) NOT NULL COMMENT '站点代码'
) ENGINE=InnoDB DEFAULT CHARSET=utf8;

--
-- Dumping data for table `tm_role_site`
--

INSERT INTO `tm_role_site` VALUES ('1','0C2923197E2D955123E1C2EE11034DBB'),('AC2E04794F49FC6DF05F6B78BA8CC4DB','0C2923197E2D955123E1C2EE11034DBB'),('A11A60B4A075515AB09134B914D6E7FF','00000000000000000000000000000000');

--
-- Table structure for table `tm_role_user`
--

CREATE TABLE `tm_role_user` (
  `role_code` varchar(64) NOT NULL COMMENT '角色代码',
  `user_code` varchar(64) NOT NULL COMMENT '用户代码'
) ENGINE=InnoDB DEFAULT CHARSET=utf8;

--
-- Dumping data for table `tm_role_user`
--

INSERT INTO `tm_role_user` VALUES ('1','27483D4C-1A45-2865-9B8C-701EA265ED92'),('1','B30762EB040355005B25CF0265168E98'),('A11A60B4A075515AB09134B914D6E7FF','877FE24147662AF72B38B593D672D62F'),('A11A60B4A075515AB09134B914D6E7FF','85517AEC63DA7792F0635CCD690CFC7E'),('AC2E04794F49FC6DF05F6B78BA8CC4DB','85517AEC63DA7792F0635CCD690CFC7E'),('AC2E04794F49FC6DF05F6B78BA8CC4DB','EDC76357E2C2B0C9A0DF0B77B2C5D7DA'),('A11A60B4A075515AB09134B914D6E7FF','A123AADA8F737D53EA9B74DA8E118F4C'),('A11A60B4A075515AB09134B914D6E7FF','0D431614D4D306DC655FD503CC2C9475'),('AC2E04794F49FC6DF05F6B78BA8CC4DB','CD4003E875B7CD31F7D474F367504BFA'),('A11A60B4A075515AB09134B914D6E7FF','208FC72EED62175AC48816785464F595'),('A11A60B4A075515AB09134B914D6E7FF','00AD8317A5FC80F9F32E8A5F801C93C0'),('A11A60B4A075515AB09134B914D6E7FF','1E3982BAAE3459417B9AB6EBC85CAF11'),('A11A60B4A075515AB09134B914D6E7FF','3DB07C1C79EE6E94E93278CA0D1E4DF1'),('A11A60B4A075515AB09134B914D6E7FF','A9182AC758E47A58415188DE1E352FE5'),('AC2E04794F49FC6DF05F6B78BA8CC4DB','A9182AC758E47A58415188DE1E352FE5'),('1','A9182AC758E47A58415188DE1E352FE5'),('1','2FE80A4084C9D42A62CE68F2D12DEE46');

--
-- Table structure for table `tm_ruleprize`
--

CREATE TABLE `tm_ruleprize` (
  `rule_id` int(10) NOT NULL AUTO_INCREMENT COMMENT '规则id',
  `rule_content` text CHARACTER SET utf8 COMMENT '活动规则内容',
  `rule_title` varchar(255) CHARACTER SET utf8 DEFAULT NULL COMMENT '规则介绍',
  `rule_news` varchar(255) CHARACTER SET utf8 DEFAULT NULL COMMENT '知识竞答内容',
  `rule_style` varchar(255) CHARACTER SET utf8 DEFAULT NULL COMMENT '活动方式',
  `rule_answer` varchar(255) CHARACTER SET utf8 DEFAULT NULL COMMENT '答题方式',
  `rule_prize` varchar(255) CHARACTER SET utf8 DEFAULT NULL COMMENT '奖品兑换方式',
  `rule_rules` varchar(255) CHARACTER SET utf8 DEFAULT NULL COMMENT '注意事项',
  `rule_start` int(10) DEFAULT NULL COMMENT '活动开始时间',
  `rule_end` int(10) DEFAULT NULL COMMENT '活动结束',
  PRIMARY KEY (`rule_id`)
) ENGINE=InnoDB AUTO_INCREMENT=2 DEFAULT CHARSET=latin1;

--
-- Dumping data for table `tm_ruleprize`
--

INSERT INTO `tm_ruleprize` VALUES (1,'活动规则内容：11122\n3422','活动介绍：11134222','知识竞答内容1143222','活动方式113422','答题方式：11134222','奖品兑换方式：113422','注意事项：34\n111222',1519660800,1522425600);

--
-- Table structure for table `tm_site`
--

CREATE TABLE `tm_site` (
  `site_id` int(10) unsigned NOT NULL AUTO_INCREMENT COMMENT '站点id',
  `site_code` varchar(64) NOT NULL COMMENT '站点代码',
  `site_name` varchar(128) NOT NULL COMMENT '站点名称',
  `site_alias` varchar(128) DEFAULT NULL COMMENT '站点别名(或英文名)',
  `site_url` varchar(128) DEFAULT NULL COMMENT '站点url地址',
  `site_intro` varchar(128) DEFAULT NULL COMMENT '站点描述',
  `index_template_id` varchar(32) DEFAULT NULL COMMENT '首页模板ID',
  `add_user` varchar(64) NOT NULL COMMENT '添加站点的用户名称',
  `add_time` int(10) unsigned NOT NULL COMMENT '添加站点日期',
  `modify_user` varchar(64) DEFAULT NULL COMMENT '修改站点的用户名称',
  `modify_time` int(10) unsigned DEFAULT NULL COMMENT '修改站点的日期',
  `img_upload_address` varchar(128) DEFAULT NULL COMMENT '图片服务器上传地址',
  `img_access_url` varchar(128) DEFAULT NULL COMMENT '图片服务器域名',
  `static_web_upload_address` varchar(128) DEFAULT NULL COMMENT '静态网页服务器上传地址',
  `static_web_access_url` varchar(128) DEFAULT NULL COMMENT '静态网页域名',
  `cdn_upload_address` varchar(128) DEFAULT NULL COMMENT 'CDN视频上传地址',
  `cdn_access_url` varchar(128) DEFAULT NULL COMMENT 'CDN视频访问域名',
  `local_storage_path` varchar(128) DEFAULT NULL COMMENT '站点页面静态存储地址',
  `is_auto_published` tinyint(1) unsigned DEFAULT '0' COMMENT '是否自动发布（0表示否，1表示是）',
  `is_auto_approval` tinyint(1) unsigned DEFAULT '1' COMMENT '是否需要审核（0表示否，1表示是）',
  `is_work` tinyint(1) unsigned DEFAULT '0' COMMENT '是否启用（0表示否，1表示是）',
  PRIMARY KEY (`site_id`)
) ENGINE=InnoDB AUTO_INCREMENT=2 DEFAULT CHARSET=utf8;

--
-- Dumping data for table `tm_site`
--

INSERT INTO `tm_site` VALUES (1,'00000000000000000000000000000000','初始化站点',NULL,NULL,'初始化站点',NULL,'admin',1514954967,'admin',1514959188,NULL,NULL,NULL,NULL,NULL,NULL,NULL,0,1,1);

--
-- Table structure for table `tm_start_adv`
--

CREATE TABLE `tm_start_adv` (
  `id` int(8) unsigned NOT NULL AUTO_INCREMENT COMMENT '主键',
  `app_start_image` varchar(255) DEFAULT NULL COMMENT '图片链接大',
  `url` varchar(255) DEFAULT NULL COMMENT '跳转链接',
  `sort` int(8) DEFAULT NULL COMMENT '排序',
  `status` int(1) DEFAULT '1' COMMENT '0不显示1显示',
  `form` int(1) DEFAULT '0' COMMENT '类型 0为非原生 1为原生',
  `ios_info` varchar(255) DEFAULT NULL COMMENT 'ios跳转信息',
  `android_info` varchar(255) DEFAULT NULL COMMENT 'android跳转信息',
  `unit_id` int(8) DEFAULT NULL COMMENT '组件id',
  `unit_name` varchar(255) DEFAULT NULL COMMENT '组件名称',
  `add_time` bigint(11) DEFAULT NULL COMMENT '新增时间',
  `update_time` bigint(11) DEFAULT NULL COMMENT '更新时间',
  `show_duration` int(11) DEFAULT '3' COMMENT '显示时长',
  `start_time` bigint(11) DEFAULT '0' COMMENT '启用时间',
  `app_start_image_m` varchar(255) DEFAULT NULL COMMENT '图片链接中',
  `app_start_image_s` varchar(255) DEFAULT NULL COMMENT '图片链接小',
  PRIMARY KEY (`id`) USING BTREE
) ENGINE=MyISAM DEFAULT CHARSET=utf8 ROW_FORMAT=DYNAMIC;

--
-- Dumping data for table `tm_start_adv`
--


--
-- Table structure for table `tm_system_article`
--

CREATE TABLE `tm_system_article` (
  `id` int(10) unsigned NOT NULL AUTO_INCREMENT COMMENT '文章id',
  `article` varchar(255) DEFAULT NULL COMMENT '名称',
  `content` mediumtext COMMENT '内容',
  `update_time` bigint(11) DEFAULT NULL COMMENT '更新时间',
  `add_time` bigint(11) DEFAULT NULL COMMENT '添加时间',
  PRIMARY KEY (`id`) USING BTREE
) ENGINE=MyISAM AUTO_INCREMENT=5 DEFAULT CHARSET=utf8 ROW_FORMAT=DYNAMIC;

--
-- Dumping data for table `tm_system_article`
--

INSERT INTO `tm_system_article` VALUES (1,'免责申明','<p>123321</p>',1534906369,1534409002),(2,'隐私协议','<p>45645123321</p>',1534906369,1534409002),(3,'关于我们','<p>45645123321</p>',1534906369,1534409002),(4,'1','积分规则',1539757706,NULL);

--
-- Table structure for table `tm_user`
--

CREATE TABLE `tm_user` (
  `user_id` int(10) unsigned NOT NULL AUTO_INCREMENT COMMENT '用户ID',
  `user_code` varchar(64) NOT NULL COMMENT '用户代码',
  `user_name` varchar(64) NOT NULL COMMENT '用户名称',
  `real_name` varchar(64) DEFAULT NULL COMMENT '用户真实姓名',
  `password` varchar(32) NOT NULL COMMENT '密码',
  `branch_id` int(10) unsigned NOT NULL COMMENT '分支机构ID',
  `is_branch_admin` tinyint(1) unsigned NOT NULL DEFAULT '0' COMMENT '是或否分支机构管理员(0：普通用户，1：管理员)',
  `status` tinyint(1) unsigned NOT NULL DEFAULT '0' COMMENT '状态(0：正常，1：停用)',
  `email` varchar(64) DEFAULT NULL COMMENT '邮箱',
  `tel` varchar(32) DEFAULT NULL COMMENT '电话',
  `mobile` varchar(32) DEFAULT NULL COMMENT '手机',
  `access_key` varchar(128) DEFAULT NULL COMMENT '访问key',
  `access_key_create_time` int(10) unsigned DEFAULT NULL COMMENT '访问key创建时间',
  `secret_key` varchar(128) DEFAULT NULL COMMENT '安全key',
  `deleted` tinyint(1) unsigned DEFAULT '0' COMMENT '是否删除(0：未删除，1：已删除)',
  `create_time` int(10) unsigned NOT NULL COMMENT '创建时间',
  `head_pic` varchar(128) DEFAULT NULL COMMENT '头像',
  `extend` text COMMENT '扩展字段',
  `origin` varchar(40) DEFAULT NULL COMMENT '来源',
  PRIMARY KEY (`user_id`)
) ENGINE=InnoDB AUTO_INCREMENT=2 DEFAULT CHARSET=utf8;

--
-- Dumping data for table `tm_user`
--

INSERT INTO `tm_user` VALUES (1,'2FE80A4084C9D42A62CE68F2D12DEE46','admin','超管','14e1b600b1fd579f47433b88e8d85291',0,1,0,'1145209687@qq.com',NULL,NULL,'F38DFD968F0352B0F0D233A62BEACF35',1584410607,NULL,0,1584410586,'/uploads/default/20180515/c4d86ef4c589701e41760a07ecbfea10.jpg',NULL,NULL);

--
-- Table structure for table `tm_user_behavior_log`
--

CREATE TABLE `tm_user_behavior_log` (
  `id` int(11) NOT NULL AUTO_INCREMENT COMMENT '用户行为log',
  `content` varchar(255) DEFAULT NULL,
  `remarks` varchar(255) DEFAULT NULL,
  `create_time` int(11) DEFAULT NULL,
  `member_id` int(11) DEFAULT NULL COMMENT '会员id',
  PRIMARY KEY (`id`)
) ENGINE=InnoDB DEFAULT CHARSET=utf8;

--
-- Dumping data for table `tm_user_behavior_log`
--


--
-- Table structure for table `tm_user_log`
--

CREATE TABLE `tm_user_log` (
  `log_id` int(10) unsigned NOT NULL AUTO_INCREMENT COMMENT '日志ID',
  `user_code` varchar(64) NOT NULL COMMENT '用户代码',
  `ip` varchar(32) NOT NULL COMMENT 'IP地址',
  `log_type` varchar(32) NOT NULL COMMENT '登陆类型（''login'',''logout'',''delete'',''add'',''modify''）',
  `log_message` text NOT NULL COMMENT '登陆信息',
  `log_time` int(10) unsigned NOT NULL COMMENT '日志记录时间',
  PRIMARY KEY (`log_id`)
) ENGINE=InnoDB AUTO_INCREMENT=2 DEFAULT CHARSET=utf8;

--
-- Dumping data for table `tm_user_log`
--

INSERT INTO `tm_user_log` VALUES (1,'2FE80A4084C9D42A62CE68F2D12DEE46','115.193.163.206','GET','system\\portal\\getportalcheckauthority',1584410607);

--
-- Table structure for table `ya02wmsj_cecoe_activity`
--

CREATE TABLE `ya02wmsj_cecoe_activity` (
  `id` int(10) unsigned NOT NULL AUTO_INCREMENT COMMENT '表ID',
  `node_id` mediumint(8) NOT NULL DEFAULT '0' COMMENT '栏目id',
  `name` varchar(101) NOT NULL DEFAULT '' COMMENT '活动名称',
  `content` mediumtext COMMENT '活动描述',
  `start_time` timestamp NOT NULL DEFAULT '0000-00-00 00:00:00' COMMENT '活动开始时间',
  `end_time` timestamp NOT NULL DEFAULT '0000-00-00 00:00:00' COMMENT '活动结束时间',
  `sign_start_time` timestamp NOT NULL DEFAULT '0000-00-00 00:00:00' COMMENT '报名开始时间',
  `sign_end_time` timestamp NOT NULL DEFAULT '0000-00-00 00:00:00' COMMENT '报名结束时间',
  `man_id` char(32) NOT NULL DEFAULT '' COMMENT '活动发起人 关联user表uuid',
  `form_id` tinyint(3) unsigned NOT NULL DEFAULT '0' COMMENT '活动展现形式  关联activity_form表ID',
  `theme_id` tinyint(3) NOT NULL DEFAULT '0' COMMENT '活动主题，关联ya02wmsj_cecoe_activity_theme表id',
  `ctime` datetime NOT NULL DEFAULT '1970-01-01 00:00:00' COMMENT '活动创建时间',
  `status` tinyint(3) unsigned NOT NULL DEFAULT '0' COMMENT '活动状态  0-进行中  1-取消  2-截止',
  `need_sign` enum('n','y') NOT NULL DEFAULT 'n' COMMENT '活动是否需要公众用户报名',
  `node_source` enum('county','town','village') DEFAULT 'county' COMMENT '当前栏目所属区域层级',
  `icon_path` varchar(302) NOT NULL DEFAULT '' COMMENT '图片存储路径集合，多个以逗号隔开',
  `sort` int(10) unsigned NOT NULL DEFAULT '99' COMMENT '文章排序',
  `top_status` enum('n','y') NOT NULL DEFAULT 'n' COMMENT '是否推荐首页',
  `top_icon` varchar(201) NOT NULL DEFAULT '' COMMENT '推荐图片',
  `type` enum('online','offline','order') DEFAULT 'online' COMMENT '活动类型 online-线上  offline-线下',
  `source` char(9) NOT NULL DEFAULT 'SOURCE001' COMMENT '来源 关联activity_source 表code字段',
  `pstatus` char(9) NOT NULL DEFAULT 'STATUS001' COMMENT '状态,关联activity_status 表code字段',
  `hosts` enum('volunteer','practice') DEFAULT 'volunteer' COMMENT '主办方,volunteer-志愿组织, practice-实践组织',
  `category_id` int(10) unsigned NOT NULL DEFAULT '0' COMMENT '志愿者服务分类id,关联volunteer_catogory表id',
  `region_code` char(13) NOT NULL DEFAULT '' COMMENT '区域编码，关联region表code',
  `sign_num` smallint(5) unsigned NOT NULL DEFAULT '0' COMMENT '招募志愿者人数',
  `reject_reason` varchar(201) NOT NULL DEFAULT '' COMMENT '驳回说明',
  `next_handler` char(32) NOT NULL DEFAULT '' COMMENT '上一步实际处理人',
  `item_id` int(10) unsigned NOT NULL COMMENT '事项ID, 关联item表ID',
  `item_version` varchar(15) NOT NULL COMMENT '事件流程版本',
  `cur_handler` varchar(330) NOT NULL COMMENT '当前系统处理人ID,多个以逗号隔开，最多10人',
  `next_handle_time` timestamp NOT NULL DEFAULT CURRENT_TIMESTAMP COMMENT '上一步处理时间',
  `jointid` smallint(5) unsigned NOT NULL DEFAULT '0' COMMENT '当前联审的ID,对应item_process表的isjoint字段',
  `address` varchar(255) NOT NULL DEFAULT '' COMMENT '活动开展地点',
  PRIMARY KEY (`id`)
) ENGINE=InnoDB AUTO_INCREMENT=159 DEFAULT CHARSET=utf8 COMMENT='活动表';

--
-- Dumping data for table `ya02wmsj_cecoe_activity`
--

INSERT INTO `ya02wmsj_cecoe_activity` VALUES (4,0,'【点单服务】送书法活动 活动招募 （活动区域：临海市）','','2019-08-19 08:00:00','2019-08-24 08:00:00','2019-08-19 08:00:00','2019-08-20 08:00:00','4d92a971360243b0bab91e2ffc6740e3',0,0,'2019-08-20 11:36:14',0,'n','county','',99,'n','','order','SOURCE005','STATUS009','volunteer',23,'331082000000',0,'','3156ba15ac6342e58b71ead1000098dd',17,'','3156ba15ac6342e58b71ead1000098dd','2019-08-20 17:07:27',0,''),(5,35,'线下活动，市级','线下活动，市级','2019-08-19 08:00:00','2019-08-21 08:00:00','2019-08-19 08:00:00','2019-08-20 08:00:00','4d92a971360243b0bab91e2ffc6740e3',0,0,'2019-08-20 16:54:17',0,'n','county','',99,'n','','offline','SOURCE004','STATUS009','volunteer',17,'331082000000',0,'','ee721ad121cb45d185d1c72f3c905964',17,'','ee721ad121cb45d185d1c72f3c905964','2019-08-20 17:12:49',0,''),(6,35,'线下活动，镇级','线下活动，镇级','2019-08-19 08:00:00','2019-08-21 08:00:00','2019-08-19 08:00:00','2019-08-20 08:00:00','4d92a971360243b0bab91e2ffc6740e3',0,0,'2019-08-20 16:59:12',0,'n','town','',99,'n','','offline','SOURCE004','STATUS009','volunteer',17,'331082001000',0,'','ee721ad121cb45d185d1c72f3c905964',17,'','ee721ad121cb45d185d1c72f3c905964','2019-08-20 17:11:05',0,''),(7,35,'线下活动，村级','线下活动，村级','2019-08-19 08:00:00','2019-08-21 08:00:00','2019-08-19 08:00:00','2019-08-20 08:00:00','4d92a971360243b0bab91e2ffc6740e3',0,0,'2019-08-20 16:59:50',0,'n','village','',99,'n','','offline','SOURCE004','STATUS009','volunteer',17,'331082001001',0,'','ee721ad121cb45d185d1c72f3c905964',17,'','ee721ad121cb45d185d1c72f3c905964','2019-08-20 17:08:22',0,''),(10,32,'小芝镇 “寻找最美商户”共筑文明示范街','“阿姨，请看，这是我们寻找最美商户的宣传单，只要你们保持店面环境整洁，就有机会拿1000元奖金。”近日，在小芝镇虎山路沿线，一群身披绶带的小朋友格外引人注目，他们正同镇团员、小芝村党员一起，沿着虎山路挨家挨户送倡议书，幼稚可爱的童声深深感染了沿线的商户。<p align=\"justify\" style=\"margin-top: 1em; margin-bottom: 1em; color: rgb(102, 102, 102); line-height: 30px; font-family: 宋体;\">据了解，为配合虎山路文明示范街建设，小芝镇团委发动团员、少先队员在小芝村党员活动日当天开展“寻找最美商户”倡议宣传活动，共发出倡议书200余份，接受现场报名30余家商户。第一季活动时间从4月1日到6月30日，将评选出3家最美商户，2家进步商户。对最美商户每家奖励1000元并授“最美商户”奖牌，对进步商户每家奖励800元，凡获奖单位将优先得到政府、部门单位采购优先权。下阶段该镇团委还将不定期组织团员青年对沿线报名商户进行巡查打分，将此纳入评比活动的打分环节。</p><p align=\"justify\" style=\"margin-top: 1em; margin-bottom: 1em; color: rgb(102, 102, 102); line-height: 30px; font-family: 宋体;\">小芝镇党委副书记、镇长冯震宇告诉，此次镇团委牵头发起“寻找最美商户”活动，我们希望通过这样的活动有效推进虎山路长效整治，通过树立典型，用榜样的力量带动后进商户，共同营造村民良好的生活环境。</p>','2019-08-20 08:00:00','2019-08-22 08:00:00','0000-00-00 00:00:00','0000-00-00 00:00:00','4d92a971360243b0bab91e2ffc6740e3',4,0,'2019-08-21 14:34:55',0,'n','county','',99,'n','','online','SOURCE004','STATUS003','volunteer',0,'331082000000',0,'','',9,'','62c9bd98cf2d473d8a6e6e151fc4fd63','2019-08-20 22:34:55',0,''),(11,32,'“临海人民，真棒！”','<p><br></p><p>为期4天的第六届中国（临海）户外家具及庭院休闲用品展览会日前顺利结束。据介绍，今年总计有德国、美国、英国等53个国家和地区的310位外商前来观展，签订境外意向订单974.28万美元，观展人数4.3万多，参展外商人数和订单及观展人数均创历史新高。</p><p><p><center><img src=\"\" alt=\"\" /></center></p> </p><p align=\"justify\" style=\"margin-top: 1em; margin-bottom: 1em; color: rgb(102, 102, 102); line-height: 30px; font-family: 宋体;\">除了可观的数据，今年的展览会还发生了温暖的一幕，让前来参会的采购商和参展商在临海留下了一段难忘的记忆。这事说来不大，但对当事人来说，却相当重要。</p><p align=\"justify\" style=\"margin-top: 1em; margin-bottom: 1em; color: rgb(102, 102, 102); line-height: 30px; font-family: 宋体;\">10月28日，展览会开幕当天上午10时多，组委会保安处收到了一个群众捡来的钱包。钱包里有一张身份证、两张动车票、银行卡和180元左右的现金。保安处随即将钱包上交给了组委会。</p><p><p><center><img src=\"\" alt=\"\" /></center></p> </p><p align=\"justify\" style=\"margin-top: 1em; margin-bottom: 1em; color: rgb(102, 102, 102); line-height: 30px; font-family: 宋体;\">“为了尽快找到失主，我们用现场广播告知了好几次。可能是大家都忙着参展和采购，没听到。”组委会负责人、市商务局会展管理办公室主任朱若金说，这只钱包组委会一直保留到当晚7时，见还没有人来认领，他们准备第二日去派出所，通过钱包里的身份证信息寻找失主。</p><p align=\"justify\" style=\"margin-top: 1em; margin-bottom: 1em; color: rgb(102, 102, 102); line-height: 30px; font-family: 宋体;\">说来也巧，正当大家想好找人对策时，朱若金的电话声响起。原来，失主发现自己钱包丢失后，吃晚饭时和相熟的商务局工作人员提起了此事，他原本不太抱希望，没想到还能失而复得。</p><p align=\"justify\" style=\"margin-top: 1em; margin-bottom: 1em; color: rgb(102, 102, 102); line-height: 30px; font-family: 宋体;\">“哎呀，太谢谢了！临海人民素质真高！”钱包的主人李先生来自北京，是京东的一位采购商。因为工作原因，他经常奔赴全国各地的展览会。李先生说，虽然钱包里的钱不多，但是有身份证和银行卡，一旦丢失，出差在外补办起来非常麻烦，而且还可能耽误接下来的行程。</p><p align=\"justify\" style=\"margin-top: 1em; margin-bottom: 1em; color: rgb(102, 102, 102); line-height: 30px; font-family: 宋体;\">自己钱包失而复得，李先生对临海人民衷心地表示感谢，并竖起了大拇指。</p><p><p><center><img src=\"\" alt=\"\" /></center></p> </p><p align=\"justify\" style=\"margin-top: 1em; margin-bottom: 1em; color: rgb(102, 102, 102); line-height: 30px; font-family: 宋体;\">无独有偶，展览会闭幕式当日，类似场景再次上演。这一回，丢失东西的是一位来自上虞的参展商。当日下午6时许，参展商撤展后，组委会保安按例对各个展位进行检查。在一位参展商摊位上，保安发现了一只塑料收纳盒，里面有一只女式包、一件衣服和一个车钥匙，包里还有200多元现金和几张银行卡。</p><p align=\"justify\" style=\"margin-top: 1em; margin-bottom: 1em; color: rgb(102, 102, 102); line-height: 30px; font-family: 宋体;\">为了找回失主，工作人员按着摊位号查询联系方式。结果，电话还未拨通，失主何方雨女士急匆匆地赶了回来。5点撤展离开，过了一个多小时，她很担心收纳盒里的东西会被人捡走。尤其是车钥匙，若是丢了，补办要花一笔钱不说，车子没法开自己就寸步难行。好在，是自己多虑了。</p><p align=\"justify\" style=\"margin-top: 1em; margin-bottom: 1em; color: rgb(102, 102, 102); line-height: 30px; font-family: 宋体;\">“真是太谢谢你们了，临海真好。这一次参展很成功，也很难忘！”何女士说。</p><p align=\"justify\" style=\"margin-top: 1em; margin-bottom: 1em; color: rgb(102, 102, 102); line-height: 30px; font-family: 宋体;\">两个小插曲，温暖了两位客商，也闪耀出临海这座城市的文明光辉。两位失主希望借助本报，对拾金不昧和路不拾遗的临海人民说一声：“你们真棒！”</p>','2019-08-20 08:00:00','2019-08-30 08:00:00','0000-00-00 00:00:00','0000-00-00 00:00:00','4d92a971360243b0bab91e2ffc6740e3',4,0,'2019-08-21 16:14:29',0,'n','county','',99,'n','','online','SOURCE004','STATUS003','volunteer',0,'331082000000',0,'','',9,'','62c9bd98cf2d473d8a6e6e151fc4fd63','2019-08-21 00:14:29',0,''),(15,35,'线下活动，测试办结','测试','2019-08-22 08:00:00','2019-08-24 08:00:00','2019-08-22 08:00:00','2019-08-24 08:00:00','4d92a971360243b0bab91e2ffc6740e3',0,0,'2019-08-23 08:50:36',0,'n','county','',99,'n','','offline','SOURCE004','STATUS007','volunteer',17,'331082000000',0,'','',17,'','953c125269ab4693bf48a944d8705b77','2019-08-22 16:50:36',0,''),(16,35,'线下活动，测试区域码','类别下服务活动','2019-08-25 08:00:00','2019-08-26 08:00:00','2019-08-25 08:00:00','2019-08-27 08:00:00','4d92a971360243b0bab91e2ffc6740e3',0,0,'2019-08-27 18:28:00',0,'n','county','',99,'n','','offline','SOURCE004','STATUS007','volunteer',17,'331082000000',0,'','',17,'','953c125269ab4693bf48a944d8705b77','2019-08-27 02:28:00',0,''),(19,35,'测试','测试','2019-09-01 08:00:00','2019-09-02 08:00:00','2019-09-01 08:00:00','2019-09-02 08:00:00','4d92a971360243b0bab91e2ffc6740e3',0,0,'2019-09-02 17:17:32',0,'n','county','',99,'n','','offline','SOURCE004','STATUS007','volunteer',17,'331082000000',0,'','',17,'','953c125269ab4693bf48a944d8705b77','2019-09-02 01:17:32',0,''),(22,0,'【点单服务】送书法活动 活动招募 （活动区域：括苍镇）','','2019-12-27 08:00:00','2019-12-27 08:00:00','2019-12-27 08:00:00','2019-12-27 08:00:00','4d92a971360243b0bab91e2ffc6740e3',0,0,'2019-12-28 16:34:51',0,'n','town','',99,'n','','order','SOURCE005','STATUS007','volunteer',23,'331082107000',0,'','',17,'','bd949488301b4bceb7e6750d6c2dc5df','2019-12-28 00:34:51',0,''),(24,32,'共享单车是否影响城市美观？','你觉得目前大街小巷的共享单车车是否影响临海市的城市美观？','2020-03-01 08:00:00','2020-03-22 08:00:00','0000-00-00 00:00:00','0000-00-00 00:00:00','4d92a971360243b0bab91e2ffc6740e3',4,1,'2020-03-03 15:11:30',0,'n','county','/uploads/ya02wmsj_cecoe/pic/20200303/1583219476_346183369.jpg',99,'y','','online','SOURCE004','STATUS003','volunteer',0,'331082000000',0,'','',9,'','62c9bd98cf2d473d8a6e6e151fc4fd63','2020-03-02 23:11:30',0,''),(25,32,'裕隆优秀员工评选','<p>2019已经过去了，感谢各位同事的共同努力！</p><p>即将评选2019年优秀员工，你觉得谁是2019年最优秀的员工！</p>','2020-03-03 08:00:00','2020-03-20 08:00:00','0000-00-00 00:00:00','0000-00-00 00:00:00','4d92a971360243b0bab91e2ffc6740e3',1,2,'2020-03-03 15:17:37',0,'n','county','/uploads/ya02wmsj_cecoe/pic/20200303/1583219731_198273839.jpg',99,'y','','online','SOURCE004','STATUS003','volunteer',0,'331082000000',0,'','',9,'','62c9bd98cf2d473d8a6e6e151fc4fd63','2020-03-02 23:17:37',0,''),(39,32,'第二届“临海市十大杰出青年”评选开始了！快来投票吧! ','<p style=\"border: 0px; margin-top: 0.63em; margin-bottom: 1.8em; font-size: 16px; counter-reset: list-1 0 list-2 0 list-3 0 list-4 0 list-5 0 list-6 0 list-7 0 list-8 0 list-9 0; color: rgb(25, 25, 25); font-family: \"PingFang SC\", Arial, 微软雅黑, 宋体, simsun, sans-serif; background-color: rgb(255, 255, 255);\">第二届“临海市十大杰出青年”评选活动</p><p style=\"border: 0px; margin-top: 0.63em; margin-bottom: 1.8em; font-size: 16px; counter-reset: list-1 0 list-2 0 list-3 0 list-4 0 list-5 0 list-6 0 list-7 0 list-8 0 list-9 0; color: rgb(25, 25, 25); font-family: \"PingFang SC\", Arial, 微软雅黑, 宋体, simsun, sans-serif; background-color: rgb(255, 255, 255);\">本次评选采用现场专家评委、大众评委无记名投票，和“临海青年”微信公众号网上投票的方式，根据投票结果按照权重决定第二届“临海市十大杰出青年”人选。</p>','2020-03-17 16:00:00','2020-04-29 16:00:00','0000-00-00 00:00:00','0000-00-00 00:00:00','4d92a971360243b0bab91e2ffc6740e3',1,2,'2020-03-19 14:34:36',0,'n','county','/uploads/ya02wmsj_cecoe/pic/20200319/b07da75486791755bb6f2b0ae9fbaac9.jpeg',99,'n','','online','SOURCE004','STATUS003','volunteer',0,'331082000000',0,'','',9,'','62c9bd98cf2d473d8a6e6e151fc4fd63','2020-03-19 06:34:36',0,''),(63,32,'元宵猜灯谜','一起来猜灯谜，一起开心一起玩','2020-03-23 16:00:00','2020-03-30 16:00:00','0000-00-00 00:00:00','0000-00-00 00:00:00','4d92a971360243b0bab91e2ffc6740e3',2,3,'2020-03-24 13:48:26',0,'n','county','',99,'n','','online','SOURCE004','STATUS003','volunteer',0,'331082000000',0,'','',9,'','62c9bd98cf2d473d8a6e6e151fc4fd63','2020-03-24 05:48:26',0,''),(67,32,'移风易俗大家赞活动','“移风易俗大家赞”网络文明传播活动','2020-03-27 16:00:00','2020-03-30 16:00:00','0000-00-00 00:00:00','0000-00-00 00:00:00','4d92a971360243b0bab91e2ffc6740e3',3,3,'2020-03-24 14:16:26',0,'y','county','',99,'n','','online','SOURCE004','STATUS003','volunteer',0,'331082000000',0,'','',9,'','f62b055d90d64875b26b2b6d39a59138,c1c0b56a155748a2b75fff29db091c81','2020-03-24 06:16:26',0,''),(68,32,'临海市模范集体年度评分','模范集体年度评分','2020-03-27 16:00:00','2020-03-29 16:00:00','0000-00-00 00:00:00','0000-00-00 00:00:00','4d92a971360243b0bab91e2ffc6740e3',6,6,'2020-03-24 14:20:13',0,'n','county','',99,'n','','online','SOURCE004','STATUS003','volunteer',0,'331082000000',0,'','',9,'','f62b055d90d64875b26b2b6d39a59138,c1c0b56a155748a2b75fff29db091c81','2020-03-24 06:20:13',0,''),(70,32,'aa','aa','2020-03-25 16:00:00','2020-03-25 16:00:00','0000-00-00 00:00:00','0000-00-00 00:00:00','aea302ff0a894b129266a5fcac2a3743',1,1,'2020-03-26 11:08:52',0,'n','town','',99,'n','','online','SOURCE002','STATUS001','volunteer',0,'331082001000',0,'','',9,'','f62b055d90d64875b26b2b6d39a59138,c1c0b56a155748a2b75fff29db091c81','2020-03-26 03:08:52',0,''),(71,32,'评选最美临海古镇青年','本次评选聚集所有临海青年，你愿意来参加吗？','2020-04-09 16:00:00','2020-05-15 16:00:00','0000-00-00 00:00:00','0000-00-00 00:00:00','4d92a971360243b0bab91e2ffc6740e3',1,2,'2020-03-31 15:49:12',0,'n','village','',99,'n','','online','SOURCE004','STATUS003','volunteer',0,'331082001001',0,'','f62b055d90d64875b26b2b6d39a59138',9,'','f62b055d90d64875b26b2b6d39a59138','2020-03-31 07:52:09',0,''),(77,32,'时代新人','<p style=\"text-indent:31.5pt;mso-char-indent-count:1.96;line-height:30.0pt;mso-line-height-rule:exactly\">胡灵华，最美好司机，台运大客驾驶员，男，1966年1月出生，党员。省交通厅“最美好司机”；市总工会“最美驾驶员”。参加工作以来已累计安全驾驶近300万公里。坚持安全第一的宗旨，在平凡的岗位上练就一身硬本领。工作中，严格遵守公司的规章制度，勤勤恳恳，任劳任怨，对待旅客热情真诚。</p>','2020-03-18 16:00:00','2020-03-19 16:00:00','0000-00-00 00:00:00','0000-00-00 00:00:00','4d92a971360243b0bab91e2ffc6740e3',6,2,'2020-04-07 08:36:36',2,'n','county','/uploads/ya02wmsj_cecoe/pic/20200407/6364eea89929800510a5562faa46eb92.jpg',99,'n','','online','SOURCE004','STATUS003','volunteer',0,'331082000000',0,'','',9,'','f62b055d90d64875b26b2b6d39a59138,c1c0b56a155748a2b75fff29db091c81','2020-04-07 00:36:36',0,''),(78,32,'时代新人','<p style=\"text-indent:32.15pt;mso-char-indent-count:2.0;line-height:30.0pt;mso-line-height-rule:exactly\">林瑞蔡，最美教师，浙江省台州中学副校长，男，1975年12月生。九三学社，浙江省正高级教师，省特级教师，浙江省师德模范，4次获全国高中化学竞赛园丁奖，浙江省新课程教学能力比赛一等奖。编写教材13本，主持课题10多项。2019年被评为临海市最美教师。</p>','2020-03-18 16:00:00','2020-03-19 16:00:00','0000-00-00 00:00:00','0000-00-00 00:00:00','4d92a971360243b0bab91e2ffc6740e3',6,2,'2020-04-07 08:37:22',2,'n','county','/uploads/ya02wmsj_cecoe/pic/20200407/f48da2b69b703f465adad5692779a24f.jpg',99,'n','','online','SOURCE004','STATUS003','volunteer',0,'331082000000',0,'','',9,'','f62b055d90d64875b26b2b6d39a59138,c1c0b56a155748a2b75fff29db091c81','2020-04-07 00:37:22',0,''),(79,32,'时代新人','尤凡，最美教师，男，1990年12月出生，杜桥中学教务处副主任。党员。2019年“台州市优秀教师”；2019年临海市首届“教师楷模”；三次获得浙江省生物竞赛“优秀指导教师”；2017年临海市“优秀党员”；2017年临海市教学大比武一等奖，“临海市教学能手”；2016年“临海市师德标兵”；担任杜中创新班15班的班主任，全身心扑在学生身上。通过三年的精准管理，尤凡带领高三15班在2019年浙江高考中喜获佳绩，全班41人中有23人考上重点大学，本科率则达到100%，取得了杜桥中学近十几年高考的历史性突破。','2020-03-18 16:00:00','2020-03-19 16:00:00','0000-00-00 00:00:00','0000-00-00 00:00:00','4d92a971360243b0bab91e2ffc6740e3',6,2,'2020-04-07 08:38:43',0,'n','county','/uploads/ya02wmsj_cecoe/pic/20200407/cb14373d87997973add600942615c3ba.jpg',99,'n','','online','SOURCE004','STATUS003','volunteer',0,'331082000000',0,'','',9,'','f62b055d90d64875b26b2b6d39a59138,c1c0b56a155748a2b75fff29db091c81','2020-04-07 00:38:43',0,''),(80,32,'最美环卫人','<p style=\"text-indent:31.5pt;mso-char-indent-count:1.96;line-height:30.0pt;mso-line-height-rule:exactly\">朱燕平，市行政执法局推荐。临海市市容环境卫生服务中心。女，1976年9月。台州市环卫管理优秀工作者、临海市城管执法系统先进个人。在全国文明城市创建、国卫复审、“五A”创建、“利奇马”台风灾后清理等重点工作中，扎根一线，辛勤工作，任劳任怨，圆满完成各项清理与保洁任务，成效明显。</p>','2020-03-18 16:00:00','2020-03-19 16:00:00','0000-00-00 00:00:00','0000-00-00 00:00:00','4d92a971360243b0bab91e2ffc6740e3',6,2,'2020-04-07 08:39:47',2,'n','county','/uploads/ya02wmsj_cecoe/pic/20200407/21d070b3dde125e7370022f7ca21312a.jpg',99,'n','','online','SOURCE004','STATUS003','volunteer',0,'331082000000',0,'','',9,'','f62b055d90d64875b26b2b6d39a59138,c1c0b56a155748a2b75fff29db091c81','2020-04-07 00:39:47',0,''),(81,32,'最美城管人','罗增益，市行政执法局推荐。临海市园林绿化养护事务中心机动组。男，1963年12月。党员。2015年临海市住房和城乡建设系统先进工作者；2016年临海市住房和城乡建设系统优秀党员；2017台州市绿化工作先进者。从事绿化工作多年，一直兢兢业业，任劳任怨，为城市绿化发展默默贡献。台风后，他奋不顾身冲锋在前，第一时间带领队员清除倒塌的树木，恢复交通。期间因为脚伤严重，旁边的人都劝他先休息，他毫不犹豫说道，“在最危急的时刻，困难再多也要克服，如果不赶快扶正街上倒伏树木，会影响抢险车辆、救护车辆通行，这点痛没什么问题”，他坚持带病上场，忍住脚伤，凭着一股顽强的拼搏精神，组织全队人，扶好树木之后再加固树木支撑、修剪树木。衣服都湿了三天没有换，一直投入在抢险救灾第一线。','2020-03-18 16:00:00','2020-03-19 16:00:00','0000-00-00 00:00:00','0000-00-00 00:00:00','4d92a971360243b0bab91e2ffc6740e3',6,2,'2020-04-07 08:40:58',2,'n','county','/uploads/ya02wmsj_cecoe/pic/20200407/ea923297d598b7f10c4c6b07501f947b.jpg',99,'n','','online','SOURCE004','STATUS003','volunteer',0,'331082000000',0,'','',9,'','f62b055d90d64875b26b2b6d39a59138,c1c0b56a155748a2b75fff29db091c81','2020-04-07 00:40:58',0,''),(82,32,'最美产业工人','王军，市总工会推荐。台州市桐坑茶业有限公司。男，1990年9月出生，党员。2019年首届全国评茶员职业技能竞赛台州赛区特等奖。2018年，主持研制临海区域品牌“盖竹道茶”红茶，获第十二届国际名茶评比获最高奖“佳茗大奖”。建立临海首个机械化示范基地，多次在全市机械化采茶现场会进行成果交流。2018年完成验收浙江省机械化采茶与制作团队项目。','2020-03-18 16:00:00','2020-03-19 16:00:00','0000-00-00 00:00:00','0000-00-00 00:00:00','4d92a971360243b0bab91e2ffc6740e3',6,2,'2020-04-07 08:42:02',2,'n','county','/uploads/ya02wmsj_cecoe/pic/20200407/a8842bf956e7bfc90a82a29f4f0da5fc.jpg',99,'n','','online','SOURCE004','STATUS003','volunteer',0,'331082000000',0,'','',9,'','f62b055d90d64875b26b2b6d39a59138,c1c0b56a155748a2b75fff29db091c81','2020-04-07 00:42:02',0,''),(83,32,'最美产业工人','<p style=\"text-indent:32.15pt;mso-char-indent-count:2.0;line-height:30.0pt;mso-line-height-rule:exactly\">吴红伟，市总工会推荐。浙江永强集团股份有限公司经理。男，1985年8月生。带领技术人员针对公司家具产品工艺进行摸索分析，由原纯手工完成的工艺流程，开发出椅子扶手自动化流水线，原多人操作的工序实现一人多机的生产作业，大大提高生产效率及降低员工劳动强度。荣获临海市第二届职工优秀技术创新成果三等奖。2018年，成立临海技能大师工作室创新工作室，在休闲伞撑展检测试验装置项目荣获发明创造，荣获4项实用新型。通过每年不断培养各技能人员，为公司技能输入新鲜血液及理念，提高一线生产员技能水平。</p>','2020-03-18 16:00:00','2020-03-19 16:00:00','0000-00-00 00:00:00','0000-00-00 00:00:00','4d92a971360243b0bab91e2ffc6740e3',6,2,'2020-04-07 08:42:56',2,'n','county','/uploads/ya02wmsj_cecoe/pic/20200407/a923428cbbb4c4e89eb05c18a601fa5b.jpg',99,'n','','online','SOURCE004','STATUS003','volunteer',0,'331082000000',0,'','',9,'','f62b055d90d64875b26b2b6d39a59138,c1c0b56a155748a2b75fff29db091c81','2020-04-07 00:42:56',0,''),(84,32,'最美医生','金崇田，市卫健局推荐。市第二人民医院普外二科主任。男，1966年5月。2018年获得临海市卫健局先进工作者，临海市道德模范（敬岗爱业）提名奖。主任医师，首届临海市优秀医师，农工党市二医院支部主任，从事普外科工作35年。潜心钻研业务，不断开展新技术，在甲状腺、乳腺、直肠肿瘤，腹外疝，下肢静脉曲张等开展的手术5次获得医院新技术二等奖，2次三等奖。平时注重理论学习及临床经验的积累，申请了两项台州市级课题，撰写论文20余篇发表在省或国家级专业期刊。','2020-03-18 16:00:00','2020-03-19 16:00:00','0000-00-00 00:00:00','0000-00-00 00:00:00','4d92a971360243b0bab91e2ffc6740e3',6,2,'2020-04-07 08:44:14',2,'n','county','/uploads/ya02wmsj_cecoe/pic/20200407/446ee345ec678cd70abc57d027212cf3.jpg',99,'n','','online','SOURCE004','STATUS003','volunteer',0,'331082000000',0,'','',9,'','f62b055d90d64875b26b2b6d39a59138,c1c0b56a155748a2b75fff29db091c81','2020-04-07 00:44:14',0,''),(85,32,'最美医生','邵爱民，市卫健局推荐。男，市第一人民医院神经内科主任，1963年7月出生，党员。临海市第一届、第二届优秀医师、第三届名医师。2014年度市卫生局先进工作者，2016-2017年度中国卒中学会优秀红手环志愿者。2012-2015年作为分中心参与并顺利完成“十二五”国家科技支撑计划重大项目(脑血管病急性期诊疗技术规范化应用和医疗质量评价与持续改进技术研究)的分组研究。2015年成为中国卒中学会首批“卒中中心”授牌单位，被浙江省卫计委授予省县级龙头学科，2016年被台州市卫计委授予台州市支持（共建）医学重点学科。科室组建的红手环志愿者服务团被中国卒中学会授予2016年度优秀红手环志愿者服务团。每年义诊、健康讲座10余次。','2020-03-18 16:00:00','2020-03-19 16:00:00','0000-00-00 00:00:00','0000-00-00 00:00:00','4d92a971360243b0bab91e2ffc6740e3',6,2,'2020-04-07 08:45:13',2,'n','county','/uploads/ya02wmsj_cecoe/pic/20200407/1497812851a979aab9f83194ce665a57.png',99,'n','','online','SOURCE004','STATUS003','volunteer',0,'331082000000',0,'','',9,'','f62b055d90d64875b26b2b6d39a59138,c1c0b56a155748a2b75fff29db091c81','2020-04-07 00:45:13',0,''),(86,32,'最美少年','<p style=\"text-indent:32.15pt;mso-char-indent-count:2.0;line-height:30.0pt;mso-line-height-rule:exactly\">卢昊杰，团市委推荐。男，大田奋进小学，劳动委员。卢昊杰从小父母离异，父亲判刑坐牢，母亲远走他乡，由年迈的爷爷奶奶抚养。2015年3月，卢昊杰又不幸被查出患有骨癌。幸得社会各界人士的帮忙与关心，他保住了性命，却永远地失去了一条腿（截肢）。这样一个饱受病痛折磨和家庭双重打击的孩子，却没有放弃求学的欲望。只要身体稍好些，他就坚持到校上课，甚至在医院化疗期间也不忘学习，凭着这股学习劲儿，每一次期末考他都取得了不错的成绩，2018年被评为班级“达标三好学生”，2019年被评为台州市“新时代好少年”。</p>','2020-03-18 16:00:00','2020-03-19 16:00:00','0000-00-00 00:00:00','0000-00-00 00:00:00','4d92a971360243b0bab91e2ffc6740e3',6,2,'2020-04-07 08:46:11',2,'n','county','/uploads/ya02wmsj_cecoe/pic/20200407/ea06fce1ee870a5b65156183ec21fc4d.jpg',99,'n','','online','SOURCE004','STATUS003','volunteer',0,'331082000000',0,'','',9,'','f62b055d90d64875b26b2b6d39a59138,c1c0b56a155748a2b75fff29db091c81','2020-04-07 00:46:11',0,''),(87,32,'最美家庭','娄双丹，尤溪镇推荐。尤溪镇义城村女委员兼岭脚金网格员。女，1984年8月生。党员。2017年度临海市“最美家庭”、尤溪镇2017、2018年度优秀全科网格员；2018年度市级优秀专职网格员。常年志愿帮扶村民，积极参与村内的志愿公益事业。','2020-03-18 16:00:00','2020-03-19 16:00:00','0000-00-00 00:00:00','0000-00-00 00:00:00','4d92a971360243b0bab91e2ffc6740e3',6,2,'2020-04-07 08:47:26',2,'n','county','/uploads/ya02wmsj_cecoe/pic/20200407/d2d83cb748b1980a2b1afdafb468b6ee.jpg',99,'n','','online','SOURCE004','STATUS003','volunteer',0,'331082000000',0,'','',9,'','f62b055d90d64875b26b2b6d39a59138,c1c0b56a155748a2b75fff29db091c81','2020-04-07 00:47:26',0,''),(88,32,'最美家庭','卢桂芳，古城街道推荐。古城街道鹊墩社区，大田中心卫生院退休干部。女，1953年11月生，优秀共产党员、三八红旗手、古城街道五好文明家庭户。夫妻二人相敬如宾，与儿子儿媳相处融洽。2017年，卢桂芳儿媳因身患白血病需要化疗，卢桂芳一直耐心照顾，陪伴儿媳去医院，照顾儿媳的生活起居，一家人互相扶持，共度难关。','2020-03-18 16:00:00','2020-03-19 16:00:00','0000-00-00 00:00:00','0000-00-00 00:00:00','4d92a971360243b0bab91e2ffc6740e3',6,2,'2020-04-07 08:48:32',2,'n','county','/uploads/ya02wmsj_cecoe/pic/20200407/a38ceb05ad07c92cd6feccaeab01afe8.jpg',99,'n','','online','SOURCE004','STATUS003','volunteer',0,'331082000000',0,'','',9,'','f62b055d90d64875b26b2b6d39a59138,c1c0b56a155748a2b75fff29db091c81','2020-04-07 00:48:32',0,''),(89,32,'最美家庭','李中联，市妇联推荐。上盘镇海建村老党员，男，1958年出生，曾任村支部书记。三十多年来义务为村民修电灯、写春联，一有空就到村大队屋门口的黑板墙上写宣传板报、画图画，用一支粉笔宣传党的政策、家庭教育知识，教育村民要讲信、互助。李中联和妻子每晚必看的新闻联播，一有空就在家里看书阅报、学作画，妻子在旁边铺纸递水，夫妻和睦被邻里传为佳话。他时常勉励子女“活到老，学到老”，在良好的家风熏陶下，他女儿也热心公益事业，先后参加过宁夏贫困山区支教，参与组织台州首届传统文化公益论坛，创立台州论语一百公益读书会和凤兮耕读社，在台州市图书馆组织过上百场公益亲子诵读活动和10余场公益教育讲。2019年度获临海市“清廉家庭”。','2020-03-18 16:00:00','2020-03-19 16:00:00','0000-00-00 00:00:00','0000-00-00 00:00:00','4d92a971360243b0bab91e2ffc6740e3',6,2,'2020-04-07 08:49:44',2,'n','county','/uploads/ya02wmsj_cecoe/pic/20200407/52fd59aa7ea14fbd2c1c60fff49d421c.jpg',99,'n','','online','SOURCE004','STATUS003','volunteer',0,'331082000000',0,'','',9,'','f62b055d90d64875b26b2b6d39a59138,c1c0b56a155748a2b75fff29db091c81','2020-04-07 00:49:44',0,''),(90,32,'最美乡贤','金良水，市委统战部推荐，1951年12月生，杜桥乡贤会会长。谋划组建成立杜桥乡贤会以来，在全市乡贤招商引资、拓展联谊上取得新突破，一年来签约投资建设项目28个，金额达200多亿元。','2020-03-18 16:00:00','2020-03-19 16:00:00','0000-00-00 00:00:00','0000-00-00 00:00:00','4d92a971360243b0bab91e2ffc6740e3',6,2,'2020-04-07 08:50:44',2,'n','county','/uploads/ya02wmsj_cecoe/pic/20200407/cc786e7f96b7c4497742a8302acefdf7.png',99,'n','','online','SOURCE004','STATUS003','volunteer',0,'331082000000',0,'','',9,'','f62b055d90d64875b26b2b6d39a59138,c1c0b56a155748a2b75fff29db091c81','2020-04-07 00:50:44',0,''),(91,32,'最美乡贤','<p style=\"text-indent:32.15pt;mso-char-indent-count:2.0;line-height:30.0pt;mso-line-height-rule:exactly\">陈加月，市委统战部推荐。1973年10月生，大洋街道乡贤会执行会长。积极带头为大洋乡贤公益基金捐款20万元。大力支持并主动参与到乡贤助老、助困、助学等活动中。</p><p style=\"line-height:30.0pt;mso-line-height-rule:exactly\"></p><p></p>','2020-03-18 16:00:00','2020-03-19 16:00:00','0000-00-00 00:00:00','0000-00-00 00:00:00','4d92a971360243b0bab91e2ffc6740e3',6,2,'2020-04-07 08:52:24',2,'n','county','/uploads/ya02wmsj_cecoe/pic/20200407/8765268cc40b96469867dfe3c0d2585e.jpg',99,'n','','online','SOURCE004','STATUS003','volunteer',0,'331082000000',0,'','',9,'','f62b055d90d64875b26b2b6d39a59138,c1c0b56a155748a2b75fff29db091c81','2020-04-07 00:52:24',0,''),(92,32,'最美勇士','叶良辉，市公安局推荐。括苍镇人，男，1968年1月出生，受台风“利奇马”影响，括苍镇洪水泛滥积水严重，两个小姑娘被困瑞人堂药店一楼，水位已有半人高，叶良辉驾驶自购的冲锋舟，去到药店将二人救出。下午1时，括苍镇菜场卖面的李忠北和儿在菜场门口被湍急的水流冲走，幸而拉住了一户人家的铁栅栏，但双脚已够不到地面。叶良辉驾着冲锋舟，不顾个人安危，顶着湍急的水流，将李忠北父子二人救回。从上午9点一直到晚上21点，叶良辉进进出出连续救援了十几个小时，救了不下二十个人。事迹被《平安时报》《浙江法制报》报道。据了解，叶良辉在1997年11号台风来临时，他曾驾驶自制船只在镇上救出十余人。2004年云娜台风登录时，他主动协助政府开展救援。','2020-03-18 16:00:00','2020-03-19 16:00:00','0000-00-00 00:00:00','0000-00-00 00:00:00','4d92a971360243b0bab91e2ffc6740e3',6,2,'2020-04-07 08:54:35',2,'n','county','/uploads/ya02wmsj_cecoe/pic/20200407/3290b5f9dcd85814103c2334f6790f5f.jpg',99,'n','','online','SOURCE004','STATUS003','volunteer',0,'331082000000',0,'','',9,'','f62b055d90d64875b26b2b6d39a59138,c1c0b56a155748a2b75fff29db091c81','2020-04-07 00:54:35',0,''),(93,32,'最美勇士','杜礼青，大田街道推荐。大田街道横溪村人。男，1970年10月出生。自2011年起，每次遭遇台风，他都主动将自家大型铲车开到交警中队，救援被困群众。先后救出100余名被困群众，每次铲车救援后维护的费用都自行承担，毫无怨言。尤其在台风“利奇马”来临时，他在水深1.7米的环境下连续两夜通宵开车巡逻，解救出39名被困群众。2014年荣获台州好人称号，2015年获台州市第二届见义勇为勇士荣誉称号，2019年救人事迹在央视《新闻联播》播出，在《今日头条》《浙江日报》刊登。','2020-03-18 16:00:00','2020-03-19 16:00:00','0000-00-00 00:00:00','0000-00-00 00:00:00','4d92a971360243b0bab91e2ffc6740e3',6,2,'2020-04-07 08:55:59',2,'n','county','/uploads/ya02wmsj_cecoe/pic/20200407/d3cf35292f4af15d3b8ed7aa6c65df61.jpg',99,'n','','online','SOURCE004','STATUS003','volunteer',0,'331082000000',0,'','',9,'','f62b055d90d64875b26b2b6d39a59138,c1c0b56a155748a2b75fff29db091c81','2020-04-07 00:55:59',0,''),(94,32,'抗洪救灾系列','彭敏杰，市公安局推荐。市公安局大洋派出所民警。男，1988年10月生。入党积极分子。2017年，台州市公安局食药环技战术比武获得第一名；台州市公安局情系统研判典型案例评比获得第一名；2019年，台州市公安局优秀平安宣讲师防溺水类比赛中获得二等奖；2017年成功破获以曹某为首非法制造爆炸物团伙和非法采矿团伙，刑拘起诉40多人；成功侦破徐叨谦等人虚开增值税发票案，波及全国二十多个省市，上百家受票企业累计查补税款高达十多亿元。2019年抗击利奇马台风时，彭敏杰通宵奋战在冲锋艇上，48小时不眠不休救援受困群众12人，转移受困群众35人。','2020-03-18 16:00:00','2020-03-19 16:00:00','0000-00-00 00:00:00','0000-00-00 00:00:00','4d92a971360243b0bab91e2ffc6740e3',6,2,'2020-04-07 08:57:00',2,'n','county','/uploads/ya02wmsj_cecoe/pic/20200407/115b26d2928f8004478e6104ceb85018.jpg',99,'n','','online','SOURCE004','STATUS003','volunteer',0,'331082000000',0,'','',9,'','f62b055d90d64875b26b2b6d39a59138,c1c0b56a155748a2b75fff29db091c81','2020-04-07 00:57:00',0,''),(95,32,'抗洪救灾系列','彭晓，永丰镇推荐。永丰镇政府镇区办主任。男，1984年8月。党员。2017年度、2018年度市级优秀公务员。是领导和同事眼中“有工作热情有感染力”的人，是群众眼中的“好同志”。在重点工作推进过程中，他总是冲锋一线，遗留多年的问题和各种政策处理难题迎刃而解。在抗台救灾中，他持续17小时，转移群众200多人，他右臂受伤，但仍坚守岗位，参与救灾和灾后清理工作。','2020-03-18 16:00:00','2020-03-19 16:00:00','0000-00-00 00:00:00','0000-00-00 00:00:00','4d92a971360243b0bab91e2ffc6740e3',6,2,'2020-04-07 08:58:41',2,'n','county','/uploads/ya02wmsj_cecoe/pic/20200407/5840f6f04132fa5c2fa9dec023342fb1.jpg',99,'n','','online','SOURCE004','STATUS003','volunteer',0,'331082000000',0,'','',9,'','f62b055d90d64875b26b2b6d39a59138,c1c0b56a155748a2b75fff29db091c81','2020-04-07 00:58:41',0,''),(96,32,'抗洪救灾系列','江友，市行政执法局推荐，古城中队，女，1994年3月。台风来临前，为了疏通下水道，加快清理速度，她直接用手清理淤泥。台风肆虐时，她不顾家里灾情，通宵旦达积极参与抢险救灾，在抗灾一线不眠不休连续坚守72个小时。换班后，她放弃宝贵的休息时间，亲自做了热菜热饭，给深夜加班的同事送上一份温暖。作为一名退役大学生士兵，她在地方岗位上保留并发扬了部队的优良作风，充分展现了退伍不褪色的军人本色。','2020-03-18 16:00:00','2020-03-19 16:00:00','0000-00-00 00:00:00','0000-00-00 00:00:00','4d92a971360243b0bab91e2ffc6740e3',6,2,'2020-04-07 08:59:25',2,'n','county','/uploads/ya02wmsj_cecoe/pic/20200407/b5d1b0de206c00271934389e8b691710.jpg',99,'n','','online','SOURCE004','STATUS003','volunteer',0,'331082000000',0,'','',9,'','f62b055d90d64875b26b2b6d39a59138,c1c0b56a155748a2b75fff29db091c81','2020-04-07 00:59:25',0,''),(97,32,'网络惠民达人','陈思强，市委网信办推荐，浙报集团临海在线站长。男，1988年11月出生。2015年评为临海市对外传播奖（个人）；2015年至2017年，连续三个年度被评为台州市网联会工作先进个人；2018年台州市十佳好网民。2014年，“爱心手牵手•帮扶一对一”结对帮扶残疾青少年项目被民政部、团中央评为首届中国青年志愿服务项目大赛金奖，为浙江省唯一；2017年，临海在线志愿者服务队被团浙江省委、浙江省志愿者协会评为浙江省志愿服务先锋队；2018年2月，“时间银行”网络志愿公益项目被中共台州市委宣传部、台州市网信办评选为台州市十佳网络公益项目； 2019年9月临海在线志愿者服务队被评为台州市第二届网络风云榜之最具影响力网络公益贡献奖。','2020-03-18 16:00:00','2020-03-19 16:00:00','0000-00-00 00:00:00','0000-00-00 00:00:00','4d92a971360243b0bab91e2ffc6740e3',6,2,'2020-04-07 09:02:35',2,'n','county','/uploads/ya02wmsj_cecoe/pic/20200407/31dde1c0e666d96c33775069ff4c4a29.jpg',99,'n','','online','SOURCE004','STATUS003','volunteer',0,'331082000000',0,'','',9,'','f62b055d90d64875b26b2b6d39a59138,c1c0b56a155748a2b75fff29db091c81','2020-04-07 01:02:35',0,''),(98,32,'网络惠民达人','牟再，市委网信办推荐。市新闻传媒集团新媒体副主任。男，1979年11月生。党员。自新时代文明实践中心工作开展以来，牟再利用长期从事新媒体工作的经验，积极融入到新时代文明实践工作中，利用新媒体平台，先后发布了大量新时代文明实践的文章。在《临海发布》等平台开辟相关专栏，不断宣传新时代文明时代活动。先后举办了《厚德广场揭幕暨“万鹿同行”追梦临海志愿者服务月启动仪式》、《新时代文明实践中心建设现场会暨农村文化礼堂工作推进会》、《我们都是追梦人，临海千场堂前宣讲》等直播活动，取得了良好社会效应。','2020-03-18 16:00:00','2020-03-19 16:00:00','0000-00-00 00:00:00','0000-00-00 00:00:00','4d92a971360243b0bab91e2ffc6740e3',6,2,'2020-04-07 09:04:12',2,'n','county','/uploads/ya02wmsj_cecoe/pic/20200407/54986e8ca71cd5efe82d5a66e33d795c.jpg',99,'n','','online','SOURCE004','STATUS003','volunteer',0,'331082000000',0,'','',9,'','f62b055d90d64875b26b2b6d39a59138,c1c0b56a155748a2b75fff29db091c81','2020-04-07 01:04:12',0,''),(99,32,'文化服务达人','徐肖君，东塍镇推荐。女，东塍镇上街村副书记兼妇联主席。党员。“台州市文明家庭”、“绿色家庭”、“优秀妇联主席”。2018年2月成立上街村义工志愿服务队，开展献爱心活动、帮扶助残活动；重阳节自发捐款活动，让老人欢度重阳节；母亲节在综合市场内举办“用教传家风，感恩慈用心”的活动；春节给空巢老人送温暖，得到大家的一致好评。','2020-03-18 16:00:00','2020-03-19 16:00:00','0000-00-00 00:00:00','0000-00-00 00:00:00','4d92a971360243b0bab91e2ffc6740e3',6,2,'2020-04-07 09:05:42',2,'n','county','/uploads/ya02wmsj_cecoe/pic/20200407/f7b23a619422fa626288a76e54f1e5ba.jpg',99,'n','','online','SOURCE004','STATUS003','volunteer',0,'331082000000',0,'','',9,'','f62b055d90d64875b26b2b6d39a59138,c1c0b56a155748a2b75fff29db091c81','2020-04-07 01:05:42',0,''),(100,32,'文化服务达人','<p style=\"text-indent:31.5pt;mso-char-indent-count:1.96;line-height:30.0pt;mso-line-height-rule:exactly\">张君君，市文广旅体局推荐。1979年8月，中国舞蹈家协会会员；台州市舞蹈家协会副秘书长；2003年当选临海市舞蹈家协会主席。临海市文化馆舞蹈干部。2014年8月成立临海市文化馆青年舞蹈社团，任团长。多年担任临海江南古城文化节大型晚会舞蹈编导，创作的多个舞蹈作品多次获省群众舞蹈大赛金、银、铜奖。参与文化走亲及文化走基层文化服务每年近上百场。</p>','2020-03-18 16:00:00','2020-03-19 16:00:00','0000-00-00 00:00:00','0000-00-00 00:00:00','4d92a971360243b0bab91e2ffc6740e3',6,2,'2020-04-07 09:06:42',2,'n','county','/uploads/ya02wmsj_cecoe/pic/20200407/0b73264f019b1f5b116420d3335245d8.jpg',99,'n','','online','SOURCE004','STATUS003','volunteer',0,'331082000000',0,'','',9,'','f62b055d90d64875b26b2b6d39a59138,c1c0b56a155748a2b75fff29db091c81','2020-04-07 01:06:42',0,''),(101,32,'教育服务达人','<p style=\"text-indent:32.15pt;mso-char-indent-count:2.0;line-height:30.0pt;mso-line-height-rule:exactly\">林萍，大洋街道推荐。女，1971年6月，临海市回浦实验中学老师。民革党员。2017年浙江省最美家庭、2018台州市首届和合家庭、2019首届台州好人，连续多年获台州市民革优秀党员。从教27年来，以自己的实际行动，推己及人，用行动付出大爱。成立“普善义工”小组，举办公益亲子经典诵读。2017年开始，林萍老师带领团队把家庭教育公益讲座送进街道、学校和村（社区）讲座数十场，受众2万多人。2019年还受邀市四千工程进文化礼堂宣讲，事迹被临海市、台州市级媒体多次报道。</p>','2020-03-18 16:00:00','2020-03-19 16:00:00','0000-00-00 00:00:00','0000-00-00 00:00:00','4d92a971360243b0bab91e2ffc6740e3',6,2,'2020-04-07 09:07:45',2,'n','county','/uploads/ya02wmsj_cecoe/pic/20200407/1e37391609902b69b26052f6282e4f52.jpg',99,'n','','online','SOURCE004','STATUS003','volunteer',0,'331082000000',0,'','',9,'','f62b055d90d64875b26b2b6d39a59138,c1c0b56a155748a2b75fff29db091c81','2020-04-07 01:07:45',0,''),(102,32,'学习达人','<p style=\"text-indent:32.15pt;mso-char-indent-count:2.0;line-height:30.0pt;mso-line-height-rule:exactly\">王凤玲，市委宣传部理论科推荐。市多城联创办干部。从下载，注册，使用“学习强国”以来，王凤玲同志坚持每天学习，学习积分始终保持全市前列。合理安排学习时间有规律的进行学习，充分利用好早中晚等碎片时间并逐渐养成学习习惯。合理筛选学习内容，将学习与平时工作相结合提高学习效果。作为全国文明城市创建台账资料负责人，她每天都会搜索其他地方的工作经验进行学习总结，并与实际工作相结合，做到学以致用。在学习过程中与其他同志进行交流讨论，互相督促，共同进步。</p>','2020-03-18 16:00:00','2020-03-19 16:00:00','0000-00-00 00:00:00','0000-00-00 00:00:00','4d92a971360243b0bab91e2ffc6740e3',6,2,'2020-04-07 09:08:45',2,'n','county','/uploads/ya02wmsj_cecoe/pic/20200407/afac0199e0ebacac8606c269e2b94bf5.jpg',99,'n','','online','SOURCE004','STATUS003','volunteer',0,'331082000000',0,'','',9,'','f62b055d90d64875b26b2b6d39a59138,c1c0b56a155748a2b75fff29db091c81','2020-04-07 01:08:45',0,''),(103,32,'科技科普达人','方跃，市科协推荐。男，1985年1月出生，台州市乌岩春农业开发有限公司及台州安基山体育发展有限公司总经理，合作社党支部书记。临海市劳动模范、临海市十大杰出青年、台州市农村农创之星、台州市农技标兵、浙江省青年致富带头人。公司的安基山茶场已成为国家级航空营地、省级茶叶精品园、浙江省运动休闲精品线路、运动休闲旅游优秀项目。','2020-03-18 16:00:00','2020-03-19 16:00:00','0000-00-00 00:00:00','0000-00-00 00:00:00','4d92a971360243b0bab91e2ffc6740e3',6,2,'2020-04-07 09:09:59',2,'n','county','/uploads/ya02wmsj_cecoe/pic/20200407/a5bdb5c8104666aa1e96a9ad4b4f3bc9.jpg',99,'n','','online','SOURCE004','STATUS003','volunteer',0,'331082000000',0,'','',9,'','f62b055d90d64875b26b2b6d39a59138,c1c0b56a155748a2b75fff29db091c81','2020-04-07 01:09:59',0,''),(104,32,'科技科普达人','赵建德，市科协推荐。市科普作协主席。男，1965年10月生。党员。临海市十佳服务标兵、临海市重点专项工作先进个人。中国科普作家协会会员、浙江省科普作家协会理事、台州市科普作家协会副主席、临海市科普作家协会主席、《浙江科学文化》主编。2004年以来，积极参与和组织开展科普公益讲座、科技（科普）活动周和“全国科普日”活动等各类活动。筹办了科普作家艺术沙龙，组织书画展，开展多层次的科学文化交流活动。参与筹划成立科普小作家创作基地，举办中小学生科普征文比赛，编辑出版《科普作家报》《科普潮》《临海市科普作家作品选》《科海扬帆》《浙江科学文化》等共300余万字，为普及科学知识、传播科学文化身体力行。','2020-03-18 16:00:00','2020-03-19 16:00:00','0000-00-00 00:00:00','0000-00-00 00:00:00','4d92a971360243b0bab91e2ffc6740e3',6,2,'2020-04-07 09:12:03',2,'n','county','/uploads/ya02wmsj_cecoe/pic/20200407/c2ff71d21c89103ec2d324cb34e981b5.jpg',99,'n','','online','SOURCE004','STATUS003','volunteer',0,'331082000000',0,'','',9,'','f62b055d90d64875b26b2b6d39a59138,c1c0b56a155748a2b75fff29db091c81','2020-04-07 01:12:03',0,''),(105,32,'理论宣传达人','陈春阳，市委宣传部理论科推荐，现任临海市委直属机关工委副书记，是临海市乡土“民”星宣讲团导师，也是临海新时代文明实践宣讲团——理论达人团队主理人。陈春阳全身心投入研究理论工作，并有着独特的见解。他还是临海市委党的十九大精神宣讲团成员，不仅能准确传达党的方针政策，还能根据本地实际案例，用深入浅出的方式进行理论宣讲。共开展党的十九大精神宣讲、改革开放、社会主义核心价值观（系列）等理论宣讲143场，受众超7000人次。曾荣获台州市2015年优秀宣讲教案一等奖。','2020-03-18 16:00:00','2020-03-19 16:00:00','0000-00-00 00:00:00','0000-00-00 00:00:00','4d92a971360243b0bab91e2ffc6740e3',6,2,'2020-04-07 09:16:06',2,'n','county','/uploads/ya02wmsj_cecoe/pic/20200407/da5140dd1f428aff243671993f12e44b.jpg',99,'n','','online','SOURCE004','STATUS003','volunteer',0,'331082000000',0,'','',9,'','f62b055d90d64875b26b2b6d39a59138,c1c0b56a155748a2b75fff29db091c81','2020-04-07 01:16:06',0,''),(107,32,'理论宣传达人','徐波波，市委党校推荐。临海市委党校党委委员、高级讲师。市社科联副主席。男，1985年11月生。党员。台州市2015年基层宣讲工作先进个人、台州市2013、2015年优秀宣讲教案二等奖、台州市“211人才工程”培养人员、台州市红色宣讲团成员、临海市委理论讲师团成员、临海市委党的十九大精神宣讲团成员、临海新时代文明实践宣讲团—红色理论宣讲团队主理人。从事红色理论宣讲工作10年，累计200余场，受众上万人次。参与国家级课题（国家社科基金年度项目）2项，主持省部级课题9项、省部级征文活动获三等奖以上奖励15次、在省级以上重要学术期刊发表论文20余篇，主持开发建设的教育基地6个。','2020-03-18 16:00:00','2020-03-19 16:00:00','0000-00-00 00:00:00','0000-00-00 00:00:00','4d92a971360243b0bab91e2ffc6740e3',6,2,'2020-04-07 09:24:08',2,'n','county','/uploads/ya02wmsj_cecoe/pic/20200407/604351bb39d9290453ec2632e618e4d6.jpg',99,'n','','online','SOURCE004','STATUS003','volunteer',0,'331082000000',0,'','',9,'','f62b055d90d64875b26b2b6d39a59138,c1c0b56a155748a2b75fff29db091c81','2020-04-07 01:24:08',0,''),(108,32,'健身体育达人','<p style=\"text-indent:31.5pt;mso-char-indent-count:1.96;line-height:30.0pt;mso-line-height-rule:exactly\">王渭忠，市文广旅体局推荐。临海市乒乓球协会会长，男，党员。1952年5月出生。自2014年2月担任市乒乓球协会会长以来，协会会员从不足百人，到如今拥有四百多名会员。积极组织开展各种形式的群众性乒乓球活动，连续举办浙江省乒乓球等级积分赛。每年组织临海市乒乓球俱乐部（春.秋季）联赛。多次组织人员到各镇分会进行乒乓球交流等活动.自2014年起多次获得临海市体育局先进个人奖，2016年荣获浙江省体育总会颁发特别贡献奖。</p>','2020-03-18 16:00:00','2020-03-19 16:00:00','0000-00-00 00:00:00','0000-00-00 00:00:00','4d92a971360243b0bab91e2ffc6740e3',6,2,'2020-04-07 09:25:07',2,'n','county','/uploads/ya02wmsj_cecoe/pic/20200407/dbf407f5f4010e627caaed38f434840b.jpg',99,'n','','online','SOURCE004','STATUS003','volunteer',0,'331082000000',0,'','',9,'','f62b055d90d64875b26b2b6d39a59138,c1c0b56a155748a2b75fff29db091c81','2020-04-07 01:25:07',0,''),(109,32,'健身体育达人','李康乐，市文广旅体局推荐。男，1978年6月，浙江省学生体协中小学篮球分会秘书长、临海市篮球协会秘书长。临海市篮球协会自2014年10月成立至今，每年协办临海市各机关企事业单位的各类篮球比赛，举办临海市俱乐部篮球联赛、临海市职工篮球比赛、临海市三对三篮球比赛、临海市小篮球超级联赛、临海市篮球训练营等，年涉及健身人数近万人。','2020-03-18 16:00:00','2020-03-19 16:00:00','0000-00-00 00:00:00','0000-00-00 00:00:00','4d92a971360243b0bab91e2ffc6740e3',6,2,'2020-04-07 09:26:07',2,'n','county','/uploads/ya02wmsj_cecoe/pic/20200407/4a7685cb04389c167c9352d296ae9141.jpg',99,'n','','online','SOURCE004','STATUS003','volunteer',0,'331082000000',0,'','',9,'','f62b055d90d64875b26b2b6d39a59138,c1c0b56a155748a2b75fff29db091c81','2020-04-07 01:26:07',0,''),(110,32,'理论宣传达人','王官平，市委宣传部理论科推荐，男，1976年1月出生，上盘镇翻身村人。2006年开始利用自家门前道地头，尝试以宣传中华优秀传统文化和家庭教育为主要内容，以百姓茶余饭后的新闻事例为话题展开小范围宣讲，是当地小有名气的民间宣讲达人。2016年，王官平被评为台州市优秀宣讲员。十多年风里来雨里去，至今开展义务宣讲400多场次，听众达2万多人次，“不管是一个人还是两个人，只要有人，我都会开心地讲。”','2020-03-18 16:00:00','2020-03-19 16:00:00','0000-00-00 00:00:00','0000-00-00 00:00:00','4d92a971360243b0bab91e2ffc6740e3',6,2,'2020-04-07 10:13:27',2,'n','county','/uploads/ya02wmsj_cecoe/pic/20200407/d59853438f013188d8539e19e76e31e2.jpg',99,'n','','online','SOURCE004','STATUS003','volunteer',0,'331082000000',0,'','',9,'','f62b055d90d64875b26b2b6d39a59138,c1c0b56a155748a2b75fff29db091c81','2020-04-07 02:13:27',0,''),(111,32,'环境保护志愿者','詹茂炯，白水洋镇推荐。男，党员。1971年4月出生。白水洋登山协会副会长。2016至2018年，连续获临海市体育局、临海市登山协会联合颁发的杰出贡献奖。2019年获临海市优秀志愿者荣誉称号。2019年荣获市教育系统优秀共产党员称号。2014年~2019年参加大雷山、括苍山、十八潭等地救援行动10多次。2017年至2019年组织白水洋登山协会志愿者服务队上大雷山进行清峰行动，共清理沿途垃圾约5吨多，共23次，285人次。2018年至2019年组织白水洋登山协会志愿者服务队参与两届桃花源半程马拉松比赛后勤服务162人次。','2020-03-18 16:00:00','2020-03-19 16:00:00','0000-00-00 00:00:00','0000-00-00 00:00:00','4d92a971360243b0bab91e2ffc6740e3',6,2,'2020-04-07 10:17:00',2,'n','county','/uploads/ya02wmsj_cecoe/pic/20200407/11eb9c96d36ab0bae2d8169bf3327ac0.jpg',99,'n','','online','SOURCE004','STATUS003','volunteer',0,'331082000000',0,'','',9,'','f62b055d90d64875b26b2b6d39a59138,c1c0b56a155748a2b75fff29db091c81','2020-04-07 02:17:00',0,''),(112,32,'环境保护志愿者','朱国军，市慈善总会推荐。男，1981年9月出生。长期带着安邦义工队伍以实际环保行动提醒市民提高环保意识，宣传环保知识，共建绿色家园。经常走上街头，对城区各个主要道路开展了环卫保洁、清理垃圾杂物、清理小广告等志愿服务活动。先后获雷锋式先进个人、台州最美慈善义工、三星级义工等荣誉称号。','2020-03-18 16:00:00','2020-03-19 16:00:00','0000-00-00 00:00:00','0000-00-00 00:00:00','4d92a971360243b0bab91e2ffc6740e3',6,2,'2020-04-07 10:19:20',2,'n','county','/uploads/ya02wmsj_cecoe/pic/20200407/4feedea046e1150541dc0ea31f68fa64.jpg',99,'n','','online','SOURCE004','STATUS003','volunteer',0,'331082000000',0,'','',9,'','f62b055d90d64875b26b2b6d39a59138,c1c0b56a155748a2b75fff29db091c81','2020-04-07 02:19:20',0,''),(113,32,'宣传教育志愿者','梁思恩，团市委推荐。女，1971年8月出生，临海市守护心田社会工作心理服务中心理事长。民主促进会。浙江省第七批青少年维权岗先进个人；2013-2018年度民主促进会临海市委会优秀会员；2018年度民主促进会台州市委会优秀会员；2019年“女童保护”基金全国优秀志愿者。2005年牵头成立临海市心理卫生协会。2008年汶川地震后参加了全国卫生部组织的心理危机干预医疗队。2017年10月组建女童保护临海志愿者团队，从2018年起，培养了49位志愿者讲师，公益队伍发展到249人，走进50多所学校。','2020-03-18 16:00:00','2020-03-19 16:00:00','0000-00-00 00:00:00','0000-00-00 00:00:00','4d92a971360243b0bab91e2ffc6740e3',6,2,'2020-04-07 10:20:28',2,'n','county','/uploads/ya02wmsj_cecoe/pic/20200407/7b0be6219cc2a8cb6937481c604aa5b9.jpg',99,'n','','online','SOURCE004','STATUS003','volunteer',0,'331082000000',0,'','',9,'','f62b055d90d64875b26b2b6d39a59138,c1c0b56a155748a2b75fff29db091c81','2020-04-07 02:20:28',0,''),(114,32,'宣传教育志愿者','陈建英，市慈善总会推荐。临海市上盘中学劳技老师，1978年12月出生，2014年加入临海义工队伍，成为少儿义工的主要负责人。2015年4月，她组建了少儿义工巧手组，开始给小义工及家长传授手工技能，短短的时间里，就发展成少儿义工最受欢迎的公益项目。而巧手组的课堂，不仅仅局限于少儿义工内部，她还开展“春泥进百村”活动，带领巧手组走进社区和农村，曾获“优秀春泥使者”称号。她从面向小义工，到走进社区，乡村，关爱每一个她遇见的儿童，个人开展公益手工课100多次，参与大小公益活动更是不计其数。','2020-03-18 16:00:00','2020-03-19 16:00:00','0000-00-00 00:00:00','0000-00-00 00:00:00','4d92a971360243b0bab91e2ffc6740e3',6,2,'2020-04-07 10:21:25',2,'n','county','/uploads/ya02wmsj_cecoe/pic/20200407/a14e685601d04ae973599d3102a94536.jpg',99,'n','','online','SOURCE004','STATUS003','volunteer',0,'331082000000',0,'','',9,'','f62b055d90d64875b26b2b6d39a59138,c1c0b56a155748a2b75fff29db091c81','2020-04-07 02:21:25',0,''),(115,32,'便民利民志愿者','金绿燕，杜桥镇推荐。女，1983年6月出生，杜桥镇蟾洋村网格员。党员。台州市2018年度优秀网格员、临海市2017年度优秀网格员、临海市便民服务优秀代办员、临海市最美家庭。2011年7月起担任蟾洋村便民服务中心代办员，2016年兼任文书，2017年6月开始加入网格员队伍。2019年5月被选为临海市妇女代表。她八年如一日，在热爱的工作岗位上尽心尽责、兢兢业业。她用坚守、细心、温暖与真情组建了“蟾洋村便民服务大家庭”，成为服务群众“最后一公里”的“纽带”，村民们亲切地称其为“绿叶”。','2020-03-18 16:00:00','2020-03-19 16:00:00','0000-00-00 00:00:00','0000-00-00 00:00:00','4d92a971360243b0bab91e2ffc6740e3',6,2,'2020-04-07 10:23:00',2,'n','county','/uploads/ya02wmsj_cecoe/pic/20200407/4cb59fde2b913f71b6d7a2018a3638f0.jpg',99,'n','','online','SOURCE004','STATUS003','volunteer',0,'331082000000',0,'','',9,'','f62b055d90d64875b26b2b6d39a59138,c1c0b56a155748a2b75fff29db091c81','2020-04-07 02:23:00',0,''),(116,32,'扶贫帮困志愿者','赵晓菁，团市委推荐。女，临海市菁缘社会工作服务中心理事长。1972年7月出生，2015年、2016年荣获“志愿者积极分子”；第四届临海市“农商杯”雷锋先进个人；2017年度临海市优秀志愿者；2018年台州最美慈善义工；2018年“大爱临海·银龄先锋”先进个人。2015年创建“临海市菁缘志愿服务队”。2018年正式注册成立“临海市菁缘社会工作服务中心”,并担任理事长。截止2018年底，累计组织志愿活动606次，个人累计志愿服务时间约3588余小时。','2020-03-18 16:00:00','2020-03-19 16:00:00','0000-00-00 00:00:00','0000-00-00 00:00:00','4d92a971360243b0bab91e2ffc6740e3',6,2,'2020-04-07 10:24:12',2,'n','county','/uploads/ya02wmsj_cecoe/pic/20200407/acf80f559c513a0d186a5f485448d857.jpg',99,'n','','online','SOURCE004','STATUS003','volunteer',0,'331082000000',0,'','',9,'','f62b055d90d64875b26b2b6d39a59138,c1c0b56a155748a2b75fff29db091c81','2020-04-07 02:24:12',0,''),(117,32,'扶贫帮困志愿者','杨娟，桃渚镇推荐。女，1988年7月，桃渚乘风布业。桃渚镇“文明家庭”、“优秀志愿者”。2018年8月创建桃渚义工服务队，短短一年不到的时间，凝聚了150多名无私奉献，有爱心并且愿意无偿提供服务的志愿者，组织开展了26次公益活动，包括了爱老敬老、环保、便民理发服务、义演、助医等各方面的志愿服务活动，渴望用自己的一团爱心，凝聚身边的爱，创造更大的公益影响力，为民间公益事业发展做出贡献。','2020-03-18 16:00:00','2020-03-19 16:00:00','0000-00-00 00:00:00','0000-00-00 00:00:00','4d92a971360243b0bab91e2ffc6740e3',6,2,'2020-04-07 10:25:13',2,'n','county','/uploads/ya02wmsj_cecoe/pic/20200407/92b5358e3a83ad01eb007749fb78b8ff.jpg',99,'n','','online','SOURCE004','STATUS003','volunteer',0,'331082000000',0,'','',9,'','f62b055d90d64875b26b2b6d39a59138,c1c0b56a155748a2b75fff29db091c81','2020-04-07 02:25:13',0,''),(118,32,'扶贫帮困志愿者','陈冬兰，杜桥镇推荐。临海市绿野眼镜有限公司经理，杜桥镇，女，1972年10月出生。中共党员。2014年开始她在自己公司门口设立“爱心茶驿”，让过路群众赞不绝口。同时她还是敬老院的常客，更是困难儿童的“贴心阿姨”。先后加入杜桥镇创业联盟、电商协会、眼镜协会等组织，积极参加志愿服务行动。她周围的人们在她的影响下纷纷参与慈善行动，形成了一股强大的“慈善力量”。<p style=\"text-indent:32.0pt;mso-char-indent-count:2.0;line-height:30.0pt;mso-line-height-rule:exactly\"></p><p></p>','2020-03-18 16:00:00','2020-03-19 16:00:00','0000-00-00 00:00:00','0000-00-00 00:00:00','4d92a971360243b0bab91e2ffc6740e3',6,2,'2020-04-07 10:26:14',2,'n','county','/uploads/ya02wmsj_cecoe/pic/20200407/a40bea88fa44a90a0750dd8636352c45.jpg',99,'n','','online','SOURCE004','STATUS003','volunteer',0,'331082000000',0,'','',9,'','f62b055d90d64875b26b2b6d39a59138,c1c0b56a155748a2b75fff29db091c81','2020-04-07 02:26:14',0,''),(119,32,'平安维护志愿者','何红龙，团市委推荐。男，中国人寿财产保险股份有限公司临海支公司。1982年10月出生。2018年获得临海市优秀志愿者；2019年被评为台州市“利奇马”抗台救灾青年志愿先进个人。2015年开始成为一名志愿者，经常参加平安巡防、关爱老人、法律宣传等社会公益性活动。2017年成立林怡志愿队，定期组织开展活动，每月5号在各广场开展志愿服务，积极参与平安大巡防等志愿行动。现已组织志愿活动260多场次，个人志愿服务时数达3160小时。','2020-03-18 16:00:00','2020-03-19 16:00:00','0000-00-00 00:00:00','0000-00-00 00:00:00','4d92a971360243b0bab91e2ffc6740e3',6,2,'2020-04-07 10:28:15',2,'n','county','/uploads/ya02wmsj_cecoe/pic/20200407/405165d3499a2e0649b746ed56d3b29d.jpg',99,'n','','online','SOURCE004','STATUS003','volunteer',0,'331082000000',0,'','',9,'','f62b055d90d64875b26b2b6d39a59138,c1c0b56a155748a2b75fff29db091c81','2020-04-07 02:28:15',0,''),(120,32,'平安维护志愿者','金英英，市慈善总会推荐。女，台州长和通讯器材有限公司财务。1982年8月出生，市慈善总会二星级义工。负责临海少儿义工文明劝导活动，每周都安排少儿义工和家长参与交通路口的文明劝导服务，已连续服务三年；她不仅是一名热心的公益和志愿服务参与者，也是临海义工优秀的团队骨干','2020-03-18 16:00:00','2020-03-19 16:00:00','0000-00-00 00:00:00','0000-00-00 00:00:00','4d92a971360243b0bab91e2ffc6740e3',6,2,'2020-04-07 10:29:06',2,'n','county','/uploads/ya02wmsj_cecoe/pic/20200407/8cf7f4e9dd12781ba813c595f70b0757.jpg',99,'n','','online','SOURCE004','STATUS003','volunteer',0,'331082000000',0,'','',9,'','f62b055d90d64875b26b2b6d39a59138,c1c0b56a155748a2b75fff29db091c81','2020-04-07 02:29:06',0,''),(121,32,'优秀志愿服务队','市委老干部局“银耀古城志愿服务队”。市委老干部局推荐。以离退休干部志愿服务“大队引领，分队攻坚，小队助力”为抓手，打造了一支集2600多人，市、镇（街道）、社区三级联动的“银耀志愿服务队”。市级层面成立“银耀”志愿服务大队，镇（街道）、部门层面设立志愿服务分队，社区层面成立志愿服务小队。通过“月月有活动，季季有主题”，实现对老干部志愿者力量的组织整合和协同联动。志愿服务队围绕助力民营经济发展、助力社会治理等市委中心工作开展志愿服务。如组织600多名离退休干部志愿者深入企业开展助力民营经济大发展活动21场次，调研企业35家，组织座谈会8场，梳理问题32条，提出建言对策18条，协助解决了制约民营企业发展的节点、难点问题。在基层社会治理中，积极发挥老干部志愿者的专业、政治和威望优势，通过检察院“银采”工作室、方华芬工作室，信访代跑“老娘舅”等志愿服务站点深入社区开展服务，调解矛盾纠纷153起，参与化解信访积案12件，提供上门服务1000余次，提供助残服务300多人次，形成“大队引领，分队攻坚，小队助力”老干部志愿服务大格局。','2020-03-18 16:00:00','2020-03-19 16:00:00','0000-00-00 00:00:00','0000-00-00 00:00:00','4d92a971360243b0bab91e2ffc6740e3',6,5,'2020-04-07 10:31:21',2,'n','county','/uploads/ya02wmsj_cecoe/pic/20200407/20ee86cc86179287741223bd4511125a.jpg',99,'n','','online','SOURCE004','STATUS003','volunteer',0,'331082000000',0,'','',9,'','f62b055d90d64875b26b2b6d39a59138,c1c0b56a155748a2b75fff29db091c81','2020-04-07 02:31:21',0,''),(122,32,'优秀志愿服务队','临海农商银行“有为”志愿服务队。农商银行推荐。成立于2017年6月，共有志愿者436人，全行在职党员均加入“志愿汇”APP注册，至目前已累计开展志愿服务时长5806.2小时。自成立以来，领导重视，健全组织，在党群工作部专门设立志愿者服务队领导小组，定期研究学雷锋志愿服务活动形式和计划内容，并指定专人负责日常管理、跟踪落实活动开展成效。集中开展灵湖岗亭志愿、博物馆志愿活动、摄影进万家温暖全家福、学雷锋文明劝导、灿烂斑马线文明在路上等系列雷锋志愿活动，为“大爱临海、温暖之城”贡献力量。','2020-03-18 16:00:00','2020-03-19 16:00:00','0000-00-00 00:00:00','0000-00-00 00:00:00','4d92a971360243b0bab91e2ffc6740e3',6,5,'2020-04-07 10:32:12',2,'n','county','/uploads/ya02wmsj_cecoe/pic/20200407/36c7a4fbee55ae17dfde0a3ee758b2d0.jpg',99,'n','','online','SOURCE004','STATUS003','volunteer',0,'331082000000',0,'','',9,'','f62b055d90d64875b26b2b6d39a59138,c1c0b56a155748a2b75fff29db091c81','2020-04-07 02:32:12',0,''),(123,32,'优秀志愿服务队','中国救生协会游泳救生志愿者浙江省服务总队台运分队。台运公司推荐。市文广旅体局推荐。2018年至今共完成90余所学校的防溺水安全教育宣讲活动，直接受益学生8万余人，通过发放防溺水安全手册8万余册，防溺水告家长通知书8万余份，间接受益学生16万余人，2018年临海市中小学生溺水溺亡事故发生率同比17年降低了67%，先后得到了浙江省教育厅、浙江省体育局、临海市体育局等相关单位的高度赞扬。','2020-03-18 16:00:00','2020-03-19 16:00:00','0000-00-00 00:00:00','0000-00-00 00:00:00','4d92a971360243b0bab91e2ffc6740e3',6,5,'2020-04-07 10:33:07',2,'n','county','/uploads/ya02wmsj_cecoe/pic/20200407/b52c9307ec28eab8962691d543a99e71.jpg',99,'n','','online','SOURCE004','STATUS003','volunteer',0,'331082000000',0,'','',9,'','f62b055d90d64875b26b2b6d39a59138,c1c0b56a155748a2b75fff29db091c81','2020-04-07 02:33:07',0,''),(124,32,'优秀志愿服务队','临海市少儿义工服务队。市慈善总会推荐。成立于2013年，是全省首支专业化和规范化的少儿义工队伍，已注册少儿义工2500余人，构建起了家长携手孩子、大手拉小手的家庭式公益氛围，实现让公益融入生活、让生活充满公益的人人公益普及理念。临海少儿义工拥有多个社会公益服务品牌项目，包括“小义工图书馆服务”、“文明交通劝导”、“百业体验”、“亲情敬老”、“春泥进百村”、“文艺送清凉”等，其中“小义工图书馆服务”荣获临海市首届优秀慈善项目一等奖。','2020-03-18 16:00:00','2020-03-19 16:00:00','0000-00-00 00:00:00','0000-00-00 00:00:00','4d92a971360243b0bab91e2ffc6740e3',6,5,'2020-04-07 10:34:39',2,'n','county','/uploads/ya02wmsj_cecoe/pic/20200407/7debce7a59b31b7471810293409d9754.jpg',99,'n','','online','SOURCE004','STATUS003','volunteer',0,'331082000000',0,'','',9,'','f62b055d90d64875b26b2b6d39a59138,c1c0b56a155748a2b75fff29db091c81','2020-04-07 02:34:39',0,''),(125,32,'优秀志愿服务队','临海“彩虹人生”志愿服务队。团市委推荐。注册志愿者1894人，仅2019上半年至今志愿服务时长便已达到26687.1小时，主打品牌“七彩志愿+”项目，每周常态化开展“心手相牵，微爱服务”台州医院志愿项目、“关爱老人，携手同心”志愿服务、“道平安路同行”交通文明志愿服务、“绿植成荫，绿色行动”志愿服务。每年定期开展“磨剪子，戗菜刀”、“蓝天碧海，护河治水”志愿服务等。获得2017年浙江省“阳光学生”荣誉称号、2017年度临海市志愿服务先进集体、恩泽义工优秀志愿服务队、台州市大中学生志愿者暑期社会实践活动优秀团队、2018年度恩泽义工优秀志愿服务队、第五届临海市“农商2018浙江省“阳光学生”、台州市环保民间先锋组织银行杯”雷锋号先进集体。','2020-03-18 16:00:00','2020-03-19 16:00:00','0000-00-00 00:00:00','0000-00-00 00:00:00','4d92a971360243b0bab91e2ffc6740e3',6,5,'2020-04-07 10:35:47',2,'n','county','/uploads/ya02wmsj_cecoe/pic/20200407/edf33a4e58e345d2b3a14e09bc4b9225.png',99,'n','','online','SOURCE004','STATUS003','volunteer',0,'331082000000',0,'','',9,'','f62b055d90d64875b26b2b6d39a59138,c1c0b56a155748a2b75fff29db091c81','2020-04-07 02:35:47',0,''),(126,32,'优秀志愿服务队','金美云爱心志愿服务队。大田街道推荐，从事志愿服务活动36年之久的金美云牵头，成立以私营企业家、个体经营户等为主体的爱心志愿服务队，经常性开展献爱心志愿活动开展敬老、助学、捐助、人文关怀、抗灾救难等活动，斥资百万元救助山区困难儿童、孤寡老人、灾区群众。自文明实践工作开展以来，该志愿服务队扩充志愿者至56人，金美云本人被评为全国、省、地、市“光彩之星”、“最美浙江人”、浙江好人、浙江最美女性、浙江学雷锋先进个人，台州市希望工程个人建设奖、台州二十大杰出个体劳动者、台州市级青年文明号等，还被评为临海市首届“感动临海人物”，并连续20年先后任职市政协委员、人大代表、市政协常委。新时代新气象，她与团队依然不忘初心，继续前行，进一步发扬志愿服务精神，有效推动新时代文明实践工作，实现志愿服务精神“传帮带”。','2020-03-18 16:00:00','2020-03-19 16:00:00','0000-00-00 00:00:00','0000-00-00 00:00:00','4d92a971360243b0bab91e2ffc6740e3',6,5,'2020-04-07 10:36:55',2,'n','county','/uploads/ya02wmsj_cecoe/pic/20200407/86776950fe6ed6146474cbd96c094a59.jpg',99,'n','','online','SOURCE004','STATUS003','volunteer',0,'331082000000',0,'','',9,'','f62b055d90d64875b26b2b6d39a59138,c1c0b56a155748a2b75fff29db091c81','2020-04-07 02:36:55',0,''),(127,32,'优秀志愿服务队','临海市登山协会志愿服务队。市文广旅体局推荐。成立于2014年9月。成立5年来经历了3届迎春登高健身活动、5届风雨者百公里毅行、4届柴古唐斯-括苍越野赛。从最初的四五十人到今天的800余人，登协志愿队伍中年龄最大的有73岁，最小的仅12岁。作为柴古唐斯-括苍越野赛的强大的后勤和志愿者队伍，服务队服务了来自全世界近万名参赛选手。为减少户外活动对环境的冲击，市登山协会成员五年来除赛事之外还多次组织开展清洁山野活动，开展登山徒步环保宣传，传播环保理念，以实际行动影响更多参与户外活动的爱好者，把对大自然的影响减至最低。','2020-03-18 16:00:00','2020-03-19 16:00:00','0000-00-00 00:00:00','0000-00-00 00:00:00','4d92a971360243b0bab91e2ffc6740e3',6,5,'2020-04-07 10:40:01',2,'n','county','/uploads/ya02wmsj_cecoe/pic/20200407/746f26c43c7e970b41c6cca6fa788d8d.jpg',99,'n','','online','SOURCE004','STATUS003','volunteer',0,'331082000000',0,'','',9,'','f62b055d90d64875b26b2b6d39a59138,c1c0b56a155748a2b75fff29db091c81','2020-04-07 02:40:01',0,''),(128,32,'优秀志愿服务队','临海市巡回医疗队。市卫健局推荐。17年前，有这么一支队伍，他们穿行在山村海岛，为农村贫困家庭送医送药，寒来暑往，日复一日，给无数患者带来生的希望和温暖，感人事迹被国内多家媒体报道，被市委市政府授予“爱心天使巡回医疗队”称号。17年来，临海市卫健系统服务基层的初心没有变，服务群众的使命永在心。每年下乡义诊，足迹遍布全市。','2020-03-18 16:00:00','2020-03-19 16:00:00','0000-00-00 00:00:00','0000-00-00 00:00:00','4d92a971360243b0bab91e2ffc6740e3',6,5,'2020-04-07 10:41:33',2,'n','county','/uploads/ya02wmsj_cecoe/pic/20200407/8e06579b3fb1295489700ed8efaf39cc.png',99,'n','','online','SOURCE004','STATUS003','volunteer',0,'331082000000',0,'','',9,'','f62b055d90d64875b26b2b6d39a59138,c1c0b56a155748a2b75fff29db091c81','2020-04-07 02:41:33',0,''),(129,32,'新时代文明实践所、站、点','临海市洞港青年农场文博馆。桃渚镇推荐。2018年1月获浙江省十佳社科普及活动奖。台州市社科示范基地、优秀社科项目、临海市爱国主义教育基地。临海市洞港青年农场是目前我省唯一还在正常运转的国有知青农场，职工7人（都是知青后代），土地600亩。2013年12月，在农场“知青屋”（临海市文物保护点）中，由老知青共同集资的“洞港青年农场文博馆”正式向社会开放，成了台州市首家知青文博馆。六年来，文博馆坚持以弘扬和传承知青艰苦创业精神为主，开展党团员、各级干部、青少年的爱国主义教育，共接待了来自社会各界的参观学习者15000多人，开展各类活动200多场。文博馆被评为台州、临海两市级科普教育示范基地、临海市爱国主义教育基地，知青屋被临海市列为文物保护点。','2020-03-18 16:00:00','2020-03-19 16:00:00','0000-00-00 00:00:00','0000-00-00 00:00:00','4d92a971360243b0bab91e2ffc6740e3',6,5,'2020-04-07 10:42:59',2,'n','county','/uploads/ya02wmsj_cecoe/pic/20200407/8db10582d2d0062cf874d7c28ade019b.jpg',99,'n','','online','SOURCE004','STATUS003','volunteer',0,'331082000000',0,'','',9,'','f62b055d90d64875b26b2b6d39a59138,c1c0b56a155748a2b75fff29db091c81','2020-04-07 02:42:59',0,''),(130,32,'新时代文明实践所、站、点','桃渚镇永兴村新时代文明实践站。桃渚镇推荐。2017年台州市先进基层党组织、2018年临海市文明村、2018年临海市先进基层党组织、2018年临海市实绩论英雄先进集体。把道德评议会升华为新时代文明实践评议会，组建了5支志愿服务队（理论宣讲、教育科技、文化教育、网络惠民、文明实践评议），每月季度有计划开展文明实践评议、理论宣讲、文化服务、健身体育活动、教育服务、科技与科普、“乡村十礼”文明礼仪活动、移风易俗、多乱整治等活动，教育引导群众，以德润心，感化心灵，提高村民道德素养，共同培育了崇德向善、文明和谐的最美民风。','2020-03-18 16:00:00','2020-03-19 16:00:00','0000-00-00 00:00:00','0000-00-00 00:00:00','4d92a971360243b0bab91e2ffc6740e3',6,5,'2020-04-07 10:44:21',2,'n','county','/uploads/ya02wmsj_cecoe/pic/20200407/f0f3005f8b31391b6117d7556528ea59.jpg',99,'n','','online','SOURCE004','STATUS003','volunteer',0,'331082000000',0,'','',9,'','f62b055d90d64875b26b2b6d39a59138,c1c0b56a155748a2b75fff29db091c81','2020-04-07 02:44:21',0,''),(131,32,'新时代文明实践所、站、点','汛桥镇新时代文明实践所。汛桥镇推荐。今年以来，汛桥镇积极整合镇文化中心、镇文化礼堂分部，3月25日正式挂牌成立镇新时代文明实践所。以“以文化人，成风化俗”为实践工作主题，通过抓志愿服务架起“连心桥”、抓婚丧整治培育乡风文明、抓文明评议巩固文明成果，广泛开展新时代文明实践工作。截至目前，相关工作经验已多次被台州市及以上媒体报道。','2020-03-18 16:00:00','2020-03-19 16:00:00','0000-00-00 00:00:00','0000-00-00 00:00:00','4d92a971360243b0bab91e2ffc6740e3',6,5,'2020-04-07 10:45:20',2,'n','county','/uploads/ya02wmsj_cecoe/pic/20200407/9ae30e39eb6799d0bc90121d5d3033c3.jpg',99,'n','','online','SOURCE004','STATUS003','volunteer',0,'331082000000',0,'','',9,'','f62b055d90d64875b26b2b6d39a59138,c1c0b56a155748a2b75fff29db091c81','2020-04-07 02:45:20',0,''),(132,32,'新时代文明实践所、站、点','东塍镇东溪单村新时代文明实践站。东塍镇推荐。2014年度临海市社会科学普及示范基地；2015年度台州市社会科学普及示范基地。以“多乱”整治、慈孝乡贤文化为重点，铺开全域文明实践新画卷。成立了5支志愿者队伍，即乡贤志愿队、党员志愿队、巾帼志愿队、青年志愿队、夕阳红志愿队。同时实行“党员包干、乡贤认领”的模式，将全村划分为40个网格，由“党员+乡贤”合力推进“多乱”整治，实行“双评议”机制，即百姓满意度评议和网格整治工作评议，确保实效。按照“政府搭台、群众唱戏、乡贤评议”的思路，鼓励乡贤以“输入者、驱动者、指导者”的身份，参与新时代文明实践工作，发挥“补位”与“辅治”作用，构建乡村治理新格局。','2020-03-18 16:00:00','2020-03-19 16:00:00','0000-00-00 00:00:00','0000-00-00 00:00:00','4d92a971360243b0bab91e2ffc6740e3',6,5,'2020-04-07 10:46:42',2,'n','county','/uploads/ya02wmsj_cecoe/pic/20200407/3b100bb3789e3386ea1da80d41fd88ce.jpg',99,'n','','online','SOURCE004','STATUS003','volunteer',0,'331082000000',0,'','',9,'','f62b055d90d64875b26b2b6d39a59138,c1c0b56a155748a2b75fff29db091c81','2020-04-07 02:46:42',0,''),(133,32,'新时代文明实践所、站、点','邵家渡尚斌书院新时代文明实践点。邵家渡街道推荐。2018学年被评为台州市第二批和合书院，浙江省教职工优秀书屋。2018年5月正式运营。组建“和合文化”宣讲团，追求学校与社会的和合、学生与家长的和合、线上与线下的和合、传统与现代的和合、德育与智育的和合、理念与景观的和合、理念与行动的和合，推动了全民阅读的热潮。与陈佩莉名师工作室联合举办公益推广“亲子阅读”活动等六次亲子阅读活动；积极参与新时代文明实践，成立“春泥”志愿服务队。','2020-03-18 16:00:00','2020-03-19 16:00:00','0000-00-00 00:00:00','0000-00-00 00:00:00','4d92a971360243b0bab91e2ffc6740e3',6,5,'2020-04-07 10:47:34',2,'n','county','/uploads/ya02wmsj_cecoe/pic/20200407/8ac9f8fd652baf014be826a8f33e35d6.jpg',99,'n','','online','SOURCE004','STATUS003','volunteer',0,'331082000000',0,'','',9,'','f62b055d90d64875b26b2b6d39a59138,c1c0b56a155748a2b75fff29db091c81','2020-04-07 02:47:34',0,''),(134,32,'新时代文明实践所、站、点','鹿城社区新时代文明实践站。一直以来，鹿城社区存在几个“多”：外来人口多、场所行业多、重点人口多、法轮功邪教人员多、吸毒人员多、精神病人多。为打通宣传群众、教育群众、关心群众、服务群众、凝聚群众的“最后一公里”，全面建设温暖社区，鹿城社区建立了志愿者服务5+X队伍体系，即文明、文艺、平安、关爱、便民等5支志愿者服务小队，下设X支志愿者服务小分队，目前已建成29支小分队，拥有队员14000多人，同时创办了全市第一份正能量《社区报》和第一个社区《幸福公约》，成立了全市第一家社区社会组织联合会，发挥志愿服务力量参与新时代文明实践工作，扎实推进温暖社区建设，共建共享社区大家庭。','2020-03-18 16:00:00','2020-03-19 16:00:00','0000-00-00 00:00:00','0000-00-00 00:00:00','4d92a971360243b0bab91e2ffc6740e3',6,5,'2020-04-07 11:00:29',2,'n','county','/uploads/ya02wmsj_cecoe/pic/20200407/b100087fe2f514bc7ccd8b9533c30e4e.jpg',99,'n','','online','SOURCE004','STATUS003','volunteer',0,'331082000000',0,'','',9,'','f62b055d90d64875b26b2b6d39a59138,c1c0b56a155748a2b75fff29db091c81','2020-04-07 03:00:29',0,''),(145,32,'测123123','12323232','2020-04-08 16:00:00','2020-04-08 16:00:00','0000-00-00 00:00:00','0000-00-00 00:00:00','4d92a971360243b0bab91e2ffc6740e3',1,2,'2020-04-07 15:48:43',0,'n','village','/uploads/ya02wmsj_cecoe/pic/20200407/04199e91a7e81eb539900fb4ed689ec3.png',99,'n','','online','SOURCE004','STATUS001','volunteer',0,'331082001001',0,'','',9,'','aea302ff0a894b129266a5fcac2a3743','2020-04-07 07:48:43',0,''),(150,32,'临海市新媒体红黑榜第一期(临海发布)','红榜：临海发布，18万粉丝。代表党政府权威声音，进行民生政策权威解读、热点消息权威发布、公共信息权威发布。','2019-12-31 16:00:00','2020-03-31 16:00:00','0000-00-00 00:00:00','0000-00-00 00:00:00','4d92a971360243b0bab91e2ffc6740e3',6,1,'2020-04-08 16:28:51',2,'n','county','/uploads/ya02wmsj_cecoe/pic/20200408/ea1f1d5a9500cabc4f0232cc176a6c19.jpg',99,'n','','online','SOURCE004','STATUS003','volunteer',0,'331082000000',0,'','',9,'','f62b055d90d64875b26b2b6d39a59138,c1c0b56a155748a2b75fff29db091c81','2020-04-08 08:28:51',0,''),(152,32,'网络文明公约征集，写出心声就有奖','<p style=\"text-indent:32.0pt;mso-char-indent-count:2.0\">互联网是一把“双刃剑”，它在给我们带来便利的同时，也出现一系列不文明网络行为，如：传播谣言、制作散布虚假信息，窥探、传播他人隐私，恶意攻击、骚扰等。因此，在充分发挥互联网优势的同时，努力抓好互联网引导和规范工作迫在眉睫。为此，我们邀请您一起来创作“我心中的网络文明公约”，通过在下方评论栏留言的方式传递给我们。</p><p style=\"text-indent:32.0pt;mso-char-indent-count:2.0\">接下来，我们会将征集到的留言在中国临海新闻网和临海发布进行展示，并进行网络投票，选出属于我们临海人自己的“网络文明公约”。每个写下“网络文明公约”的朋友，还将获赠一份精美小礼品，被选进公约的，还有望得到大奖。还在等什么，快来参与吧！</p><p style=\"text-indent:32.0pt;mso-char-indent-count:2.0\"></p><p style=\"margin-left:64.0pt;text-indent:-64.0pt;mso-char-indent-count:-4.0\">样本：</p><p style=\"margin-left:0cm;text-indent:0cm;mso-list:l0 level1 lfo1\">1、万众一心筑文明，执利剑驰骋，网络空间。筚路蓝缕不曾惧，砥砺前行脚步坚。待从头，构清朗网络，展欢颜 </p><p style=\"margin-left:0cm;text-indent:0cm;mso-list:l0 level1 lfo1\">2、弘扬网络真善美，积极传播正能量</p><p>3、坚决抵制网络不良行为，做清朗网络空间志愿者</p><p>4、文明上网，理性发言，明辨是非，传播美好</p><p>5、让清朗之风吹遍网络空间</p><p>6、网络语言需谨慎，网络态度需端正，网络行为需合法</p><p>7、千里之行始于足下，网络文明始于指尖</p><p>8、科学上网，实事求是，文明用语，以礼待人，点击文明，演e精彩</p><p>9、阳光网络我来维护，文明上网我来践行</p>10、恪守网络道德，依法文明上网，争当文明好网民，争做文明传播者','2020-04-08 16:00:00','2020-05-30 16:00:00','0000-00-00 00:00:00','0000-00-00 00:00:00','4d92a971360243b0bab91e2ffc6740e3',3,4,'2020-04-10 10:28:44',0,'n','county','',99,'n','','online','SOURCE004','STATUS003','volunteer',0,'331082000000',0,'','',9,'','f62b055d90d64875b26b2b6d39a59138,c1c0b56a155748a2b75fff29db091c81','2020-04-10 02:28:44',0,''),(157,32,'临海市最美教师评选','临海市最美教师评选','2020-04-12 16:00:00','2020-04-14 16:00:00','0000-00-00 00:00:00','0000-00-00 00:00:00','4d92a971360243b0bab91e2ffc6740e3',1,2,'2020-04-13 11:48:38',0,'n','county','/uploads/ya02wmsj_cecoe/pic/20200413/9f97d08572ffb4b27079d4c8586bc8dd.jpg',99,'n','','online','SOURCE004','STATUS003','volunteer',0,'331082000000',0,'','',9,'','f62b055d90d64875b26b2b6d39a59138,c1c0b56a155748a2b75fff29db091c81','2020-04-13 03:48:38',0,''),(158,32,'新时代文明实践所、站、点','邵家渡尚斌书院新时代文明实践点。邵家渡街道推荐。2018学年被评为台州市第二批和合书院，浙江省教职工优秀书屋。2018年5月正式运营。组建“和合文化”宣讲团，追求学校与社会的和合、学生与家长的和合、线上与线下的和合、传统与现代的和合、德育与智育的和合、理念与景观的和合、理念与行动的和合，推动了全民阅读的热潮。与陈佩莉名师工作室联合举办公益推广“亲子阅读”活动等六次亲子阅读活动；积极参与新时代文明实践，成立“春泥”志愿服务队。','2020-04-12 16:00:00','2020-04-14 16:00:00','0000-00-00 00:00:00','0000-00-00 00:00:00','4d92a971360243b0bab91e2ffc6740e3',6,5,'2020-04-13 11:55:23',0,'n','county','/uploads/ya02wmsj_cecoe/pic/20200413/0b3e326378ee0de71ef56b818a0c9418.jpg',99,'n','','online','SOURCE004','STATUS003','volunteer',0,'331082000000',0,'','',9,'','f62b055d90d64875b26b2b6d39a59138,c1c0b56a155748a2b75fff29db091c81','2020-04-13 03:55:23',0,'');

--
-- Table structure for table `ya02wmsj_cecoe_activity_form`
--

CREATE TABLE `ya02wmsj_cecoe_activity_form` (
  `id` int(10) unsigned NOT NULL AUTO_INCREMENT COMMENT '表ID',
  `name` varchar(101) NOT NULL DEFAULT '' COMMENT '分类名称',
  `type` enum('online','offline') DEFAULT 'online' COMMENT '活动类型 online-线上  offline-线下',
  `ctime` timestamp NOT NULL DEFAULT '0000-00-00 00:00:00' COMMENT '类型添加时间',
  PRIMARY KEY (`id`)
) ENGINE=InnoDB AUTO_INCREMENT=7 DEFAULT CHARSET=utf8 COMMENT='活动展示形式表 评选、有奖竞赛、征文、征询';

--
-- Dumping data for table `ya02wmsj_cecoe_activity_form`
--

INSERT INTO `ya02wmsj_cecoe_activity_form` VALUES (1,'评选','online','0000-00-00 00:00:00'),(2,'有奖竞赛','online','0000-00-00 00:00:00'),(3,'征文','online','0000-00-00 00:00:00'),(4,'征询','online','0000-00-00 00:00:00'),(5,'线下活动','offline','0000-00-00 00:00:00'),(6,'评分','online','2020-02-13 22:14:00');

--
-- Table structure for table `ya02wmsj_cecoe_activity_operate`
--

CREATE TABLE `ya02wmsj_cecoe_activity_operate` (
  `id` int(10) unsigned NOT NULL AUTO_INCREMENT COMMENT '表ID',
  `code` char(10) NOT NULL DEFAULT 'OPERATE001' COMMENT '操作编码',
  `name` varchar(20) NOT NULL DEFAULT '' COMMENT '操作名称',
  PRIMARY KEY (`id`)
) ENGINE=MyISAM AUTO_INCREMENT=10 DEFAULT CHARSET=utf8 COMMENT='活动流程操作表';

--
-- Dumping data for table `ya02wmsj_cecoe_activity_operate`
--

INSERT INTO `ya02wmsj_cecoe_activity_operate` VALUES (1,'OPERATE001','受理'),(2,'OPERATE002','上报'),(3,'OPERATE003','办结'),(4,'OPERATE004','通过'),(5,'OPERATE005','驳回'),(6,'OPERATE006','归档'),(7,'OPERATE007','派单'),(8,'OPERATE008','评价'),(9,'OPERATE009','重办');

--
-- Table structure for table `ya02wmsj_cecoe_activity_process_info`
--

CREATE TABLE `ya02wmsj_cecoe_activity_process_info` (
  `id` int(10) unsigned NOT NULL AUTO_INCREMENT COMMENT '流程表ID',
  `activity_id` int(10) unsigned NOT NULL COMMENT '事件ID',
  `item_process_id` int(10) unsigned NOT NULL COMMENT '事项流程ID,关联item_process表ID',
  `user_ids` varchar(1002) NOT NULL COMMENT '处理人ID，多个以逗号(,)分隔',
  `cur_id` varchar(32) DEFAULT '' COMMENT '实际处理人',
  `uuid` varchar(32) DEFAULT '' COMMENT '活动发起人',
  `vorgan_ids` varchar(1002) NOT NULL DEFAULT '' COMMENT '志愿者队伍列表，多个以逗号(,)分隔',
  `pic_path` varchar(1001) NOT NULL DEFAULT '' COMMENT '图片路径',
  `voice_path` varchar(1001) NOT NULL DEFAULT '' COMMENT '音频路径',
  `video_path` varchar(1001) NOT NULL DEFAULT '' COMMENT '视频路径',
  `reject_reason` varchar(201) NOT NULL DEFAULT '' COMMENT '驳回说明',
  `desc` varchar(100) DEFAULT '' COMMENT '处理意见',
  `ctime` datetime NOT NULL DEFAULT '1970-01-01 00:00:00' COMMENT '创建时间',
  `status` tinyint(3) unsigned NOT NULL DEFAULT '0' COMMENT '是否同意 0-否 1-是',
  `dealstatus` tinyint(3) unsigned NOT NULL DEFAULT '0' COMMENT '办理状态 0-未办理 1-已办理',
  `cur_operate` char(10) NOT NULL DEFAULT '' COMMENT '当前操作, 关联activity_operate 表code字段',
  `cur_status` char(9) NOT NULL DEFAULT '' COMMENT '当前状态, 关联activity_status 表code字段',
  PRIMARY KEY (`id`),
  KEY `index2` (`activity_id`,`item_process_id`),
  KEY `index1` (`item_process_id`,`dealstatus`,`status`)
) ENGINE=InnoDB AUTO_INCREMENT=188 DEFAULT CHARSET=utf8 COMMENT='活动处理流程信息表';

--
-- Dumping data for table `ya02wmsj_cecoe_activity_process_info`
--

INSERT INTO `ya02wmsj_cecoe_activity_process_info` VALUES (4,4,50,'bd949488301b4bceb7e6750d6c2dc5df','bd949488301b4bceb7e6750d6c2dc5df','4d92a971360243b0bab91e2ffc6740e3','','','','','','','2019-08-20 11:36:14',0,0,'OPERATE003','STATUS007'),(6,4,51,'3156ba15ac6342e58b71ead1000098dd','3156ba15ac6342e58b71ead1000098dd','4d92a971360243b0bab91e2ffc6740e3','','','','','','','2019-08-20 15:42:32',0,0,'OPERATE008','STATUS012'),(7,5,50,'953c125269ab4693bf48a944d8705b77','953c125269ab4693bf48a944d8705b77','4d92a971360243b0bab91e2ffc6740e3','','','','','','','2019-08-20 16:54:17',0,0,'OPERATE003','STATUS007'),(8,6,48,'62c9bd98cf2d473d8a6e6e151fc4fd63','62c9bd98cf2d473d8a6e6e151fc4fd63','4d92a971360243b0bab91e2ffc6740e3','','','','','','','2019-08-20 16:59:12',0,0,'OPERATE004','STATUS001'),(9,7,47,'fb5cc4d68bcb4d74974b5d516086cab6','fb5cc4d68bcb4d74974b5d516086cab6','4d92a971360243b0bab91e2ffc6740e3','','','','','','','2019-08-20 16:59:50',0,0,'OPERATE004','STATUS001'),(10,7,48,'62c9bd98cf2d473d8a6e6e151fc4fd63','62c9bd98cf2d473d8a6e6e151fc4fd63','4d92a971360243b0bab91e2ffc6740e3','','','','','','','2019-08-20 17:05:30',0,0,'OPERATE004','STATUS001'),(11,7,50,'953c125269ab4693bf48a944d8705b77','953c125269ab4693bf48a944d8705b77','4d92a971360243b0bab91e2ffc6740e3','','','','','','','2019-08-20 17:06:14',0,0,'OPERATE003','STATUS007'),(12,6,50,'953c125269ab4693bf48a944d8705b77','953c125269ab4693bf48a944d8705b77','4d92a971360243b0bab91e2ffc6740e3','','','','','','','2019-08-20 17:06:19',0,0,'OPERATE003','STATUS007'),(13,7,51,'ee721ad121cb45d185d1c72f3c905964','ee721ad121cb45d185d1c72f3c905964','4d92a971360243b0bab91e2ffc6740e3','','','','','','','2019-08-20 17:09:47',0,0,'OPERATE008','STATUS012'),(14,6,51,'ee721ad121cb45d185d1c72f3c905964','ee721ad121cb45d185d1c72f3c905964','4d92a971360243b0bab91e2ffc6740e3','','','','','','','2019-08-20 17:10:47',0,0,'OPERATE008','STATUS012'),(15,5,51,'ee721ad121cb45d185d1c72f3c905964','ee721ad121cb45d185d1c72f3c905964','4d92a971360243b0bab91e2ffc6740e3','','','','','','','2019-08-20 17:28:53',0,0,'OPERATE008','STATUS012'),(16,4,56,'','','4d92a971360243b0bab91e2ffc6740e3','','','','','','','2019-08-21 09:07:27',0,0,'','STATUS009'),(17,7,56,'','','4d92a971360243b0bab91e2ffc6740e3','','','','','','','2019-08-21 09:08:22',0,0,'','STATUS009'),(18,6,56,'','','4d92a971360243b0bab91e2ffc6740e3','','','','','','','2019-08-21 09:11:05',0,0,'','STATUS009'),(19,5,56,'','','4d92a971360243b0bab91e2ffc6740e3','','','','','','','2019-08-21 09:12:49',0,0,'','STATUS009'),(23,10,19,'62c9bd98cf2d473d8a6e6e151fc4fd63','','4d92a971360243b0bab91e2ffc6740e3','','','','','','','2019-08-21 14:34:55',0,0,'','STATUS003'),(24,11,19,'62c9bd98cf2d473d8a6e6e151fc4fd63','','4d92a971360243b0bab91e2ffc6740e3','','','','','','','2019-08-21 16:14:29',0,0,'','STATUS003'),(28,15,50,'953c125269ab4693bf48a944d8705b77','','4d92a971360243b0bab91e2ffc6740e3','','','','','','','2019-08-23 08:50:36',0,0,'','STATUS007'),(30,16,50,'953c125269ab4693bf48a944d8705b77','','4d92a971360243b0bab91e2ffc6740e3','','','','','','','2019-08-27 18:28:00',0,0,'','STATUS007'),(33,19,50,'953c125269ab4693bf48a944d8705b77','','4d92a971360243b0bab91e2ffc6740e3','','','','','','','2019-09-02 17:17:32',0,0,'','STATUS007'),(38,22,50,'bd949488301b4bceb7e6750d6c2dc5df','','4d92a971360243b0bab91e2ffc6740e3','','','','','','','2019-12-28 16:34:51',0,0,'','STATUS007'),(40,24,19,'62c9bd98cf2d473d8a6e6e151fc4fd63','','4d92a971360243b0bab91e2ffc6740e3','','','','','','','2020-03-03 15:11:30',0,0,'','STATUS003'),(41,25,19,'62c9bd98cf2d473d8a6e6e151fc4fd63','','4d92a971360243b0bab91e2ffc6740e3','','','','','','','2020-03-03 15:17:37',0,0,'','STATUS003'),(55,39,19,'62c9bd98cf2d473d8a6e6e151fc4fd63','','4d92a971360243b0bab91e2ffc6740e3','','','','','','','2020-03-19 14:34:36',0,0,'','STATUS003'),(79,63,19,'62c9bd98cf2d473d8a6e6e151fc4fd63','','4d92a971360243b0bab91e2ffc6740e3','','','','','','','2020-03-24 13:48:26',0,0,'','STATUS003'),(83,67,19,'f62b055d90d64875b26b2b6d39a59138,c1c0b56a155748a2b75fff29db091c81','','4d92a971360243b0bab91e2ffc6740e3','','','','','','','2020-03-24 14:16:26',0,0,'','STATUS003'),(84,68,19,'f62b055d90d64875b26b2b6d39a59138,c1c0b56a155748a2b75fff29db091c81','','4d92a971360243b0bab91e2ffc6740e3','','','','','','','2020-03-24 14:20:13',0,0,'','STATUS003'),(86,70,18,'f62b055d90d64875b26b2b6d39a59138,c1c0b56a155748a2b75fff29db091c81','','aea302ff0a894b129266a5fcac2a3743','','','','','','','2020-03-26 11:08:52',0,0,'','STATUS001'),(87,71,17,'aea302ff0a894b129266a5fcac2a3743','aea302ff0a894b129266a5fcac2a3743','4d92a971360243b0bab91e2ffc6740e3','','','','','','','2020-03-31 15:49:12',0,0,'OPERATE004','STATUS001'),(88,71,18,'f62b055d90d64875b26b2b6d39a59138,c1c0b56a155748a2b75fff29db091c81','f62b055d90d64875b26b2b6d39a59138','4d92a971360243b0bab91e2ffc6740e3','','','','','','','2020-03-31 15:51:02',0,0,'OPERATE004','STATUS001'),(89,71,19,'','','4d92a971360243b0bab91e2ffc6740e3','','','','','','','2020-03-31 15:52:09',0,0,'','STATUS003'),(95,77,19,'f62b055d90d64875b26b2b6d39a59138,c1c0b56a155748a2b75fff29db091c81','','4d92a971360243b0bab91e2ffc6740e3','','','','','','','2020-04-07 08:36:36',0,0,'','STATUS003'),(96,78,19,'f62b055d90d64875b26b2b6d39a59138,c1c0b56a155748a2b75fff29db091c81','','4d92a971360243b0bab91e2ffc6740e3','','','','','','','2020-04-07 08:37:22',0,0,'','STATUS003'),(97,79,19,'f62b055d90d64875b26b2b6d39a59138,c1c0b56a155748a2b75fff29db091c81','','4d92a971360243b0bab91e2ffc6740e3','','','','','','','2020-04-07 08:38:43',0,0,'','STATUS003'),(98,80,19,'f62b055d90d64875b26b2b6d39a59138,c1c0b56a155748a2b75fff29db091c81','','4d92a971360243b0bab91e2ffc6740e3','','','','','','','2020-04-07 08:39:47',0,0,'','STATUS003'),(99,81,19,'f62b055d90d64875b26b2b6d39a59138,c1c0b56a155748a2b75fff29db091c81','','4d92a971360243b0bab91e2ffc6740e3','','','','','','','2020-04-07 08:40:58',0,0,'','STATUS003'),(100,82,19,'f62b055d90d64875b26b2b6d39a59138,c1c0b56a155748a2b75fff29db091c81','','4d92a971360243b0bab91e2ffc6740e3','','','','','','','2020-04-07 08:42:02',0,0,'','STATUS003'),(101,83,19,'f62b055d90d64875b26b2b6d39a59138,c1c0b56a155748a2b75fff29db091c81','','4d92a971360243b0bab91e2ffc6740e3','','','','','','','2020-04-07 08:42:56',0,0,'','STATUS003'),(102,84,19,'f62b055d90d64875b26b2b6d39a59138,c1c0b56a155748a2b75fff29db091c81','','4d92a971360243b0bab91e2ffc6740e3','','','','','','','2020-04-07 08:44:14',0,0,'','STATUS003'),(103,85,19,'f62b055d90d64875b26b2b6d39a59138,c1c0b56a155748a2b75fff29db091c81','','4d92a971360243b0bab91e2ffc6740e3','','','','','','','2020-04-07 08:45:13',0,0,'','STATUS003'),(104,86,19,'f62b055d90d64875b26b2b6d39a59138,c1c0b56a155748a2b75fff29db091c81','','4d92a971360243b0bab91e2ffc6740e3','','','','','','','2020-04-07 08:46:11',0,0,'','STATUS003'),(105,87,19,'f62b055d90d64875b26b2b6d39a59138,c1c0b56a155748a2b75fff29db091c81','','4d92a971360243b0bab91e2ffc6740e3','','','','','','','2020-04-07 08:47:26',0,0,'','STATUS003'),(106,88,19,'f62b055d90d64875b26b2b6d39a59138,c1c0b56a155748a2b75fff29db091c81','','4d92a971360243b0bab91e2ffc6740e3','','','','','','','2020-04-07 08:48:32',0,0,'','STATUS003'),(107,89,19,'f62b055d90d64875b26b2b6d39a59138,c1c0b56a155748a2b75fff29db091c81','','4d92a971360243b0bab91e2ffc6740e3','','','','','','','2020-04-07 08:49:44',0,0,'','STATUS003'),(108,90,19,'f62b055d90d64875b26b2b6d39a59138,c1c0b56a155748a2b75fff29db091c81','','4d92a971360243b0bab91e2ffc6740e3','','','','','','','2020-04-07 08:50:44',0,0,'','STATUS003'),(109,91,19,'f62b055d90d64875b26b2b6d39a59138,c1c0b56a155748a2b75fff29db091c81','','4d92a971360243b0bab91e2ffc6740e3','','','','','','','2020-04-07 08:52:24',0,0,'','STATUS003'),(110,92,19,'f62b055d90d64875b26b2b6d39a59138,c1c0b56a155748a2b75fff29db091c81','','4d92a971360243b0bab91e2ffc6740e3','','','','','','','2020-04-07 08:54:35',0,0,'','STATUS003'),(111,93,19,'f62b055d90d64875b26b2b6d39a59138,c1c0b56a155748a2b75fff29db091c81','','4d92a971360243b0bab91e2ffc6740e3','','','','','','','2020-04-07 08:55:59',0,0,'','STATUS003'),(112,94,19,'f62b055d90d64875b26b2b6d39a59138,c1c0b56a155748a2b75fff29db091c81','','4d92a971360243b0bab91e2ffc6740e3','','','','','','','2020-04-07 08:57:00',0,0,'','STATUS003'),(113,95,19,'f62b055d90d64875b26b2b6d39a59138,c1c0b56a155748a2b75fff29db091c81','','4d92a971360243b0bab91e2ffc6740e3','','','','','','','2020-04-07 08:58:41',0,0,'','STATUS003'),(114,96,19,'f62b055d90d64875b26b2b6d39a59138,c1c0b56a155748a2b75fff29db091c81','','4d92a971360243b0bab91e2ffc6740e3','','','','','','','2020-04-07 08:59:25',0,0,'','STATUS003'),(115,97,19,'f62b055d90d64875b26b2b6d39a59138,c1c0b56a155748a2b75fff29db091c81','','4d92a971360243b0bab91e2ffc6740e3','','','','','','','2020-04-07 09:02:35',0,0,'','STATUS003'),(116,98,19,'f62b055d90d64875b26b2b6d39a59138,c1c0b56a155748a2b75fff29db091c81','','4d92a971360243b0bab91e2ffc6740e3','','','','','','','2020-04-07 09:04:12',0,0,'','STATUS003'),(117,99,19,'f62b055d90d64875b26b2b6d39a59138,c1c0b56a155748a2b75fff29db091c81','','4d92a971360243b0bab91e2ffc6740e3','','','','','','','2020-04-07 09:05:42',0,0,'','STATUS003'),(118,100,19,'f62b055d90d64875b26b2b6d39a59138,c1c0b56a155748a2b75fff29db091c81','','4d92a971360243b0bab91e2ffc6740e3','','','','','','','2020-04-07 09:06:42',0,0,'','STATUS003'),(119,101,19,'f62b055d90d64875b26b2b6d39a59138,c1c0b56a155748a2b75fff29db091c81','','4d92a971360243b0bab91e2ffc6740e3','','','','','','','2020-04-07 09:07:45',0,0,'','STATUS003'),(120,102,19,'f62b055d90d64875b26b2b6d39a59138,c1c0b56a155748a2b75fff29db091c81','','4d92a971360243b0bab91e2ffc6740e3','','','','','','','2020-04-07 09:08:45',0,0,'','STATUS003'),(121,103,19,'f62b055d90d64875b26b2b6d39a59138,c1c0b56a155748a2b75fff29db091c81','','4d92a971360243b0bab91e2ffc6740e3','','','','','','','2020-04-07 09:09:59',0,0,'','STATUS003'),(122,104,19,'f62b055d90d64875b26b2b6d39a59138,c1c0b56a155748a2b75fff29db091c81','','4d92a971360243b0bab91e2ffc6740e3','','','','','','','2020-04-07 09:12:03',0,0,'','STATUS003'),(123,105,19,'f62b055d90d64875b26b2b6d39a59138,c1c0b56a155748a2b75fff29db091c81','','4d92a971360243b0bab91e2ffc6740e3','','','','','','','2020-04-07 09:16:06',0,0,'','STATUS003'),(125,107,19,'f62b055d90d64875b26b2b6d39a59138,c1c0b56a155748a2b75fff29db091c81','','4d92a971360243b0bab91e2ffc6740e3','','','','','','','2020-04-07 09:24:08',0,0,'','STATUS003'),(126,108,19,'f62b055d90d64875b26b2b6d39a59138,c1c0b56a155748a2b75fff29db091c81','','4d92a971360243b0bab91e2ffc6740e3','','','','','','','2020-04-07 09:25:07',0,0,'','STATUS003'),(127,109,19,'f62b055d90d64875b26b2b6d39a59138,c1c0b56a155748a2b75fff29db091c81','','4d92a971360243b0bab91e2ffc6740e3','','','','','','','2020-04-07 09:26:07',0,0,'','STATUS003'),(128,110,19,'f62b055d90d64875b26b2b6d39a59138,c1c0b56a155748a2b75fff29db091c81','','4d92a971360243b0bab91e2ffc6740e3','','','','','','','2020-04-07 10:13:27',0,0,'','STATUS003'),(129,111,19,'f62b055d90d64875b26b2b6d39a59138,c1c0b56a155748a2b75fff29db091c81','','4d92a971360243b0bab91e2ffc6740e3','','','','','','','2020-04-07 10:17:00',0,0,'','STATUS003'),(130,112,19,'f62b055d90d64875b26b2b6d39a59138,c1c0b56a155748a2b75fff29db091c81','','4d92a971360243b0bab91e2ffc6740e3','','','','','','','2020-04-07 10:19:20',0,0,'','STATUS003'),(131,113,19,'f62b055d90d64875b26b2b6d39a59138,c1c0b56a155748a2b75fff29db091c81','','4d92a971360243b0bab91e2ffc6740e3','','','','','','','2020-04-07 10:20:28',0,0,'','STATUS003'),(132,114,19,'f62b055d90d64875b26b2b6d39a59138,c1c0b56a155748a2b75fff29db091c81','','4d92a971360243b0bab91e2ffc6740e3','','','','','','','2020-04-07 10:21:25',0,0,'','STATUS003'),(133,115,19,'f62b055d90d64875b26b2b6d39a59138,c1c0b56a155748a2b75fff29db091c81','','4d92a971360243b0bab91e2ffc6740e3','','','','','','','2020-04-07 10:23:00',0,0,'','STATUS003'),(134,116,19,'f62b055d90d64875b26b2b6d39a59138,c1c0b56a155748a2b75fff29db091c81','','4d92a971360243b0bab91e2ffc6740e3','','','','','','','2020-04-07 10:24:12',0,0,'','STATUS003'),(135,117,19,'f62b055d90d64875b26b2b6d39a59138,c1c0b56a155748a2b75fff29db091c81','','4d92a971360243b0bab91e2ffc6740e3','','','','','','','2020-04-07 10:25:13',0,0,'','STATUS003'),(136,118,19,'f62b055d90d64875b26b2b6d39a59138,c1c0b56a155748a2b75fff29db091c81','','4d92a971360243b0bab91e2ffc6740e3','','','','','','','2020-04-07 10:26:14',0,0,'','STATUS003'),(137,119,19,'f62b055d90d64875b26b2b6d39a59138,c1c0b56a155748a2b75fff29db091c81','','4d92a971360243b0bab91e2ffc6740e3','','','','','','','2020-04-07 10:28:15',0,0,'','STATUS003'),(138,120,19,'f62b055d90d64875b26b2b6d39a59138,c1c0b56a155748a2b75fff29db091c81','','4d92a971360243b0bab91e2ffc6740e3','','','','','','','2020-04-07 10:29:06',0,0,'','STATUS003'),(139,121,19,'f62b055d90d64875b26b2b6d39a59138,c1c0b56a155748a2b75fff29db091c81','','4d92a971360243b0bab91e2ffc6740e3','','','','','','','2020-04-07 10:31:21',0,0,'','STATUS003'),(140,122,19,'f62b055d90d64875b26b2b6d39a59138,c1c0b56a155748a2b75fff29db091c81','','4d92a971360243b0bab91e2ffc6740e3','','','','','','','2020-04-07 10:32:12',0,0,'','STATUS003'),(141,123,19,'f62b055d90d64875b26b2b6d39a59138,c1c0b56a155748a2b75fff29db091c81','','4d92a971360243b0bab91e2ffc6740e3','','','','','','','2020-04-07 10:33:07',0,0,'','STATUS003'),(142,124,19,'f62b055d90d64875b26b2b6d39a59138,c1c0b56a155748a2b75fff29db091c81','','4d92a971360243b0bab91e2ffc6740e3','','','','','','','2020-04-07 10:34:39',0,0,'','STATUS003'),(143,125,19,'f62b055d90d64875b26b2b6d39a59138,c1c0b56a155748a2b75fff29db091c81','','4d92a971360243b0bab91e2ffc6740e3','','','','','','','2020-04-07 10:35:47',0,0,'','STATUS003'),(144,126,19,'f62b055d90d64875b26b2b6d39a59138,c1c0b56a155748a2b75fff29db091c81','','4d92a971360243b0bab91e2ffc6740e3','','','','','','','2020-04-07 10:36:55',0,0,'','STATUS003'),(145,127,19,'f62b055d90d64875b26b2b6d39a59138,c1c0b56a155748a2b75fff29db091c81','','4d92a971360243b0bab91e2ffc6740e3','','','','','','','2020-04-07 10:40:01',0,0,'','STATUS003'),(146,128,19,'f62b055d90d64875b26b2b6d39a59138,c1c0b56a155748a2b75fff29db091c81','','4d92a971360243b0bab91e2ffc6740e3','','','','','','','2020-04-07 10:41:33',0,0,'','STATUS003'),(147,129,19,'f62b055d90d64875b26b2b6d39a59138,c1c0b56a155748a2b75fff29db091c81','','4d92a971360243b0bab91e2ffc6740e3','','','','','','','2020-04-07 10:42:59',0,0,'','STATUS003'),(148,130,19,'f62b055d90d64875b26b2b6d39a59138,c1c0b56a155748a2b75fff29db091c81','','4d92a971360243b0bab91e2ffc6740e3','','','','','','','2020-04-07 10:44:21',0,0,'','STATUS003'),(149,131,19,'f62b055d90d64875b26b2b6d39a59138,c1c0b56a155748a2b75fff29db091c81','','4d92a971360243b0bab91e2ffc6740e3','','','','','','','2020-04-07 10:45:20',0,0,'','STATUS003'),(150,132,19,'f62b055d90d64875b26b2b6d39a59138,c1c0b56a155748a2b75fff29db091c81','','4d92a971360243b0bab91e2ffc6740e3','','','','','','','2020-04-07 10:46:42',0,0,'','STATUS003'),(151,133,19,'f62b055d90d64875b26b2b6d39a59138,c1c0b56a155748a2b75fff29db091c81','','4d92a971360243b0bab91e2ffc6740e3','','','','','','','2020-04-07 10:47:34',0,0,'','STATUS003'),(152,134,19,'f62b055d90d64875b26b2b6d39a59138,c1c0b56a155748a2b75fff29db091c81','','4d92a971360243b0bab91e2ffc6740e3','','','','','','','2020-04-07 11:00:29',0,0,'','STATUS003'),(168,150,19,'f62b055d90d64875b26b2b6d39a59138,c1c0b56a155748a2b75fff29db091c81','','4d92a971360243b0bab91e2ffc6740e3','','','','','','','2020-04-08 16:28:51',0,0,'','STATUS003'),(180,145,17,'aea302ff0a894b129266a5fcac2a3743','','4d92a971360243b0bab91e2ffc6740e3','','','','','','','2020-04-09 17:09:38',0,0,'','STATUS001'),(181,152,19,'f62b055d90d64875b26b2b6d39a59138,c1c0b56a155748a2b75fff29db091c81','','4d92a971360243b0bab91e2ffc6740e3','','','','','','','2020-04-10 10:28:44',0,0,'','STATUS003'),(186,157,19,'f62b055d90d64875b26b2b6d39a59138,c1c0b56a155748a2b75fff29db091c81','','4d92a971360243b0bab91e2ffc6740e3','','','','','','','2020-04-13 11:48:38',0,0,'','STATUS003'),(187,158,19,'f62b055d90d64875b26b2b6d39a59138,c1c0b56a155748a2b75fff29db091c81','','4d92a971360243b0bab91e2ffc6740e3','','','','','','','2020-04-13 11:55:23',0,0,'','STATUS003');

--
-- Table structure for table `ya02wmsj_cecoe_activity_sign`
--

CREATE TABLE `ya02wmsj_cecoe_activity_sign` (
  `id` int(10) unsigned NOT NULL AUTO_INCREMENT COMMENT '表ID',
  `activity_id` int(10) unsigned NOT NULL DEFAULT '0' COMMENT '活动ID，对应activity表ID',
  `uuid` char(32) NOT NULL DEFAULT '' COMMENT '志愿者uuid 关联user表uuid',
  `status` enum('报名待审核','报名已驳回','报名已通过','活动未参加','活动已参加') NOT NULL DEFAULT '报名待审核' COMMENT '报名审核状态',
  `start_time` datetime NOT NULL DEFAULT '0000-00-00 00:00:00' COMMENT '签到时间',
  `end_time` datetime DEFAULT '0000-00-00 00:00:00' COMMENT '签退时间',
  `address` varchar(101) NOT NULL DEFAULT '' COMMENT '签到地点地址',
  `lng` float(10,7) NOT NULL DEFAULT '0.0000000' COMMENT '签到地点经度',
  `lat` float(10,7) NOT NULL DEFAULT '0.0000000' COMMENT '签到地点纬度',
  `ctime` timestamp NOT NULL DEFAULT CURRENT_TIMESTAMP COMMENT '报名时间',
  PRIMARY KEY (`id`)
) ENGINE=MyISAM AUTO_INCREMENT=5 DEFAULT CHARSET=utf8 COMMENT='线下活动报名表';

--
-- Dumping data for table `ya02wmsj_cecoe_activity_sign`
--

INSERT INTO `ya02wmsj_cecoe_activity_sign` VALUES (1,4,'c8660342c12c407db87c61e137f86cb2','活动已参加','0000-00-00 00:00:00','0000-00-00 00:00:00','',0.0000000,0.0000000,'2019-08-19 22:06:40'),(2,5,'c8660342c12c407db87c61e137f86cb2','活动已参加','0000-00-00 00:00:00','0000-00-00 00:00:00','',0.0000000,0.0000000,'2019-08-20 01:08:20'),(3,6,'c8660342c12c407db87c61e137f86cb2','活动已参加','0000-00-00 00:00:00','0000-00-00 00:00:00','',0.0000000,0.0000000,'2019-08-20 01:08:27'),(4,7,'c8660342c12c407db87c61e137f86cb2','活动已参加','0000-00-00 00:00:00','0000-00-00 00:00:00','',0.0000000,0.0000000,'2019-08-20 01:08:31');

--
-- Table structure for table `ya02wmsj_cecoe_activity_source`
--

CREATE TABLE `ya02wmsj_cecoe_activity_source` (
  `id` int(10) unsigned NOT NULL AUTO_INCREMENT COMMENT '来源ID',
  `code` char(9) NOT NULL DEFAULT 'SOURCE001' COMMENT '来源编码',
  `name` varchar(20) NOT NULL DEFAULT '' COMMENT '来源名称',
  PRIMARY KEY (`id`)
) ENGINE=MyISAM AUTO_INCREMENT=7 DEFAULT CHARSET=utf8 COMMENT='活动流程来源表';

--
-- Dumping data for table `ya02wmsj_cecoe_activity_source`
--

INSERT INTO `ya02wmsj_cecoe_activity_source` VALUES (1,'SOURCE001','实践站管理员'),(2,'SOURCE002','实践所管理员'),(3,'SOURCE003','实践中心管理员'),(4,'SOURCE004','超级管理员'),(5,'SOURCE005','公众用户'),(6,'SOURCE006','服务队伍管理员');

--
-- Table structure for table `ya02wmsj_cecoe_activity_status`
--

CREATE TABLE `ya02wmsj_cecoe_activity_status` (
  `id` int(10) unsigned NOT NULL AUTO_INCREMENT COMMENT '表ID',
  `code` char(9) NOT NULL DEFAULT 'STATUS001' COMMENT '状态编码',
  `name` varchar(20) NOT NULL DEFAULT '' COMMENT '状态名称',
  PRIMARY KEY (`id`)
) ENGINE=MyISAM AUTO_INCREMENT=13 DEFAULT CHARSET=utf8 COMMENT='活动流程状态表';

--
-- Dumping data for table `ya02wmsj_cecoe_activity_status`
--

INSERT INTO `ya02wmsj_cecoe_activity_status` VALUES (1,'STATUS001','方案待审核'),(3,'STATUS003','方案已审核'),(4,'STATUS004','方案已驳回'),(5,'STATUS005','待受理'),(6,'STATUS006','待派单'),(7,'STATUS007','待办结'),(8,'STATUS008','待归档'),(9,'STATUS009','已归档'),(10,'STATUS010','已驳回'),(11,'STATUS011','已办结'),(12,'STATUS012','待评价');

--
-- Table structure for table `ya02wmsj_cecoe_activity_theme`
--

CREATE TABLE `ya02wmsj_cecoe_activity_theme` (
  `id` int(10) unsigned NOT NULL AUTO_INCREMENT COMMENT '表ID',
  `name` varchar(101) NOT NULL DEFAULT '' COMMENT '主题名称',
  `desc` varchar(201) NOT NULL DEFAULT '' COMMENT '主题描述',
  `ctime` timestamp NOT NULL DEFAULT '0000-00-00 00:00:00' COMMENT '添加时间',
  PRIMARY KEY (`id`)
) ENGINE=InnoDB AUTO_INCREMENT=15 DEFAULT CHARSET=utf8 COMMENT='活动主题表';

--
-- Dumping data for table `ya02wmsj_cecoe_activity_theme`
--

INSERT INTO `ya02wmsj_cecoe_activity_theme` VALUES (1,'红黑榜','好人好事和行为曝光','2019-12-29 22:14:29'),(2,'时代新人','','2019-12-29 22:14:31'),(3,'移风易俗','','2019-12-29 22:14:33'),(4,'网民行为','','2019-12-29 22:14:35'),(5,'模范集体','','2019-12-29 22:14:37'),(6,'网络评议厅','','2020-02-13 21:33:37'),(14,'15','666','0000-00-00 00:00:00');

--
-- Table structure for table `ya02wmsj_cecoe_app_edition`
--

CREATE TABLE `ya02wmsj_cecoe_app_edition` (
  `id` int(11) unsigned NOT NULL AUTO_INCREMENT COMMENT '表ID',
  `app_name` varchar(10) NOT NULL DEFAULT '' COMMENT 'app版本名称',
  `app_number` tinyint(3) unsigned NOT NULL DEFAULT '0' COMMENT 'app版本编号',
  `update_info` varchar(102) NOT NULL DEFAULT '' COMMENT '更新描述',
  `app_matter` enum('是','否') NOT NULL DEFAULT '否' COMMENT '是否强制更新',
  `app_type` enum('android','ios') NOT NULL DEFAULT 'android' COMMENT 'app类型',
  `app_urls` varchar(201) DEFAULT '' COMMENT 'ios跳转链接',
  `addtime` timestamp NOT NULL DEFAULT CURRENT_TIMESTAMP COMMENT '版本上传时间',
  PRIMARY KEY (`id`)
) ENGINE=InnoDB DEFAULT CHARSET=utf8 COMMENT='手机版本更新表';

--
-- Dumping data for table `ya02wmsj_cecoe_app_edition`
--


--
-- Table structure for table `ya02wmsj_cecoe_auth_group`
--

CREATE TABLE `ya02wmsj_cecoe_auth_group` (
  `id` int(11) unsigned NOT NULL AUTO_INCREMENT COMMENT '表ID',
  `title` varchar(100) NOT NULL DEFAULT '' COMMENT '用户组名称',
  `status` tinyint(1) NOT NULL DEFAULT '1' COMMENT '是否启用当前用户组',
  `rules` text COMMENT '规则id的集合',
  `user_level` enum('global','county','town','village') DEFAULT 'village' COMMENT '用户等级 global-全局 county-县级 town-镇级 village 村级',
  `user_type` enum('system','user') DEFAULT 'system' COMMENT '用户类型 system-后台用户 user-普通用户（志愿者/公众用户）',
  PRIMARY KEY (`id`)
) ENGINE=InnoDB AUTO_INCREMENT=27 DEFAULT CHARSET=utf8 COMMENT='用户组表';

--
-- Dumping data for table `ya02wmsj_cecoe_auth_group`
--

INSERT INTO `ya02wmsj_cecoe_auth_group` VALUES (1,'超级管理员',1,'1,2,3,4,5,6,7,8,9,10,11,12,13,14,15,16,17,18,19,20,23,24,25,26,27,28,29,30,31,32,33,34,35,36,37,38,39,40,41,42,43,44,45,46,47,48,49,50,51,52,53,54,55,56,57,58,59,60,61,62,63,64,65,66,67,68,69,70,71,72,73,74,75,76,77,78,79,80,81,82,83,84,85,86,87,88,89,90,91,92,93,94,95,96,97,98,99,100,101,102,103,104,105,106,107,108,109,110,111,112,113,114,115,116,117,118,119,120,121,122,123,124,125,126,127,128,129,130,131,132,133,134,135,136,137,138,139,140,141,142,143,144,145,146,147,148,149,150,152,153,154,155,156,157,158,159,160,161,162,163,164,165,166,167,168,169,170,171,172,173,174,175,176,177,178,179,180,181,182,183,184,185,186,187,188,189,190,191,192,193,194,195,196,197,198,199,200,201,202,203,204,205,206,207,208,209,210,211,212,213,214,215,216,217,218,219,220,221,222,223,224,225,226,227,228,229,230,231,232,233,234,235,236,237,238,239,240,241,242,243,244,245,246,247,248,249,250,251,252,253,254,255,256,257,258,259,260,261,262,263,264,265,266,267,268,269,270,271,272,273,274,275,276,277,278,279,280,281,282,283,284,285,286,287,288,289,290,291,292,293,294,295,296,297,298,299,300,301,302,303,304,305,306,307,308,309,310,311,312,313,314,315,316,317,318,319,320,321,322,323,324,325,326,327,328,329,330,331,332,333,334,335,336,337,338,339,340,341,342,343,344,345,346,c0,c11,c42,c41,c25,c30,c13,c23,c22,c21,c12,c37,c36,c24,c34,c20,c18,c40,c39,c17,c38,c57,c58,c59,c60,c61,c62,c63,c64,c65,c66,347,348,349,350,351,352,353,354,355,c67,356,357,358,359,360,c68,361,362,363,364,365,366,367,368,369,370,371,372,373,374,375,377,378,379,380,381,394,395,396,397','global','system'),(3,'公众用户',1,'','village','user'),(4,'实践中心管理员',1,'2,226,227,370,372,230,369,231,374,371,375,232,233,225,294,1,247,148,149,150,152,153,154,155,250,145,304,305,306,293,8,199,202,297,298,299,301,302,203,300','county','system'),(5,'实践所管理员',1,'2,226,227,370,372,230,369,231,374,371,375,232,233,225,294,1,247,148,149,150,152,153,154,155,145,304,305,306,293,8,199,202,297,298,299,301,302,203,300','town','system'),(6,'实践站管理员',1,'2,226,227,230,231,375,232,233,225,294,1,247,148,152,154,155,145,304,305,306,293,8,199,202,297,298,299,301,302,203,300','village','system'),(7,'村级采编员',1,'1,248,249,377,378,379,380,381,189,c0,c57,c25,c30,c18,c39,c40,c11,c41,c42,c12,c36,c37,c20,c67,c24,c34,c13,c23,c22,c21,23,70,71,72,73,5,46,47,48,49,50,51,52,39,41,42,44,45','village','system'),(8,'村级审核员',1,'189,7,68,75,76,77,78,239,247,259,265,316,317,311,318,248,252,268,276,282,270,284','village','system'),(9,'村级发布员',1,'189,7,69,79,83,80,81,84,82','village','system'),(10,'镇级采编员',1,'189,7,c0,c13,c22,23,70,71,72,73,74,239,247,29,148,149,150,152,153,154,155,250,293,145,304,305,306,259,265,316,317,311,318,260,266,319,312,320,313,314,321,315,248,252,268,276,282,270,284,253,281,283,269,277,271,272,285,273,249,323,326,329,327,330,328,331,65,86,87,88,90,91,92,93,94,95,98,85,89,97,64,66,67,96,113,129,130,131,138,139,143,144','town','system'),(11,'镇级审核员',1,'189,7,68,75,76,77,78','town','system'),(12,'镇级发布员',1,'189,7,c0,c13,c22,69,79,83,80,81,84,82,239,247,29,148,149,150,152,153,154,155,250,293,145,304,305,306,259,265,316,317,311,318,260,266,319,312,320,313,314,321,315,248,252,268,276,282,270,284,253,281,283,269,277,271,272,285,273,249,323,326,329,327,330,328,331,65,86,87,88,90,91,92,93,94,95,98,85,89,97,64,66,67,96,113,129,130,131,138,139,143,144','town','system'),(13,'县级采编员',1,'189,7,c0,c57,c25,c30,c17,c38,c18,c39,c40,c11,c41,c42,c12,c36,c37,c20,c67,c24,c34,c13,c23,c22,c21,23,70,71,72,73,74,5,46,47,48,49,50,51,52,39,41,42,44,45','county','system'),(14,'县级审核员',1,'189,7,68,75,76,77,78','county','system'),(15,'县级发布员',1,'189,7,69,79,83,80,81,84,82','county','system'),(18,'服务队伍管理员',1,'236,35,296,332,289,291,292,290,295,2,226,227,228,229,235,231,373,232,233,225,294,1,146,156,160,162,183,165,168,188,193,8,199,202,297,298,299,301,302,203,300,189,7,c0,c57,c25,c30,23,70,71,72,73,74,239,247,29,155,293,145,304,305,306','county','system'),(24,'全局采编员',1,'1,248,249,377,378,379,380,381,189,c0,c57,c25,c30,c18,c39,c40,c11,c41,c42,c12,c36,c37,c20,c67,c24,c34,c13,c23,c22,c21,23,70,71,72,73,5,46,47,48,49,50,51,52,39,41,42,44,45','global','system'),(25,'全局审核员',1,'1,248,259,265,317,311,318,189,c0,c57,c25,c30,c18,c39,c40,c11,c41,c42,c12,c36,c37,c20,c67,c24,c34,c13,c23,c22,c21,68,75,76,77,78','global','system'),(26,'全局发布员',1,'1,248,260,266,319,313,314,321,315,189,c0,c57,c25,c30,c18,c39,c40,c11,c41,c42,c12,c36,c37,c20,c67,c24,c34,c13,c23,c22,c21,69,79,74,83,81,84','global','system');

--
-- Table structure for table `ya02wmsj_cecoe_auth_group_access`
--

CREATE TABLE `ya02wmsj_cecoe_auth_group_access` (
  `id` int(10) unsigned NOT NULL AUTO_INCREMENT COMMENT '表ID',
  `uid` char(32) NOT NULL COMMENT '关联user表uuid',
  `group_id` mediumint(8) unsigned NOT NULL COMMENT '用户组id',
  PRIMARY KEY (`id`),
  UNIQUE KEY `uid_group_id` (`uid`,`group_id`),
  KEY `uid` (`uid`),
  KEY `group_id` (`group_id`)
) ENGINE=InnoDB AUTO_INCREMENT=198 DEFAULT CHARSET=utf8;

--
-- Dumping data for table `ya02wmsj_cecoe_auth_group_access`
--

INSERT INTO `ya02wmsj_cecoe_auth_group_access` VALUES (148,'04e68979aba44c338f0be5f969f67df2',3),(125,'068a1d3dad2842a7b046a58bd798cfa6',5),(166,'087211183e98402fae79b49f2e1e6392',3),(143,'0911b213274c44f08104432c0d5680a4',3),(186,'0bda64c16a66440e86cd5b5e5e442c0e',3),(147,'0fb56a51cd124b90b7796885abdeb932',3),(159,'13934aed9fea41058248f1c1b7045068',3),(175,'17268df82e0948a0b8f52955a1670fb8',24),(173,'1a9c4977a5fb468f9f87cc73510301b2',24),(172,'27b10bdbb553432eb467be8469bb632f',24),(168,'28f169fa39fe4e09bd5469be6c60532f',24),(114,'2b10d51f38144edcbef13f1c96b4414d',3),(174,'35f0f30a755e488e956232f058c69a05',24),(129,'37f316ca06494d059cfd0bafe1ab5e8f',3),(160,'41dc02ef48704edfa7f273405143d9f8',3),(182,'42f6aa997f16466193ab684d7727dce1',3),(2,'4d92a971360243b0bab91e2ffc6740e3',1),(156,'54d4fe8835b14d6694061861c2a1fa2c',3),(126,'57108ee3e5d4408eb104551d179b2657',6),(153,'584275b26f874a7ead320dd94c8be323',3),(157,'5a84eebdd6fc47589de65d15ebb2de8d',3),(169,'5aba4b3dc2bc4fc49b3228dae028e972',24),(170,'5af3f4cb4f484ba887481f6c4a657f95',24),(139,'5e7e3675e9da4b87aa949419a477bd87',3),(149,'602b8da281ba480d8a4c638eabc6de04',3),(152,'605914f4822c4e18943168c940d81060',3),(195,'60a39148807e42a4abade7937eeec8d8',3),(178,'60b0129aa4e64097b11c7f1bce63fd6c',24),(171,'6111946965dd4de2acfae55a9e774877',24),(183,'67b2a9dace124a849c7168747cf1619c',3),(142,'74a1ef21f9b74696b6bc8da1b6b995f9',3),(140,'7eba9d5845994ee8bed952cc4c9bc177',3),(188,'840e52afdd284ab5a248a9054cdf8f00',3),(131,'8abbec18ddc84f2c9156834c85bd5df5',5),(194,'90ee2060f62e419c9dec9355ecef9231',3),(187,'9346ce6505034a558311de0101c209ff',7),(167,'9369c0de31f3404fbe40f445056bbd64',24),(138,'97dab42630364208b93443bbe7b60f81',3),(116,'982d8a09db9b4c79b1b100e3071fb920',3),(184,'99cbb083d75c477ca4054781e3b1d102',3),(197,'9a616424837a4a62b3aa819e2adf718b',3),(177,'9bd8e281a8aa41868b90b65ac3acccf3',24),(137,'a1b5c20ba0c949869298133d3fe5d169',3),(141,'a2a6938f5be34857ab06b0fda2040f40',3),(181,'a2c82daefb4a478c951410412616d207',3),(124,'aea302ff0a894b129266a5fcac2a3743',5),(165,'b212060217984a6581c5b484997e0a17',3),(135,'bab5bed5198249b5b3001e73ea879eda',18),(130,'bb146100ace649a4aac3f27aa1f09b9c',3),(151,'bfa140d0c9754c478bacffe60114037b',3),(192,'c13d6595fe1c4edcaadc2f146c21f26e',3),(158,'c1b5160c1cc245139b1991abc2cabc18',3),(136,'c1c0b56a155748a2b75fff29db091c81',4),(191,'c39419700a19470581640027f7d6dbca',3),(179,'c5c90ef932ac43e282ce62b20a9df0b4',3),(132,'d3a543037ce6446994e236af44c7a752',6),(189,'d529638c8efa4f79857d76bcdb3c7d67',3),(150,'dcedc69a57ce4d72b2320de00d19c3d2',3),(154,'e22ddd68090847faa7ad0ade8e5cd50b',3),(190,'e349684d83b146f99c9a951758a2bf84',7),(134,'e5dd0d27b0fe41ff959d0804761b6671',18),(176,'e69d7d241af64e76817639410d1e6cf6',24),(164,'e6d47f5f00a14e9fbb1188a51b8659e7',3),(127,'e933e3f04c85424b807adf7e5c0e4b48',6),(196,'f0a1d97672b540cf81df09e553762556',3),(144,'f145f8936c0a4cba8d6adf2bcc410d25',3),(123,'f62b055d90d64875b26b2b6d39a59138',4),(133,'f6c059f7dccc49c4a6416b756fdc40b2',18),(180,'fd10d6b89cec4a4cb59f423d3acb2485',3),(155,'fd91163d217642aeb179077476735a09',3),(113,'ff2f9e265bab43a98231ed487d6cd69b',3);

--
-- Table structure for table `ya02wmsj_cecoe_auth_rule`
--

CREATE TABLE `ya02wmsj_cecoe_auth_rule` (
  `id` mediumint(8) unsigned NOT NULL AUTO_INCREMENT COMMENT '表ID',
  `pid` mediumint(8) NOT NULL DEFAULT '0' COMMENT '父级栏目节点id / 规则id',
  `name` char(80) NOT NULL DEFAULT '' COMMENT '规则唯一标识 模块+控制器+方法',
  `title` char(20) NOT NULL DEFAULT '' COMMENT '规则中文名称',
  `type` tinyint(1) NOT NULL DEFAULT '1' COMMENT '规则分类',
  `status` tinyint(1) NOT NULL DEFAULT '1' COMMENT '是否启用 1-启用规则 0-禁用',
  `condition` char(100) NOT NULL DEFAULT '' COMMENT '规则附件条件,满足附加条件的规则,才认为是有效规则',
  `sort` smallint(99) unsigned NOT NULL DEFAULT '0' COMMENT '栏目排序',
  `layui_name` varchar(51) NOT NULL DEFAULT '' COMMENT 'layui目录名称',
  `layui_routing` varchar(101) NOT NULL DEFAULT '' COMMENT 'layui页面跳转路径',
  `layui_icon` varchar(101) NOT NULL DEFAULT '' COMMENT 'layui 左侧菜单栏目图标',
  `is_leaf` enum('y','n') NOT NULL DEFAULT 'n' COMMENT 'n代表左侧菜单  y增删改查操作控制',
  PRIMARY KEY (`id`),
  UNIQUE KEY `name` (`name`)
) ENGINE=InnoDB AUTO_INCREMENT=398 DEFAULT CHARSET=utf8 COMMENT='规则列表';

--
-- Dumping data for table `ya02wmsj_cecoe_auth_rule`
--

INSERT INTO `ya02wmsj_cecoe_auth_rule` VALUES (1,0,'/ActivityOnline/index','文明评议',1,1,'',4,'','','','n'),(2,0,'/Order/index','志愿服务点单',1,1,'',3,'','','','n'),(3,9,'/Monitor/index','远程监管',1,1,'',3,'monitor','','','n'),(4,189,'/Live/index','直播管理',1,1,'',5,'','','','n'),(5,189,'/Media/index','媒资管理',1,1,'',4,'media','','','n'),(8,0,'/Notice/index','通知公告及政策文档',1,1,'',6,'','','','n'),(9,0,'/Check/index','考核评估及远程监管',1,1,'',5,'','','','n'),(10,0,'/SystemConfig/index','系统管理',1,1,'',10,'','','','n'),(11,10,'/Auth/index','权限控制',1,1,'',0,'authManage','','layui-icon-app','n'),(12,11,'/Auth/getPermissions','权限列表',1,1,'',0,'authManage','authManage/addNode','','n'),(13,11,'/Auth/getUserGroupList','用户组列表',1,1,'',0,'authManage','authManage/powerSettingPlus','','n'),(14,12,'/Auth/addPermission','增加权限',1,1,'',0,'','','','y'),(15,12,'/Auth/updatePermission','修改权限',1,1,'',0,'','','','y'),(16,12,'/Auth/deletePermission','删除权限',1,1,'',0,'','','','y'),(17,13,'/Auth/addUserGroup','新增用户组',1,1,'',0,'','','','y'),(18,13,'/Auth/updateUserGroup','修改用户组',1,1,'',0,'','','','y'),(19,13,'/Auth/disableUserGroup','禁用用户组',1,1,'',0,'','','','y'),(20,13,'/Auth/enableUserGroup','启用用户组',1,1,'',0,'','','','y'),(24,10,'/Node/getNodeList','前端栏目管理',1,1,'',2,'FrontManage','FrontManage/cityList','layui-icon-file','n'),(31,191,'/Organ/getOrganList','组织机构列表',1,1,'',3,'organManage','organManage/organList','','n'),(32,10,'/User/userManage','人员信息管理',1,1,'',0,'userManage','userManage/userManage','layui-icon-user','n'),(33,32,'/User/getAdminUserList','系统用户管理',1,1,'',0,'userManage','userManage/systemUser','','n'),(34,32,'/User/getOrdinaryUserList','公众用户管理',1,1,'',0,'userManage','userManage/ordinaryUser','','n'),(36,10,'/RegionManage/getRegionList','区域信息管理',1,1,'',3,'regionManage','regionManage/regionManage','layui-icon-location','n'),(37,31,'/Organ/getRegionList','获取区域信息',1,1,'',0,'','','','y'),(38,31,'/Organ/addOrgan','增加组织',1,1,'',0,'','','','y'),(39,5,'/Media/getMediaTypeList','视频分类管理',1,1,'',1,'mediatype','mediaType/type','','n'),(40,31,'/Organ/updateOrgan','修改组织',1,1,'',0,'','','','y'),(41,39,'/Media/buildMediaType','创建视频分类',1,1,'',0,'','','','y'),(42,39,'/Media/updateMediaType','修改视频分类',1,1,'',0,'','','','y'),(43,31,'/Organ/deleteOrgan','删除组织',1,1,'',0,'','','','y'),(44,39,'/Media/deleteMediaType','删除视频分类',1,1,'',0,'','','','y'),(45,39,'/Media/hiddenMediaType','隐藏视频分类',1,1,'',0,'','','','y'),(46,5,'/Media/getMediaVideoList','视频文件管理',1,1,'',0,'media','media/docManage','','n'),(47,46,'/Media/addMediaVideo','上传视频',1,1,'',0,'','','','y'),(48,46,'/Media/editMediaVideo','修改视频',1,1,'',0,'','','','y'),(49,46,'/Media/videoDisable','屏蔽视频',1,1,'',0,'','','','y'),(50,46,'/Media/videoRecover','恢复视频',1,1,'',0,'','','','y'),(51,46,'/Media/deleteMediaVideo','删除视频',1,1,'',0,'','','','y'),(52,46,'/Media/getVideoUrl','视频预览',1,1,'',0,'','','','y'),(53,4,'/Live/getLiveList','直播间管理',1,1,'',0,'live','live/onlineClass','','n'),(54,4,'/Live/getLiveTypeList','直播间类型管理',1,1,'',0,'liveType','liveType/types','','n'),(55,53,'/Live/addLive','新增直播频道',1,1,'',0,'','','','y'),(56,53,'/Live/updateLive','修改直播频道',1,1,'',0,'','','','y'),(57,53,'/Live/pauseLive','禁用直播频道',1,1,'',0,'','','','y'),(58,53,'/Live/resumeLive','解禁直播频道',1,1,'',0,'','','','y'),(59,53,'/Live/getLiveUrl','获取直播地址',1,1,'',0,'','','','y'),(60,53,'/Live/getLiveStatus','获取直播状态',1,1,'',0,'','','','y'),(61,54,'/Live/addLiveType','增加直播类型',1,1,'',0,'','','','y'),(62,54,'/Live/updateLiveType','修改直播类型',1,1,'',0,'','','','y'),(63,54,'/Live/deleteLiveType','删除直播类型',1,1,'',0,'','','','y'),(70,189,'/Content/getOperateContentList','内容采编',1,1,'',0,'contentManage','contentManage/contentManage','','n'),(71,70,'/Content/addContent','新增',1,1,'',0,'','','','y'),(72,70,'/content/updateContent','修改',1,1,'',0,'','','','y'),(73,70,'/Content/deleteContent','删除',1,1,'',0,'','','','y'),(74,79,'/Content/onOrOfflineContent','上下线',1,1,'',0,'','','','y'),(75,189,'/Content/getAuditContentList','内容审核',1,1,'',0,'auditManage','auditManage/auditContent','','n'),(76,75,'/Content/auditContent','审核/驳回',1,1,'',0,'','','','y'),(77,189,'/Content/getAuditCommentList','评论审核',1,1,'',1,'auditManage','auditManage/auditComments','','n'),(78,77,'/Content/auditComment','审核/驳回',1,1,'',0,'','','','y'),(79,189,'/Content/getPublishContentList','内容发布',1,1,'',0,'releaseManage','releaseManage/releaseContent','','n'),(81,189,'/Content/getPublishCommentList','评论发布',1,1,'',2,'releaseManage','releaseManage/releaseComments','','n'),(83,79,'/Content/publishContent','发布/驳回',1,1,'',0,'','','','y'),(84,81,'/Content/publishComment','发布/驳回',1,1,'',0,'','','','y'),(100,3,'/Camera/getCameraList','监控管理',1,1,'',0,'monitor','monitor/monitor','','n'),(101,3,'/Camera/getCameraTypeList','监控类型管理',1,1,'',0,'monitorType','monitorType/type','','n'),(102,24,'/Node/addNode','增加前端栏目',1,1,'',0,'','','','y'),(103,24,'/Node/updateNode','修改前端栏目',1,1,'',0,'','','','y'),(106,100,'/Camera/addCamera','新增监控',1,1,'',0,'','','','y'),(107,100,'/Camera/updateCamera','修改监控',1,1,'',0,'','','','y'),(108,101,'/Camera/addCameraType','新增监控类型',1,1,'',0,'','','','y'),(109,101,'/Camera/updateCameraType','修改监控类型',1,1,'',0,'','','','y'),(110,101,'/Camera/deleteCameraType','删除监控类型',1,1,'',0,'','','','y'),(111,100,'/Camera/saveStatus','开启/关闭监控',1,1,'',0,'','','','y'),(112,100,'/Camera/deleteCamera','删除监控',1,1,'',0,'','','','y'),(114,10,'/BaseData/index','基础信息管理',1,1,'',0,'baseData','baseData/index','layui-icon-set','n'),(115,114,'/BaseData/getProfessorList','专业人才信息',1,1,'',0,'baseData','baseData/professor','','n'),(117,116999,'/Volunteer/getRegionTeam','区域队伍管理',1,1,'',999,'volunteer','volunteer/region','','n'),(118,236,'/Volunteer/getProfessTeam','志愿组织列表',1,1,'',0,'volunteer','volunteer/profess','','n'),(119,236,'/Volunteer/getServiceType','服务分类管理',1,1,'',0,'serviceType','serviceType/type','','n'),(120,114,'/BaseData/getProfessorTeamList','专业人才队伍',1,1,'',0,'baseData','baseData/professorTeam','','n'),(121,220,'/BaseData/getSpecialList','特殊人群信息',1,1,'',0,'baseData','baseData/special','','n'),(122,220,'/BaseData/getSpecialTypeList','特殊人群分类',1,1,'',0,'baseData','baseData/specialType','','n'),(123,117,'/Volunteer/addVolunteerTeam','添加区域队伍',1,1,'',0,'','volunteer/region','','y'),(124,117,'/Volunteer/updateRegionTeam','修改区域队伍',1,1,'',0,'','volunteer/region','','y'),(125,117,'/Volunteer/deleteRegionTeam','删除区域队伍',1,1,'',0,'','volunteer/region','','y'),(126,119,'/Volunteer/addServiceType','添加服务分类',1,1,'',0,'','volunteer/type','','y'),(127,119,'/Volunteer/updateServiceType','修改服务分类',1,1,'',0,'','volunteer/type','','y'),(128,119,'/Volunteer/deleteServiceType','删除服务分类',1,1,'',0,'','volunteer/type','','y'),(134,118,'/Volunteer/getVolunteerCategoryList','获取志愿者队伍分类',1,1,'',0,'','volunteer/profess','','y'),(135,118,'/Volunteer/addProfessTeam','添加志愿者专业队伍',1,1,'',0,'','volunteer/profess','','y'),(136,118,'/Volunteer/updateProfessTeam','修改志愿者专业队伍',1,1,'',0,'','volunteer/profess','','y'),(137,118,'/Volunteer/deleteProfessTeam','删除志愿者专业队伍',1,1,'',0,'','volunteer/profess','','y'),(140,120,'/BaseData/addTalentTeam','添加专业人才队伍',1,1,'',0,'','','','y'),(141,120,'/BaseData/updateTalentTeam','修改专业人才队伍',1,1,'',0,'','','','y'),(142,120,'/BaseData/deleteTalentTeam','删除专业人才队伍',1,1,'',0,'','','','y'),(145,247,'/Activity/getOnlineActivityList','发布评议',1,1,'',1,'activityManage','activityManage/addActivity','','n'),(148,247,'/Activity/onlineConsole','控制台',1,1,'',0,'activityManage','activityManage/console','','n'),(149,247,'/Activity/getCaseWaitAuditList','方案待审核',1,1,'',0,'activityManage','activityManage/caseWaitAudit','newDefined-icon-orderVerify','n'),(150,247,'/Activity/getCaseAlreadyRejectList','方案已驳回',1,1,'',0,'activityManage','activityManage/caseAlreadyReject','newDefined-icon-orderReject','n'),(152,247,'/Activity/getCaseBeRejectedList','方案被驳回',1,1,'',0,'activityManage','activityManage/caseBeRejected','newDefined-icon-orderBack','n'),(153,247,'/Activity/getAlreadyOnlineList','方案已审核',1,1,'',0,'activityManage','activityManage/alreadyOnline','newDefined-icon-online','n'),(154,247,'/Activity/getMyDealList','办理历史',1,1,'',0,'activityManage','activityManage/myDeal','newDefined-icon-orderHistory','n'),(155,247,'/Activity/getMySubmitList','我发起的',1,1,'',0,'activityManage','activityManage/mySubmit','newDefined-icon-orderMe','n'),(171,33,'/Volunteer/getOrganSystems','获得用户组实践组织',1,1,'',0,'','userManage/systemUser','','y'),(172,33,'/Volunteer/getProfessSystems','获得用户组专业队伍',1,1,'',0,'','userManage/systemUser','','y'),(173,247,'/Activity/getItemList','流程配置',1,1,'',3,'activityConfig','activityConfig/activitySet','','n'),(174,173,'/Activity/addItem','新增',1,1,'',0,'','','','y'),(175,173,'/Activity/updateItem','修改',1,1,'',0,'','','','y'),(176,173,'/Activity/deleteItem','删除',1,1,'',0,'','','','y'),(177,173,'/Activity/updateItemProcess','新增/修改单个流程',1,1,'',0,'','','','y'),(178,173,'/Activity/getItemProcess','获取流程详情',1,1,'',0,'','','','y'),(179,173,'/Activity/saveItemStatus','更改状态',1,1,'',0,'','','','y'),(180,173,'/Activity/deleteItemProcess','删除单个流程',1,1,'',0,'','','','y'),(181,118,'/Volunteer/getProfessOfRegionTree','获取志愿者专业队伍树结构',1,1,'',0,'','volunteer/profess','','y'),(184,115,'/BaseData/addProfessor','添加专业人才',1,1,'',0,'','baseData/professor','','y'),(185,122,'/BaseData/addPeopleType','新增特殊人群分类',1,1,'',0,'','baseData/specialType','','y'),(186,122,'/BaseData/updatePeopleType','修改特殊人群分类',1,1,'',0,'','baseData/specialType','','y'),(187,122,'/BaseData/deletePeopleType','删除特殊人群分类',1,1,'',0,'','baseData/specialType','','y'),(189,0,'/Content/announce','宣传教育',1,1,'',7,'','','','n'),(190,0,'/VisualData/index','可视化数据',1,1,'',9,'','/visualData/screen','','n'),(191,0,'/Organ/manage','组织机构信息',1,1,'',1,'','','','n'),(192,999,'/CarePublic/index','关心群众',1,1,'',999,'','','','n'),(196,121,'/BaseData/addSpecialList','采集特殊人群信息',1,1,'',0,'','baseData/special','','y'),(197,115,'/BaseData/deleteProfessor','删除专业人才',1,1,'',0,'','baseData/professor','','y'),(198,115,'/BaseData/updateProfessor','修改专业人才',1,1,'',0,'','baseData/professor','','y'),(199,8,'/Message/index','通知公告',1,1,'',0,'noticeMessage','','','n'),(200,8,'/Message/doc','文档管理',1,1,'',0,'docManage','','','n'),(202,199,'/Message/getMessage','我发布的',1,1,'',0,'noticeMessage','noticeMessage/myRelease','','n'),(203,199,'/Message/getMessageReceive','我收到的',1,1,'',0,'noticeMessage','noticeMessage/myReceive','','n'),(204,200,'/Message/getDocList','文档列表',1,1,'',0,'docManage','docManage/doc','','n'),(205,200,'/Message/getDocTypeList','文档分类',1,1,'',0,'docManage','docManage/docType','','n'),(206,204,'/Message/addDoc','新增',1,1,'',0,'','','','y'),(207,204,'/Message/updateDoc','修改',1,1,'',0,'','','','y'),(208,204,'/Message/deleteDoc','删除',1,1,'',0,'','','','y'),(209,205,'/Message/addDocType','新增分类',1,1,'',0,'','','','y'),(210,205,'/Message/updateDocType','修改分类',1,1,'',0,'','','','y'),(211,205,'/Message/deleteDocType','删除分类',1,1,'',0,'','','','y'),(212,256,'/AssessManage/index','积分排名',1,1,'',0,'assessManage','','','n'),(213,256,'/AssessManage/getPointSystem','积分配置',1,1,'',0,'assessConfig','assessConfig/index','','n'),(214,212,'/AssessManage/getVolunteerOrder','志愿者积分排名',1,1,'',0,'assessManage','assessManage/volunteer','','n'),(215,212,'/AssessManage/getVolunteerTeamOrder','志愿者队伍积分排名',1,1,'',0,'assessManage','assessManage/volunteerTeam','','n'),(216,212,'/AssessManage/getPracticeOrganOrder','实践组织积分排名',1,1,'',0,'assessManage','assessManage/practice','','n'),(217,192,'/CarePublic/getCareList','关心记录',1,1,'',0,'carePublic','carePublic/index','','n'),(218,121,'/BaseData/updateSpecialList','编辑特殊人群信息',1,1,'',0,'','baseData/special','','y'),(219,121,'/BaseData/deleteSpecialList','删除特殊人群信息',1,1,'',0,'','baseData/special','','y'),(220,192,'/BaseData/manage','基础信息管理',1,1,'',0,'baseData','','','n'),(221,217,'/CarePublic/getSpecialsTree','获取关心对象',1,1,'',0,'','','','y'),(222,217,'/CarePublic/addCareInfo','新增',1,1,'',0,'','','','y'),(223,217,'/CarePublic/updateCareInfo','修改',1,1,'',0,'','','','y'),(224,217,'/CarePublic/deleteCareInfo','删除',1,1,'',0,'','','','y'),(225,226,'/Order/accumulate','发起点单活动',1,1,'',15,'orderManage','orderManage/accumulate','','n'),(226,2,'/Order/work','活动及点单',1,1,'',0,'orderWork','','','n'),(227,226,'/Order/console','控制台',1,1,'',1,'orderWork','orderWork/console','newDefined-icon-orderMe','n'),(228,226,'/Order/getWaitReceiveList','待接单列表',1,1,'',4,'orderWork','orderWork/waitReceive','newDefined-icon-wait_order','n'),(229,226,'/Order/getWaitDealList','待办结列表',1,1,'',5,'orderWork','orderWork/waitDeal','newDefined-icon-orderEnd','n'),(230,226,'/Order/getWaitAuditList','待审核列表',1,1,'',6,'orderWork','orderWork/waitAudit','newDefined-icon-waitAudit','n'),(231,226,'/Order/getAlreadyFileList','已归档列表',1,1,'',8,'orderWork','orderWork/alreadyFile','newDefined-icon-orderFill','n'),(232,226,'/Order/getMyDealList','办理历史',1,1,'',13,'orderWork','orderWork/myDeal','newDefined-icon-orderHistory','n'),(233,226,'/Order/getSubmitList','我发起的',1,1,'',14,'orderWork','orderWork/mySubmit','newDefined-icon-orderMe','n'),(235,229,'/Activity/getOrderActivityVolunteers','办结获取志愿者数据',1,1,'',1,'','','','y'),(236,0,'/Organ/volunteer','志愿组织信息',1,1,'',2,'','','','n'),(239,0,'/MyCommunity/index','我的社区',1,1,'',8,'','','','n'),(247,1,'/Community/comment','评一评',1,1,'',0,'eventWork','','','n'),(248,1,'/Community/tell','议一议',1,0,'',999,'eventWork','','','n'),(249,248,'/Content/discuzOperate','议题采编',1,1,'',0,'eventWork','','','n'),(250,247,'/Activity/getPublicWaitAuditList','公众评议待审核',1,0,'',0,'activityManage','activityManage/publicWaitAudit','newDefined-icon-orderVerify','n'),(255,190,'/VisualData/screen','数据展示',1,1,'',0,'','/visualData/screen','','n'),(256,9,'/Check/check','考核评估',1,1,'',0,'','','','n'),(259,248,'/Content/discuzAudit','议题审核',1,1,'',2,'auditManage','','','n'),(260,248,'/Content/discuzRelease','议题发布',1,1,'',3,'','','','n'),(261,191,'/Leader/index','领导组织管理',1,1,'',4,'LeaderManage','LeaderManage/leaderList','','n'),(262,261,'/Leader/getLeaderList','领导组织列表',1,1,'',0,'LeaderManage','LeaderManage/leaderList','','n'),(263,261,'/Leader/getJobList','职务架构列表',1,1,'',0,'LeaderManage','LeaderManage/jobList','','n'),(265,259,'/Content/getDiscuzAuditList','内容列表',1,1,'',1,'auditManage','auditManage/auditDiscuz','','n'),(266,260,'/Content/getDiscuzPublicList','内容列表',1,1,'',0,'releaseManage','releaseManage/publicDiscuz','','n'),(278,263,'/Leader/addJob','添加职务架构',1,1,'',0,'LeaderManage','LeaderManage/jobList','','y'),(279,263,'/Leader/updateJob','修改职务架构',1,1,'',0,'LeaderManage','LeaderManage/jobList','','y'),(280,263,'/Leader/deleteJob','删除职务架构',1,1,'',0,'LeaderManage','LeaderManage/jobList','','y'),(286,262,'/Leader/getJobs','获取对应架构职务',1,1,'',0,'LeaderManage','LeaderManage/leaderList','','y'),(287,262,'/Leader/addLeader','添加领导组织',1,1,'',0,'LeaderManage','LeaderManage/leaderList','','y'),(288,262,'/Leader/updateLeader','修改领导组织',1,1,'',0,'LeaderManage','LeaderManage/leaderList','','y'),(293,247,'/Activity/getActivityTypes','获取活动类型',1,1,'',1,'','','','y'),(294,225,'/Order/addOrderActivity','新增点单活动',1,1,'',0,'','','','y'),(297,202,'/Message/editNotice','编辑公告',1,1,'',0,'','','','y'),(298,202,'/Message/editMessage','编辑消息',1,1,'',0,'','','','y'),(299,202,'/Message/delNotice','删除公告',1,1,'',0,'','','','y'),(300,203,'/Message/getMessageInfo','读取消息',1,1,'',0,'','','','y'),(301,202,'/Message/getNoticeTargetTree','获取有权限发布的公告对象树',1,1,'',0,'','','','y'),(302,202,'/Message/getMessageTargetTree','获取有权限发送的消息对象树',1,1,'',0,'','','','y'),(303,33,'/User/addAdminUser','新增',1,1,'',0,'','','','y'),(304,145,'/Activity/addOnlineActivity','新增',1,1,'',0,'','','','y'),(305,145,'/Activity/updateOnlineActivity','修改',1,1,'',0,'','','','y'),(306,145,'/Activity/deleteOnlineActivity','删除',1,1,'',0,'','','','y'),(311,259,'/Content/getAuditDiscuzCommentList','评论列表',1,1,'',2,'auditManage','auditManage/auditDiscuzComments','','n'),(314,260,'/Content/getPublishDiscuzCommentList','评论列表',1,1,'',0,'releaseManage','releaseManage/releaseDiscuzComment','','n'),(317,265,'/Content/auditDiscuzContent','审核/驳回',1,1,'',0,'','','','y'),(318,311,'/Content/auditDiscuzComment','审核/驳回',1,1,'',0,'','','','y'),(319,266,'/Content/publishDiscuzContent','发布/驳回',1,1,'',0,'','','','y'),(321,314,'/Content/publishDiscuzComment','发布/驳回',1,1,'',0,'','','','y'),(322,100,'/Camera/getCameraUrl','查看监控',1,1,'',0,'','','','y'),(323,2,'/TinyWish/index','微心愿',1,1,'',4,'tinywish','','','n'),(326,323,'/TinyWish/getWishAuditList','心愿申报审核',1,1,'',1,'tinywish','tinywish/wishAudit','','n'),(327,323,'/TinyWish/getClaimWishAuditList','心愿认领审核',1,1,'',1,'tinywish','tinywish/claimWishAudit','','n'),(328,323,'/TinyWish/getFinishWishAuditList','心愿办结审核',1,1,'',1,'tinywish','tinywish/finishWishAudit','','n'),(329,326,'/TinyWish/auditWish','通过/驳回',1,1,'',0,'','','','y'),(330,327,'/TinyWish/auditClaimWish','通过/驳回',1,1,'',1,'tinywish','claimWishAudit','','y'),(331,328,'/TinyWish/auditFinishWish','通过/驳回',1,1,'',0,'','','','y'),(333,303,'/User/updateAdminUser','修改',1,1,'',0,'','','','y'),(340,247,'/Activity/getThemeList','活动主题',1,1,'',1,'activityManage','activityManage/theme','newDefined-icon-themeList','n'),(341,340,'/Activity/addTheme','新增主题分类',1,1,'',0,'activityManage','activityManage/theme','','y'),(342,340,'/Activity/updateTheme','修改主题分类',1,1,'',0,'activityManage','activityManage/theme','','y'),(343,340,'/Activity/deleteTheme','删除主题分类',1,1,'',0,'activityManage','activityManage/theme','','y'),(347,239,'/ServeInfo/index','服务管理',1,1,'',1,'','','','n'),(348,347,'/ServeInfo/getServeCategories','服务分类',1,1,'',99,'ServeInfo','ServeInfo/category','','n'),(349,347,'/ServeInfo/getServeInfoList','服务信息',1,1,'',99,'ServeInfo','ServeInfo/serve','','n'),(350,348,'/ServeInfo/addServeCategory','新增分类',1,1,'',0,'','','','y'),(351,348,'/ServeInfo/updateServeCategory','修改分类',1,1,'',0,'','','','y'),(352,348,'/ServeInfo/deleteServeCategory','删除分类',1,1,'',0,'','','','y'),(353,349,'/ServeInfo/addServeInfo','新增',1,1,'',0,'','','','y'),(354,349,'/ServeInfo/updateServeInfo','修改',1,1,'',0,'','','','y'),(355,349,'/ServeInfo/deleteServeInfo','删除',1,1,'',0,'','','','y'),(356,247,'/Activity/getActivityThemes','获取活动主题',1,1,'',2,'','','','y'),(357,189,'/ServeInfo/getInquireList','教育查询链接',1,1,'',100,'ServeInfo','ServeInfo/inquire','','n'),(358,357,'/ServeInfo/addInquire','新增',1,1,'',0,'','','','y'),(359,357,'/ServeInfo/updateInquire','修改',1,1,'',0,'','','','y'),(360,357,'/ServeInfo/deleteInquire','删除',1,1,'',0,'','','','y'),(361,226,'/Order/getItemList','流程配置',1,1,'',16,'orderConfig','orderConfig/orderSet','','n'),(362,361,'/Order/addItem','新增',1,1,'',0,'','','','y'),(363,361,'/Order/updateItem','修改',1,1,'',0,'','','','y'),(364,361,'/Order/deleteItem','删除',1,1,'',0,'','','','y'),(365,361,'/Order/updateItemProcess','新增/修改单个流程',1,1,'',0,'','','','y'),(366,361,'/Order/getItemProcess','获取流程详情',1,1,'',0,'','','','y'),(367,361,'/Order/saveItemStatus','更改状态',1,1,'',0,'','','','y'),(368,361,'/Order/deleteItemProcess','删除单个流程',1,1,'',0,'','','','y'),(369,226,'/Order/getWaitFileList','待归档列表',1,1,'',7,'orderWork','orderWork/waitFile','newDefined-icon-wait_fill','n'),(370,226,'/Order/getPreAuditList','预审核列表',1,1,'',2,'orderWork','orderWork/preAudit','newDefined-icon-pre_audit','n'),(371,226,'/Order/getPreAuditRejectList','预审已驳回列表',1,1,'',11,'orderWork','orderWork/preAuditReject','newDefined-icon-audit_back','n'),(372,226,'/Order/getWaitAssignList','待派单列表',1,1,'',3,'orderWork','orderWork/waitAssign','newDefined-icon-wait_assign','n'),(373,226,'/Order/getBeRejectedList','被驳回（待重办）列表',1,1,'',10,'orderWork','orderWork/beReject','newDefined-icon-orderBack','n'),(374,226,'/Order/getRejectedList','已驳回列表',1,1,'',9,'orderWork','orderWork/reject','newDefined-icon-orderReject','n'),(375,226,'/Order/getPreAuditBeRejectList','预审被驳回列表',1,1,'',12,'orderWork','orderWork/preAuditBeReject','newDefined-icon-audit_reject','n'),(377,249,'/Content/getDiscuzOperateList','内容列表',1,1,'',0,'contentManage','contentManage/discuzManage','','n'),(378,377,'/Content/addDiscuz','新增',1,1,'',0,'','','','y'),(379,377,'/content/updateDiscuz','修改',1,1,'',0,'','','','y'),(380,377,'/content/deleteDiscuz','删除',1,1,'',0,'','','','y'),(381,377,'/content/onOrOfflineDiscuz','上下线',1,1,'',0,'','','','y'),(396,239,'/ServeInfo/getNonMaterialList','发现非遗',1,1,'',1,'ServeInfo','ServeInfo/nonMaterialList','','n'),(397,239,'/ServeInfo/getNetInfoList','社情收集',1,1,'',2,'ServeInfo','ServeInfo/netInfoList','','n');

--
-- Table structure for table `ya02wmsj_cecoe_base_ppl`
--

CREATE TABLE `ya02wmsj_cecoe_base_ppl` (
  `id` int(10) unsigned NOT NULL AUTO_INCREMENT COMMENT '表ID',
  `uuid` char(32) NOT NULL COMMENT '编号  AD0-*****',
  `cardid` varchar(19) NOT NULL DEFAULT '' COMMENT '证件号码主键身份证编码应符合gb 11643',
  `id_type` char(3) NOT NULL DEFAULT '111' COMMENT '证件类型编码应符合ga/t 517',
  `people_type` char(2) DEFAULT '01' COMMENT '人口类型',
  `name` varchar(31) NOT NULL DEFAULT '' COMMENT '姓名',
  `old_name` varchar(13) NOT NULL DEFAULT '' COMMENT '小名',
  `phone` varchar(81) NOT NULL DEFAULT '' COMMENT '手机号码，多个号码以逗号(,)分隔，最多存10个手机号',
  `other_phone` varchar(31) NOT NULL DEFAULT '' COMMENT '其他联系方式',
  `sex` char(1) NOT NULL DEFAULT '9' COMMENT '性别，编码应符合gb/t 2261.1',
  `residence_addr` varchar(201) NOT NULL DEFAULT '' COMMENT '户籍门（楼）详址',
  `inhabited_area` varchar(201) DEFAULT '' COMMENT '实际居住地',
  `birth_day` date NOT NULL DEFAULT '1970-01-01' COMMENT '格式为“yyyy-mm-dd”',
  `birth_place` varchar(201) NOT NULL DEFAULT '' COMMENT '出生地',
  `national` char(2) NOT NULL DEFAULT '01' COMMENT '民族,编码应符合gb/t 3304',
  `poly` char(2) NOT NULL DEFAULT '13' COMMENT '政治面貌 编码应符合gb/t 4762-1984',
  `degree` char(2) NOT NULL DEFAULT '90' COMMENT '学历 编码应符合gb/t 4658 2006',
  `marital` char(2) NOT NULL DEFAULT '90' COMMENT '婚姻状态 编码应符合gb/t 2261.2 2003',
  `country` smallint(5) unsigned NOT NULL DEFAULT '156' COMMENT '国籍',
  `blood_type` enum('a','b','ab','o','n') NOT NULL DEFAULT 'n' COMMENT '血型',
  `workunit` varchar(21) NOT NULL DEFAULT '' COMMENT '工作单位',
  `email` varchar(30) NOT NULL DEFAULT '' COMMENT '邮箱',
  `intro` varchar(1000) NOT NULL DEFAULT '' COMMENT '个人情况',
  `ctime` timestamp NOT NULL DEFAULT CURRENT_TIMESTAMP COMMENT '添加时间',
  PRIMARY KEY (`id`),
  UNIQUE KEY `u_idx_1` (`uuid`)
) ENGINE=InnoDB AUTO_INCREMENT=331 DEFAULT CHARSET=utf8 COMMENT='人口基础信息';

--
-- Dumping data for table `ya02wmsj_cecoe_base_ppl`
--

INSERT INTO `ya02wmsj_cecoe_base_ppl` VALUES (244,'ff2f9e265bab43a98231ed487d6cd69b','','111','01','陈本义','','15706805989','','1','','','2020-04-13','','01','13','90','90',156,'n','','','','2020-03-20 08:54:10'),(246,'2b10d51f38144edcbef13f1c96b4414d','','111','01','150****0305','','15068750305','','0','','','2020-04-13','','01','13','90','90',156,'n','','','','2020-03-23 02:03:13'),(249,'982d8a09db9b4c79b1b100e3071fb920','','111','01','','','15258843993','','0','','','2020-03-23','','01','13','90','90',156,'n','','','','2020-03-23 02:18:35'),(256,'f62b055d90d64875b26b2b6d39a59138','','111','01','李毅','','15269365869','','1','','','1980-03-23','','01','13','90','90',156,'n','','','','2020-03-23 03:05:43'),(257,'aea302ff0a894b129266a5fcac2a3743','','111','01','蒋义城','','15356892547','','1','','','1982-05-13','','01','13','90','90',156,'n','','','','2020-03-23 03:06:48'),(258,'068a1d3dad2842a7b046a58bd798cfa6','','111','01','赵丽伟','','15356329854','','1','','','1978-05-15','','01','13','90','90',156,'n','','','','2020-03-23 03:07:35'),(259,'57108ee3e5d4408eb104551d179b2657','','111','01','韩健辉','','15385692364','','1','','','1979-05-18','','01','13','90','90',156,'n','','','','2020-03-23 03:08:58'),(260,'e933e3f04c85424b807adf7e5c0e4b48','','111','01','李春光','','15325693568','','2','','','1978-05-20','','01','13','90','90',156,'n','','','','2020-03-23 03:09:46'),(262,'37f316ca06494d059cfd0bafe1ab5e8f','','111','01','','','15161531512','','0','','','2020-04-13','','01','13','90','90',156,'n','','','','2020-03-23 05:34:22'),(263,'bb146100ace649a4aac3f27aa1f09b9c','','111','01','','','13858671585','','0','','','2020-04-13','','01','13','90','90',156,'n','','','','2020-03-23 06:26:12'),(264,'8abbec18ddc84f2c9156834c85bd5df5','','111','01','杨珂阳','','15269356369','','2','','','2020-03-23','','01','13','90','90',156,'n','','','','2020-03-23 06:44:58'),(265,'d3a543037ce6446994e236af44c7a752','','111','01','许子文','','15258962365','','2','','','2020-03-23','','01','13','90','90',156,'n','','','','2020-03-23 06:45:50'),(266,'f6c059f7dccc49c4a6416b756fdc40b2','','111','01','吕安邦','','15269359653','','1','','','2020-03-23','','01','13','90','90',156,'n','','','','2020-03-23 07:07:38'),(267,'e5dd0d27b0fe41ff959d0804761b6671','','111','01','赵斌','','15252639856','','1','','','2020-03-23','','01','13','90','90',156,'n','','','','2020-03-23 07:08:36'),(268,'bab5bed5198249b5b3001e73ea879eda','','111','01','马俊一','','15258693265','','1','','','2020-03-23','','01','13','90','90',156,'n','','','','2020-03-23 07:09:25'),(269,'c1c0b56a155748a2b75fff29db091c81','','111','01','李明','','15252636987','','1','','','2020-03-23','','01','13','90','90',156,'n','','','','2020-03-23 07:10:23'),(270,'a1b5c20ba0c949869298133d3fe5d169','','111','01','libra','','17326044678','','1','','','2020-04-13','','01','13','90','90',156,'n','','','','2020-03-23 09:20:51'),(271,'97dab42630364208b93443bbe7b60f81','','111','01','','','18337126748','','0','','','2020-03-25','','01','13','90','90',156,'n','','','','2020-03-23 09:45:33'),(272,'5e7e3675e9da4b87aa949419a477bd87','','111','01','','','15888608517','','0','','','2020-04-10','','01','13','90','90',156,'n','','','','2020-03-24 00:19:07'),(273,'7eba9d5845994ee8bed952cc4c9bc177','','111','01','','','15988945288','','0','','','2020-03-24','','01','13','90','90',156,'n','','','','2020-03-24 01:06:28'),(274,'a2a6938f5be34857ab06b0fda2040f40','','111','01','Tina','','13083981897','','2','','','2020-03-24','','01','13','90','90',156,'n','','','','2020-03-24 01:26:51'),(275,'74a1ef21f9b74696b6bc8da1b6b995f9','','111','01','张晓敏','','13758246442','','1','','','2020-04-13','','01','13','90','90',156,'n','','','','2020-03-24 02:08:22'),(276,'0911b213274c44f08104432c0d5680a4','','111','01','','','17858409880','','0','','','2020-04-07','','01','13','90','90',156,'n','','','','2020-03-24 09:14:18'),(277,'f145f8936c0a4cba8d6adf2bcc410d25','','111','01','','','18967659021','','0','','','2020-04-13','','01','13','90','90',156,'n','','','','2020-03-25 03:02:08'),(280,'0fb56a51cd124b90b7796885abdeb932','','111','01','','','18267839955','','0','','','2020-04-13','','01','13','90','90',156,'n','','','','2020-03-25 03:51:31'),(281,'04e68979aba44c338f0be5f969f67df2','','111','01','','','18372177240','','0','','','2020-03-25','','01','13','90','90',156,'n','','','','2020-03-25 06:43:18'),(282,'602b8da281ba480d8a4c638eabc6de04','','111','01','','','18258039670','','0','','','2020-03-25','','01','13','90','90',156,'n','','','','2020-03-25 07:51:57'),(283,'dcedc69a57ce4d72b2320de00d19c3d2','','111','01','','','13665770370','','0','','','2020-03-25','','01','13','90','90',156,'n','','','','2020-03-25 08:11:14'),(284,'bfa140d0c9754c478bacffe60114037b','','111','01','','','13958583522','','0','','','2020-03-25','','01','13','90','90',156,'n','','','','2020-03-25 08:11:54'),(285,'605914f4822c4e18943168c940d81060','','111','01','','','13806560653','','0','','','2020-03-25','','01','13','90','90',156,'n','','','','2020-03-25 08:15:49'),(286,'584275b26f874a7ead320dd94c8be323','','111','01','','','15937274579','','0','','','2020-04-12','','01','13','90','90',156,'n','','','','2020-03-25 08:16:21'),(287,'e22ddd68090847faa7ad0ade8e5cd50b','','111','01','','','13958561009','','0','','','2020-03-25','','01','13','90','90',156,'n','','','','2020-03-25 08:23:09'),(288,'fd91163d217642aeb179077476735a09','','111','01','','','13586100637','','0','','','2020-03-25','','01','13','90','90',156,'n','','','','2020-03-25 08:52:50'),(289,'54d4fe8835b14d6694061861c2a1fa2c','','111','01','','','13666895533','','0','','','2020-03-25','','01','13','90','90',156,'n','','','','2020-03-25 12:22:11'),(290,'5a84eebdd6fc47589de65d15ebb2de8d','','111','01','','','13606767555','','0','','','2020-03-25','','01','13','90','90',156,'n','','','','2020-03-25 12:35:52'),(291,'c1b5160c1cc245139b1991abc2cabc18','','111','01','','','13958556600','','0','','','2020-03-25','','01','13','90','90',156,'n','','','','2020-03-25 13:07:39'),(292,'13934aed9fea41058248f1c1b7045068','','111','01','','','13858608078','','0','','','2020-03-25','','01','13','90','90',156,'n','','','','2020-03-25 15:21:10'),(293,'41dc02ef48704edfa7f273405143d9f8','','111','01','','','17826856972','','0','','','2020-04-01','','01','13','90','90',156,'n','','','','2020-03-26 03:17:45'),(297,'e6d47f5f00a14e9fbb1188a51b8659e7','','111','01','黄加棋','','18357747058','','1','','','2020-04-13','','01','13','90','90',156,'n','','','','2020-03-26 03:43:03'),(298,'b212060217984a6581c5b484997e0a17','','111','01','','','13958523556','','0','','','2020-03-27','','01','13','90','90',156,'n','','','','2020-03-27 01:14:20'),(299,'087211183e98402fae79b49f2e1e6392','','111','01','','','13958596510','','0','','','2020-03-27','','01','13','90','90',156,'n','','','','2020-03-27 01:50:48'),(300,'9369c0de31f3404fbe40f445056bbd64','','111','01','墨初@','','15200000001','','2','','','2020-03-28','','01','13','90','90',156,'n','','','','2020-03-28 06:00:25'),(301,'28f169fa39fe4e09bd5469be6c60532f','','111','01','树深时见鹿','','15200000002','','1','','','2020-03-28','','01','13','90','90',156,'n','','','','2020-03-28 07:32:24'),(302,'5aba4b3dc2bc4fc49b3228dae028e972','','111','01','指间轻纱°','','15200000003','','2','','','2020-03-28','','01','13','90','90',156,'n','','','','2020-03-28 07:33:36'),(303,'5af3f4cb4f484ba887481f6c4a657f95','','111','01','流星划过sky','','15200000004','','1','','','2020-03-28','','01','13','90','90',156,'n','','','','2020-03-28 07:35:51'),(304,'6111946965dd4de2acfae55a9e774877','','111','01','智慧科协发布','','15200000005','','1','','','2020-03-28','','01','13','90','90',156,'n','','','','2020-03-28 07:36:16'),(305,'27b10bdbb553432eb467be8469bb632f','','111','01','教育局发布','','15200000006','','1','','','2020-03-28','','01','13','90','90',156,'n','','','','2020-03-28 07:36:36'),(306,'1a9c4977a5fb468f9f87cc73510301b2','','111','01','凝眸う','','15200000007','','2','','','2020-03-28','','01','13','90','90',156,'n','','','','2020-03-28 07:36:56'),(307,'35f0f30a755e488e956232f058c69a05','','111','01','半窗疏影','','15200000008','','2','','','2020-03-28','','01','13','90','90',156,'n','','','','2020-03-28 07:37:19'),(308,'17268df82e0948a0b8f52955a1670fb8','','111','01','斜阳下° 微笑 ╮','','15200000009','','2','','','2020-03-28','','01','13','90','90',156,'n','','','','2020-03-28 07:38:03'),(309,'e69d7d241af64e76817639410d1e6cf6','','111','01','初雪','','15200000010','','2','','','2020-03-28','','01','13','90','90',156,'n','','','','2020-03-28 07:38:25'),(310,'9bd8e281a8aa41868b90b65ac3acccf3','','111','01','临海发布','','15200000011','','1','','','2020-03-28','','01','13','90','90',156,'n','','','','2020-03-28 07:38:53'),(311,'60b0129aa4e64097b11c7f1bce63fd6c','','111','01','文明实践中心','','15200000012','','1','','','2020-03-28','','01','13','90','90',156,'n','','','','2020-03-28 07:51:16'),(312,'c5c90ef932ac43e282ce62b20a9df0b4','','111','01','','','13736208308','','0','','','2020-03-30','','01','13','90','90',156,'n','','','','2020-03-30 01:48:26'),(313,'fd10d6b89cec4a4cb59f423d3acb2485','','111','01','','','13736204342','','0','','','2020-03-30','','01','13','90','90',156,'n','','','','2020-03-30 02:29:17'),(314,'a2c82daefb4a478c951410412616d207','','111','01','','','13575822695','','0','','','2020-03-30','','01','13','90','90',156,'n','','','','2020-03-30 02:35:16'),(315,'42f6aa997f16466193ab684d7727dce1','','111','01','方德友','','13706768881','','1','','','2020-03-30','','01','13','90','90',156,'n','','','','2020-03-30 02:46:42'),(316,'67b2a9dace124a849c7168747cf1619c','','111','01','','','13605816591','','0','','','2020-04-11','','01','13','90','90',156,'n','','','','2020-03-30 05:00:30'),(317,'99cbb083d75c477ca4054781e3b1d102','','111','01','未知用户','','13857131128','','0','','','2020-03-31','','01','13','90','90',156,'n','','','','2020-03-31 05:37:08'),(319,'0bda64c16a66440e86cd5b5e5e442c0e','','111','01','章来泉','','18258188664','','1','','','2020-04-01','','01','13','90','90',156,'n','','','','2020-04-01 07:55:41'),(320,'9346ce6505034a558311de0101c209ff','','111','01','文化社区采编','','15269658456','','1','','','2020-04-01','','01','13','90','90',156,'n','','','','2020-04-01 11:47:12'),(321,'840e52afdd284ab5a248a9054cdf8f00','','111','01','','','13958551085','','0','','','2020-04-02','','01','13','90','90',156,'n','','','','2020-04-02 08:38:26'),(322,'d529638c8efa4f79857d76bcdb3c7d67','','111','01','','','18958576633','','0','','','2020-04-03','','01','13','90','90',156,'n','','','','2020-04-03 00:35:45'),(323,'e349684d83b146f99c9a951758a2bf84','','111','01','anson_yan','','18999999999','','1','','','2020-04-03','','01','13','90','90',156,'n','','','','2020-04-03 07:43:55'),(324,'c39419700a19470581640027f7d6dbca','','111','01','139****8713','','13982268713','','0','','','2020-04-13','','01','13','90','90',156,'n','','','','2020-04-03 15:44:25'),(325,'c13d6595fe1c4edcaadc2f146c21f26e','','111','01','','','13018955800','','0','','','2020-04-07','','01','13','90','90',156,'n','','','','2020-04-07 08:12:57'),(327,'90ee2060f62e419c9dec9355ecef9231','','111','01','','','15397017519','','0','','','2020-04-13','','01','13','90','90',156,'n','','','','2020-04-08 06:10:25'),(328,'60a39148807e42a4abade7937eeec8d8','','111','01','','','15068882217','','0','','','2020-04-10','','01','13','90','90',156,'n','','','','2020-04-10 02:14:38'),(329,'f0a1d97672b540cf81df09e553762556','','111','01','','','13157190917','','0','','','2020-04-12','','01','13','90','90',156,'n','','','','2020-04-12 04:41:45'),(330,'9a616424837a4a62b3aa819e2adf718b','','111','01','','','13626602022','','0','','','2020-04-13','','01','13','90','90',156,'n','','','','2020-04-13 04:34:11');

--
-- Table structure for table `ya02wmsj_cecoe_camera`
--

CREATE TABLE `ya02wmsj_cecoe_camera` (
  `id` int(10) unsigned NOT NULL AUTO_INCREMENT COMMENT '表ID',
  `title` varchar(201) NOT NULL DEFAULT '' COMMENT '监控名称',
  `type` int(10) unsigned NOT NULL DEFAULT '0' COMMENT '分类,关联camera_type表id',
  `camera_type` varchar(21) NOT NULL DEFAULT '普通' COMMENT '摄像头类型 (取流接口不同)',
  `camera_url` varchar(201) NOT NULL DEFAULT '' COMMENT '监控URL',
  `stream` int(10) unsigned NOT NULL DEFAULT '0' COMMENT '监控IP',
  `vsea_u` varchar(50) NOT NULL DEFAULT '' COMMENT '监控账户',
  `vsea_p` varchar(50) NOT NULL DEFAULT '' COMMENT '监控密码',
  `vsea_l` mediumint(8) unsigned NOT NULL DEFAULT '0' COMMENT '监控端口',
  `channel` tinyint(3) unsigned NOT NULL DEFAULT '1' COMMENT '通道',
  `subtype` tinyint(3) unsigned NOT NULL DEFAULT '0' COMMENT '码流',
  `latitude` float(10,7) NOT NULL DEFAULT '0.0000000' COMMENT '监控纬度',
  `longitude` float(10,7) NOT NULL DEFAULT '0.0000000' COMMENT '监控经度',
  `camera_addr` varchar(201) NOT NULL DEFAULT '' COMMENT '监控所在地址',
  `camera_pic` varchar(201) NOT NULL DEFAULT '' COMMENT '监控的图片',
  `region_code` char(13) NOT NULL DEFAULT '' COMMENT '区域编码，关联region表code',
  `status` tinyint(3) unsigned NOT NULL DEFAULT '1' COMMENT '监控状态 0-正常 1-停用 2-异常',
  `ctime` timestamp NOT NULL DEFAULT CURRENT_TIMESTAMP COMMENT '添加时间',
  `sort` tinyint(3) unsigned NOT NULL DEFAULT '99' COMMENT '排序',
  `auto_time` varchar(35) NOT NULL DEFAULT '' COMMENT '自动开启时间段',
  PRIMARY KEY (`id`)
) ENGINE=InnoDB AUTO_INCREMENT=11 DEFAULT CHARSET=utf8 COMMENT='监控表';

--
-- Dumping data for table `ya02wmsj_cecoe_camera`
--

INSERT INTO `ya02wmsj_cecoe_camera` VALUES (2,'西武山测试监控',2,'普通','',3232235796,'admin','Hik12345',0,1,0,0.0000000,0.0000000,'','/uploads/pic/20190604/1559614036_670016934.jpg','330122002201',1,'2019-06-03 10:08:23',99,'00:00-02:00,18:00-20:30'),(5,'1_修改',1,'普通','',0,'','',0,1,0,0.0000000,0.0000000,'','','330122101200',0,'2019-06-03 15:10:27',99,''),(6,'停车场监控1',1,'普通','',16843009,'admin','admin21',0,1,0,0.0000000,0.0000000,'','','331082001001',0,'2019-08-02 01:55:07',99,''),(7,'停车场监控2',1,'普通','',16843009,'admin','admin1',0,1,0,30.2788429,120.1796646,'','','331082001001',1,'2019-08-02 02:08:57',99,''),(8,'监控-永生村测试',1,'普通','',2083461434,'admin','admin12345',0,1,0,30.2788429,120.1796646,'','','331082001001',0,'2019-08-04 19:12:22',99,''),(9,'监控-永生村-外测试',1,'普通','',2083461435,'admin','admin12345',0,1,0,30.2788429,120.1796646,'','','331082001001',0,'2019-08-07 23:31:45',99,''),(10,'会议室',1,'普通','',3232235795,'admin','Hik12345',0,1,0,30.2788429,120.1796646,'','','331082001001',0,'2019-08-09 02:44:34',99,'');

--
-- Table structure for table `ya02wmsj_cecoe_camera_type`
--

CREATE TABLE `ya02wmsj_cecoe_camera_type` (
  `id` tinyint(3) unsigned NOT NULL AUTO_INCREMENT COMMENT '表ID',
  `region_code` char(13) NOT NULL DEFAULT '' COMMENT '区域编码，关联region表code',
  `name` varchar(21) NOT NULL DEFAULT '' COMMENT '监控类型 如厨房、操场',
  `sort` tinyint(3) unsigned NOT NULL DEFAULT '99' COMMENT '排序',
  `desc` varchar(201) NOT NULL DEFAULT '' COMMENT '监控类型描述',
  PRIMARY KEY (`id`)
) ENGINE=InnoDB AUTO_INCREMENT=7 DEFAULT CHARSET=utf8 COMMENT='监控类型表';

--
-- Dumping data for table `ya02wmsj_cecoe_camera_type`
--

INSERT INTO `ya02wmsj_cecoe_camera_type` VALUES (1,'','停车场',99,''),(2,'','收费站',99,'ddd'),(3,'','学校',99,'大门口, 食堂, 教室等场所'),(6,'','a',99,'a');

--
-- Table structure for table `ya02wmsj_cecoe_care`
--

CREATE TABLE `ya02wmsj_cecoe_care` (
  `id` int(10) unsigned NOT NULL AUTO_INCREMENT COMMENT '表ID',
  `name` varchar(101) NOT NULL DEFAULT '' COMMENT '标题',
  `desc` text COMMENT '关心描述',
  `uuid` char(32) NOT NULL DEFAULT '' COMMENT '录入人 关联user表uuid',
  `care_uuid` char(32) NOT NULL DEFAULT '' COMMENT '关心对象 关联special_info表uuid',
  `ctime` datetime NOT NULL DEFAULT '1970-01-01 00:00:00' COMMENT '录入时间',
  `status` tinyint(3) unsigned NOT NULL DEFAULT '1' COMMENT '状态 1-待落实  2-已落实',
  `sort` int(10) unsigned NOT NULL DEFAULT '99' COMMENT '排序',
  `finish_words` varchar(1002) NOT NULL DEFAULT '' COMMENT '结语',
  PRIMARY KEY (`id`)
) ENGINE=InnoDB AUTO_INCREMENT=6 DEFAULT CHARSET=utf8 COMMENT='关心群众记录表';

--
-- Dumping data for table `ya02wmsj_cecoe_care`
--

INSERT INTO `ya02wmsj_cecoe_care` VALUES (1,'冬月里给老人汤圆','','147fc88c22c3424087ca1bdc3d0a3dac','f05c15a775cc425abc93323f11d0b9fd','1970-01-01 00:00:00',1,99,''),(5,'关心留守儿童','222','4d92a971360243b0bab91e2ffc6740e3','956b64f5a12e47779790a0843d897a0c','2019-07-01 16:25:07',2,99,'222——3');

--
-- Table structure for table `ya02wmsj_cecoe_comment`
--

CREATE TABLE `ya02wmsj_cecoe_comment` (
  `id` int(10) unsigned NOT NULL AUTO_INCREMENT COMMENT '表ID',
  `pid` int(10) unsigned NOT NULL DEFAULT '0' COMMENT '评论父级id',
  `c_id` int(10) unsigned NOT NULL DEFAULT '0' COMMENT '评论内容id，关联content表id',
  `content` text COMMENT '评论内容',
  `status` enum('待审核','已审核','驳回','上线','下线') CHARACTER SET utf8 NOT NULL DEFAULT '待审核' COMMENT '评论的状态',
  `review_msg` varchar(1002) CHARACTER SET utf8 NOT NULL DEFAULT '' COMMENT '驳回意见',
  `create_time` timestamp NOT NULL DEFAULT CURRENT_TIMESTAMP COMMENT '评论创建时间',
  `uuid` char(32) CHARACTER SET utf8 NOT NULL COMMENT '评论人uuid，关联user表uuid',
  `audit_time` timestamp NOT NULL DEFAULT '0000-00-00 00:00:00' COMMENT '评论审核时间',
  `audit_user_id` char(32) CHARACTER SET utf8 NOT NULL DEFAULT '' COMMENT '评论审核人uuid，关联user表uuid',
  `release_time` timestamp NOT NULL DEFAULT '0000-00-00 00:00:00' COMMENT '评论上线的时间',
  `release_user_id` char(32) CHARACTER SET utf8 NOT NULL DEFAULT '' COMMENT '发布人uuid，关联user表uuid',
  PRIMARY KEY (`id`)
) ENGINE=InnoDB AUTO_INCREMENT=128 DEFAULT CHARSET=utf8mb4 COMMENT='评论表';

--
-- Dumping data for table `ya02wmsj_cecoe_comment`
--

INSERT INTO `ya02wmsj_cecoe_comment` VALUES (98,0,348,'是的，我们应该这样做','待审核','','2020-04-10 03:48:01','60a39148807e42a4abade7937eeec8d8','0000-00-00 00:00:00','','0000-00-00 00:00:00',''),(99,0,348,'临海很美','待审核','','2020-04-10 03:48:06','e6d47f5f00a14e9fbb1188a51b8659e7','0000-00-00 00:00:00','','0000-00-00 00:00:00',''),(103,0,114,'棒棒哒','待审核','','2020-04-10 08:37:51','0fb56a51cd124b90b7796885abdeb932','0000-00-00 00:00:00','','0000-00-00 00:00:00',''),(104,0,114,'厉害\\ud83d\\ude04','待审核','','2020-04-10 08:38:00','0fb56a51cd124b90b7796885abdeb932','0000-00-00 00:00:00','','0000-00-00 00:00:00',''),(105,0,63,'太棒了\\ud83d\\ude09','待审核','','2020-04-10 08:51:27','0fb56a51cd124b90b7796885abdeb932','0000-00-00 00:00:00','','0000-00-00 00:00:00',''),(106,0,66,'为你们点赞！！\\ud83d\\udc4d','待审核','','2020-04-10 08:53:13','0fb56a51cd124b90b7796885abdeb932','0000-00-00 00:00:00','','0000-00-00 00:00:00',''),(107,0,345,'继续努力','待审核','','2020-04-10 12:23:56','ff2f9e265bab43a98231ed487d6cd69b','0000-00-00 00:00:00','','0000-00-00 00:00:00',''),(108,0,312,'真好看','待审核','','2020-04-11 04:10:58','ff2f9e265bab43a98231ed487d6cd69b','0000-00-00 00:00:00','','0000-00-00 00:00:00',''),(110,0,37,'喜欢，特别喜欢','待审核','','2020-04-11 05:20:36','2b10d51f38144edcbef13f1c96b4414d','0000-00-00 00:00:00','','0000-00-00 00:00:00',''),(112,0,348,'美美美','待审核','','2020-04-11 05:24:42','0fb56a51cd124b90b7796885abdeb932','0000-00-00 00:00:00','','0000-00-00 00:00:00',''),(113,99,348,'完美！！','待审核','','2020-04-11 05:27:21','0fb56a51cd124b90b7796885abdeb932','0000-00-00 00:00:00','','0000-00-00 00:00:00',''),(114,98,348,'一起加油','待审核','','2020-04-11 05:28:45','0fb56a51cd124b90b7796885abdeb932','0000-00-00 00:00:00','','0000-00-00 00:00:00',''),(115,0,341,'可以','待审核','','2020-04-11 05:30:36','ff2f9e265bab43a98231ed487d6cd69b','0000-00-00 00:00:00','','0000-00-00 00:00:00',''),(116,0,346,'活动很棒','待审核','','2020-04-11 05:43:51','74a1ef21f9b74696b6bc8da1b6b995f9','0000-00-00 00:00:00','','0000-00-00 00:00:00',''),(117,0,63,'不错，支持\\ud83d\\ude01','待审核','','2020-04-11 06:27:02','60a39148807e42a4abade7937eeec8d8','0000-00-00 00:00:00','','0000-00-00 00:00:00',''),(118,0,346,'这个活动我也参加了✌(̿▀̿ ̿Ĺ̯̿̿▀̿ ̿)✌','待审核','','2020-04-11 06:32:29','60a39148807e42a4abade7937eeec8d8','0000-00-00 00:00:00','','0000-00-00 00:00:00',''),(119,0,92,'有没有线下服务地址呢','待审核','','2020-04-11 06:50:42','60a39148807e42a4abade7937eeec8d8','0000-00-00 00:00:00','','0000-00-00 00:00:00',''),(120,0,312,'扣扣','待审核','','2020-04-11 07:02:02','ff2f9e265bab43a98231ed487d6cd69b','0000-00-00 00:00:00','','0000-00-00 00:00:00',''),(121,0,323,'棒','待审核','','2020-04-11 07:06:39','ff2f9e265bab43a98231ed487d6cd69b','0000-00-00 00:00:00','','0000-00-00 00:00:00',''),(122,112,348,'还行','待审核','','2020-04-11 07:08:01','ff2f9e265bab43a98231ed487d6cd69b','0000-00-00 00:00:00','','0000-00-00 00:00:00',''),(123,0,312,'哈哈','待审核','','2020-04-11 07:30:09','e6d47f5f00a14e9fbb1188a51b8659e7','0000-00-00 00:00:00','','0000-00-00 00:00:00',''),(124,0,312,'哈哈','待审核','','2020-04-11 07:30:14','e6d47f5f00a14e9fbb1188a51b8659e7','0000-00-00 00:00:00','','0000-00-00 00:00:00',''),(125,0,303,'没有那么多的嘻嘻哈哈了','待审核','','2020-04-11 08:33:51','ff2f9e265bab43a98231ed487d6cd69b','0000-00-00 00:00:00','','0000-00-00 00:00:00',''),(126,0,303,'挺好看的','待审核','','2020-04-11 08:35:32','ff2f9e265bab43a98231ed487d6cd69b','0000-00-00 00:00:00','','0000-00-00 00:00:00',''),(127,0,348,'很棒','待审核','','2020-04-13 08:01:42','e6d47f5f00a14e9fbb1188a51b8659e7','0000-00-00 00:00:00','','0000-00-00 00:00:00','');

--
-- Table structure for table `ya02wmsj_cecoe_consult`
--

CREATE TABLE `ya02wmsj_cecoe_consult` (
  `id` int(10) unsigned NOT NULL AUTO_INCREMENT COMMENT '表ID',
  `activity_id` int(10) unsigned NOT NULL DEFAULT '0' COMMENT '活动ID，对应activity表ID',
  `c_title` varchar(101) NOT NULL DEFAULT '' COMMENT '征询标题',
  `c_pic` varchar(201) NOT NULL DEFAULT '' COMMENT '有图征询图片',
  `c_content` varchar(301) NOT NULL DEFAULT '' COMMENT '征询内容',
  PRIMARY KEY (`id`)
) ENGINE=InnoDB DEFAULT CHARSET=utf8 COMMENT='征询表';

--
-- Dumping data for table `ya02wmsj_cecoe_consult`
--


--
-- Table structure for table `ya02wmsj_cecoe_consult_option`
--

CREATE TABLE `ya02wmsj_cecoe_consult_option` (
  `id` int(10) unsigned NOT NULL AUTO_INCREMENT COMMENT '表ID',
  `activity_id` int(10) unsigned NOT NULL DEFAULT '0' COMMENT '活动ID，对应activity表ID',
  `option_desc` varchar(301) NOT NULL DEFAULT '' COMMENT '选项描述',
  `vote_number` mediumint(9) NOT NULL DEFAULT '0' COMMENT '投票数',
  PRIMARY KEY (`id`)
) ENGINE=InnoDB AUTO_INCREMENT=20 DEFAULT CHARSET=utf8 COMMENT='征询选项表';

--
-- Dumping data for table `ya02wmsj_cecoe_consult_option`
--

INSERT INTO `ya02wmsj_cecoe_consult_option` VALUES (4,10,'支持',2),(5,10,'不支持',0),(6,11,'很棒',1),(7,11,'点赞',1),(8,11,'继续加油',0),(15,24,'是',0),(16,24,'否',1);

--
-- Table structure for table `ya02wmsj_cecoe_consult_record`
--

CREATE TABLE `ya02wmsj_cecoe_consult_record` (
  `id` int(10) unsigned NOT NULL AUTO_INCREMENT COMMENT '表ID',
  `uuid` varchar(32) NOT NULL DEFAULT '' COMMENT '用户uuid，关联user表uuid,主要用于移动和h5端',
  `stb_id` varchar(51) NOT NULL DEFAULT '' COMMENT '答题人机顶盒ID',
  `ca_no` varchar(51) NOT NULL DEFAULT '' COMMENT '答题人CA卡号',
  `ip` int(10) unsigned NOT NULL DEFAULT '0' COMMENT '答题人机顶盒IP的整型',
  `option_id` int(10) unsigned NOT NULL DEFAULT '0' COMMENT '征询选项,对应option表ID',
  `join_time` datetime NOT NULL DEFAULT '1970-01-01 00:00:00' COMMENT '投票时间',
  `activity_id` int(10) unsigned NOT NULL DEFAULT '0' COMMENT '活动ID，对应activity表ID',
  PRIMARY KEY (`id`)
) ENGINE=InnoDB AUTO_INCREMENT=11 DEFAULT CHARSET=utf8 COMMENT='征询记录表';

--
-- Dumping data for table `ya02wmsj_cecoe_consult_record`
--

INSERT INTO `ya02wmsj_cecoe_consult_record` VALUES (1,'0','','',0,6,'2019-08-27 16:59:55',11),(2,'0','','',0,10,'2019-08-28 08:43:54',18),(3,'0','','',0,4,'2020-02-28 09:47:51',10),(4,'e8fca0ee863d4f7cb77904ff97a50131','','',0,7,'2020-03-19 15:44:18',11),(5,'81ec437c7b334378af7890eaf22934d3','','',0,16,'2020-03-20 15:30:17',24),(6,'97dab42630364208b93443bbe7b60f81','','',0,18,'2020-03-25 09:38:15',66),(7,'bb146100ace649a4aac3f27aa1f09b9c','','',0,18,'2020-03-25 18:47:03',66),(8,'5e7e3675e9da4b87aa949419a477bd87','','',0,18,'2020-03-30 17:13:09',66),(9,'37f316ca06494d059cfd0bafe1ab5e8f','','',0,18,'2020-04-02 16:28:55',66),(10,'5e7e3675e9da4b87aa949419a477bd87','','',0,4,'2020-04-03 08:22:54',10);

--
-- Table structure for table `ya02wmsj_cecoe_content`
--

CREATE TABLE `ya02wmsj_cecoe_content` (
  `id` int(10) unsigned NOT NULL AUTO_INCREMENT COMMENT '表ID',
  `title` varchar(201) NOT NULL DEFAULT '' COMMENT '标题',
  `contents` text COMMENT '内容',
  `video_path` varchar(51) NOT NULL DEFAULT '' COMMENT '视频，仅支持一个视频',
  `tv_play_url` varchar(302) NOT NULL DEFAULT '' COMMENT '电视端视频或者监控播放地址',
  `icon_path` varchar(302) NOT NULL DEFAULT '' COMMENT '图片存储路径集合，多个以逗号隔开',
  `type` enum('图文视频','相册','直播') NOT NULL DEFAULT '图文视频' COMMENT '内容样式',
  `node_id` varchar(51) NOT NULL DEFAULT '0' COMMENT '所属栏目ID',
  `status` enum('待审核','已审核','驳回','上线','下线') NOT NULL DEFAULT '待审核' COMMENT '文章状态',
  `path` varchar(1002) NOT NULL DEFAULT '' COMMENT '内容资源（图片）路径',
  `review_msg` varchar(201) NOT NULL DEFAULT '' COMMENT '驳回意见',
  `operate_user_id` char(32) NOT NULL DEFAULT '' COMMENT '录入人uuid，关联user表uuid',
  `audit_user_id` char(32) NOT NULL DEFAULT '' COMMENT '审核人uuid，关联user表uuid',
  `release_user_id` char(32) NOT NULL DEFAULT '' COMMENT '发布人uuid，关联user表uuid',
  `operate_time` timestamp NOT NULL DEFAULT CURRENT_TIMESTAMP COMMENT '录入时间',
  `audit_time` timestamp NOT NULL DEFAULT '0000-00-00 00:00:00' COMMENT '审核时间',
  `release_time` timestamp NOT NULL DEFAULT '0000-00-00 00:00:00' COMMENT '发布时间',
  `sort` int(10) unsigned NOT NULL DEFAULT '99' COMMENT '文章排序',
  `top_status` enum('n','y') NOT NULL DEFAULT 'n' COMMENT '是否推荐首页',
  `top_icon` varchar(201) NOT NULL DEFAULT '' COMMENT '推荐图片',
  `source` enum('pc','phone') NOT NULL DEFAULT 'pc' COMMENT '内容来源 ',
  `region_code` char(13) NOT NULL DEFAULT '' COMMENT '区域编码，关联region表code',
  `is_announce` enum('n','y') NOT NULL DEFAULT 'n' COMMENT '是否为预告内容',
  `start_time` timestamp NOT NULL DEFAULT '0000-00-00 00:00:00' COMMENT '预告内容开始时间',
  `end_time` timestamp NOT NULL DEFAULT '0000-00-00 00:00:00' COMMENT '预告内容结束时间',
  `show_type` enum('内容','评议','爆料') NOT NULL DEFAULT '内容' COMMENT '展示类型',
  `live_id` int(10) unsigned NOT NULL DEFAULT '0' COMMENT '直播间id',
  PRIMARY KEY (`id`)
) ENGINE=InnoDB AUTO_INCREMENT=363 DEFAULT CHARSET=utf8 COMMENT='内容表';

--
-- Dumping data for table `ya02wmsj_cecoe_content`
--

INSERT INTO `ya02wmsj_cecoe_content` VALUES (5,'台风天，临海几乎全城被淹，这个小区却挺住了！全因业主一起做了一件事','台风“利奇马”给临海市带来严重内涝，基础设施几乎全部瘫痪。但在临海城区，有这样一个小区，数百位业主众志成城，用棉被、沙包、垃圾桶筑成两米高堤坝，成功保住了小区。<img src=\"/uploads/ya02wmsj_cecoe/pic/20190819/1566199760_187249260.jpg\" alt=\"\"> 上午，艳阳高照，在湖畔尚城小区地下车库东门，不时有车辆驶进或驶出地下车库。一旁，一大堆沙包、被子、广告牌提醒着来往的业主，一场内涝刚刚退去。<img src=\"/uploads/ya02wmsj_cecoe/pic/20190819/1566199771_150536612.jpg\" alt=\"\"> 　　小区业主王宇说：“我们非常庆幸，也感谢每一个业主。这次行动，大家众志成城，无私奉献，拯救了湖畔小区的地下车库，没有让它进一滴水，保证我们台风期间没有停电、停水、停煤气。”<img src=\"/uploads/ya02wmsj_cecoe/pic/20190819/1566199782_722070138.jpg\" alt=\"\"> null','','','/uploads/ya02wmsj_cecoe/pic/20190819/1566199659_447699261.jpg','图文视频','21','上线','','','4d92a971360243b0bab91e2ffc6740e3','4d92a971360243b0bab91e2ffc6740e3','4d92a971360243b0bab91e2ffc6740e3','2019-08-18 23:29:46','2019-08-18 23:30:18','2019-08-18 23:30:31',99,'n','','pc','331082000000','n','0000-00-00 00:00:00','0000-00-00 00:00:00','内容',0),(6,'qwe','zxcvbnm,asdfghjkl','','','','图文视频','0','待审核','','','c8660342c12c407db87c61e137f86cb2','','','2019-08-20 22:31:50','0000-00-00 00:00:00','0000-00-00 00:00:00',99,'n','','phone','331082107232','n','0000-00-00 00:00:00','0000-00-00 00:00:00','评议',0),(7,'awerawer','qwerqwer','','','','图文视频','22','待审核','','','07df81ac21b5464e88b8267bf9347bee','','','2019-08-23 02:15:51','0000-00-00 00:00:00','0000-00-00 00:00:00',99,'y','/uploads/ya02wmsj_cecoe/pic/20190822/1566469329_94659618.jpg','phone','331082001001','n','0000-00-00 00:00:00','0000-00-00 00:00:00','爆料',0),(8,'理论测试','反反复复','','','','图文视频','11','待审核','','','4d92a971360243b0bab91e2ffc6740e3','','','2019-08-22 22:03:25','0000-00-00 00:00:00','0000-00-00 00:00:00',99,'n','','pc','331082000000','n','0000-00-00 00:00:00','0000-00-00 00:00:00','内容',0),(9,'理论2','理论3','','','','图文视频','11','待审核','','','4d92a971360243b0bab91e2ffc6740e3','','','2019-08-22 22:41:41','0000-00-00 00:00:00','0000-00-00 00:00:00',99,'n','','pc','331082000000','n','0000-00-00 00:00:00','0000-00-00 00:00:00','内容',0),(10,'理论3_修改','5','','','','图文视频','14','待审核','','','4d92a971360243b0bab91e2ffc6740e3','','','2019-08-23 00:28:06','0000-00-00 00:00:00','0000-00-00 00:00:00',99,'n','','pc','331082000000','n','0000-00-00 00:00:00','0000-00-00 00:00:00','内容',0),(11,'a','a','','','','图文视频','14','待审核','','','4d92a971360243b0bab91e2ffc6740e3','','','2019-09-02 01:27:00','0000-00-00 00:00:00','0000-00-00 00:00:00',99,'n','','pc','331082000000','n','0000-00-00 00:00:00','0000-00-00 00:00:00','内容',0),(12,'a','a','','','','图文视频','15','待审核','','','4d92a971360243b0bab91e2ffc6740e3','','','2019-09-02 01:27:26','0000-00-00 00:00:00','0000-00-00 00:00:00',99,'n','','pc','331082000000','n','0000-00-00 00:00:00','0000-00-00 00:00:00','内容',0),(21,'1','12','','','','相册','38','待审核','/uploads/ya02wmsj_cecoe/pic/20200115/1579074323_518023889.jpg','','4d92a971360243b0bab91e2ffc6740e3','','','2020-01-14 23:45:35','0000-00-00 00:00:00','0000-00-00 00:00:00',99,'n','','pc','331082005202','n','0000-00-00 00:00:00','0000-00-00 00:00:00','内容',0),(23,'1','1','','','','相册','38','待审核','/uploads/ya02wmsj_cecoe/pic/20200115/1579076605_532093180.jpg','','4d92a971360243b0bab91e2ffc6740e3','','','2020-01-15 00:23:33','0000-00-00 00:00:00','0000-00-00 00:00:00',99,'n','','pc','331082001000','n','0000-00-00 00:00:00','0000-00-00 00:00:00','内容',0),(35,'大家喜欢临海吗','说说你们的想法','','','','图文视频','34','上线','','','4d92a971360243b0bab91e2ffc6740e3','4d92a971360243b0bab91e2ffc6740e3','4d92a971360243b0bab91e2ffc6740e3','2020-03-03 19:38:04','2020-03-03 19:39:48','2020-03-03 19:40:28',99,'n','','pc','331082000000','n','0000-00-00 00:00:00','0000-00-00 00:00:00','内容',0),(36,'大家喜欢古城街道吗','大家喜欢古城街道吗','','','','图文视频','34','上线','','','4d92a971360243b0bab91e2ffc6740e3','4d92a971360243b0bab91e2ffc6740e3','4d92a971360243b0bab91e2ffc6740e3','2020-03-03 19:38:27','2020-03-03 19:40:01','2020-03-03 19:40:35',99,'n','','pc','331082001000','n','0000-00-00 00:00:00','0000-00-00 00:00:00','内容',0),(37,'大家喜欢文化社区吗','大家喜欢文化社区吗','','','','图文视频','34','上线','','','4d92a971360243b0bab91e2ffc6740e3','4d92a971360243b0bab91e2ffc6740e3','4d92a971360243b0bab91e2ffc6740e3','2020-03-03 19:39:01','2020-03-03 19:40:12','2020-03-03 19:40:45',99,'n','','pc','331082001001','n','0000-00-00 00:00:00','0000-00-00 00:00:00','内容',0),(38,'临海市人社局开展“清捡垃圾”志愿者活动 ','<p style=\"border: 0px; margin-top: 0.63em; margin-bottom: 1.8em; font-size: 16px; counter-reset: list-1 0 list-2 0 list-3 0 list-4 0 list-5 0 list-6 0 list-7 0 list-8 0 list-9 0; color: rgb(25, 25, 25); font-family: \"PingFang SC\", Arial, 微软雅黑, 宋体, simsun, sans-serif; background-color: rgb(255, 255, 255);\">为扎实做好我市国家卫生城市复查迎检工作</p><p style=\"border: 0px; margin-top: 0.63em; margin-bottom: 1.8em; font-size: 16px; counter-reset: list-1 0 list-2 0 list-3 0 list-4 0 list-5 0 list-6 0 list-7 0 list-8 0 list-9 0; color: rgb(25, 25, 25); font-family: \"PingFang SC\", Arial, 微软雅黑, 宋体, simsun, sans-serif; background-color: rgb(255, 255, 255);\">让我们的</p><p style=\"border: 0px; margin-top: 0.63em; margin-bottom: 1.8em; font-size: 16px; counter-reset: list-1 0 list-2 0 list-3 0 list-4 0 list-5 0 list-6 0 list-7 0 list-8 0 list-9 0; color: rgb(25, 25, 25); font-family: \"PingFang SC\", Arial, 微软雅黑, 宋体, simsun, sans-serif; background-color: rgb(255, 255, 255);\">城市形象更加优美亮丽</p><p style=\"border: 0px; margin-top: 0.63em; margin-bottom: 1.8em; font-size: 16px; counter-reset: list-1 0 list-2 0 list-3 0 list-4 0 list-5 0 list-6 0 list-7 0 list-8 0 list-9 0; color: rgb(25, 25, 25); font-family: \"PingFang SC\", Arial, 微软雅黑, 宋体, simsun, sans-serif; background-color: rgb(255, 255, 255);\">环境面貌更加整洁有序</p><p style=\"border: 0px; margin-top: 0.63em; margin-bottom: 1.8em; font-size: 16px; counter-reset: list-1 0 list-2 0 list-3 0 list-4 0 list-5 0 list-6 0 list-7 0 list-8 0 list-9 0; color: rgb(25, 25, 25); font-family: \"PingFang SC\", Arial, 微软雅黑, 宋体, simsun, sans-serif; background-color: rgb(255, 255, 255);\">市民素质更加文明有爱</p><p style=\"border: 0px; margin-top: 0.63em; margin-bottom: 1.8em; font-size: 16px; counter-reset: list-1 0 list-2 0 list-3 0 list-4 0 list-5 0 list-6 0 list-7 0 list-8 0 list-9 0; color: rgb(25, 25, 25); font-family: \"PingFang SC\", Arial, 微软雅黑, 宋体, simsun, sans-serif; background-color: rgb(255, 255, 255);\"><img src=\"http://5b0988e595225.cdn.sohucs.com/images/20190331/bd10787db82644b982e3c106cafa95a6.png\" style=\"border-width: 0px; border-style: initial; margin-top: 10px; margin-right: auto; margin-left: auto; display: block; max-width: 100%; height: auto;\"></p><p style=\"border: 0px; margin-top: 0.63em; margin-bottom: 1.8em; font-size: 16px; counter-reset: list-1 0 list-2 0 list-3 0 list-4 0 list-5 0 list-6 0 list-7 0 list-8 0 list-9 0; color: rgb(25, 25, 25); font-family: \"PingFang SC\", Arial, 微软雅黑, 宋体, simsun, sans-serif; background-color: rgb(255, 255, 255);\">3月30日上午，</p><p style=\"border: 0px; margin-top: 0.63em; margin-bottom: 1.8em; font-size: 16px; counter-reset: list-1 0 list-2 0 list-3 0 list-4 0 list-5 0 list-6 0 list-7 0 list-8 0 list-9 0; color: rgb(25, 25, 25); font-family: \"PingFang SC\", Arial, 微软雅黑, 宋体, simsun, sans-serif; background-color: rgb(255, 255, 255); text-align: justify;\">临海市人力资源和社会保障局党委书记、局长金如文，党委委员、副局长卢娅红分别带领局志愿者们赴南门社区开展“清捡垃圾“志愿者服务活动，以实际行动投身文明城市创建工作中。</p><p style=\"border: 0px; margin-top: 0.63em; margin-bottom: 1.8em; font-size: 16px; counter-reset: list-1 0 list-2 0 list-3 0 list-4 0 list-5 0 list-6 0 list-7 0 list-8 0 list-9 0; color: rgb(25, 25, 25); font-family: \"PingFang SC\", Arial, 微软雅黑, 宋体, simsun, sans-serif; background-color: rgb(255, 255, 255);\"><img src=\"http://5b0988e595225.cdn.sohucs.com/images/20190331/2a1c85e3829d4c09a8f83538af9c5d3e.jpeg\" style=\"border-width: 0px; border-style: initial; margin-top: 10px; margin-right: auto; margin-left: auto; display: block; max-width: 100%; height: auto;\"></p><p style=\"border: 0px; margin-top: 0.63em; margin-bottom: 1.8em; font-size: 16px; counter-reset: list-1 0 list-2 0 list-3 0 list-4 0 list-5 0 list-6 0 list-7 0 list-8 0 list-9 0; color: rgb(25, 25, 25); font-family: \"PingFang SC\", Arial, 微软雅黑, 宋体, simsun, sans-serif; background-color: rgb(255, 255, 255);\">局党委书记、局长金如文与局志愿者们</p><p style=\"border: 0px; margin-top: 0.63em; margin-bottom: 1.8em; font-size: 16px; counter-reset: list-1 0 list-2 0 list-3 0 list-4 0 list-5 0 list-6 0 list-7 0 list-8 0 list-9 0; color: rgb(25, 25, 25); font-family: \"PingFang SC\", Arial, 微软雅黑, 宋体, simsun, sans-serif; background-color: rgb(255, 255, 255);\"><img src=\"http://5b0988e595225.cdn.sohucs.com/images/20190331/5d9b14002f724143805141a5c5c36799.jpeg\" style=\"border-width: 0px; border-style: initial; margin-top: 10px; margin-right: auto; margin-left: auto; display: block; max-width: 100%; height: auto;\"></p><p style=\"border: 0px; margin-top: 0.63em; margin-bottom: 1.8em; font-size: 16px; counter-reset: list-1 0 list-2 0 list-3 0 list-4 0 list-5 0 list-6 0 list-7 0 list-8 0 list-9 0; color: rgb(25, 25, 25); font-family: \"PingFang SC\", Arial, 微软雅黑, 宋体, simsun, sans-serif; background-color: rgb(255, 255, 255);\">局党委委员、副局长卢娅红与局志愿者们</p><p style=\"border: 0px; margin-top: 0.63em; margin-bottom: 1.8em; font-size: 16px; counter-reset: list-1 0 list-2 0 list-3 0 list-4 0 list-5 0 list-6 0 list-7 0 list-8 0 list-9 0; color: rgb(25, 25, 25); font-family: \"PingFang SC\", Arial, 微软雅黑, 宋体, simsun, sans-serif; background-color: rgb(255, 255, 255);\">文明行动进行时。。。</p><p style=\"border: 0px; margin-top: 0.63em; margin-bottom: 1.8em; font-size: 16px; counter-reset: list-1 0 list-2 0 list-3 0 list-4 0 list-5 0 list-6 0 list-7 0 list-8 0 list-9 0; color: rgb(25, 25, 25); font-family: \"PingFang SC\", Arial, 微软雅黑, 宋体, simsun, sans-serif; background-color: rgb(255, 255, 255); text-align: justify;\">活动开始前,局领导进行了简单的宣传动员后,志愿者们立即行动起来,迅速投入到工作中。小到烟头、纸屑、果皮,大到纸盒、食品袋,就连草丛中和树杈上的垃圾,志愿者们都不放过。</p><p style=\"border: 0px; margin-top: 0.63em; margin-bottom: 1.8em; font-size: 16px; counter-reset: list-1 0 list-2 0 list-3 0 list-4 0 list-5 0 list-6 0 list-7 0 list-8 0 list-9 0; color: rgb(25, 25, 25); font-family: \"PingFang SC\", Arial, 微软雅黑, 宋体, simsun, sans-serif; background-color: rgb(255, 255, 255);\"><img src=\"http://5b0988e595225.cdn.sohucs.com/images/20190331/bb45ee7dadda4f1eb23684ad020e3ba9.jpeg\" style=\"border-width: 0px; border-style: initial; margin-top: 10px; margin-right: auto; margin-left: auto; display: block; max-width: 100%; height: auto;\"></p><p style=\"border: 0px; margin-top: 0.63em; margin-bottom: 1.8em; font-size: 16px; counter-reset: list-1 0 list-2 0 list-3 0 list-4 0 list-5 0 list-6 0 list-7 0 list-8 0 list-9 0; color: rgb(25, 25, 25); font-family: \"PingFang SC\", Arial, 微软雅黑, 宋体, simsun, sans-serif; background-color: rgb(255, 255, 255);\"><img src=\"http://5b0988e595225.cdn.sohucs.com/images/20190331/13af91fa386c425a9fa4a1ea1a72ab54.jpeg\" style=\"border-width: 0px; border-style: initial; margin-top: 10px; margin-right: auto; margin-left: auto; display: block; max-width: 100%; height: auto;\"></p><p style=\"border: 0px; margin-top: 0.63em; margin-bottom: 1.8em; font-size: 16px; counter-reset: list-1 0 list-2 0 list-3 0 list-4 0 list-5 0 list-6 0 list-7 0 list-8 0 list-9 0; color: rgb(25, 25, 25); font-family: \"PingFang SC\", Arial, 微软雅黑, 宋体, simsun, sans-serif; background-color: rgb(255, 255, 255);\"><img src=\"http://5b0988e595225.cdn.sohucs.com/images/20190331/180032b03111491a82120baa5cef8bde.jpeg\" style=\"border-width: 0px; border-style: initial; margin-top: 10px; margin-right: auto; margin-left: auto; display: block; max-width: 100%; height: auto;\"></p><p style=\"border: 0px; margin-top: 0.63em; margin-bottom: 1.8em; font-size: 16px; counter-reset: list-1 0 list-2 0 list-3 0 list-4 0 list-5 0 list-6 0 list-7 0 list-8 0 list-9 0; color: rgb(25, 25, 25); font-family: \"PingFang SC\", Arial, 微软雅黑, 宋体, simsun, sans-serif; background-color: rgb(255, 255, 255); text-align: center;\"><img src=\"http://5b0988e595225.cdn.sohucs.com/images/20190331/904539c0bed54e29847b13ae301022f5.jpeg\" style=\"border-width: 0px; border-style: initial; margin-top: 10px; margin-right: auto; margin-left: auto; display: block; max-width: 100%; height: auto;\"></p><p style=\"border: 0px; margin-top: 0.63em; margin-bottom: 1.8em; font-size: 16px; counter-reset: list-1 0 list-2 0 list-3 0 list-4 0 list-5 0 list-6 0 list-7 0 list-8 0 list-9 0; color: rgb(25, 25, 25); font-family: \"PingFang SC\", Arial, 微软雅黑, 宋体, simsun, sans-serif; background-color: rgb(255, 255, 255);\">文明行动进行时。。。</p><p style=\"border: 0px; margin-top: 0.63em; margin-bottom: 1.8em; font-size: 16px; counter-reset: list-1 0 list-2 0 list-3 0 list-4 0 list-5 0 list-6 0 list-7 0 list-8 0 list-9 0; color: rgb(25, 25, 25); font-family: \"PingFang SC\", Arial, 微软雅黑, 宋体, simsun, sans-serif; background-color: rgb(255, 255, 255); text-align: justify;\">哪里有垃圾哪里就有志愿者们闪动的身影。经过近10个小时的努力,每个人的垃圾袋中都已经“战果累累”。志愿者们虽然累得汗流浃背，但是看到干净整洁的景区、生活区大家都不由得露出欣慰的笑容。</p><p style=\"border: 0px; margin-top: 0.63em; margin-bottom: 1.8em; font-size: 16px; counter-reset: list-1 0 list-2 0 list-3 0 list-4 0 list-5 0 list-6 0 list-7 0 list-8 0 list-9 0; color: rgb(25, 25, 25); font-family: \"PingFang SC\", Arial, 微软雅黑, 宋体, simsun, sans-serif; background-color: rgb(255, 255, 255);\"><img src=\"http://5b0988e595225.cdn.sohucs.com/images/20190331/49ec1d8c9c5c490f9437474f53aac8ad.jpeg\" style=\"border-width: 0px; border-style: initial; margin-top: 10px; margin-right: auto; margin-left: auto; display: block; max-width: 100%; height: auto;\"></p><p style=\"border: 0px; margin-top: 0.63em; margin-bottom: 1.8em; font-size: 16px; counter-reset: list-1 0 list-2 0 list-3 0 list-4 0 list-5 0 list-6 0 list-7 0 list-8 0 list-9 0; color: rgb(25, 25, 25); font-family: \"PingFang SC\", Arial, 微软雅黑, 宋体, simsun, sans-serif; background-color: rgb(255, 255, 255);\"><img src=\"http://5b0988e595225.cdn.sohucs.com/images/20190331/8c308c4a66644ee6b1ca9343889d1f2b.jpeg\" style=\"border-width: 0px; border-style: initial; margin-top: 10px; margin-right: auto; margin-left: auto; display: block; max-width: 100%; height: auto;\"></p><p style=\"border: 0px; margin-top: 0.63em; margin-bottom: 1.8em; font-size: 16px; counter-reset: list-1 0 list-2 0 list-3 0 list-4 0 list-5 0 list-6 0 list-7 0 list-8 0 list-9 0; color: rgb(25, 25, 25); font-family: \"PingFang SC\", Arial, 微软雅黑, 宋体, simsun, sans-serif; background-color: rgb(255, 255, 255);\"><img src=\"http://5b0988e595225.cdn.sohucs.com/images/20190331/4e97cbcbf51c4ad7b43d04e9b496d1ac.jpeg\" style=\"border-width: 0px; border-style: initial; margin-top: 10px; margin-right: auto; margin-left: auto; display: block; max-width: 100%; height: auto;\"></p><p style=\"border: 0px; margin-top: 0.63em; margin-bottom: 1.8em; font-size: 16px; counter-reset: list-1 0 list-2 0 list-3 0 list-4 0 list-5 0 list-6 0 list-7 0 list-8 0 list-9 0; color: rgb(25, 25, 25); font-family: \"PingFang SC\", Arial, 微软雅黑, 宋体, simsun, sans-serif; background-color: rgb(255, 255, 255);\"><img src=\"http://5b0988e595225.cdn.sohucs.com/images/20190331/7537670657314875b8d9ad619db8175b.jpeg\" style=\"border-width: 0px; border-style: initial; margin-top: 10px; margin-right: auto; margin-left: auto; display: block; max-width: 100%; height: auto;\"></p><p style=\"border: 0px; margin-top: 0.63em; margin-bottom: 1.8em; font-size: 16px; counter-reset: list-1 0 list-2 0 list-3 0 list-4 0 list-5 0 list-6 0 list-7 0 list-8 0 list-9 0; color: rgb(25, 25, 25); font-family: \"PingFang SC\", Arial, 微软雅黑, 宋体, simsun, sans-serif; background-color: rgb(255, 255, 255);\">志愿者们忙碌的身影</p><p style=\"border: 0px; margin-top: 0.63em; margin-bottom: 1.8em; font-size: 16px; counter-reset: list-1 0 list-2 0 list-3 0 list-4 0 list-5 0 list-6 0 list-7 0 list-8 0 list-9 0; color: rgb(25, 25, 25); font-family: \"PingFang SC\", Arial, 微软雅黑, 宋体, simsun, sans-serif; background-color: rgb(255, 255, 255);\">文明行动进行时。。。</p><p style=\"border: 0px; margin-top: 0.63em; margin-bottom: 1.8em; font-size: 16px; counter-reset: list-1 0 list-2 0 list-3 0 list-4 0 list-5 0 list-6 0 list-7 0 list-8 0 list-9 0; color: rgb(25, 25, 25); font-family: \"PingFang SC\", Arial, 微软雅黑, 宋体, simsun, sans-serif; background-color: rgb(255, 255, 255);\">春花扑鼻迎，岂可不文明。</p><p style=\"border: 0px; margin-top: 0.63em; margin-bottom: 1.8em; font-size: 16px; counter-reset: list-1 0 list-2 0 list-3 0 list-4 0 list-5 0 list-6 0 list-7 0 list-8 0 list-9 0; color: rgb(25, 25, 25); font-family: \"PingFang SC\", Arial, 微软雅黑, 宋体, simsun, sans-serif; background-color: rgb(255, 255, 255);\">一市无穷责，双肩负重行。</p><p style=\"border: 0px; margin-top: 0.63em; margin-bottom: 1.8em; font-size: 16px; counter-reset: list-1 0 list-2 0 list-3 0 list-4 0 list-5 0 list-6 0 list-7 0 list-8 0 list-9 0; color: rgb(25, 25, 25); font-family: \"PingFang SC\", Arial, 微软雅黑, 宋体, simsun, sans-serif; background-color: rgb(255, 255, 255); text-align: justify;\">—— 水之善</p><p style=\"border: 0px; margin-top: 0.63em; margin-bottom: 1.8em; font-size: 16px; counter-reset: list-1 0 list-2 0 list-3 0 list-4 0 list-5 0 list-6 0 list-7 0 list-8 0 list-9 0; color: rgb(25, 25, 25); font-family: \"PingFang SC\", Arial, 微软雅黑, 宋体, simsun, sans-serif; background-color: rgb(255, 255, 255);\"><img src=\"http://5b0988e595225.cdn.sohucs.com/images/20190331/76d5565451ca4151bd36bb14a3ddac00.jpeg\" style=\"border-width: 0px; border-style: initial; margin-top: 10px; margin-right: auto; margin-left: auto; display: block; max-width: 100%; height: auto;\"></p><p style=\"border: 0px; margin-top: 0.63em; margin-bottom: 1.8em; font-size: 16px; counter-reset: list-1 0 list-2 0 list-3 0 list-4 0 list-5 0 list-6 0 list-7 0 list-8 0 list-9 0; color: rgb(25, 25, 25); font-family: \"PingFang SC\", Arial, 微软雅黑, 宋体, simsun, sans-serif; background-color: rgb(255, 255, 255);\"><img src=\"http://5b0988e595225.cdn.sohucs.com/images/20190331/223181a444274fde9c58f0b99b3997f6.jpeg\" style=\"border-width: 0px; border-style: initial; margin-top: 10px; margin-right: auto; margin-left: auto; display: block; max-width: 100%; height: auto;\"></p><p style=\"border: 0px; margin-top: 0.63em; margin-bottom: 1.8em; font-size: 16px; counter-reset: list-1 0 list-2 0 list-3 0 list-4 0 list-5 0 list-6 0 list-7 0 list-8 0 list-9 0; color: rgb(25, 25, 25); font-family: \"PingFang SC\", Arial, 微软雅黑, 宋体, simsun, sans-serif; background-color: rgb(255, 255, 255);\"><img src=\"http://5b0988e595225.cdn.sohucs.com/images/20190331/6e3cd1805a3c441ebbc9f2595965a35e.jpeg\" style=\"border-width: 0px; border-style: initial; margin-top: 10px; margin-right: auto; margin-left: auto; display: block; max-width: 100%; height: auto;\"></p><p style=\"border: 0px; margin-top: 0.63em; margin-bottom: 1.8em; font-size: 16px; counter-reset: list-1 0 list-2 0 list-3 0 list-4 0 list-5 0 list-6 0 list-7 0 list-8 0 list-9 0; color: rgb(25, 25, 25); font-family: \"PingFang SC\", Arial, 微软雅黑, 宋体, simsun, sans-serif; background-color: rgb(255, 255, 255);\"><img src=\"http://5b0988e595225.cdn.sohucs.com/images/20190331/012d8d3f2b1a4f1dac151f8be8cab290.jpeg\" style=\"border-width: 0px; border-style: initial; margin-top: 10px; margin-right: auto; margin-left: auto; display: block; max-width: 100%; height: auto;\"></p><p style=\"border: 0px; margin-top: 0.63em; margin-bottom: 1.8em; font-size: 16px; counter-reset: list-1 0 list-2 0 list-3 0 list-4 0 list-5 0 list-6 0 list-7 0 list-8 0 list-9 0; color: rgb(25, 25, 25); font-family: \"PingFang SC\", Arial, 微软雅黑, 宋体, simsun, sans-serif; background-color: rgb(255, 255, 255);\">通过此次志愿者环保捡垃圾活动，临海市人社局全体志愿者们希望能让更多的人加入到环保队伍中来，热爱生态环境，共同保护生态家园，共创美丽临海。</p>','','','','图文视频','30','下线','','','bd949488301b4bceb7e6750d6c2dc5df','4d92a971360243b0bab91e2ffc6740e3','4d92a971360243b0bab91e2ffc6740e3','2020-03-03 21:39:56','2020-03-03 21:42:21','2020-03-03 21:43:26',99,'y','/uploads/ya02wmsj_cecoe/pic/20200304/1583300367_143738534.jpeg','pc','331082000000','n','0000-00-00 00:00:00','0000-00-00 00:00:00','内容',0),(39,'共青团临海市委组织志愿者“公益过年”','<p style=\"margin-bottom: 0px; font-size: 16px; font-family: \"Microsoft YaHei\"; color: rgb(53, 53, 53); letter-spacing: 1px; line-height: 32px; text-indent: 2em;\"><strong>用青春打造独特的节日风景线</strong></p><figure class=\"wg wgImage\" style=\"color: rgb(53, 53, 53); font-family: \"Microsoft YaHei\"; letter-spacing: 1px;\"><img class=\"wgImage-source\" src=\"https://stc.zjol.com.cn/g1/M001950CggSDliVKs-AUx8WAADxZtiNAUA186.jpg?width=720&height=540\" style=\"max-width: 100%; height: auto;\"></figure><p style=\"margin-bottom: 0px; font-size: 16px; font-family: \"Microsoft YaHei\"; color: rgb(53, 53, 53); letter-spacing: 1px; line-height: 32px; text-indent: 2em;\">春节期间，为发动社会力量帮助群众过个好年，营造平安喜乐的过年氛围，临海团市委组织开展“公益过年”系列志愿活动，许多志愿者们参与其中，度过了一个公益春节。</p><p style=\"margin-bottom: 0px; font-size: 16px; font-family: \"Microsoft YaHei\"; color: rgb(53, 53, 53); letter-spacing: 1px; line-height: 32px; text-indent: 2em;\"><strong>温暖同行：</strong>春运期间，临海市火车站就没少过小红帽的身影。每天上下午，志愿者们准时出现，在火车站各个服务点为来往的旅客提供帮助。周涛是这群春运志愿者的负责人，自春运大幕拉起，他便活跃在火车站中。每日一早，为志愿者们分好工，他便来到火车站台上，为旅客们搬运大件行李，协助工作人员管理站台秩序，闲下了再和旅客们聊聊天，让人们在返乡路上感受到阵阵温暖。说起这次的志愿活动，周涛的脸上满是笑意：“每年的春运志愿我都参加，辛苦了一年，看到大家能快快乐乐地回家，我就打心眼儿里觉得高兴和满足。搬行李是个体力活儿，尤其春节回家，大家带的行李和年货都多，帮着搬几趟是蛮累，但看到他们轻松的笑脸，就有很多的干劲了。”&nbsp;</p><p style=\"margin-bottom: 0px; font-size: 16px; font-family: \"Microsoft YaHei\"; color: rgb(53, 53, 53); letter-spacing: 1px; line-height: 32px; text-indent: 2em;\">今年春节，临海火车站还多了一个特殊的角落，几位书法志愿者们在这儿摆开了桌子，为来往的旅客免费书写春联。金洪彪老师是其中的一员，他是临海市书法家协会的会员，说起这次志愿，他蛮有感慨：“以前送春联有参加过，但没来过火车站，回家的到家的人都来请我们写一份，好几个人都拿着春联要和我合照，说没想到回家前还能拿到这么有意义的春联，我说这也是我写的最有意义的春联！” 说话间，又有旅客过来请金老师写春联，他熟练地摊开红纸，龙飞凤舞地写下“大圣鸣金辞旧岁，雄鸡唱晓庆新春”。</p><p style=\"margin-bottom: 0px; font-size: 16px; font-family: \"Microsoft YaHei\"; color: rgb(53, 53, 53); letter-spacing: 1px; line-height: 32px; text-indent: 2em;\"><strong>美丽乡情：</strong>大年初三，一群小红帽就骑着自行车从临海市内出发，去往江南上马村开展“团圆过佳节，温暖全家福”志愿活动。志愿者们带着红灯笼、红围巾等道具为上马村的村民们免费拍摄全家福，用相机聚焦定格农村家庭春节团聚的美好幸福瞬间。</p><p style=\"margin-bottom: 0px; font-size: 16px; font-family: \"Microsoft YaHei\"; color: rgb(53, 53, 53); letter-spacing: 1px; line-height: 32px; text-indent: 2em;\">志愿者老马平日就是个摄影爱好者，每次志愿活动总能见到他活跃的身影，他也是临海摄影志愿服务队的队长。提起这次活动，他言语间满是骄傲，“我们的志愿队伍成立的时间不久，但每一位成员都充满爱心和奉献精神。大年初三的活动，本来以为参加的人不多，没想到辅一号召，大家就这么积极！每个队员都觉得公益过年这个形式太有意义了，农村家庭打工的人多，有些一年就团聚这么一次，我们这个时候去拍全家福，他们是真的感动，我们自己也收获了太多美好的东西”。</p><p style=\"margin-bottom: 0px; font-size: 16px; font-family: \"Microsoft YaHei\"; color: rgb(53, 53, 53); letter-spacing: 1px; line-height: 32px; text-indent: 2em;\">队员林林更是在志愿群里分享了一大篇的志愿感想，“在习主席的感召下，年关里奉献爱心，传遍了祖国大地的边远贫困山区农村。今天我参加了团市委为上马村村民免费拍摄全家福的公益活动，与村里的百姓一起度过了难忘的一天，有太多的喜乐、开心、趣闻、共享。然而更多是感动和骄傲！</p><p style=\"margin-bottom: 0px; font-size: 16px; font-family: \"Microsoft YaHei\"; color: rgb(53, 53, 53); letter-spacing: 1px; line-height: 32px; text-indent: 2em;\">感动的是：忘不了村民激动的泪花，依依不舍的送我们一程又一程，老远老远一一一一一一让我又一次重演当了一回“红军”⋯⋯骄傲的是：我们小分队也和祖国大地众多的志愿者队伍一样，把党的温暖、关爱送到了百姓心里。我们为此骄傲，因为我们的队伍越来越壮大。因为我是其中的队员！”</p><p style=\"margin-bottom: 0px; font-size: 16px; font-family: \"Microsoft YaHei\"; color: rgb(53, 53, 53); letter-spacing: 1px; line-height: 32px; text-indent: 2em;\"><strong>一路平安：</strong>春节期间，临海市的各大路口都繁忙了起来，来往车辆增多，行人来往也更加频繁。临海市几大主要路口的四角都站上了志愿者。过节期间，他们每天一大早就来到路口与交警一起执勤，进行文明劝导志愿活动。红灯亮，提醒行人等一等，绿灯亮，为行人注意两边车辆，同时注意着违规载人、电动车超速等情况，时刻保证各大路口的平安通行。</p><p style=\"margin-bottom: 0px; font-size: 16px; font-family: \"Microsoft YaHei\"; color: rgb(53, 53, 53); letter-spacing: 1px; line-height: 32px; text-indent: 2em;\">单双是临海市青少年服务中心的一员，也是本次文明劝导志愿活动的负责人，每天早上七点，她提前到达聚集点，为志愿者们分发志愿服装和交通文明劝导牌。戴好手套和口罩，志愿者们前往各自负责的路口站岗。有些行人会停下来和这些小红帽们聊上几句，被问到怎么大过年的还来路口做志愿，单双这样说：“今年过年还没想好要干什么，一听团委有组织志愿活动就来了，公益过年的这个概念我第一次听就很心动。每天文明劝导是有些辛苦，但这么几天站下来觉得特别有意义，就像是为临海市民们站好这一岗，新年期间守护了一个区域的安全，和以前的过年特别不一样，很开心很满足。”&nbsp;</p><p style=\"margin-bottom: 0px; font-size: 16px; font-family: \"Microsoft YaHei\"; color: rgb(53, 53, 53); letter-spacing: 1px; line-height: 32px; text-indent: 2em;\"><strong>志愿巡防：</strong>春节期间的晚上都是一家子聚一块儿的时间，在每个家庭相聚的时刻，一群平安志愿者们正在社区里穿梭，参加百日治安大巡防活动，保证着一方平安。穿上志愿服，拿着手电筒，志愿者们是黑夜里移动的光亮。小雨是巡逻队中的一员，每次的治安巡防她都有参加。她的志愿经历非常丰富，此次大巡防活动她也是负责人之一。谈到春节期间的巡防，她说：“这段时期更需要我们，过年过节要注意的事情更多，我们这些天巡防就特别注重火烛安全，每发现一个问题就多一份成就感，守护大家的春节安全，我觉得比以往的巡防都更有意义！”&nbsp;</p><p style=\"margin-bottom: 0px; font-size: 16px; font-family: \"Microsoft YaHei\"; color: rgb(53, 53, 53); letter-spacing: 1px; line-height: 32px; text-indent: 2em;\">公益过年新鲜而温馨，临海团市委倡导新年新风尚，选择用这一方式聚集起这样一群志愿者，赋予了传统佳节不一样的精神内涵，让暖流在大街小巷被传递和延续，形成了临海市独特的节日风景线。</p>','','','','图文视频','30','下线','','','bd949488301b4bceb7e6750d6c2dc5df','4d92a971360243b0bab91e2ffc6740e3','4d92a971360243b0bab91e2ffc6740e3','2020-03-03 21:41:57','2020-03-03 21:42:27','2020-03-03 21:43:32',99,'y','/uploads/ya02wmsj_cecoe/pic/20200304/1583300515_614430805.jpg','pc','331082000000','n','0000-00-00 00:00:00','0000-00-00 00:00:00','内容',0),(40,'古城街道举办公益性招聘会 助力企业复工复产','<div><br></div><section style=\"max-width: 100%; display: inline-block; box-sizing: border-box !important; overflow-wrap: break-word !important;\"><section style=\"max-width: 100%; background-color: rgb(254, 254, 254); box-sizing: border-box !important; overflow-wrap: break-word !important;\"><section style=\"max-width: 100%; display: flex; justify-content: center; align-items: center; box-sizing: border-box !important; overflow-wrap: break-word !important;\"><section style=\"max-width: 100%; box-sizing: border-box; width: 8px; height: 8px; background: rgb(159, 210, 236); border-radius: 50%; overflow-wrap: break-word !important;\"><br style=\"max-width: 100%; box-sizing: border-box !important; overflow-wrap: break-word !important;\"></section><p style=\"margin-bottom: 0px; max-width: 100%; clear: both; min-height: 1em; text-align: center; letter-spacing: 2px; box-sizing: border-box !important; overflow-wrap: break-word !important;\"><img data-ratio=\"1\" data-src=\"https://mmbiz.qpic.cn/mmbiz_gif/Ljib4So7yuWiaRkKXdbkAFcHgWMj4wecEjE54jUpsIOx3ko3ayMyeyRqFu5vxsNllwmoq5mS6a6t6SZWGhB5ibvOw/640?wx_fmt=gif\" data-type=\"gif\" data-w=\"18\" _width=\"18px\" src=\"https://mmbiz.qpic.cn/mmbiz_gif/Ljib4So7yuWiaRkKXdbkAFcHgWMj4wecEjE54jUpsIOx3ko3ayMyeyRqFu5vxsNllwmoq5mS6a6t6SZWGhB5ibvOw/640?wx_fmt=gif&tp=webp&wxfrom=5&wx_lazy=1\" class=\" __bg_gif\" data-order=\"0\" data-fail=\"0\" style=\"max-width: 100%; display: block; box-sizing: border-box !important; overflow-wrap: break-word !important; height: auto !important; width: 18px !important; visibility: visible !important;\"></p></section></section></section><section style=\"margin-top: -25px; margin-bottom: -12px; max-width: 100%; box-sizing: border-box !important; overflow-wrap: break-word !important;\"><section style=\"padding-top: 8px; padding-bottom: 8px; max-width: 100%; box-sizing: border-box; border-right-width: 2px; border-left-width: 2px; border-top: solid rgb(159, 210, 236); border-bottom: solid rgb(159, 210, 236); border-right-color: rgb(159, 210, 236); border-left-color: rgb(159, 210, 236); overflow-wrap: break-word !important;\"><section style=\"padding: 10px; max-width: 100%; box-sizing: border-box; background-color: rgb(218, 241, 252); overflow-wrap: break-word !important;\"><p style=\"margin-bottom: 0px; max-width: 100%; clear: both; min-height: 1em; color: rgb(51, 51, 51); font-family: -apple-system-font, BlinkMacSystemFont, \" helvetica=\"\" neue\",=\"\" \"pingfang=\"\" sc\",=\"\" \"hiragino=\"\" sans=\"\" gb\",=\"\" \"microsoft=\"\" yahei=\"\" ui\",=\"\" yahei\",=\"\" arial,=\"\" sans-serif;=\"\" font-size:=\"\" 17px;=\"\" letter-spacing:=\"\" 2px;=\"\" text-indent:=\"\" 2em;=\"\" line-height:=\"\" 1.75em;=\"\" box-sizing:=\"\" border-box=\"\" !important;=\"\" overflow-wrap:=\"\" break-word=\"\" !important;\"=\"\">为进一步贯彻落实全市统筹推进新冠肺炎疫情防控和经济发展工作部署会议精神，实现疫情防控和经济发展“两手都要硬”“两战都要赢”工作目标，2月28日，古城街道在崇和门西广场举行临海市复工复产公益性招聘会（古城街道分会场）招聘活动，进一步为用人企业及求职者提供更安全、更便捷的招聘服务，满足企业用工需求，积极推动企业复工复产。共有2650人到场参与，达成初步用工协议594份，其中古城街道居民540份。<strong style=\"max-width: 100%; font-family: \" helvetica=\"\" neue\",=\"\" helvetica,=\"\" \"hiragino=\"\" sans=\"\" gb\",=\"\" \"microsoft=\"\" yahei\",=\"\" \"apple=\"\" color=\"\" emoji\",=\"\" \"emoji=\"\" symbols=\"\" font\",=\"\" \"segoe=\"\" ui=\"\" symbol\",=\"\" arial,=\"\" sans-serif;=\"\" font-size:=\"\" 16px;=\"\" text-align:=\"\" justify;=\"\" text-indent:=\"\" 2em;=\"\" box-sizing:=\"\" border-box=\"\" !important;=\"\" overflow-wrap:=\"\" break-word=\"\" !important;\"=\"\">现场有2名低保户优先被企业录用。</strong></p><div><strong style=\"max-width: 100%; font-family: \" helvetica=\"\" neue\",=\"\" helvetica,=\"\" \"hiragino=\"\" sans=\"\" gb\",=\"\" \"microsoft=\"\" yahei\",=\"\" \"apple=\"\" color=\"\" emoji\",=\"\" \"emoji=\"\" symbols=\"\" font\",=\"\" \"segoe=\"\" ui=\"\" symbol\",=\"\" arial,=\"\" sans-serif;=\"\" font-size:=\"\" 16px;=\"\" text-align:=\"\" justify;=\"\" text-indent:=\"\" 2em;=\"\" box-sizing:=\"\" border-box=\"\" !important;=\"\" overflow-wrap:=\"\" break-word=\"\" !important;\"=\"\"><br></strong></div></section></section></section><div><div style=\"text-align: justify; text-indent: 32px;\"><font color=\"#333333\" face=\"Helvetica Neue, Helvetica, Hiragino Sans GB, Microsoft YaHei, Apple Color Emoji, Emoji Symbols Font, Segoe UI Symbol, Arial, sans-serif\"><b><br></b></font></div><div><p><img data-index=\"1583398016687-0\" src=\"/uploads/ya02wmsj_cecoe/pic/20200305/1583398110_588805748.jpg\" alt=\"\" style=\"width: 200px; height: 300px;\"> </p><p><img data-index=\"1583398040649-0\" src=\"/uploads/ya02wmsj_cecoe/pic/20200305/1583398134_407920254.jpg\" alt=\"\"> </p><section style=\"max-width: 100%; color: rgb(51, 51, 51); font-family: -apple-system-font, BlinkMacSystemFont, \" helvetica=\"\" neue\",=\"\" \"pingfang=\"\" sc\",=\"\" \"hiragino=\"\" sans=\"\" gb\",=\"\" \"microsoft=\"\" yahei=\"\" ui\",=\"\" yahei\",=\"\" arial,=\"\" sans-serif;=\"\" font-size:=\"\" 17px;=\"\" letter-spacing:=\"\" 0.544px;=\"\" text-align:=\"\" justify;=\"\" background-color:=\"\" rgb(255,=\"\" 255,=\"\" 255);=\"\" box-sizing:=\"\" border-box=\"\" !important;=\"\" overflow-wrap:=\"\" break-word=\"\" !important;\"=\"\"><section data-support=\"96编辑器\" data-style-id=\"26054\" style=\"max-width: 100%; box-sizing: border-box !important; overflow-wrap: break-word !important;\"><section style=\"margin-top: 10px; margin-bottom: 10px; max-width: 100%; box-sizing: border-box !important; overflow-wrap: break-word !important;\"><section style=\"margin-top: -14px; max-width: 100%; box-sizing: border-box !important; overflow-wrap: break-word !important;\"><p style=\"margin-right: auto; margin-bottom: 0px; margin-left: auto; max-width: 100%; clear: both; min-height: 1em; width: 12em; box-sizing: border-box !important; overflow-wrap: break-word !important;\"><img data-ratio=\"0.11914893617021277\" data-src=\"https://mmbiz.qpic.cn/mmbiz_gif/Ljib4So7yuWiaRkKXdbkAFcHgWMj4wecEjx9LZr0uxN0zt2fUGLaLbv9zATwk5o5wVGnHvc0JmdP7sXmj06CLakg/640?wx_fmt=gif\" data-type=\"gif\" data-w=\"235\" _width=\"235px\" src=\"https://mmbiz.qpic.cn/mmbiz_gif/Ljib4So7yuWiaRkKXdbkAFcHgWMj4wecEjx9LZr0uxN0zt2fUGLaLbv9zATwk5o5wVGnHvc0JmdP7sXmj06CLakg/640?wx_fmt=gif&tp=webp&wxfrom=5&wx_lazy=1\" class=\" __bg_gif\" data-order=\"2\" data-fail=\"0\" style=\"max-width: 100%; display: block; box-sizing: border-box !important; overflow-wrap: break-word !important; height: auto !important; width: 235px !important; visibility: visible !important;\"></p></section></section></section></section><section data-support=\"96编辑器\" data-style-id=\"26060\" style=\"max-width: 100%; color: rgb(51, 51, 51); font-family: -apple-system-font, BlinkMacSystemFont, \" helvetica=\"\" neue\",=\"\" \"pingfang=\"\" sc\",=\"\" \"hiragino=\"\" sans=\"\" gb\",=\"\" \"microsoft=\"\" yahei=\"\" ui\",=\"\" yahei\",=\"\" arial,=\"\" sans-serif;=\"\" font-size:=\"\" 17px;=\"\" letter-spacing:=\"\" 0.544px;=\"\" text-align:=\"\" justify;=\"\" background-color:=\"\" rgb(255,=\"\" 255,=\"\" 255);=\"\" box-sizing:=\"\" border-box=\"\" !important;=\"\" overflow-wrap:=\"\" break-word=\"\" !important;\"=\"\"><section style=\"margin-top: 10px; margin-bottom: 10px; max-width: 100%; box-sizing: border-box !important; overflow-wrap: break-word !important;\"><section style=\"max-width: 100%; display: flex; justify-content: center; align-items: center; box-sizing: border-box !important; overflow-wrap: break-word !important;\"><section data-width=\"12.5%\" style=\"max-width: 100%; width: 84.625px; height: 4px; background-color: rgb(45, 187, 236); box-sizing: border-box !important; overflow-wrap: break-word !important;\"><br style=\"max-width: 100%; box-sizing: border-box !important; overflow-wrap: break-word !important;\"></section><section data-width=\"12.5%\" style=\"max-width: 100%; width: 84.625px; height: 4px; background-color: rgb(209, 240, 251); box-sizing: border-box !important; overflow-wrap: break-word !important;\"><br style=\"max-width: 100%; box-sizing: border-box !important; overflow-wrap: break-word !important;\"></section><section data-width=\"12.5%\" style=\"max-width: 100%; width: 84.625px; height: 4px; background-color: rgb(156, 223, 246); box-sizing: border-box !important; overflow-wrap: break-word !important;\"><br style=\"max-width: 100%; box-sizing: border-box !important; overflow-wrap: break-word !important;\"></section><section data-width=\"12.5%\" style=\"max-width: 100%; width: 84.625px; height: 4px; background-color: rgb(45, 187, 236); box-sizing: border-box !important; overflow-wrap: break-word !important;\"><br style=\"max-width: 100%; box-sizing: border-box !important; overflow-wrap: break-word !important;\"></section><section data-width=\"12.5%\" style=\"max-width: 100%; width: 84.625px; height: 4px; background-color: rgb(0, 134, 207); box-sizing: border-box !important; overflow-wrap: break-word !important;\"><br style=\"max-width: 100%; box-sizing: border-box !important; overflow-wrap: break-word !important;\"></section><section data-width=\"12.5%\" style=\"max-width: 100%; width: 84.625px; height: 4px; background-color: rgb(202, 238, 250); box-sizing: border-box !important; overflow-wrap: break-word !important;\"><br style=\"max-width: 100%; box-sizing: border-box !important; overflow-wrap: break-word !important;\"></section><section data-width=\"12.5%\" style=\"max-width: 100%; width: 84.625px; height: 4px; background-color: rgb(45, 187, 236); box-sizing: border-box !important; overflow-wrap: break-word !important;\"><br style=\"max-width: 100%; box-sizing: border-box !important; overflow-wrap: break-word !important;\"></section><section data-width=\"12.5%\" style=\"max-width: 100%; width: 84.625px; height: 4px; background-color: rgb(156, 223, 246); box-sizing: border-box !important; overflow-wrap: break-word !important;\"><br style=\"max-width: 100%; box-sizing: border-box !important; overflow-wrap: break-word !important;\"></section></section><section style=\"padding: 15px; max-width: 100%; box-sizing: border-box; border-left: 4px solid rgb(45, 187, 236); border-right: 4px solid rgb(156, 223, 246); overflow-wrap: break-word !important;\"><p style=\"margin-bottom: 0px; max-width: 100%; clear: both; min-height: 1em; letter-spacing: 2px; text-indent: 2em; line-height: 1.75em; box-sizing: border-box !important; overflow-wrap: break-word !important;\">招聘会从上午9点持续到下午4点左右，汇集各类招聘企业50余家，为辖区企业和求职者搭建了良好的服务平台。进场企业提供了管理、技术、服务、生产加工、销售等工作岗位共2000余个。</p></section></section></section><p><img data-index=\"1583398088058-0\" src=\"/uploads/ya02wmsj_cecoe/pic/20200305/1583398184_264786214.jpg\" alt=\"\"></p><p><br></p><section data-support=\"96编辑器\" data-style-id=\"26049\" style=\"max-width: 100%; color: rgb(51, 51, 51); font-family: -apple-system-font, BlinkMacSystemFont, \" helvetica=\"\" neue\",=\"\" \"pingfang=\"\" sc\",=\"\" \"hiragino=\"\" sans=\"\" gb\",=\"\" \"microsoft=\"\" yahei=\"\" ui\",=\"\" yahei\",=\"\" arial,=\"\" sans-serif;=\"\" font-size:=\"\" 17px;=\"\" letter-spacing:=\"\" 0.544px;=\"\" text-align:=\"\" justify;=\"\" background-color:=\"\" rgb(255,=\"\" 255,=\"\" 255);=\"\" box-sizing:=\"\" border-box=\"\" !important;=\"\" overflow-wrap:=\"\" break-word=\"\" !important;\"=\"\"><section style=\"margin-top: 10px; margin-bottom: 10px; max-width: 100%; text-align: center; box-sizing: border-box !important; overflow-wrap: break-word !important;\"><section style=\"max-width: 100%; display: inline-block; box-sizing: border-box !important; overflow-wrap: break-word !important;\"><section data-width=\"70%\" style=\"margin-right: auto; margin-left: auto; max-width: 100%; box-sizing: border-box; border-top: 2px solid rgb(145, 220, 246); border-right: 2px solid rgb(145, 220, 246); border-left: 2px solid rgb(145, 220, 246); border-bottom: none; width: 215.594px; height: 20px; overflow-wrap: break-word !important;\"><br style=\"max-width: 100%; box-sizing: border-box !important; overflow-wrap: break-word !important;\"></section><section style=\"max-width: 100%; letter-spacing: 3px; box-sizing: border-box !important; overflow-wrap: break-word !important;\"><p style=\"margin-bottom: 0px; max-width: 100%; box-sizing: border-box; clear: both; min-height: 1em; -webkit-text-stroke: 1px rgb(0, 134, 207); overflow-wrap: break-word !important;\"><strong style=\"max-width: 100%; box-sizing: border-box !important; overflow-wrap: break-word !important;\">古城街道分会场现场情况</strong></p></section><section data-width=\"70%\" style=\"margin-right: auto; margin-left: auto; max-width: 100%; box-sizing: border-box; border-bottom: 2px solid rgb(145, 220, 246); border-right: 2px solid rgb(145, 220, 246); border-left: 2px solid rgb(145, 220, 246); border-top: none; width: 215.594px; height: 20px; overflow-wrap: break-word !important;\"><br style=\"max-width: 100%; box-sizing: border-box !important; overflow-wrap: break-word !important;\"></section></section></section></section><section style=\"max-width: 100%; color: rgb(51, 51, 51); font-family: -apple-system-font, BlinkMacSystemFont, \" helvetica=\"\" neue\",=\"\" \"pingfang=\"\" sc\",=\"\" \"hiragino=\"\" sans=\"\" gb\",=\"\" \"microsoft=\"\" yahei=\"\" ui\",=\"\" yahei\",=\"\" arial,=\"\" sans-serif;=\"\" font-size:=\"\" 17px;=\"\" letter-spacing:=\"\" 0.544px;=\"\" text-align:=\"\" justify;=\"\" background-color:=\"\" rgb(255,=\"\" 255,=\"\" 255);=\"\" box-sizing:=\"\" border-box=\"\" !important;=\"\" overflow-wrap:=\"\" break-word=\"\" !important;\"=\"\"><section data-support=\"96编辑器\" data-style-id=\"26049\" style=\"max-width: 100%; box-sizing: border-box !important; overflow-wrap: break-word !important;\"><section style=\"max-width: 100%; box-sizing: border-box !important; overflow-wrap: break-word !important;\"><section style=\"max-width: 100%; box-sizing: border-box !important; overflow-wrap: break-word !important;\"><section data-support=\"96编辑器\" data-style-id=\"23939\" style=\"max-width: 100%; box-sizing: border-box !important; overflow-wrap: break-word !important;\"><section style=\"max-width: 100%; box-sizing: border-box !important; overflow-wrap: break-word !important;\"><section data-width=\"8%\" style=\"margin-right: auto; margin-left: auto; max-width: 100%; width: 54.1563px; text-align: center; box-sizing: border-box !important; overflow-wrap: break-word !important;\"><img data-ratio=\"1.2222222222222223\" data-src=\"https://mmbiz.qpic.cn/mmbiz_gif/Ljib4So7yuWgQNqWVukQWtEode4Q2iaTawrdzljVPRSk9THngVKFG6X3328w2ZWwATF9dacJfAiafvkYj0Ps0RI6g/640?wx_fmt=gif\" data-type=\"gif\" data-w=\"144\" _width=\"auto\" class=\" __bg_gif\" src=\"https://mmbiz.qpic.cn/mmbiz_gif/Ljib4So7yuWgQNqWVukQWtEode4Q2iaTawrdzljVPRSk9THngVKFG6X3328w2ZWwATF9dacJfAiafvkYj0Ps0RI6g/640?wx_fmt=gif&tp=webp&wxfrom=5&wx_lazy=1\" data-order=\"3\" data-fail=\"0\" style=\"max-width: 100%; box-sizing: border-box !important; overflow-wrap: break-word !important; height: auto !important; width: auto !important; visibility: visible !important;\"></section><section data-width=\"8%\" style=\"margin-right: auto; margin-left: auto; max-width: 100%; width: 54.1563px; text-align: center; box-sizing: border-box !important; overflow-wrap: break-word !important;\"><br style=\"max-width: 100%; box-sizing: border-box !important; overflow-wrap: break-word !important;\"></section><section data-support=\"96编辑器\" data-style-id=\"26050\" style=\"max-width: 100%; box-sizing: border-box !important; overflow-wrap: break-word !important;\"><section style=\"margin-top: 10px; margin-bottom: 10px; max-width: 100%; text-align: left; box-sizing: border-box !important; overflow-wrap: break-word !important;\"><section style=\"max-width: 100%; display: inline-block; box-sizing: border-box !important; overflow-wrap: break-word !important;\"><section style=\"max-width: 100%; display: flex; justify-content: center; align-items: center; box-sizing: border-box !important; overflow-wrap: break-word !important;\"><section style=\"max-width: 100%; box-sizing: border-box; border-style: solid; border-width: 3px; border-color: rgb(45, 187, 236); width: 30px; height: 50px; overflow-wrap: break-word !important;\"><br style=\"max-width: 100%; box-sizing: border-box !important; overflow-wrap: break-word !important;\"></section><section style=\"margin-left: -15px; max-width: 100%; box-sizing: border-box !important; overflow-wrap: break-word !important;\"><section style=\"padding: 4px 10px; max-width: 100%; box-sizing: border-box; background-color: rgb(200, 237, 249); overflow-wrap: break-word !important;\"><p style=\"margin-bottom: 0px; max-width: 100%; clear: both; min-height: 1em; letter-spacing: 2px; text-indent: 2em; line-height: 1.75em; box-sizing: border-box !important; overflow-wrap: break-word !important;\">一大早，求职者们早早地来到现场，并在海报前仔细查看企业发布的招聘岗位。</p></section></section></section></section></section></section></section></section></section></section></section></section><p><img data-index=\"1583398272108-0\" src=\"/uploads/ya02wmsj_cecoe/pic/20200305/1583398365_881645121.jpg\" alt=\"\"> </p><p style=\"margin-bottom: 0px; max-width: 100%; clear: both; min-height: 1em; color: rgb(51, 51, 51); font-family: -apple-system-font, BlinkMacSystemFont, \" helvetica=\"\" neue\",=\"\" \"pingfang=\"\" sc\",=\"\" \"hiragino=\"\" sans=\"\" gb\",=\"\" \"microsoft=\"\" yahei=\"\" ui\",=\"\" yahei\",=\"\" arial,=\"\" sans-serif;=\"\" font-size:=\"\" 17px;=\"\" letter-spacing:=\"\" 0.544px;=\"\" text-align:=\"\" center;=\"\" background-color:=\"\" rgb(255,=\"\" 255,=\"\" 255);=\"\" box-sizing:=\"\" border-box=\"\" !important;=\"\" overflow-wrap:=\"\" break-word=\"\" !important;\"=\"\"><br></p><section data-width=\"100%\" style=\"margin-top: -50px; max-width: 100%; color: rgb(51, 51, 51); font-family: -apple-system-font, BlinkMacSystemFont, \" helvetica=\"\" neue\",=\"\" \"pingfang=\"\" sc\",=\"\" \"hiragino=\"\" sans=\"\" gb\",=\"\" \"microsoft=\"\" yahei=\"\" ui\",=\"\" yahei\",=\"\" arial,=\"\" sans-serif;=\"\" font-size:=\"\" 17px;=\"\" letter-spacing:=\"\" 0.544px;=\"\" text-align:=\"\" center;=\"\" background-color:=\"\" rgb(255,=\"\" 255,=\"\" 255);=\"\" display:=\"\" inline-block;=\"\" width:=\"\" 677px;=\"\" box-sizing:=\"\" border-box=\"\" !important;=\"\" overflow-wrap:=\"\" break-word=\"\" !important;\"=\"\"><section style=\"margin-left: 10px; max-width: 100%; box-sizing: border-box; width: 0px; display: inline-block; vertical-align: middle; border-bottom: 1.2em solid rgb(130, 170, 255); overflow-wrap: break-word !important; border-left: 1.2em solid transparent !important; border-right: 1.2em solid transparent !important;\"><br style=\"max-width: 100%; box-sizing: border-box !important; overflow-wrap: break-word !important;\"></section><section style=\"margin-top: -5px; padding: 5px 10px 3px; max-width: 100%; box-sizing: border-box; background-color: rgb(130, 170, 255); overflow-wrap: break-word !important;\"><section style=\"max-width: 100%; letter-spacing: 2px; text-align: left; text-indent: 2em; line-height: 1.75em; box-sizing: border-box !important; overflow-wrap: break-word !important;\">为了方便求职者查看招聘岗位，古城街道编印了与现场海报一致的招聘岗位手册。</section><section style=\"max-width: 100%; letter-spacing: 2px; text-indent: 2em; line-height: 1.75em; box-sizing: border-box !important; overflow-wrap: break-word !important;\"><br style=\"max-width: 100%; box-sizing: border-box !important; overflow-wrap: break-word !important;\"></section><section style=\"max-width: 100%; letter-spacing: 2px; text-indent: 2em; line-height: 1.75em; box-sizing: border-box !important; overflow-wrap: break-word !important;\">现场发放招聘宣传手册</section></section></section><p><br></p></div></div>','','','/uploads/ya02wmsj_cecoe/pic/20200319/3de85d79a8fbcebe5023057b0d70791b.jpg','图文视频','67','下线','','1','4d92a971360243b0bab91e2ffc6740e3','4d92a971360243b0bab91e2ffc6740e3','4d92a971360243b0bab91e2ffc6740e3','2020-03-19 01:56:44','2020-03-19 01:56:54','2020-03-19 01:57:03',99,'n','','pc','331082000000','n','0000-00-00 00:00:00','0000-00-00 00:00:00','内容',0),(41,'浙江临海：非遗剪纸《众志成城》，为抗击疫情加油','<p>　　在台州临海，五十多岁的“临海剪纸”代表性传承人张秀娟端坐在桌子前，认真专注地用剪刀剪下一个方块、一条线条、一个字符。</p><p><img data-index=\"1583458218524-0\" src=\"/uploads/ya02wmsj_cecoe/pic/20200306/1583458313_38127303.jpg\" alt=\"\"> </p><p>　　桌子上铺满了剪下来的纸片，在剪刀的行走之间，一幅展现全国上下坚定信心、同舟共济、科学防治的剪纸作品《众志成城》渐渐成型。</p><p><img data-index=\"1583458263846-0\" src=\"/uploads/ya02wmsj_cecoe/pic/20200306/1583458358_383153844.jpg\" alt=\"\"> </p><p>　　这幅《众志成城》作品由国旗、背着针筒全副武装的医护人员、长城、宅居在家的民众组成。采用分色剪纸方法，用黑、白、红三种色纸剪贴而成，画面宽100厘米，高60厘米，鲜艳的五行红旗高高飘扬，召唤着英雄的中华儿女不怕一切困难，去争取胜利。</p><p style=\"margin-bottom: 25px; max-width: 100%; overflow-wrap: break-word; clear: both; min-height: 1em; letter-spacing: 0.544px; text-align: justify; -webkit-tap-highlight-color: rgba(0, 0, 0, 0); font-size: 18px; word-break: normal; background-color: rgb(255, 255, 255); color: rgb(47, 47, 47); font-family: PingFangSC-Regular, STXihei, Verdana, Calibri, Helvetica, Arial, sans-serif; box-sizing: border-box !important;\">张秀娟告诉记者，抗击“新冠肺炎”是一场全民战争，前线的白衣战士冲锋在前，后方的14亿人民宅居在家，不但自觉隔断一切病毒传播的途径，还不忘努力学习、网上办公，尽职尽责做好战士们前行的基石。</p><p style=\"margin-bottom: 25px; max-width: 100%; overflow-wrap: break-word; clear: both; min-height: 1em; letter-spacing: 0.544px; text-align: justify; -webkit-tap-highlight-color: rgba(0, 0, 0, 0); font-size: 18px; word-break: normal; background-color: rgb(255, 255, 255); color: rgb(47, 47, 47); font-family: PingFangSC-Regular, STXihei, Verdana, Calibri, Helvetica, Arial, sans-serif; box-sizing: border-box !important;\">画面正中最醒目的地方有两行文字“明辨是非，绝不发未经确认的信息；做好本职，我们是英雄前行的基石”。</p><p style=\"margin-bottom: 25px; max-width: 100%; overflow-wrap: break-word; clear: both; min-height: 1em; letter-spacing: 0.544px; text-align: justify; -webkit-tap-highlight-color: rgba(0, 0, 0, 0); font-size: 18px; word-break: normal; background-color: rgb(255, 255, 255); color: rgb(47, 47, 47); font-family: PingFangSC-Regular, STXihei, Verdana, Calibri, Helvetica, Arial, sans-serif; box-sizing: border-box !important;\">文字构成巨型砖块，压在长城之上，使长城整体呈巨形“U”字，“U”字漕沟石在中国古代大型建筑中采用，象征坚固永恒，文字采用宋体印刷字，既有历史积淀，也更容易阅读。</p><p><img data-index=\"1583458318635-0\" src=\"/uploads/ya02wmsj_cecoe/pic/20200306/1583458413_121559137.jpg\" alt=\"\"> </p><p>　　张秀娟说：“这张作品的精细程度超过以往任何一张，有一厘米的城砖，还有0.5厘米的落款小字。我都五十多岁了，一般都在‘艺’上提升，不再在‘技’上死磕。但想想钟南山84岁上战场，我也试试看，挑战极限。”她从大年初一开始构思创作，白天晚上都在琢磨用什么样的方式展示，用什么样的技法表现，花了整整八天时间才完成这幅作品。</p><p style=\"margin-bottom: 25px; max-width: 100%; overflow-wrap: break-word; clear: both; min-height: 1em; letter-spacing: 0.544px; text-align: justify; -webkit-tap-highlight-color: rgba(0, 0, 0, 0); font-size: 18px; word-break: normal; background-color: rgb(255, 255, 255); color: rgb(47, 47, 47); font-family: PingFangSC-Regular, STXihei, Verdana, Calibri, Helvetica, Arial, sans-serif; box-sizing: border-box !important;\">这幅作品是全中国百姓团结一心抵御疫情的写照，也是对早日取得疫情阻击战胜利的呐喊。民众的“宅居在家，众志成城” 是前线战士前进的基石，“明辨是非、不传谣、不信谣”是打赢这场没有硝烟的战争的前提。</p><p style=\"margin-bottom: 25px; max-width: 100%; overflow-wrap: break-word; clear: both; min-height: 1em; letter-spacing: 0.544px; text-align: justify; -webkit-tap-highlight-color: rgba(0, 0, 0, 0); font-size: 18px; word-break: normal; background-color: rgb(255, 255, 255); color: rgb(47, 47, 47); font-family: PingFangSC-Regular, STXihei, Verdana, Calibri, Helvetica, Arial, sans-serif; box-sizing: border-box !important;\">透过这幅《众志成城》剪纸作品，可以看到创作者满怀激情地希望这一场全民抗击病毒的战争早日取得胜利的心愿：众志成城，可克万难，中国加油。</p>','','','/uploads/ya02wmsj_cecoe/pic/20200318/7a0743bf5ed10f421d08ed751d49fff7.jpg','图文视频','38','上线','','','4d92a971360243b0bab91e2ffc6740e3','4d92a971360243b0bab91e2ffc6740e3','4d92a971360243b0bab91e2ffc6740e3','2020-03-18 02:32:24','2020-03-18 02:32:39','2020-03-18 02:32:47',99,'n','','pc','331082000000','n','0000-00-00 00:00:00','0000-00-00 00:00:00','内容',0),(42,'唐诗之路游艺会 串起昨日和今朝','!!!!!!!!','','','','相册','38','上线','/uploads/ya02wmsj_cecoe/pic/20200306/1583465050_623203532.png,/uploads/ya02wmsj_cecoe/pic/20200306/1583465052_628660887.jpg,/uploads/ya02wmsj_cecoe/pic/20200306/1583465054_701876847.jpg,/uploads/ya02wmsj_cecoe/pic/20200306/1583465056_631714652.jpg,/uploads/ya02wmsj_cecoe/pic/20200306/1583465062_6825157.jpg','','4d92a971360243b0bab91e2ffc6740e3','4d92a971360243b0bab91e2ffc6740e3','4d92a971360243b0bab91e2ffc6740e3','2020-03-05 19:24:22','2020-03-05 18:12:02','2020-03-05 18:14:25',99,'n','','pc','331082000000','n','0000-00-00 00:00:00','0000-00-00 00:00:00','内容',0),(43,'省科技厅组织开展应急科技攻关，做疫情防控的坚强科技后盾','<p>　　当前，新型冠状病毒感染的肺炎疫情防控形势严峻，省科技厅紧急组织全省优势科研力量，围绕传染病流行病学、发病机制和疾病防治等疫情防控亟需解决的技术难题，开展联合应急攻关，为打赢疫情防控阻击战提供坚强科技支撑。</p><p><img data-index=\"1583458558094-0\" src=\"/uploads/ya02wmsj_cecoe/pic/20200306/1583458652_528332291.jpg\" alt=\"\"></p><p>　　省科技厅先行启动由国家卫健委高级别专家组成员、中国工程院院士李兰娟领衔，分别由浙江大学、省疾控中心作为牵头单位开展的“新型冠状病毒病原变异与防控关键技术研究”和“新型冠状病毒肺炎的应急防控及诊治技术研究”2个重大科技专项。</p><p>　　同时，启动新型冠状病毒感染防治省自然科学基金基础研究专项，通过基础研究、临床应用到产品开发的全链布局，增强防控能力</p><p><img data-index=\"1583458616696-0\" src=\"/uploads/ya02wmsj_cecoe/pic/20200306/1583458711_237227866.jpg\" alt=\"\"> </p><p>　　1月28日，李兰娟所在的浙江大学医学院附属第一医院传染病诊治国家重点实验室传来好消息，实验室已经分离到三株新型冠状病毒。李兰娟说，实验室接下来要对病毒的变异、病毒的致病力进行研究，以及通过病毒来研究新型的疫苗。</p><p><img data-index=\"1583458636410-0\" src=\"/uploads/ya02wmsj_cecoe/pic/20200306/1583458730_843715266.jpg\" alt=\"\"> </p><p>　　疫情发生以来，省疾控中心“浙江省公共卫生应急检测关键技术重点实验室”成员建立完善检测方法，迅速开展本省首例疑似患者的确诊检测和全基因组测序工作，为浙江省病例的早诊早治和传染源的控制提供了技术保障。同时，省疾控中心紧急启用生物安全三级实验室，于1月22日首批获得国家资质。1月24日，省疾控中心成功分离了首株新型冠状病毒毒株，是全国首家进行成功分离的省级疾控单位。</p><p><img data-index=\"1583458652419-0\" src=\"/uploads/ya02wmsj_cecoe/pic/20200306/1583458746_945274400.jpg\" alt=\"\"> </p><p>　　目前已取得的这些科研成果，将加快推动疫苗研制、抗病毒药物筛选和发病机制研究。</p>','','','','图文视频','39','下线','','','4d92a971360243b0bab91e2ffc6740e3','4d92a971360243b0bab91e2ffc6740e3','4d92a971360243b0bab91e2ffc6740e3','2020-03-05 17:39:33','2020-03-05 18:12:16','2020-03-05 18:14:32',99,'y','/uploads/ya02wmsj_cecoe/pic/20200306/1583458772_236006712.jpg','pc','331082000000','n','0000-00-00 00:00:00','0000-00-00 00:00:00','内容',0),(44,'临海市2020年高新技术企业业务培训会圆满举行','<p>　　为进一步落实《临海市加快培育高新技术企业行动方案（2017—2021年）》，深入实施创新驱动发展战略，12月19日下午，市科技局举办了2020年高新技术企业业务培训会。浙江头门港经济开发区、各镇（街道）工办负责人，以及70余家企业的科技管理人员和财务人员参加了本次培训，到场近150人，场面空前火爆。</p><p><img data-index=\"1583458785990-0\" src=\"/uploads/ya02wmsj_cecoe/pic/20200306/1583458880_439439621.jpg\" alt=\"\"> </p><p>　　培训会上，市科技局林凤翔副局长指出了高企认定对企业品牌价值、含金量提升的重要意义，并建议企业提早谋划，制定高企申报月度工作计划表，明确每月的工作目标、具体责任人，倒排进度，确保企业顺利通过高企认定。林凤翔还要求企业经办人员深入研读《高新技术企业申报指南》，切实掌握申报业务，提早编制申报材料，做好充分准备。</p><p><img data-index=\"1583458816691-0\" src=\"/uploads/ya02wmsj_cecoe/pic/20200306/1583458911_144152891.jpg\" alt=\"\"> </p><p>　　此外，培训会还邀请税务部门专家对研发费加计扣除政策进行了详细讲解，指导企业财务人员正确归集研发费用，规范财务管理。</p><p><img data-index=\"1583458838450-0\" src=\"/uploads/ya02wmsj_cecoe/pic/20200306/1583458932_892735146.jpg\" alt=\"\"> </p><p>　　同时，结合最新的高企申报要求，市科技局综合计划一科从高企申报准备工作、政策解读和材料准备要求等方面，系统指导企业做好各项准备工作。下阶段，市科技局将会联合财政局、税务局开展大走访活动，深入申报企业上门开展业务指导，形成推进高企认定的工作合力，推动企业通过高企认定加快科技创新，助力转型升级。</p>','','','/uploads/ya02wmsj_cecoe/pic/20200306/1583458952_681595391.jpg','图文视频','39','下线','','','4d92a971360243b0bab91e2ffc6740e3','4d92a971360243b0bab91e2ffc6740e3','4d92a971360243b0bab91e2ffc6740e3','2020-03-05 17:42:34','2020-03-05 18:12:32','2020-03-05 18:14:38',99,'n','','pc','331082000000','n','0000-00-00 00:00:00','0000-00-00 00:00:00','内容',0),(45,'未来50年前沿科技趋势与22个预测','<p>　　任何理论研究，必须具有符合未来发展趋势的预测，才能体现其可能的价值。近15年来，我们深入研究互联网结构的变化，提出在过去50年里，互联网从网状结构进化成为大脑模型是21世纪前沿科技爆发的根源，包括物联网，云计算，大数据，边缘计算，区块链，云机器人，城市大脑，人工智能等50多个科技概念的产生和兴起都与互联网大脑的发育有关。</p><p>　　2019年出版的《崛起的超级智能》绘制了一幅互联网大脑的发育与前沿科技兴起的关系图，是对过去15年来持续对互联网大脑进化的跟踪和研究总结，也是对未来的预测。</p><p><img data-index=\"1583459220818-0\" src=\"/uploads/ya02wmsj_cecoe/pic/20200306/1583459315_288597264.jpg\" alt=\"\"> </p><p><br></p><section class=\"\" data-support=\"96编辑器\" data-style-id=\"19611\" data-color=\"rgb(42, 167, 255)\" style=\"max-width: 100%; color: rgb(51, 51, 51); font-family: -apple-system-font, BlinkMacSystemFont, \"Helvetica Neue\", \"PingFang SC\", \"Hiragino Sans GB\", \"Microsoft YaHei UI\", \"Microsoft YaHei\", Arial, sans-serif; font-size: 17px; letter-spacing: 0.544px; text-align: justify; background-color: rgb(255, 255, 255); box-sizing: border-box !important; overflow-wrap: break-word !important;\"><section style=\"margin: 10px 16px; max-width: 100%; text-align: center; box-sizing: border-box !important; overflow-wrap: break-word !important;\"><section style=\"max-width: 100%; background-color: rgb(42, 167, 255); display: inline-block; vertical-align: top; color: rgb(255, 255, 255); box-sizing: border-box !important; overflow-wrap: break-word !important;\"><section style=\"padding: 2px 15px; max-width: 100%; box-sizing: border-box; letter-spacing: 2px; overflow-wrap: break-word !important;\"><p style=\"margin-bottom: 0px; max-width: 100%; clear: both; min-height: 1em; box-sizing: border-box !important; overflow-wrap: break-word !important;\"><strong style=\"max-width: 100%; box-sizing: border-box !important; overflow-wrap: break-word !important;\">2019年面向未来的科技预言</strong></p><div><strong style=\"max-width: 100%; box-sizing: border-box !important; overflow-wrap: break-word !important;\"><br></strong></div></section></section></section></section><section style=\"margin-right: 16px; margin-left: 16px; max-width: 100%; color: rgb(51, 51, 51); font-family: -apple-system-font, BlinkMacSystemFont, \"Helvetica Neue\", \"PingFang SC\", \"Hiragino Sans GB\", \"Microsoft YaHei UI\", \"Microsoft YaHei\", Arial, sans-serif; font-size: 17px; letter-spacing: 0.544px; text-align: justify; background-color: rgb(255, 255, 255); line-height: 2em; box-sizing: border-box !important; overflow-wrap: break-word !important;\">应该说在2008年我们发表的第一篇论文《互联网进化的7条规律》本身就是一次对未来的预言（后在2012年《互联网进化论》一书中又提出了2条规律）。它们分别是：</section><section style=\"max-width: 100%; color: rgb(51, 51, 51); font-family: -apple-system-font, BlinkMacSystemFont, \"Helvetica Neue\", \"PingFang SC\", \"Hiragino Sans GB\", \"Microsoft YaHei UI\", \"Microsoft YaHei\", Arial, sans-serif; font-size: 17px; letter-spacing: 0.544px; text-align: justify; background-color: rgb(255, 255, 255); box-sizing: border-box !important; overflow-wrap: break-word !important;\"><br style=\"max-width: 100%; box-sizing: border-box !important; overflow-wrap: break-word !important;\"></section><section style=\"margin-right: 16px; margin-left: 16px; max-width: 100%; color: rgb(51, 51, 51); font-family: -apple-system-font, BlinkMacSystemFont, \"Helvetica Neue\", \"PingFang SC\", \"Hiragino Sans GB\", \"Microsoft YaHei UI\", \"Microsoft YaHei\", Arial, sans-serif; font-size: 17px; letter-spacing: 0.544px; text-align: justify; background-color: rgb(255, 255, 255); line-height: 2em; box-sizing: border-box !important; overflow-wrap: break-word !important;\"><strong style=\"max-width: 100%; box-sizing: border-box !important; overflow-wrap: break-word !important;\">1）连接规律：</strong>互联网接驳设备的进化不断延长大脑与互联网的连接时间，同时互联网使用者的心理也会对这种连接产生依赖性；连接设备从服务器到台式机到笔记本到智能手机，到智能眼镜，最后是脑机接口。<br style=\"max-width: 100%; box-sizing: border-box !important; overflow-wrap: break-word !important;\"></section><p style=\"margin-bottom: 0px; max-width: 100%; clear: both; min-height: 1em; color: rgb(51, 51, 51); font-family: -apple-system-font, BlinkMacSystemFont, \"Helvetica Neue\", \"PingFang SC\", \"Hiragino Sans GB\", \"Microsoft YaHei UI\", \"Microsoft YaHei\", Arial, sans-serif; font-size: 17px; letter-spacing: 0.544px; text-align: justify; background-color: rgb(255, 255, 255); line-height: 2em; box-sizing: border-box !important; overflow-wrap: break-word !important;\"><br style=\"max-width: 100%; box-sizing: border-box !important; overflow-wrap: break-word !important;\"></p><section style=\"margin-right: 16px; margin-left: 16px; max-width: 100%; color: rgb(51, 51, 51); font-family: -apple-system-font, BlinkMacSystemFont, \"Helvetica Neue\", \"PingFang SC\", \"Hiragino Sans GB\", \"Microsoft YaHei UI\", \"Microsoft YaHei\", Arial, sans-serif; font-size: 17px; letter-spacing: 0.544px; text-align: justify; background-color: rgb(255, 255, 255); line-height: 2em; box-sizing: border-box !important; overflow-wrap: break-word !important;\"><strong style=\"max-width: 100%; box-sizing: border-box !important; overflow-wrap: break-word !important;\">2）信用规律：</strong>为了保证互联网虚拟世界有序和安全的运转，互联网用户在互联网虚拟空间中的身份验证将会越来越严格，互联网的信用体系将会越来越完善；</section><p style=\"margin-bottom: 0px; max-width: 100%; clear: both; min-height: 1em; color: rgb(51, 51, 51); font-family: -apple-system-font, BlinkMacSystemFont, \"Helvetica Neue\", \"PingFang SC\", \"Hiragino Sans GB\", \"Microsoft YaHei UI\", \"Microsoft YaHei\", Arial, sans-serif; font-size: 17px; letter-spacing: 0.544px; text-align: justify; background-color: rgb(255, 255, 255); line-height: 2em; box-sizing: border-box !important; overflow-wrap: break-word !important;\"><br style=\"max-width: 100%; box-sizing: border-box !important; overflow-wrap: break-word !important;\"></p><section style=\"margin-right: 16px; margin-left: 16px; max-width: 100%; color: rgb(51, 51, 51); font-family: -apple-system-font, BlinkMacSystemFont, \"Helvetica Neue\", \"PingFang SC\", \"Hiragino Sans GB\", \"Microsoft YaHei UI\", \"Microsoft YaHei\", Arial, sans-serif; font-size: 17px; letter-spacing: 0.544px; text-align: justify; background-color: rgb(255, 255, 255); line-height: 2em; box-sizing: border-box !important; overflow-wrap: break-word !important;\"><strong style=\"max-width: 100%; box-sizing: border-box !important; overflow-wrap: break-word !important;\">3）统一规律：</strong>互联网将会从软件基础、硬件基础、商业应用等各个层面从分裂走向统一，互联网将会进化成一个唯一的虚拟大脑结构；</section><p style=\"margin-bottom: 0px; max-width: 100%; clear: both; min-height: 1em; color: rgb(51, 51, 51); font-family: -apple-system-font, BlinkMacSystemFont, \"Helvetica Neue\", \"PingFang SC\", \"Hiragino Sans GB\", \"Microsoft YaHei UI\", \"Microsoft YaHei\", Arial, sans-serif; font-size: 17px; letter-spacing: 0.544px; text-align: justify; background-color: rgb(255, 255, 255); line-height: 2em; box-sizing: border-box !important; overflow-wrap: break-word !important;\"><br style=\"max-width: 100%; box-sizing: border-box !important; overflow-wrap: break-word !important;\"></p><section style=\"margin-right: 16px; margin-left: 16px; max-width: 100%; color: rgb(51, 51, 51); font-family: -apple-system-font, BlinkMacSystemFont, \"Helvetica Neue\", \"PingFang SC\", \"Hiragino Sans GB\", \"Microsoft YaHei UI\", \"Microsoft YaHei\", Arial, sans-serif; font-size: 17px; letter-spacing: 0.544px; text-align: justify; background-color: rgb(255, 255, 255); line-height: 2em; box-sizing: border-box !important; overflow-wrap: break-word !important;\"><strong style=\"max-width: 100%; box-sizing: border-box !important; overflow-wrap: break-word !important;\">4）维度规律：</strong>互联网信息的输入/输出形式不断丰富，它将从一维内容表现为主的初级阶段进化到三维内容表现为主的高级阶段；</section><p style=\"margin-bottom: 0px; max-width: 100%; clear: both; min-height: 1em; color: rgb(51, 51, 51); font-family: -apple-system-font, BlinkMacSystemFont, \"Helvetica Neue\", \"PingFang SC\", \"Hiragino Sans GB\", \"Microsoft YaHei UI\", \"Microsoft YaHei\", Arial, sans-serif; font-size: 17px; letter-spacing: 0.544px; text-align: justify; background-color: rgb(255, 255, 255); line-height: 2em; box-sizing: border-box !important; overflow-wrap: break-word !important;\"><br style=\"max-width: 100%; box-sizing: border-box !important; overflow-wrap: break-word !important;\"></p><section style=\"margin-right: 16px; margin-left: 16px; max-width: 100%; color: rgb(51, 51, 51); font-family: -apple-system-font, BlinkMacSystemFont, \"Helvetica Neue\", \"PingFang SC\", \"Hiragino Sans GB\", \"Microsoft YaHei UI\", \"Microsoft YaHei\", Arial, sans-serif; font-size: 17px; letter-spacing: 0.544px; text-align: justify; background-color: rgb(255, 255, 255); line-height: 2em; box-sizing: border-box !important; overflow-wrap: break-word !important;\"><strong style=\"max-width: 100%; box-sizing: border-box !important; overflow-wrap: break-word !important;\">5）加速规律：</strong>互联网在进化过程中，其硬件设备和连接的人脑都会不断增加其运算速度；</section><p style=\"margin-bottom: 0px; max-width: 100%; clear: both; min-height: 1em; color: rgb(51, 51, 51); font-family: -apple-system-font, BlinkMacSystemFont, \"Helvetica Neue\", \"PingFang SC\", \"Hiragino Sans GB\", \"Microsoft YaHei UI\", \"Microsoft YaHei\", Arial, sans-serif; font-size: 17px; letter-spacing: 0.544px; text-align: justify; background-color: rgb(255, 255, 255); line-height: 2em; box-sizing: border-box !important; overflow-wrap: break-word !important;\"><br style=\"max-width: 100%; box-sizing: border-box !important; overflow-wrap: break-word !important;\"></p><section style=\"margin-right: 16px; margin-left: 16px; max-width: 100%; color: rgb(51, 51, 51); font-family: -apple-system-font, BlinkMacSystemFont, \"Helvetica Neue\", \"PingFang SC\", \"Hiragino Sans GB\", \"Microsoft YaHei UI\", \"Microsoft YaHei\", Arial, sans-serif; font-size: 17px; letter-spacing: 0.544px; text-align: justify; background-color: rgb(255, 255, 255); line-height: 2em; box-sizing: border-box !important; overflow-wrap: break-word !important;\"><strong style=\"max-width: 100%; box-sizing: border-box !important; overflow-wrap: break-word !important;\">6）膨胀规律：</strong>互联网中的数据、硬件设备和连接的人脑数量在高速膨胀，其中数据增速最快，硬件设备次之，互联网使用人数增速最慢；</section><p style=\"margin-bottom: 0px; max-width: 100%; clear: both; min-height: 1em; color: rgb(51, 51, 51); font-family: -apple-system-font, BlinkMacSystemFont, \"Helvetica Neue\", \"PingFang SC\", \"Hiragino Sans GB\", \"Microsoft YaHei UI\", \"Microsoft YaHei\", Arial, sans-serif; font-size: 17px; letter-spacing: 0.544px; text-align: justify; background-color: rgb(255, 255, 255); line-height: 2em; box-sizing: border-box !important; overflow-wrap: break-word !important;\"><br style=\"max-width: 100%; box-sizing: border-box !important; overflow-wrap: break-word !important;\"></p><section style=\"margin-right: 16px; margin-left: 16px; max-width: 100%; color: rgb(51, 51, 51); font-family: -apple-system-font, BlinkMacSystemFont, \"Helvetica Neue\", \"PingFang SC\", \"Hiragino Sans GB\", \"Microsoft YaHei UI\", \"Microsoft YaHei\", Arial, sans-serif; font-size: 17px; letter-spacing: 0.544px; text-align: justify; background-color: rgb(255, 255, 255); line-height: 2em; box-sizing: border-box !important; overflow-wrap: break-word !important;\"><strong style=\"max-width: 100%; box-sizing: border-box !important; overflow-wrap: break-word !important;\">7）消融规律：</strong>因为互联网的进化，虚拟世界与真实世界的边界逐步消失，人们越来越无法分辨身处虚拟环境中还是真实世界中；</section><p style=\"margin-bottom: 0px; max-width: 100%; clear: both; min-height: 1em; color: rgb(51, 51, 51); font-family: -apple-system-font, BlinkMacSystemFont, \"Helvetica Neue\", \"PingFang SC\", \"Hiragino Sans GB\", \"Microsoft YaHei UI\", \"Microsoft YaHei\", Arial, sans-serif; font-size: 17px; letter-spacing: 0.544px; text-align: justify; background-color: rgb(255, 255, 255); line-height: 2em; box-sizing: border-box !important; overflow-wrap: break-word !important;\"><br style=\"max-width: 100%; box-sizing: border-box !important; overflow-wrap: break-word !important;\"></p><section style=\"margin-right: 16px; margin-left: 16px; max-width: 100%; color: rgb(51, 51, 51); font-family: -apple-system-font, BlinkMacSystemFont, \"Helvetica Neue\", \"PingFang SC\", \"Hiragino Sans GB\", \"Microsoft YaHei UI\", \"Microsoft YaHei\", Arial, sans-serif; font-size: 17px; letter-spacing: 0.544px; text-align: justify; background-color: rgb(255, 255, 255); line-height: 2em; box-sizing: border-box !important; overflow-wrap: break-word !important;\"><strong style=\"max-width: 100%; box-sizing: border-box !important; overflow-wrap: break-word !important;\">8）映射规律：</strong>互联网进化过程中现实世界的情景、规律、关系正在被映射到互联网的虚拟空间中，同时人脑的功能被逐步映射到互联网中形成以个人空间为代表的大脑映射，用这种形式实现人脑与互联网的间接联网；</section><p style=\"margin-bottom: 0px; max-width: 100%; clear: both; min-height: 1em; color: rgb(51, 51, 51); font-family: -apple-system-font, BlinkMacSystemFont, \"Helvetica Neue\", \"PingFang SC\", \"Hiragino Sans GB\", \"Microsoft YaHei UI\", \"Microsoft YaHei\", Arial, sans-serif; font-size: 17px; letter-spacing: 0.544px; text-align: justify; background-color: rgb(255, 255, 255); line-height: 2em; box-sizing: border-box !important; overflow-wrap: break-word !important;\"><br style=\"max-width: 100%; box-sizing: border-box !important; overflow-wrap: break-word !important;\"></p><section style=\"margin-right: 16px; margin-left: 16px; max-width: 100%; color: rgb(51, 51, 51); font-family: -apple-system-font, BlinkMacSystemFont, \"Helvetica Neue\", \"PingFang SC\", \"Hiragino Sans GB\", \"Microsoft YaHei UI\", \"Microsoft YaHei\", Arial, sans-serif; font-size: 17px; letter-spacing: 0.544px; text-align: justify; background-color: rgb(255, 255, 255); line-height: 2em; box-sizing: border-box !important; overflow-wrap: break-word !important;\"><strong style=\"max-width: 100%; box-sizing: border-box !important; overflow-wrap: break-word !important;\">9）方向规律的主要内容包括：</strong>互联网的发展它将遵循前面八条规律从一个原始的、不完善、相对分裂的网络进化成一个统一的，与人类大脑结构高度相似的大脑模型，互联网用户将以更加紧密的方式连接到这个互联网大脑结构中。</section><p style=\"margin-bottom: 0px; max-width: 100%; clear: both; min-height: 1em; color: rgb(51, 51, 51); font-family: -apple-system-font, BlinkMacSystemFont, \"Helvetica Neue\", \"PingFang SC\", \"Hiragino Sans GB\", \"Microsoft YaHei UI\", \"Microsoft YaHei\", Arial, sans-serif; font-size: 17px; letter-spacing: 0.544px; text-align: justify; background-color: rgb(255, 255, 255); line-height: 2em; box-sizing: border-box !important; overflow-wrap: break-word !important;\"><br style=\"max-width: 100%; box-sizing: border-box !important; overflow-wrap: break-word !important;\"></p><section style=\"margin-right: 16px; margin-left: 16px; max-width: 100%; color: rgb(51, 51, 51); font-family: -apple-system-font, BlinkMacSystemFont, \"Helvetica Neue\", \"PingFang SC\", \"Hiragino Sans GB\", \"Microsoft YaHei UI\", \"Microsoft YaHei\", Arial, sans-serif; font-size: 17px; letter-spacing: 0.544px; text-align: justify; background-color: rgb(255, 255, 255); line-height: 2em; box-sizing: border-box !important; overflow-wrap: break-word !important;\"><strong style=\"max-width: 100%; box-sizing: border-box !important; overflow-wrap: break-word !important;\">10）Big SNS（大社交）：</strong>除了上述9条规律，在2012年发表的《Big SNS（大社交）的诞生，物联网与社交网络的结合》，从类脑神经元发育的角度，对社交网络的未来发展进行了预测，提出社交网络作为互联网大脑的核心结构与神经元网络雏形，其将会从人与人的链接发展成为人与人，人与物，物与物的链接，从社交网络发展成为大社交网络。</section><section style=\"margin-right: 16px; margin-left: 16px; max-width: 100%; color: rgb(51, 51, 51); font-family: -apple-system-font, BlinkMacSystemFont, \"Helvetica Neue\", \"PingFang SC\", \"Hiragino Sans GB\", \"Microsoft YaHei UI\", \"Microsoft YaHei\", Arial, sans-serif; font-size: 17px; letter-spacing: 0.544px; text-align: justify; background-color: rgb(255, 255, 255); line-height: 2em; box-sizing: border-box !important; overflow-wrap: break-word !important;\"><br></section><section style=\"margin-right: 16px; margin-left: 16px; max-width: 100%; color: rgb(51, 51, 51); font-family: -apple-system-font, BlinkMacSystemFont, \"Helvetica Neue\", \"PingFang SC\", \"Hiragino Sans GB\", \"Microsoft YaHei UI\", \"Microsoft YaHei\", Arial, sans-serif; font-size: 17px; letter-spacing: 0.544px; text-align: justify; background-color: rgb(255, 255, 255); line-height: 2em; box-sizing: border-box !important; overflow-wrap: break-word !important;\"><section class=\"\" data-support=\"96编辑器\" data-style-id=\"19611\" data-color=\"rgb(42, 167, 255)\" style=\"max-width: 100%; letter-spacing: 0.544px; box-sizing: border-box !important; overflow-wrap: break-word !important;\"><section style=\"margin: 10px 16px; max-width: 100%; text-align: center; box-sizing: border-box !important; overflow-wrap: break-word !important;\"><section style=\"max-width: 100%; background-color: rgb(42, 167, 255); display: inline-block; vertical-align: top; color: rgb(255, 255, 255); box-sizing: border-box !important; overflow-wrap: break-word !important;\"><section style=\"padding: 2px 15px; max-width: 100%; box-sizing: border-box; letter-spacing: 2px; overflow-wrap: break-word !important;\"><p style=\"margin-bottom: 0px; max-width: 100%; clear: both; min-height: 1em; box-sizing: border-box !important; overflow-wrap: break-word !important;\"><strong style=\"max-width: 100%; box-sizing: border-box !important; overflow-wrap: break-word !important;\">2019年面向未来的科技预言</strong></p></section></section></section></section><p style=\"margin-bottom: 0px; max-width: 100%; clear: both; min-height: 1em; letter-spacing: 0.544px; line-height: 2em; box-sizing: border-box !important; overflow-wrap: break-word !important;\"><br style=\"max-width: 100%; box-sizing: border-box !important; overflow-wrap: break-word !important;\"></p><section style=\"margin-right: 16px; margin-left: 16px; max-width: 100%; letter-spacing: 0.544px; line-height: 2em; box-sizing: border-box !important; overflow-wrap: break-word !important;\">时间到达2019年。互联网大脑的进化依然没有完成。一方面新的科技趋势会不断出现。但另一方面已经产生的前沿科技，会在互联网大脑的架构下继续走向成熟。</section><p style=\"margin-bottom: 0px; max-width: 100%; clear: both; min-height: 1em; letter-spacing: 0.544px; line-height: 2em; box-sizing: border-box !important; overflow-wrap: break-word !important;\"><br style=\"max-width: 100%; box-sizing: border-box !important; overflow-wrap: break-word !important;\"></p><section style=\"margin-right: 16px; margin-left: 16px; max-width: 100%; letter-spacing: 0.544px; line-height: 2em; box-sizing: border-box !important; overflow-wrap: break-word !important;\"><strong style=\"max-width: 100%; box-sizing: border-box !important; overflow-wrap: break-word !important;\">11）混合智能、云反射弧与梦境世界：</strong>&nbsp;从互联网大脑的发育与前沿科技兴起的关系图中可以看到人的智慧与机器智能形成的混合智能正等待爆发。因为互联网各神经系统不断成熟后与产业结合的云反射弧机制还没有萌芽。互联网大数据在VR/AR支撑下的三维化所导致的互联网梦境世界还没有真正到来。</section><p style=\"margin-bottom: 0px; max-width: 100%; clear: both; min-height: 1em; letter-spacing: 0.544px; line-height: 2em; box-sizing: border-box !important; overflow-wrap: break-word !important;\"><br style=\"max-width: 100%; box-sizing: border-box !important; overflow-wrap: break-word !important;\"></p><section style=\"margin-right: 16px; margin-left: 16px; max-width: 100%; letter-spacing: 0.544px; line-height: 2em; box-sizing: border-box !important; overflow-wrap: break-word !important;\"><strong style=\"max-width: 100%; box-sizing: border-box !important; overflow-wrap: break-word !important;\">12）云计算与中台技术：</strong>除此之外，已经萌芽的的中枢神经系统云计算还在发育过程中，与AI的结合更为紧密，与企业的核心业务结合形成的中台技术依然是互联网中枢神经系统发育的继续。</section><p style=\"margin-bottom: 0px; max-width: 100%; clear: both; min-height: 1em; letter-spacing: 0.544px; line-height: 2em; box-sizing: border-box !important; overflow-wrap: break-word !important;\"><br style=\"max-width: 100%; box-sizing: border-box !important; overflow-wrap: break-word !important;\"></p><section style=\"margin-right: 16px; margin-left: 16px; max-width: 100%; letter-spacing: 0.544px; line-height: 2em; box-sizing: border-box !important; overflow-wrap: break-word !important;\"><strong style=\"max-width: 100%; box-sizing: border-box !important; overflow-wrap: break-word !important;\">13）5G 、光纤技术、卫星互联网：</strong>互联网的神经纤维技术持续升级优化，已经完成了从1G到4G的进化，5G，6G技术还等待成熟，光纤技术，卫星互联网技术的发展不断开拓互联网神经纤维的领域。让人类无时无刻，随时随地更快速的链接到互联网大脑中。</section><p style=\"margin-bottom: 0px; max-width: 100%; clear: both; min-height: 1em; letter-spacing: 0.544px; line-height: 2em; box-sizing: border-box !important; overflow-wrap: break-word !important;\"><br style=\"max-width: 100%; box-sizing: border-box !important; overflow-wrap: break-word !important;\"></p><section style=\"margin-right: 16px; margin-left: 16px; max-width: 100%; letter-spacing: 0.544px; line-height: 2em; box-sizing: border-box !important; overflow-wrap: break-word !important;\"><strong style=\"max-width: 100%; box-sizing: border-box !important; overflow-wrap: break-word !important;\">14）大社交的进化：</strong>社交网络依然没有完成向大社交网络进化的任务，一个统一的，遍布全球的，可以同时链接人与人，人与物，物与物的超级智能系统还没有建立。</section><p style=\"margin-bottom: 0px; max-width: 100%; clear: both; min-height: 1em; letter-spacing: 0.544px; line-height: 2em; box-sizing: border-box !important; overflow-wrap: break-word !important;\"><br style=\"max-width: 100%; box-sizing: border-box !important; overflow-wrap: break-word !important;\"></p><section style=\"margin-right: 16px; margin-left: 16px; max-width: 100%; letter-spacing: 0.544px; line-height: 2em; box-sizing: border-box !important; overflow-wrap: break-word !important;\"><strong style=\"max-width: 100%; box-sizing: border-box !important; overflow-wrap: break-word !important;\">15）梦境世界、数字孪生与互联网大脑数字思维空间：</strong>现实世界变成数据向互联网大脑映射的进程还在继续，数字孪生技术的兴起推动的这一进程，数字孪生与互联网梦境世界（VR/AR）技术的结合，将是互联网大脑数字思维空间建立的基础</section><p style=\"margin-bottom: 0px; max-width: 100%; clear: both; min-height: 1em; letter-spacing: 0.544px; line-height: 2em; box-sizing: border-box !important; overflow-wrap: break-word !important;\"><br style=\"max-width: 100%; box-sizing: border-box !important; overflow-wrap: break-word !important;\"></p><section style=\"margin-right: 16px; margin-left: 16px; max-width: 100%; letter-spacing: 0.544px; line-height: 2em; box-sizing: border-box !important; overflow-wrap: break-word !important;\"><strong style=\"max-width: 100%; box-sizing: border-box !important; overflow-wrap: break-word !important;\">16）云机器人，自动驾驶技术，无人机：</strong>互联网大脑的运动神经系统仅仅刚刚发育，与互联网结合的云机器人，自动驾驶技术，无人机技术，智能生产设备，智能办公设备，智能家庭设备的远没有成熟，还在不断发育中，互联网大脑的运动神经系统的发育会使得互联网大脑架构对人类社会的影响越来越大，病毒，黑客，BUG等安全问题将日益突出。互联网安全将成为热点。</section><p style=\"margin-bottom: 0px; max-width: 100%; clear: both; min-height: 1em; letter-spacing: 0.544px; line-height: 2em; box-sizing: border-box !important; overflow-wrap: break-word !important;\"><br style=\"max-width: 100%; box-sizing: border-box !important; overflow-wrap: break-word !important;\"></p><section style=\"margin-right: 16px; margin-left: 16px; max-width: 100%; letter-spacing: 0.544px; line-height: 2em; box-sizing: border-box !important; overflow-wrap: break-word !important;\"><strong style=\"max-width: 100%; box-sizing: border-box !important; overflow-wrap: break-word !important;\">17）传感器与感知世界：</strong>互联网感觉神经系统继续发育，更多摄像头，传感器将安装在人类社会的各个角落，让世界更快速的映射到互联网中，也让人类更全面的感知世界。</section><p style=\"margin-bottom: 0px; max-width: 100%; clear: both; min-height: 1em; letter-spacing: 0.544px; line-height: 2em; box-sizing: border-box !important; overflow-wrap: break-word !important;\"><br style=\"max-width: 100%; box-sizing: border-box !important; overflow-wrap: break-word !important;\"></p><section style=\"margin-right: 16px; margin-left: 16px; max-width: 100%; letter-spacing: 0.544px; line-height: 2em; box-sizing: border-box !important; overflow-wrap: break-word !important;\"><strong style=\"max-width: 100%; box-sizing: border-box !important; overflow-wrap: break-word !important;\">18）大数据与金矿：</strong>互联网大数据将进一步膨胀。作为互联网大脑发育产生的金矿。对互联网大数据的利用和挖掘，将成为未来人类最重要的创业和创新机会所在。</section><p style=\"margin-bottom: 0px; max-width: 100%; clear: both; min-height: 1em; letter-spacing: 0.544px; line-height: 2em; box-sizing: border-box !important; overflow-wrap: break-word !important;\"><br style=\"max-width: 100%; box-sizing: border-box !important; overflow-wrap: break-word !important;\"></p><section style=\"margin-right: 16px; margin-left: 16px; max-width: 100%; letter-spacing: 0.544px; line-height: 2em; box-sizing: border-box !important; overflow-wrap: break-word !important;\"><strong style=\"max-width: 100%; box-sizing: border-box !important; overflow-wrap: break-word !important;\">19）人工智能与马太效应：</strong>基于互联网大数据和互联网神经系统向人类社会蔓延的深入，人工智能持续获得数据，算力和应用场景的支持。互联网巨头依托在互联网神经系统中的优势地位，在 人工智能领域的马太效应将越来越强。</section><p style=\"margin-bottom: 0px; max-width: 100%; clear: both; min-height: 1em; letter-spacing: 0.544px; line-height: 2em; box-sizing: border-box !important; overflow-wrap: break-word !important;\"><br style=\"max-width: 100%; box-sizing: border-box !important; overflow-wrap: break-word !important;\"></p><section style=\"margin-right: 16px; margin-left: 16px; max-width: 100%; letter-spacing: 0.544px; line-height: 2em; box-sizing: border-box !important; overflow-wrap: break-word !important;\"><strong style=\"max-width: 100%; box-sizing: border-box !important; overflow-wrap: break-word !important;\">20）科技大脑的兴起：</strong>互联网大脑架构的日益清晰，其与城市建设，企业发展，行业增长结合。更多城市大脑，企业大脑，产业大脑应用会不断涌现。脑与互联网，人工智能等前沿科技终将走在一起</section><p style=\"margin-bottom: 0px; max-width: 100%; clear: both; min-height: 1em; letter-spacing: 0.544px; line-height: 2em; box-sizing: border-box !important; overflow-wrap: break-word !important;\"><br style=\"max-width: 100%; box-sizing: border-box !important; overflow-wrap: break-word !important;\"></p><section style=\"margin-right: 16px; margin-left: 16px; max-width: 100%; letter-spacing: 0.544px; line-height: 2em; box-sizing: border-box !important; overflow-wrap: break-word !important;\"><strong style=\"max-width: 100%; box-sizing: border-box !important; overflow-wrap: break-word !important;\">22）崛起的超级智能：</strong>经济学里看不见的手动态调整人类的经济活动，同样在互联网过去50年的时间里，前沿科技也出现了一只看不见的手，推动互联网从网状进化成为大脑模型。人类智慧与机器智能通过互联网大脑架构形成自然界前所未有的超级智能形式。这背后的原因对智能科学，科技哲学应产生相应的重要影响和创新成果。</section></section>','','','/uploads/ya02wmsj_cecoe/pic/20200306/1583459381_267240118.jpg','图文视频','40','下线','','','4d92a971360243b0bab91e2ffc6740e3','4d92a971360243b0bab91e2ffc6740e3','4d92a971360243b0bab91e2ffc6740e3','2020-03-05 17:49:42','2020-03-05 18:12:24','2020-03-05 18:14:44',99,'n','','pc','331082000000','n','0000-00-00 00:00:00','0000-00-00 00:00:00','内容',0),(46,'今天，谁是雷锋？','<p><img data-index=\"1583459369700-0\" src=\"/uploads/ya02wmsj_cecoe/pic/20200306/1583459464_124734957.jpg\" alt=\"\"> </p><p style=\"margin-bottom: 0px; max-width: 100%; clear: both; min-height: 1em; color: rgb(51, 51, 51); font-family: -apple-system-font, BlinkMacSystemFont, \"Helvetica Neue\", \"PingFang SC\", \"Hiragino Sans GB\", \"Microsoft YaHei UI\", \"Microsoft YaHei\", Arial, sans-serif; font-size: 17px; background-color: rgb(255, 255, 255); text-align: center; letter-spacing: 1px; line-height: 2em; box-sizing: border-box !important; overflow-wrap: break-word !important;\"><strong style=\"max-width: 100%; box-sizing: border-box !important; overflow-wrap: break-word !important;\">如果你是一滴水</strong></p><p style=\"margin-bottom: 0px; max-width: 100%; clear: both; min-height: 1em; color: rgb(51, 51, 51); font-family: -apple-system-font, BlinkMacSystemFont, \"Helvetica Neue\", \"PingFang SC\", \"Hiragino Sans GB\", \"Microsoft YaHei UI\", \"Microsoft YaHei\", Arial, sans-serif; font-size: 17px; background-color: rgb(255, 255, 255); text-align: center; letter-spacing: 1px; line-height: 2em; box-sizing: border-box !important; overflow-wrap: break-word !important;\"><strong style=\"max-width: 100%; box-sizing: border-box !important; overflow-wrap: break-word !important;\">你是否滋润了一寸土地？</strong></p><p style=\"margin-bottom: 0px; max-width: 100%; clear: both; min-height: 1em; color: rgb(51, 51, 51); font-family: -apple-system-font, BlinkMacSystemFont, \"Helvetica Neue\", \"PingFang SC\", \"Hiragino Sans GB\", \"Microsoft YaHei UI\", \"Microsoft YaHei\", Arial, sans-serif; font-size: 17px; background-color: rgb(255, 255, 255); text-align: center; letter-spacing: 1px; line-height: 2em; box-sizing: border-box !important; overflow-wrap: break-word !important;\"><strong style=\"max-width: 100%; box-sizing: border-box !important; overflow-wrap: break-word !important;\">如果你是一线阳光</strong></p><p style=\"margin-bottom: 0px; max-width: 100%; clear: both; min-height: 1em; color: rgb(51, 51, 51); font-family: -apple-system-font, BlinkMacSystemFont, \"Helvetica Neue\", \"PingFang SC\", \"Hiragino Sans GB\", \"Microsoft YaHei UI\", \"Microsoft YaHei\", Arial, sans-serif; font-size: 17px; background-color: rgb(255, 255, 255); text-align: center; letter-spacing: 1px; line-height: 2em; box-sizing: border-box !important; overflow-wrap: break-word !important;\"><strong style=\"max-width: 100%; box-sizing: border-box !important; overflow-wrap: break-word !important;\">你是否照亮了一分黑暗？</strong></p><p style=\"margin-bottom: 0px; max-width: 100%; clear: both; min-height: 1em; color: rgb(51, 51, 51); font-family: -apple-system-font, BlinkMacSystemFont, \"Helvetica Neue\", \"PingFang SC\", \"Hiragino Sans GB\", \"Microsoft YaHei UI\", \"Microsoft YaHei\", Arial, sans-serif; font-size: 17px; background-color: rgb(255, 255, 255); text-align: center; letter-spacing: 1px; line-height: 2em; box-sizing: border-box !important; overflow-wrap: break-word !important;\"><strong style=\"max-width: 100%; box-sizing: border-box !important; overflow-wrap: break-word !important;\">如果你是一颗粮食</strong></p><p style=\"margin-bottom: 0px; max-width: 100%; clear: both; min-height: 1em; color: rgb(51, 51, 51); font-family: -apple-system-font, BlinkMacSystemFont, \"Helvetica Neue\", \"PingFang SC\", \"Hiragino Sans GB\", \"Microsoft YaHei UI\", \"Microsoft YaHei\", Arial, sans-serif; font-size: 17px; background-color: rgb(255, 255, 255); text-align: center; letter-spacing: 1px; line-height: 2em; box-sizing: border-box !important; overflow-wrap: break-word !important;\"><strong style=\"max-width: 100%; box-sizing: border-box !important; overflow-wrap: break-word !important;\">你是否哺育了有用的生命？</strong></p><p style=\"margin-bottom: 0px; max-width: 100%; clear: both; min-height: 1em; color: rgb(51, 51, 51); font-family: -apple-system-font, BlinkMacSystemFont, \"Helvetica Neue\", \"PingFang SC\", \"Hiragino Sans GB\", \"Microsoft YaHei UI\", \"Microsoft YaHei\", Arial, sans-serif; font-size: 17px; background-color: rgb(255, 255, 255); text-align: center; letter-spacing: 1px; line-height: 2em; box-sizing: border-box !important; overflow-wrap: break-word !important;\"><br style=\"max-width: 100%; box-sizing: border-box !important; overflow-wrap: break-word !important;\"></p><p style=\"margin-bottom: 0px; max-width: 100%; clear: both; min-height: 1em; color: rgb(51, 51, 51); font-family: -apple-system-font, BlinkMacSystemFont, \"Helvetica Neue\", \"PingFang SC\", \"Hiragino Sans GB\", \"Microsoft YaHei UI\", \"Microsoft YaHei\", Arial, sans-serif; font-size: 17px; background-color: rgb(255, 255, 255); text-align: center; letter-spacing: 1px; line-height: 2em; box-sizing: border-box !important; overflow-wrap: break-word !important;\">这是雷锋曾在日记里</p><p style=\"margin-bottom: 0px; max-width: 100%; clear: both; min-height: 1em; color: rgb(51, 51, 51); font-family: -apple-system-font, BlinkMacSystemFont, \"Helvetica Neue\", \"PingFang SC\", \"Hiragino Sans GB\", \"Microsoft YaHei UI\", \"Microsoft YaHei\", Arial, sans-serif; font-size: 17px; background-color: rgb(255, 255, 255); text-align: center; letter-spacing: 1px; line-height: 2em; box-sizing: border-box !important; overflow-wrap: break-word !important;\">给自己提的三个问题</p><p><img data-index=\"1583459398732-0\" src=\"/uploads/ya02wmsj_cecoe/pic/20200306/1583459493_168152238.jpg\" alt=\"\"> </p><p><br></p><section style=\"max-width: 100%; color: rgb(51, 51, 51); font-family: -apple-system-font, BlinkMacSystemFont, \"Helvetica Neue\", \"PingFang SC\", \"Hiragino Sans GB\", \"Microsoft YaHei UI\", \"Microsoft YaHei\", Arial, sans-serif; font-size: 17px; background-color: rgb(255, 255, 255); text-align: center; letter-spacing: 1px; line-height: 2em; box-sizing: border-box !important; overflow-wrap: break-word !important;\">他的人生坎坷而平凡</section><section style=\"max-width: 100%; color: rgb(51, 51, 51); font-family: -apple-system-font, BlinkMacSystemFont, \"Helvetica Neue\", \"PingFang SC\", \"Hiragino Sans GB\", \"Microsoft YaHei UI\", \"Microsoft YaHei\", Arial, sans-serif; font-size: 17px; background-color: rgb(255, 255, 255); text-align: center; letter-spacing: 1px; line-height: 2em; box-sizing: border-box !important; overflow-wrap: break-word !important;\">7岁时父母双亡无人照顾</section><section style=\"max-width: 100%; color: rgb(51, 51, 51); font-family: -apple-system-font, BlinkMacSystemFont, \"Helvetica Neue\", \"PingFang SC\", \"Hiragino Sans GB\", \"Microsoft YaHei UI\", \"Microsoft YaHei\", Arial, sans-serif; font-size: 17px; background-color: rgb(255, 255, 255); text-align: center; letter-spacing: 1px; line-height: 2em; box-sizing: border-box !important; overflow-wrap: break-word !important;\">受尽了旧社会的万般折磨</section><section style=\"max-width: 100%; color: rgb(51, 51, 51); font-family: -apple-system-font, BlinkMacSystemFont, \"Helvetica Neue\", \"PingFang SC\", \"Hiragino Sans GB\", \"Microsoft YaHei UI\", \"Microsoft YaHei\", Arial, sans-serif; font-size: 17px; background-color: rgb(255, 255, 255); text-align: center; letter-spacing: 1px; line-height: 2em; box-sizing: border-box !important; overflow-wrap: break-word !important;\"><br style=\"max-width: 100%; box-sizing: border-box !important; overflow-wrap: break-word !important;\"></section><section style=\"max-width: 100%; color: rgb(51, 51, 51); font-family: -apple-system-font, BlinkMacSystemFont, \"Helvetica Neue\", \"PingFang SC\", \"Hiragino Sans GB\", \"Microsoft YaHei UI\", \"Microsoft YaHei\", Arial, sans-serif; font-size: 17px; background-color: rgb(255, 255, 255); text-align: center; letter-spacing: 1px; line-height: 2em; box-sizing: border-box !important; overflow-wrap: break-word !important;\">风餐露宿、伶仃无依</section><section style=\"max-width: 100%; color: rgb(51, 51, 51); font-family: -apple-system-font, BlinkMacSystemFont, \"Helvetica Neue\", \"PingFang SC\", \"Hiragino Sans GB\", \"Microsoft YaHei UI\", \"Microsoft YaHei\", Arial, sans-serif; font-size: 17px; background-color: rgb(255, 255, 255); text-align: center; letter-spacing: 1px; line-height: 2em; box-sizing: border-box !important; overflow-wrap: break-word !important;\">这个“苦命娃”</section><section style=\"max-width: 100%; color: rgb(51, 51, 51); font-family: -apple-system-font, BlinkMacSystemFont, \"Helvetica Neue\", \"PingFang SC\", \"Hiragino Sans GB\", \"Microsoft YaHei UI\", \"Microsoft YaHei\", Arial, sans-serif; font-size: 17px; background-color: rgb(255, 255, 255); text-align: center; letter-spacing: 1px; line-height: 2em; box-sizing: border-box !important; overflow-wrap: break-word !important;\">终于遇到了命中的那缕“火苗”</section><section style=\"max-width: 100%; color: rgb(51, 51, 51); font-family: -apple-system-font, BlinkMacSystemFont, \"Helvetica Neue\", \"PingFang SC\", \"Hiragino Sans GB\", \"Microsoft YaHei UI\", \"Microsoft YaHei\", Arial, sans-serif; font-size: 17px; background-color: rgb(255, 255, 255); text-align: center; letter-spacing: 1px; line-height: 2em; box-sizing: border-box !important; overflow-wrap: break-word !important;\"><br style=\"max-width: 100%; box-sizing: border-box !important; overflow-wrap: break-word !important;\"></section><section style=\"max-width: 100%; color: rgb(51, 51, 51); font-family: -apple-system-font, BlinkMacSystemFont, \"Helvetica Neue\", \"PingFang SC\", \"Hiragino Sans GB\", \"Microsoft YaHei UI\", \"Microsoft YaHei\", Arial, sans-serif; font-size: 17px; background-color: rgb(255, 255, 255); text-align: center; letter-spacing: 1px; line-height: 2em; box-sizing: border-box !important; overflow-wrap: break-word !important;\">他的温度融化了坚冰</section><section style=\"max-width: 100%; color: rgb(51, 51, 51); font-family: -apple-system-font, BlinkMacSystemFont, \"Helvetica Neue\", \"PingFang SC\", \"Hiragino Sans GB\", \"Microsoft YaHei UI\", \"Microsoft YaHei\", Arial, sans-serif; font-size: 17px; background-color: rgb(255, 255, 255); text-align: center; letter-spacing: 1px; line-height: 2em; box-sizing: border-box !important; overflow-wrap: break-word !important;\">他的光亮照亮了寒夜</section><section style=\"max-width: 100%; color: rgb(51, 51, 51); font-family: -apple-system-font, BlinkMacSystemFont, \"Helvetica Neue\", \"PingFang SC\", \"Hiragino Sans GB\", \"Microsoft YaHei UI\", \"Microsoft YaHei\", Arial, sans-serif; font-size: 17px; background-color: rgb(255, 255, 255); text-align: center; letter-spacing: 1px; line-height: 2em; box-sizing: border-box !important; overflow-wrap: break-word !important;\"><br style=\"max-width: 100%; box-sizing: border-box !important; overflow-wrap: break-word !important;\"></section><section data-mpa-template=\"t\" mpa-from-tpl=\"t\" style=\"max-width: 100%; color: rgb(51, 51, 51); font-family: -apple-system-font, BlinkMacSystemFont, \"Helvetica Neue\", \"PingFang SC\", \"Hiragino Sans GB\", \"Microsoft YaHei UI\", \"Microsoft YaHei\", Arial, sans-serif; font-size: 17px; letter-spacing: 0.544px; text-align: justify; background-color: rgb(255, 255, 255); box-sizing: border-box !important; overflow-wrap: break-word !important;\"><section data-mpa-template=\"t\" mpa-from-tpl=\"t\" style=\"max-width: 100%; box-sizing: border-box !important; overflow-wrap: break-word !important;\"><section mpa-from-tpl=\"t\" style=\"max-width: 100%; box-sizing: border-box !important; overflow-wrap: break-word !important;\"><section data-width=\"100%\" mpa-from-tpl=\"t\" style=\"max-width: 100%; box-sizing: border-box !important; overflow-wrap: break-word !important;\"><section mpa-from-tpl=\"t\" style=\"max-width: 100%; box-sizing: border-box !important; overflow-wrap: break-word !important;\"><section mpa-from-tpl=\"t\" style=\"max-width: 100%; box-sizing: border-box !important; overflow-wrap: break-word !important;\"><section mpa-from-tpl=\"t\" style=\"max-width: 100%; box-sizing: border-box !important; overflow-wrap: break-word !important;\"><section mpa-from-tpl=\"t\" style=\"max-width: 100%; box-sizing: border-box !important; overflow-wrap: break-word !important;\"><section mpa-from-tpl=\"t\" style=\"max-width: 100%; box-sizing: border-box !important; overflow-wrap: break-word !important;\"><section data-role=\"paragraph\" mpa-from-tpl=\"t\" style=\"max-width: 100%; box-sizing: border-box !important; overflow-wrap: break-word !important;\"><section data-id=\"93671\" mpa-from-tpl=\"t\" style=\"max-width: 100%; box-sizing: border-box !important; overflow-wrap: break-word !important;\"><section mpa-from-tpl=\"t\" style=\"max-width: 100%; box-sizing: border-box !important; overflow-wrap: break-word !important;\"><section mpa-from-tpl=\"t\" style=\"max-width: 100%; box-sizing: border-box !important; overflow-wrap: break-word !important;\"><section style=\"max-width: 100%; text-align: center; letter-spacing: 1px; line-height: 2em; box-sizing: border-box !important; overflow-wrap: break-word !important;\"><strong style=\"max-width: 100%; box-sizing: border-box !important; overflow-wrap: break-word !important;\">他是出生在旧社会的“庚伢子”</strong></section><section style=\"max-width: 100%; text-align: center; letter-spacing: 1px; line-height: 2em; box-sizing: border-box !important; overflow-wrap: break-word !important;\"><strong style=\"max-width: 100%; box-sizing: border-box !important; overflow-wrap: break-word !important;\"><br></strong></section><section style=\"max-width: 100%; text-align: center; letter-spacing: 1px; line-height: 2em; box-sizing: border-box !important; overflow-wrap: break-word !important;\"><strong style=\"max-width: 100%; box-sizing: border-box !important; overflow-wrap: break-word !important;\"><section data-mpa-template=\"t\" mpa-from-tpl=\"t\" style=\"max-width: 100%; font-weight: normal; letter-spacing: 0.544px; text-align: justify; box-sizing: border-box !important; overflow-wrap: break-word !important;\"><section data-mpa-template=\"t\" mpa-from-tpl=\"t\" style=\"max-width: 100%; box-sizing: border-box !important; overflow-wrap: break-word !important;\"><section data-mpa-category=\"模板\" data-mid=\"\" mpa-from-tpl=\"t\" style=\"max-width: 100%; box-sizing: border-box !important; overflow-wrap: break-word !important;\"><section data-mid=\"\" mpa-from-tpl=\"t\" style=\"max-width: 100%; box-sizing: border-box !important; overflow-wrap: break-word !important;\"><section style=\"max-width: 100%; box-sizing: border-box; font-size: 16px; overflow-wrap: break-word !important;\"><section powered-by=\"xiumi.us\" style=\"margin-top: 10px; margin-bottom: 10px; max-width: 100%; box-sizing: border-box; overflow-wrap: break-word !important;\"><section style=\"padding: 10px; max-width: 100%; box-sizing: border-box; box-shadow: rgb(170, 170, 170) 0px 0px 10px inset; border-color: rgb(192, 200, 209); border-width: 1px; border-style: solid; background-color: rgb(250, 250, 239); overflow-wrap: break-word !important;\"><section powered-by=\"xiumi.us\" style=\"max-width: 100%; box-sizing: border-box; text-align: center; overflow-wrap: break-word !important;\"><section mpa-from-tpl=\"t\" style=\"max-width: 100%; text-align: left; box-sizing: border-box !important; overflow-wrap: break-word !important;\"><strong style=\"max-width: 100%; box-sizing: border-box !important; overflow-wrap: break-word !important;\">　　</strong><strong style=\"max-width: 100%; box-sizing: border-box !important; overflow-wrap: break-word !important;\">和千千万万受剥削受压迫的劳动人民一样，在旧社会里，我家也受尽了旧制度的折磨和凌辱……解放了，我才脱出苦海见青天！</strong></section><section mpa-from-tpl=\"t\" style=\"max-width: 100%; text-align: right; box-sizing: border-box !important; overflow-wrap: break-word !important;\"><strong style=\"max-width: 100%; box-sizing: border-box !important; overflow-wrap: break-word !important;\">——雷锋日记</strong></section></section></section></section></section><section data-mid=\"\" mpa-from-tpl=\"t\" style=\"max-width: 100%; box-sizing: border-box !important; overflow-wrap: break-word !important;\"><br style=\"max-width: 100%; box-sizing: border-box !important; overflow-wrap: break-word !important;\"></section></section></section></section></section><p style=\"margin-bottom: 0px; max-width: 100%; clear: both; min-height: 1em; font-weight: normal; line-height: 2em; box-sizing: border-box !important; overflow-wrap: break-word !important;\">1940年12月18日</p><p style=\"margin-bottom: 0px; max-width: 100%; clear: both; min-height: 1em; font-weight: normal; line-height: 2em; box-sizing: border-box !important; overflow-wrap: break-word !important;\">雷锋出生在湖南长沙县</p><p style=\"margin-bottom: 0px; max-width: 100%; clear: both; min-height: 1em; font-weight: normal; line-height: 2em; box-sizing: border-box !important; overflow-wrap: break-word !important;\">乳名“庚伢子”</p><p style=\"margin-bottom: 0px; max-width: 100%; clear: both; min-height: 1em; font-weight: normal; line-height: 2em; box-sizing: border-box !important; overflow-wrap: break-word !important;\"><br style=\"max-width: 100%; box-sizing: border-box !important; overflow-wrap: break-word !important;\"></p><p style=\"margin-bottom: 0px; max-width: 100%; clear: both; min-height: 1em; font-weight: normal; line-height: 2em; box-sizing: border-box !important; overflow-wrap: break-word !important;\">在旧社会里</p><p style=\"margin-bottom: 0px; max-width: 100%; clear: both; min-height: 1em; font-weight: normal; line-height: 2em; box-sizing: border-box !important; overflow-wrap: break-word !important;\">这户贫苦的农民家庭受尽地主压迫</p><p style=\"margin-bottom: 0px; max-width: 100%; clear: both; min-height: 1em; font-weight: normal; line-height: 2em; box-sizing: border-box !important; overflow-wrap: break-word !important;\">家人先后惨死</p><p style=\"margin-bottom: 0px; max-width: 100%; clear: both; min-height: 1em; font-weight: normal; line-height: 2em; box-sizing: border-box !important; overflow-wrap: break-word !important;\">不满七岁的他独自挣扎存活</p><p><img data-index=\"1583459450056-0\" src=\"/uploads/ya02wmsj_cecoe/pic/20200306/1583459544_495278995.jpg\" alt=\"\"> </p></strong></section></section></section></section></section></section></section></section></section></section></section></section></section></section><div><br></div><div><p style=\"margin-bottom: 0px; max-width: 100%; clear: both; min-height: 1em; color: rgb(51, 51, 51); font-family: -apple-system-font, BlinkMacSystemFont, \"Helvetica Neue\", \"PingFang SC\", \"Hiragino Sans GB\", \"Microsoft YaHei UI\", \"Microsoft YaHei\", Arial, sans-serif; font-size: 17px; background-color: rgb(255, 255, 255); text-align: center; line-height: 2em; letter-spacing: 1px; box-sizing: border-box !important; overflow-wrap: break-word !important;\">解放后</p><p style=\"margin-bottom: 0px; max-width: 100%; clear: both; min-height: 1em; color: rgb(51, 51, 51); font-family: -apple-system-font, BlinkMacSystemFont, \"Helvetica Neue\", \"PingFang SC\", \"Hiragino Sans GB\", \"Microsoft YaHei UI\", \"Microsoft YaHei\", Arial, sans-serif; font-size: 17px; background-color: rgb(255, 255, 255); text-align: center; line-height: 2em; letter-spacing: 1px; box-sizing: border-box !important; overflow-wrap: break-word !important;\">乡政府保送孤儿雷锋免费读书</p><p style=\"margin-bottom: 0px; max-width: 100%; clear: both; min-height: 1em; color: rgb(51, 51, 51); font-family: -apple-system-font, BlinkMacSystemFont, \"Helvetica Neue\", \"PingFang SC\", \"Hiragino Sans GB\", \"Microsoft YaHei UI\", \"Microsoft YaHei\", Arial, sans-serif; font-size: 17px; background-color: rgb(255, 255, 255); text-align: center; line-height: 2em; letter-spacing: 1px; box-sizing: border-box !important; overflow-wrap: break-word !important;\">不用再乞讨、流浪</p><p style=\"margin-bottom: 0px; max-width: 100%; clear: both; min-height: 1em; color: rgb(51, 51, 51); font-family: -apple-system-font, BlinkMacSystemFont, \"Helvetica Neue\", \"PingFang SC\", \"Hiragino Sans GB\", \"Microsoft YaHei UI\", \"Microsoft YaHei\", Arial, sans-serif; font-size: 17px; background-color: rgb(255, 255, 255); text-align: center; line-height: 2em; letter-spacing: 1px; box-sizing: border-box !important; overflow-wrap: break-word !important;\">他如饥似渴学习着文化</p><p style=\"margin-bottom: 0px; max-width: 100%; clear: both; min-height: 1em; color: rgb(51, 51, 51); font-family: -apple-system-font, BlinkMacSystemFont, \"Helvetica Neue\", \"PingFang SC\", \"Hiragino Sans GB\", \"Microsoft YaHei UI\", \"Microsoft YaHei\", Arial, sans-serif; font-size: 17px; background-color: rgb(255, 255, 255); text-align: center; line-height: 2em; letter-spacing: 1px; box-sizing: border-box !important; overflow-wrap: break-word !important;\">&nbsp;也将这份恩情铭记在心底</p><p style=\"margin-bottom: 0px; max-width: 100%; clear: both; min-height: 1em; color: rgb(51, 51, 51); font-family: -apple-system-font, BlinkMacSystemFont, \"Helvetica Neue\", \"PingFang SC\", \"Hiragino Sans GB\", \"Microsoft YaHei UI\", \"Microsoft YaHei\", Arial, sans-serif; font-size: 17px; background-color: rgb(255, 255, 255); text-align: center; line-height: 2em; letter-spacing: 1px; box-sizing: border-box !important; overflow-wrap: break-word !important;\">用此后的每一天</p><p style=\"margin-bottom: 0px; max-width: 100%; clear: both; min-height: 1em; color: rgb(51, 51, 51); font-family: -apple-system-font, BlinkMacSystemFont, \"Helvetica Neue\", \"PingFang SC\", \"Hiragino Sans GB\", \"Microsoft YaHei UI\", \"Microsoft YaHei\", Arial, sans-serif; font-size: 17px; background-color: rgb(255, 255, 255); text-align: center; line-height: 2em; letter-spacing: 1px; box-sizing: border-box !important; overflow-wrap: break-word !important;\">和满腔的热诚去报答</p><p><img data-index=\"1583459463766-0\" src=\"/uploads/ya02wmsj_cecoe/pic/20200306/1583459558_201004577.jpg\" alt=\"\"> </p><p><br></p><section data-mpa-template=\"t\" mpa-from-tpl=\"t\" style=\"max-width: 100%; color: rgb(51, 51, 51); font-family: -apple-system-font, BlinkMacSystemFont, \"Helvetica Neue\", \"PingFang SC\", \"Hiragino Sans GB\", \"Microsoft YaHei UI\", \"Microsoft YaHei\", Arial, sans-serif; font-size: 17px; letter-spacing: 0.544px; text-align: justify; background-color: rgb(255, 255, 255); box-sizing: border-box !important; overflow-wrap: break-word !important;\"><section data-mpa-template=\"t\" mpa-from-tpl=\"t\" style=\"max-width: 100%; box-sizing: border-box !important; overflow-wrap: break-word !important;\"><section mpa-from-tpl=\"t\" style=\"max-width: 100%; box-sizing: border-box !important; overflow-wrap: break-word !important;\"><section data-width=\"100%\" mpa-from-tpl=\"t\" style=\"max-width: 100%; box-sizing: border-box !important; overflow-wrap: break-word !important;\"><section mpa-from-tpl=\"t\" style=\"max-width: 100%; box-sizing: border-box !important; overflow-wrap: break-word !important;\"><section mpa-from-tpl=\"t\" style=\"max-width: 100%; box-sizing: border-box !important; overflow-wrap: break-word !important;\"><section mpa-from-tpl=\"t\" style=\"max-width: 100%; box-sizing: border-box !important; overflow-wrap: break-word !important;\"><section mpa-from-tpl=\"t\" style=\"max-width: 100%; box-sizing: border-box !important; overflow-wrap: break-word !important;\"><section mpa-from-tpl=\"t\" style=\"max-width: 100%; box-sizing: border-box !important; overflow-wrap: break-word !important;\"><section data-role=\"paragraph\" mpa-from-tpl=\"t\" style=\"max-width: 100%; box-sizing: border-box !important; overflow-wrap: break-word !important;\"><section data-id=\"93671\" mpa-from-tpl=\"t\" style=\"max-width: 100%; box-sizing: border-box !important; overflow-wrap: break-word !important;\"><section mpa-from-tpl=\"t\" style=\"max-width: 100%; box-sizing: border-box !important; overflow-wrap: break-word !important;\"><section mpa-from-tpl=\"t\" style=\"max-width: 100%; box-sizing: border-box !important; overflow-wrap: break-word !important;\"><p style=\"margin-bottom: 0px; max-width: 100%; clear: both; min-height: 1em; text-align: center; letter-spacing: 1px; box-sizing: border-box !important; overflow-wrap: break-word !important;\"><strong style=\"max-width: 100%; box-sizing: border-box !important; overflow-wrap: break-word !important;\">他是新中国的一颗“螺丝钉”</strong></p></section></section></section></section></section></section></section></section></section></section></section></section></section><p style=\"margin-bottom: 0px; max-width: 100%; clear: both; min-height: 1em; color: rgb(51, 51, 51); font-family: -apple-system-font, BlinkMacSystemFont, \"Helvetica Neue\", \"PingFang SC\", \"Hiragino Sans GB\", \"Microsoft YaHei UI\", \"Microsoft YaHei\", Arial, sans-serif; font-size: 17px; letter-spacing: 0.544px; text-align: justify; background-color: rgb(255, 255, 255); box-sizing: border-box !important; overflow-wrap: break-word !important;\"><br style=\"max-width: 100%; box-sizing: border-box !important; overflow-wrap: break-word !important;\"></p><section data-mpa-template=\"t\" mpa-from-tpl=\"t\" style=\"max-width: 100%; color: rgb(51, 51, 51); font-family: -apple-system-font, BlinkMacSystemFont, \"Helvetica Neue\", \"PingFang SC\", \"Hiragino Sans GB\", \"Microsoft YaHei UI\", \"Microsoft YaHei\", Arial, sans-serif; font-size: 17px; letter-spacing: 0.544px; text-align: justify; background-color: rgb(255, 255, 255); box-sizing: border-box !important; overflow-wrap: break-word !important;\"><section data-mpa-template=\"t\" mpa-from-tpl=\"t\" style=\"max-width: 100%; box-sizing: border-box !important; overflow-wrap: break-word !important;\"><section data-mpa-category=\"模板\" data-mid=\"\" mpa-from-tpl=\"t\" style=\"max-width: 100%; box-sizing: border-box !important; overflow-wrap: break-word !important;\"><section data-mid=\"\" mpa-from-tpl=\"t\" style=\"max-width: 100%; box-sizing: border-box !important; overflow-wrap: break-word !important;\"><section style=\"max-width: 100%; box-sizing: border-box; font-size: 16px; overflow-wrap: break-word !important;\"><section powered-by=\"xiumi.us\" style=\"margin-top: 10px; margin-bottom: 10px; max-width: 100%; box-sizing: border-box; overflow-wrap: break-word !important;\"><section style=\"padding: 10px; max-width: 100%; box-sizing: border-box; box-shadow: rgb(170, 170, 170) 0px 0px 10px inset; border-color: rgb(192, 200, 209); border-width: 1px; border-style: solid; background-color: rgb(250, 250, 239); overflow-wrap: break-word !important;\"><section powered-by=\"xiumi.us\" style=\"max-width: 100%; box-sizing: border-box; text-align: center; overflow-wrap: break-word !important;\"><section style=\"max-width: 100%; text-align: left; box-sizing: border-box !important; overflow-wrap: break-word !important;\"><strong style=\"max-width: 100%; box-sizing: border-box !important; overflow-wrap: break-word !important;\">　</strong><strong style=\"max-width: 100%; box-sizing: border-box !important; overflow-wrap: break-word !important;\">　还应该多做一些日常的、细小的、平凡的工作，少说漂亮话。</strong></section><p style=\"margin-bottom: 0px; max-width: 100%; clear: both; min-height: 1em; text-align: right; box-sizing: border-box !important; overflow-wrap: break-word !important;\"><strong style=\"max-width: 100%; box-sizing: border-box !important; overflow-wrap: break-word !important;\">——《雷锋日记》 &nbsp;</strong></p></section></section></section></section><section data-mid=\"\" mpa-from-tpl=\"t\" style=\"max-width: 100%; box-sizing: border-box !important; overflow-wrap: break-word !important;\"><br style=\"max-width: 100%; box-sizing: border-box !important; overflow-wrap: break-word !important;\"></section></section></section></section></section><p style=\"margin-bottom: 0px; max-width: 100%; clear: both; min-height: 1em; color: rgb(51, 51, 51); font-family: -apple-system-font, BlinkMacSystemFont, \"Helvetica Neue\", \"PingFang SC\", \"Hiragino Sans GB\", \"Microsoft YaHei UI\", \"Microsoft YaHei\", Arial, sans-serif; font-size: 17px; background-color: rgb(255, 255, 255); text-align: center; letter-spacing: 1px; line-height: 2em; box-sizing: border-box !important; overflow-wrap: break-word !important;\">为了支持国家建设</p><p style=\"margin-bottom: 0px; max-width: 100%; clear: both; min-height: 1em; color: rgb(51, 51, 51); font-family: -apple-system-font, BlinkMacSystemFont, \"Helvetica Neue\", \"PingFang SC\", \"Hiragino Sans GB\", \"Microsoft YaHei UI\", \"Microsoft YaHei\", Arial, sans-serif; font-size: 17px; background-color: rgb(255, 255, 255); text-align: center; letter-spacing: 1px; line-height: 2em; box-sizing: border-box !important; overflow-wrap: break-word !important;\">成年后的雷锋从湖南到鞍钢当工人</p><p style=\"margin-bottom: 0px; max-width: 100%; clear: both; min-height: 1em; color: rgb(51, 51, 51); font-family: -apple-system-font, BlinkMacSystemFont, \"Helvetica Neue\", \"PingFang SC\", \"Hiragino Sans GB\", \"Microsoft YaHei UI\", \"Microsoft YaHei\", Arial, sans-serif; font-size: 17px; background-color: rgb(255, 255, 255); text-align: center; letter-spacing: 1px; line-height: 2em; box-sizing: border-box !important; overflow-wrap: break-word !important;\">又到弓长岭焦化厂参加基础建设</p><p style=\"margin-bottom: 0px; max-width: 100%; clear: both; min-height: 1em; color: rgb(51, 51, 51); font-family: -apple-system-font, BlinkMacSystemFont, \"Helvetica Neue\", \"PingFang SC\", \"Hiragino Sans GB\", \"Microsoft YaHei UI\", \"Microsoft YaHei\", Arial, sans-serif; font-size: 17px; background-color: rgb(255, 255, 255); text-align: center; letter-spacing: 1px; line-height: 2em; box-sizing: border-box !important; overflow-wrap: break-word !important;\">20岁，响应祖国号召</p><p style=\"margin-bottom: 0px; max-width: 100%; clear: both; min-height: 1em; color: rgb(51, 51, 51); font-family: -apple-system-font, BlinkMacSystemFont, \"Helvetica Neue\", \"PingFang SC\", \"Hiragino Sans GB\", \"Microsoft YaHei UI\", \"Microsoft YaHei\", Arial, sans-serif; font-size: 17px; background-color: rgb(255, 255, 255); text-align: center; letter-spacing: 1px; line-height: 2em; box-sizing: border-box !important; overflow-wrap: break-word !important;\">雷锋参加了人民解放军</p><p style=\"margin-bottom: 0px; max-width: 100%; clear: both; min-height: 1em; color: rgb(51, 51, 51); font-family: -apple-system-font, BlinkMacSystemFont, \"Helvetica Neue\", \"PingFang SC\", \"Hiragino Sans GB\", \"Microsoft YaHei UI\", \"Microsoft YaHei\", Arial, sans-serif; font-size: 17px; background-color: rgb(255, 255, 255); text-align: center; letter-spacing: 1px; line-height: 2em; box-sizing: border-box !important; overflow-wrap: break-word !important;\"><br style=\"max-width: 100%; box-sizing: border-box !important; overflow-wrap: break-word !important;\"></p><p style=\"margin-bottom: 0px; max-width: 100%; clear: both; min-height: 1em; color: rgb(51, 51, 51); font-family: -apple-system-font, BlinkMacSystemFont, \"Helvetica Neue\", \"PingFang SC\", \"Hiragino Sans GB\", \"Microsoft YaHei UI\", \"Microsoft YaHei\", Arial, sans-serif; font-size: 17px; background-color: rgb(255, 255, 255); text-align: center; letter-spacing: 1px; line-height: 2em; box-sizing: border-box !important; overflow-wrap: break-word !important;\">无论在哪个位置</p><p style=\"margin-bottom: 0px; max-width: 100%; clear: both; min-height: 1em; color: rgb(51, 51, 51); font-family: -apple-system-font, BlinkMacSystemFont, \"Helvetica Neue\", \"PingFang SC\", \"Hiragino Sans GB\", \"Microsoft YaHei UI\", \"Microsoft YaHei\", Arial, sans-serif; font-size: 17px; background-color: rgb(255, 255, 255); text-align: center; letter-spacing: 1px; line-height: 2em; box-sizing: border-box !important; overflow-wrap: break-word !important;\">他都奉献了全部的热情</p><p style=\"margin-bottom: 0px; max-width: 100%; clear: both; min-height: 1em; color: rgb(51, 51, 51); font-family: -apple-system-font, BlinkMacSystemFont, \"Helvetica Neue\", \"PingFang SC\", \"Hiragino Sans GB\", \"Microsoft YaHei UI\", \"Microsoft YaHei\", Arial, sans-serif; font-size: 17px; background-color: rgb(255, 255, 255); text-align: center; letter-spacing: 1px; line-height: 2em; box-sizing: border-box !important; overflow-wrap: break-word !important;\">在自己的岗位上</p><p style=\"margin-bottom: 0px; max-width: 100%; clear: both; min-height: 1em; color: rgb(51, 51, 51); font-family: -apple-system-font, BlinkMacSystemFont, \"Helvetica Neue\", \"PingFang SC\", \"Hiragino Sans GB\", \"Microsoft YaHei UI\", \"Microsoft YaHei\", Arial, sans-serif; font-size: 17px; background-color: rgb(255, 255, 255); text-align: center; letter-spacing: 1px; line-height: 2em; box-sizing: border-box !important; overflow-wrap: break-word !important;\">奋斗到生命的最后一刻</p><p style=\"margin-bottom: 0px; max-width: 100%; clear: both; min-height: 1em; color: rgb(51, 51, 51); font-family: -apple-system-font, BlinkMacSystemFont, \"Helvetica Neue\", \"PingFang SC\", \"Hiragino Sans GB\", \"Microsoft YaHei UI\", \"Microsoft YaHei\", Arial, sans-serif; font-size: 17px; background-color: rgb(255, 255, 255); text-align: center; letter-spacing: 1px; line-height: 2em; box-sizing: border-box !important; overflow-wrap: break-word !important;\"><br></p></div>','','','','图文视频','42','下线','','','4d92a971360243b0bab91e2ffc6740e3','4d92a971360243b0bab91e2ffc6740e3','4d92a971360243b0bab91e2ffc6740e3','2020-03-05 17:53:13','2020-03-05 18:12:50','2020-03-05 18:14:54',99,'y','/uploads/ya02wmsj_cecoe/pic/20200306/1583459591_889679155.jpg','pc','331082000000','n','0000-00-00 00:00:00','0000-00-00 00:00:00','内容',0),(47,'力争万无一失 | 市教育局开展复学准备工作专项督查','<p>　　为切实做好全市教育系统疫情防控和复学准备工作，根据临海市教育局《关于开展复学准备工作专项督查的通知》要求，连日来，市教育局组成11个复学准备工作督查组，由局班子成员带领联系科室奔赴全市各中小学、幼儿园开展检查。</p><p><img data-index=\"1583459592676-1\" src=\"/uploads/ya02wmsj_cecoe/pic/20200306/1583459687_153208490.jpg\" alt=\"\"> <img data-index=\"1583459592676-0\" src=\"/uploads/ya02wmsj_cecoe/pic/20200306/1583459687_157552122.jpg\" alt=\"\"> <img data-index=\"1583459592676-2\" src=\"/uploads/ya02wmsj_cecoe/pic/20200306/1583459687_163253874.jpg\" alt=\"\"> <img data-index=\"1583459592676-3\" src=\"/uploads/ya02wmsj_cecoe/pic/20200306/1583459687_186054570.jpg\" alt=\"\"> <img data-index=\"1583459592676-4\" src=\"/uploads/ya02wmsj_cecoe/pic/20200306/1583459687_191406897.jpg\" alt=\"\"> </p><p>　　此次重点检查各学校复学工作组织体系落实情况、“六个一”以及市防指的“两个文件”落实情况、在外师生返台情况、学校管理情况、物资保障情况、防疫知识及复学工作要求的培训情况、在线教育教学开展情况等。各督查组对检查发现的问题及时纠正，精准指导各学校做好各项复学准备工作，为下阶段全市学校平稳复学奠定坚实的基础。</p>','','','/uploads/ya02wmsj_cecoe/pic/20200306/1583459792_990452736.jpg','图文视频','36','上线','','','4d92a971360243b0bab91e2ffc6740e3','4d92a971360243b0bab91e2ffc6740e3','4d92a971360243b0bab91e2ffc6740e3','2020-03-05 17:56:33','2020-03-05 18:12:56','2020-03-05 18:15:01',99,'n','','pc','331082000000','n','0000-00-00 00:00:00','0000-00-00 00:00:00','内容',0),(53,'开学过渡期，给全省中小学家长和学生的12条建议','<p>　　2020年新春伊始，新冠肺炎疫情蔓延，全国人民响应党中央号召，“众志成城，同心抗疫”，共同度过了一个不平凡的春节假期。当前随着疫情逐渐稳定，各地开始复工复产，居民生活逐步走向正常，但复学返校可能还将延迟一段时间。为帮助中小学家长和同学们在这个特殊的阶段继续做好疫情防护，更好地度过开学过渡期，顺利适应新学期的学习生活，浙江省中小学心理健康教育指导中心办公室特向全省中小学家长和学生提出如下建议：</p><p>　　１.<strong style=\"max-width: 100%; box-sizing: border-box !important; overflow-wrap: break-word !important;\">在当前阶段，继续做好个人防护，助力疫情防控。</strong>目前疫情蔓延势头得到初步遏制，但请家长们一定不能掉以轻心，要继续引导并和孩子一起，继续做好个人防护，做到“少出门、不聚集、戴口罩、勤洗手”等防护措施，助力疫情防控。</p><p>　　２．<strong style=\"max-width: 100%; box-sizing: border-box !important; overflow-wrap: break-word !important;\">在当前阶段，积极配合排查，如有异常，及时报告。</strong>请家长和同学们积极配合社区与学校排查，密切关注自身身体情况。家长们如发现自身或孩子们身体不适，如发烧、干咳、咽痛、乏力等，要及时告诉社区和学校，积极就医。</p><p>　　３．<strong style=\"max-width: 100%; box-sizing: border-box !important; overflow-wrap: break-word !important;\">在当前阶段，适当增加体育锻炼，提高自身免疫力。</strong>长时间居家，需要家长和同学们“动”起来，在家中每日保证至少半小时的室内运动时间。小学生可与父母亲一起做亲子类或游戏类运动，初高中同学可进行俯卧撑、仰卧起坐、平板支撑等多种运动。当前，除疫情特别严重的地区外，家长和同学们在做好自身防护的条件下，可适当开展室外运动，增强体质，提高身体免疫力。</p><p>　　４．<strong style=\"max-width: 100%; box-sizing: border-box !important; overflow-wrap: break-word !important;\">在当前阶段，关注感人事迹，提升孩子的道德情操。</strong>家长们要继续当好疫情防控知识的积极宣传者、网络正能量的践行者和传播者。此次疫情中既有谣言，更多的是逆行抗疫者非常感人的高尚表现。家长要引导孩子分辨信息真伪，多关注抗疫者的感人事迹和全国上下同心的努力，为孩子注入积极正向的心理能量，提高孩子的感恩、责任、助人的道德品质。</p><p>　　５．<strong style=\"max-width: 100%; box-sizing: border-box !important; overflow-wrap: break-word !important;\">在当前阶段，共同参与居家学习，培养良好学习习惯。</strong>学生学业成绩的高低在很大程度上与自身的学习习惯和时间管理能力相关。家长们要鼓励并和孩子一起在延期开学期间利用网上丰富的教学资源和微课，开展自学、研学、探究活动，帮助孩子们树立“停课不停学”意识，养成良好的学习习惯，提高自学能力。</p><p>　　６．<strong style=\"max-width: 100%; box-sizing: border-box !important; overflow-wrap: break-word !important;\">在当前阶段，做好示范督促，关注用眼健康。</strong>长时间的居家生活，孩子们长时间地上网或观看电视，视力普遍下降。家长们要发挥榜样示范作用，避免长时间使用手机或网络，要定期督促孩子们按计划完成居家学习任务的前提下，控制自己和孩子在线和观看电视的时间，注意用眼健康。</p><p>　　７．<strong style=\"max-width: 100%; box-sizing: border-box !important; overflow-wrap: break-word !important;\">在当前阶段，用好“亲子时光”，保持积极乐观心态。</strong>在这段特殊而难得的“亲子时光”里，家长们要合理规划家庭活动，做好亲子陪伴，引导孩子共同参与家务劳动、学习生活技能。同时，家长们要注意并引导孩子们科学认识疫情的发展，保持积极乐观的心态，不要过度担心和焦虑，调整心态，做好开学前的心理准备。</p><p>　　８．<strong style=\"max-width: 100%; box-sizing: border-box !important; overflow-wrap: break-word !important;\">开学前一周，调整生活节奏，向学校生活靠拢。</strong>如果确定了开学时间，开学前一周，家长和同学们要调整家庭生活节奏，向学校生活节奏靠拢。为更好地适应校园生活，家长们可以在开学前一周参照学校作息时间和课程表，模拟学校生活场景，安排孩子起床、运动、学习、就餐、休闲和睡眠的时间。</p><p>　　９．<strong style=\"max-width: 100%; box-sizing: border-box !important; overflow-wrap: break-word !important;\">开学前一周，罗列返校清单，做好细节准备。</strong>开学前一周，家长和同学们要及时与老师联系，明确返校要求。家长们要和孩子们一起罗列返校清单，包括作业清单、学习用品清单、学习目标清单和问题障碍清单等，共同做好返校学习需要的各种细节准备，为可能出现的各种情况做好计划和方案。</p><p>　　１０．<strong style=\"max-width: 100%; box-sizing: border-box !important; overflow-wrap: break-word !important;\">开学后，继续做好个人防护，注意环境和个人卫生。</strong>开学后，家长和同学们要继续注意往返学校途中的个人防护，尽量避免参加聚会等集体活动，加强饮食营养，多喝开水。在学校里，要注意环境和个人卫生，保持住所等通风良好，勤洗手，不要随地吐痰。</p>','','','/uploads/ya02wmsj_cecoe/pic/20200408/e4a2234c9e8ea4901248db0594505fed.jpg','图文视频','36','下线','','','4d92a971360243b0bab91e2ffc6740e3','4d92a971360243b0bab91e2ffc6740e3','4d92a971360243b0bab91e2ffc6740e3','2020-04-08 10:17:21','2020-04-08 10:17:48','2020-04-08 10:18:45',99,'n','/uploads/ya02wmsj_cecoe/pic/20200306/1583460155_822785550.jpg','pc','331082000000','n','0000-00-00 00:00:00','0000-00-00 00:00:00','内容',0),(54,'全市统一战线开展“同心战疫情、同行助发展、同德促善治”行动','<p style=\"margin-bottom: 0px; max-width: 100%; box-sizing: border-box; clear: both; min-height: 1em; color: rgb(51, 51, 51); font-family: -apple-system-font, BlinkMacSystemFont, \" helvetica=\"\" neue\",=\"\" \"pingfang=\"\" sc\",=\"\" \"hiragino=\"\" sans=\"\" gb\",=\"\" \"microsoft=\"\" yahei=\"\" ui\",=\"\" yahei\",=\"\" arial,=\"\" sans-serif;=\"\" font-size:=\"\" 18px;=\"\" letter-spacing:=\"\" 0.544px;=\"\" text-align:=\"\" center;=\"\" background-color:=\"\" rgb(255,=\"\" 255,=\"\" 255);=\"\" overflow-wrap:=\"\" break-word=\"\" !important;\"=\"\"><strong style=\"max-width: 100%; box-sizing: border-box; overflow-wrap: break-word !important;\">为进一步发挥统一战线优势作用</strong></p><p style=\"margin-bottom: 0px; max-width: 100%; box-sizing: border-box; clear: both; min-height: 1em; color: rgb(51, 51, 51); font-family: -apple-system-font, BlinkMacSystemFont, \" helvetica=\"\" neue\",=\"\" \"pingfang=\"\" sc\",=\"\" \"hiragino=\"\" sans=\"\" gb\",=\"\" \"microsoft=\"\" yahei=\"\" ui\",=\"\" yahei\",=\"\" arial,=\"\" sans-serif;=\"\" font-size:=\"\" 18px;=\"\" letter-spacing:=\"\" 0.544px;=\"\" text-align:=\"\" center;=\"\" background-color:=\"\" rgb(255,=\"\" 255,=\"\" 255);=\"\" overflow-wrap:=\"\" break-word=\"\" !important;\"=\"\"><strong style=\"max-width: 100%; box-sizing: border-box; overflow-wrap: break-word !important;\">助力打赢新冠肺炎疫情防控阻击战</strong></p><p style=\"margin-bottom: 0px; max-width: 100%; box-sizing: border-box; clear: both; min-height: 1em; color: rgb(51, 51, 51); font-family: -apple-system-font, BlinkMacSystemFont, \" helvetica=\"\" neue\",=\"\" \"pingfang=\"\" sc\",=\"\" \"hiragino=\"\" sans=\"\" gb\",=\"\" \"microsoft=\"\" yahei=\"\" ui\",=\"\" yahei\",=\"\" arial,=\"\" sans-serif;=\"\" font-size:=\"\" 18px;=\"\" letter-spacing:=\"\" 0.544px;=\"\" text-align:=\"\" center;=\"\" background-color:=\"\" rgb(255,=\"\" 255,=\"\" 255);=\"\" overflow-wrap:=\"\" break-word=\"\" !important;\"=\"\"><strong style=\"max-width: 100%; box-sizing: border-box; overflow-wrap: break-word !important;\">即日起</strong></p><p style=\"margin-bottom: 0px; max-width: 100%; box-sizing: border-box; clear: both; min-height: 1em; color: rgb(51, 51, 51); font-family: -apple-system-font, BlinkMacSystemFont, \" helvetica=\"\" neue\",=\"\" \"pingfang=\"\" sc\",=\"\" \"hiragino=\"\" sans=\"\" gb\",=\"\" \"microsoft=\"\" yahei=\"\" ui\",=\"\" yahei\",=\"\" arial,=\"\" sans-serif;=\"\" font-size:=\"\" 18px;=\"\" letter-spacing:=\"\" 0.544px;=\"\" text-align:=\"\" center;=\"\" background-color:=\"\" rgb(255,=\"\" 255,=\"\" 255);=\"\" overflow-wrap:=\"\" break-word=\"\" !important;\"=\"\"><strong style=\"max-width: 100%; box-sizing: border-box; overflow-wrap: break-word !important;\">全市统一战线开展</strong></p><p style=\"margin-bottom: 0px; max-width: 100%; box-sizing: border-box; clear: both; min-height: 1em; color: rgb(51, 51, 51); font-family: -apple-system-font, BlinkMacSystemFont, \" helvetica=\"\" neue\",=\"\" \"pingfang=\"\" sc\",=\"\" \"hiragino=\"\" sans=\"\" gb\",=\"\" \"microsoft=\"\" yahei=\"\" ui\",=\"\" yahei\",=\"\" arial,=\"\" sans-serif;=\"\" font-size:=\"\" 18px;=\"\" letter-spacing:=\"\" 0.544px;=\"\" text-align:=\"\" center;=\"\" background-color:=\"\" rgb(255,=\"\" 255,=\"\" 255);=\"\" overflow-wrap:=\"\" break-word=\"\" !important;\"=\"\"><strong style=\"max-width: 100%; box-sizing: border-box; overflow-wrap: break-word !important;\">“同心战疫情，同行助发展，同德促善治”行动</strong></p><p style=\"margin-bottom: 0px; max-width: 100%; box-sizing: border-box; clear: both; min-height: 1em; color: rgb(51, 51, 51); font-family: -apple-system-font, BlinkMacSystemFont, \" helvetica=\"\" neue\",=\"\" \"pingfang=\"\" sc\",=\"\" \"hiragino=\"\" sans=\"\" gb\",=\"\" \"microsoft=\"\" yahei=\"\" ui\",=\"\" yahei\",=\"\" arial,=\"\" sans-serif;=\"\" font-size:=\"\" 18px;=\"\" letter-spacing:=\"\" 0.544px;=\"\" text-align:=\"\" center;=\"\" background-color:=\"\" rgb(255,=\"\" 255,=\"\" 255);=\"\" overflow-wrap:=\"\" break-word=\"\" !important;\"=\"\"></p><p style=\"text-align: center;\"><img data-index=\"1583460190039-0\" src=\"/uploads/ya02wmsj_cecoe/pic/20200306/1583460284_663948643.gif\" alt=\"\"></p><p style=\"text-align: center;\"><br></p><section powered-by=\"xiumi.us\" style=\"margin-top: 10px; margin-bottom: 10px; max-width: 100%; box-sizing: border-box; color: rgb(51, 51, 51); font-family: -apple-system-font, BlinkMacSystemFont, \" helvetica=\"\" neue\",=\"\" \"pingfang=\"\" sc\",=\"\" \"hiragino=\"\" sans=\"\" gb\",=\"\" \"microsoft=\"\" yahei=\"\" ui\",=\"\" yahei\",=\"\" arial,=\"\" sans-serif;=\"\" font-size:=\"\" 16px;=\"\" letter-spacing:=\"\" 0.544px;=\"\" background-color:=\"\" rgb(255,=\"\" 255,=\"\" 255);=\"\" text-align:=\"\" center;=\"\" justify-content:=\"\" overflow-wrap:=\"\" break-word=\"\" !important;\"=\"\"></section><section powered-by=\"xiumi.us\" style=\"max-width: 100%; box-sizing: border-box; font-family: -apple-system-font, BlinkMacSystemFont, \" helvetica=\"\" neue\",=\"\" \"pingfang=\"\" sc\",=\"\" \"hiragino=\"\" sans=\"\" gb\",=\"\" \"microsoft=\"\" yahei=\"\" ui\",=\"\" yahei\",=\"\" arial,=\"\" sans-serif;=\"\" text-align:=\"\" justify;=\"\" background-color:=\"\" rgb(255,=\"\" 255,=\"\" 255);=\"\" font-size:=\"\" 18px;=\"\" color:=\"\" rgb(15,=\"\" 15,=\"\" 15);=\"\" line-height:=\"\" 2;=\"\" letter-spacing:=\"\" 1px;=\"\" overflow-wrap:=\"\" break-word=\"\" !important;\"=\"\"><p style=\"text-align: center; margin-bottom: 0px; max-width: 100%; box-sizing: border-box; clear: both; min-height: 1em; text-indent: 2em; overflow-wrap: break-word !important;\"><br></p><section powered-by=\"xiumi.us\" style=\"margin-top: 10px; margin-bottom: 10px; max-width: 100%; box-sizing: border-box; color: rgb(51, 51, 51); font-size: 16px; letter-spacing: 0.544px; text-align: center; justify-content: center; overflow-wrap: break-word !important;\"><section style=\"max-width: 100%; box-sizing: border-box; display: inline-block; width: auto; vertical-align: top; min-width: 10%; height: auto; overflow-wrap: break-word !important;\"><section powered-by=\"xiumi.us\" style=\"max-width: 100%; box-sizing: border-box; overflow-wrap: break-word !important;\"><section style=\"max-width: 100%; box-sizing: border-box; display: flex; flex-flow: row nowrap; overflow-wrap: break-word !important;\"><section style=\"max-width: 100%; box-sizing: border-box; display: inline-block; vertical-align: top; width: auto; flex: 0 0 0%; align-self: stretch; height: auto; background-position: 50% 50%; background-repeat: no-repeat; background-size: 100% 100%; background-attachment: scroll; background-image: url(\" https:=\"\" mmbiz.qpic.cn=\"\" mmbiz_png=\"\" ajrpkjxmwqcsl44nbnbg8myncctviaefca2sgmaebuk9ueovpkjul7oqxrosowlxfnx8mgfbts6qvbu305grtzw=\"\" 640?wx_fmt=\"png\" );\"=\"\" overflow-wrap:=\"\" break-word=\"\" !important;\"=\"\"><section powered-by=\"xiumi.us\" style=\"max-width: 100%; box-sizing: border-box; overflow-wrap: break-word !important;\"><section style=\"max-width: 100%; box-sizing: border-box; display: inline-block; width: 20px; height: 40px; vertical-align: top; overflow: hidden; line-height: 0; overflow-wrap: break-word !important;\"><br style=\"max-width: 100%; box-sizing: border-box !important; overflow-wrap: break-word !important;\"></section></section></section><section style=\"max-width: 100%; box-sizing: border-box; display: inline-block; vertical-align: top; width: auto; align-self: stretch; flex: 100 100 0%; background-position: 50% 50%; background-repeat: no-repeat; background-size: 100% 100%; background-attachment: scroll; background-image: url(\" https:=\"\" mmbiz.qpic.cn=\"\" mmbiz_png=\"\" ajrpkjxmwqcsl44nbnbg8myncctviaefcsoslnwaja4hkr89mreru0o03vib6aulhmz0gicjc9nhjggjbia4sytzzg=\"\" 640?wx_fmt=\"png\" );\"=\"\" overflow-wrap:=\"\" break-word=\"\" !important;\"=\"\"><section powered-by=\"xiumi.us\" style=\"margin-top: 10px; max-width: 100%; box-sizing: border-box; overflow-wrap: break-word !important;\"><section style=\"padding-right: 20px; padding-left: 20px; max-width: 100%; box-sizing: border-box; color: rgb(255, 60, 84); line-height: 1; letter-spacing: 2px; overflow-wrap: break-word !important;\"><p style=\"margin-bottom: 0px; max-width: 100%; box-sizing: border-box; clear: both; min-height: 1em; overflow-wrap: break-word !important;\"><strong style=\"max-width: 100%; box-sizing: border-box; overflow-wrap: break-word !important;\">为疫情防控献计出力</strong></p></section></section></section><section style=\"max-width: 100%; box-sizing: border-box; display: inline-block; vertical-align: top; width: auto; align-self: stretch; flex: 0 0 0%; height: auto; background-position: 50% 50%; background-repeat: no-repeat; background-size: 100% 100%; background-attachment: scroll; background-image: url(\" https:=\"\" mmbiz.qpic.cn=\"\" mmbiz_png=\"\" ajrpkjxmwqcsl44nbnbg8myncctviaefcss0fv2rppgvspibbqrtizp3apl2c2v0gl3tnjliske5g3ohlhuia2dg=\"\" 640?wx_fmt=\"png\" );\"=\"\" overflow-wrap:=\"\" break-word=\"\" !important;\"=\"\"><section powered-by=\"xiumi.us\" style=\"max-width: 100%; box-sizing: border-box; overflow-wrap: break-word !important;\"><section style=\"max-width: 100%; box-sizing: border-box; display: inline-block; width: 20px; height: 40px; vertical-align: top; overflow: hidden; line-height: 0; overflow-wrap: break-word !important;\"><br style=\"max-width: 100%; box-sizing: border-box !important; overflow-wrap: break-word !important;\"></section></section></section></section></section></section></section><section powered-by=\"xiumi.us\" style=\"max-width: 100%; box-sizing: border-box; line-height: 2; overflow-wrap: break-word !important;\"><p style=\"margin-bottom: 0px; max-width: 100%; box-sizing: border-box; clear: both; min-height: 1em; text-indent: 2em; overflow-wrap: break-word !important;\">进一步组织动员全市统一战线成员特别是广大民营企业、港澳台同胞、海外侨胞，通过捐款捐物、提供保障服务、参与工程建设，发动全球“朋友圈”采购口罩、防护服，护目镜等紧缺物资，参与医疗物资紧急支援和复工复产工作。发挥民主党派、无党派人士优势，组织动员相关医疗资源持续为疫情防控献计出力。依法做好海外捐赠管理工作，协助有关部门依法、合规、安全使用港澳台同胞、海外侨胞捐赠款物。</p></section><section powered-by=\"xiumi.us\" style=\"margin-top: 10px; margin-bottom: 10px; max-width: 100%; box-sizing: border-box; color: rgb(51, 51, 51); font-size: 16px; letter-spacing: 0.544px; text-align: center; justify-content: center; overflow-wrap: break-word !important;\"><section style=\"max-width: 100%; box-sizing: border-box; display: inline-block; width: auto; vertical-align: top; min-width: 10%; height: auto; overflow-wrap: break-word !important;\"><section powered-by=\"xiumi.us\" style=\"max-width: 100%; box-sizing: border-box; overflow-wrap: break-word !important;\"><section style=\"max-width: 100%; box-sizing: border-box; display: flex; flex-flow: row nowrap; overflow-wrap: break-word !important;\"><section style=\"max-width: 100%; box-sizing: border-box; display: inline-block; vertical-align: top; width: auto; flex: 0 0 0%; align-self: stretch; height: auto; background-position: 50% 50%; background-repeat: no-repeat; background-size: 100% 100%; background-attachment: scroll; background-image: url(\" https:=\"\" mmbiz.qpic.cn=\"\" mmbiz_png=\"\" ajrpkjxmwqcsl44nbnbg8myncctviaefca2sgmaebuk9ueovpkjul7oqxrosowlxfnx8mgfbts6qvbu305grtzw=\"\" 640?wx_fmt=\"png\" );\"=\"\" overflow-wrap:=\"\" break-word=\"\" !important;\"=\"\"><section powered-by=\"xiumi.us\" style=\"max-width: 100%; box-sizing: border-box; overflow-wrap: break-word !important;\"><section style=\"max-width: 100%; box-sizing: border-box; display: inline-block; width: 20px; height: 40px; vertical-align: top; overflow: hidden; line-height: 0; overflow-wrap: break-word !important;\"><br style=\"max-width: 100%; box-sizing: border-box !important; overflow-wrap: break-word !important;\"></section></section></section><section style=\"max-width: 100%; box-sizing: border-box; display: inline-block; vertical-align: top; width: auto; align-self: stretch; flex: 100 100 0%; background-position: 50% 50%; background-repeat: no-repeat; background-size: 100% 100%; background-attachment: scroll; background-image: url(\" https:=\"\" mmbiz.qpic.cn=\"\" mmbiz_png=\"\" ajrpkjxmwqcsl44nbnbg8myncctviaefcsoslnwaja4hkr89mreru0o03vib6aulhmz0gicjc9nhjggjbia4sytzzg=\"\" 640?wx_fmt=\"png\" );\"=\"\" overflow-wrap:=\"\" break-word=\"\" !important;\"=\"\"><section powered-by=\"xiumi.us\" style=\"margin-top: 10px; max-width: 100%; box-sizing: border-box; overflow-wrap: break-word !important;\"><section style=\"padding-right: 20px; padding-left: 20px; max-width: 100%; box-sizing: border-box; color: rgb(255, 60, 84); line-height: 1; letter-spacing: 2px; overflow-wrap: break-word !important;\"><p style=\"margin-bottom: 0px; max-width: 100%; box-sizing: border-box; clear: both; min-height: 1em; overflow-wrap: break-word !important;\"><strong style=\"max-width: 100%; box-sizing: border-box; overflow-wrap: break-word !important;\">助企抗疫情、联企复生产</strong></p></section></section></section><section style=\"max-width: 100%; box-sizing: border-box; display: inline-block; vertical-align: top; width: auto; align-self: stretch; flex: 0 0 0%; height: auto; background-position: 50% 50%; background-repeat: no-repeat; background-size: 100% 100%; background-attachment: scroll; background-image: url(\" https:=\"\" mmbiz.qpic.cn=\"\" mmbiz_png=\"\" ajrpkjxmwqcsl44nbnbg8myncctviaefcss0fv2rppgvspibbqrtizp3apl2c2v0gl3tnjliske5g3ohlhuia2dg=\"\" 640?wx_fmt=\"png\" );\"=\"\" overflow-wrap:=\"\" break-word=\"\" !important;\"=\"\"><section powered-by=\"xiumi.us\" style=\"max-width: 100%; box-sizing: border-box; overflow-wrap: break-word !important;\"><section style=\"max-width: 100%; box-sizing: border-box; display: inline-block; width: 20px; height: 40px; vertical-align: top; overflow: hidden; line-height: 0; overflow-wrap: break-word !important;\"><br style=\"max-width: 100%; box-sizing: border-box !important; overflow-wrap: break-word !important;\"></section></section></section></section></section></section></section><section powered-by=\"xiumi.us\" style=\"max-width: 100%; box-sizing: border-box; line-height: 2; overflow-wrap: break-word !important;\"><p style=\"margin-bottom: 0px; max-width: 100%; box-sizing: border-box; clear: both; min-height: 1em; text-indent: 2em; overflow-wrap: break-word !important;\">全面深化“三服务”活动，建立民营企业复工复产诉求“直通车”，发挥工商联、侨联、基层商会、乡贤（联谊）会等组织的桥梁纽带作用，全天候收集企业复工复产、惠企政策兑现过程中的困难和诉求，会同相关职能部门协调解决企业员工返岗、物流运输、防控物资、融资需求等问题。认真落实领导干部联系民营企业家、民营企业、重点商会制度，建立问题清单、责任清单、落实清单，以更大力度为企业提供贴心服务。</p></section><section powered-by=\"xiumi.us\" style=\"margin-top: 10px; margin-bottom: 10px; max-width: 100%; box-sizing: border-box; color: rgb(51, 51, 51); font-size: 16px; letter-spacing: 0.544px; text-align: center; justify-content: center; overflow-wrap: break-word !important;\"><section style=\"max-width: 100%; box-sizing: border-box; display: inline-block; width: auto; vertical-align: top; min-width: 10%; height: auto; overflow-wrap: break-word !important;\"><section powered-by=\"xiumi.us\" style=\"max-width: 100%; box-sizing: border-box; overflow-wrap: break-word !important;\"><section style=\"max-width: 100%; box-sizing: border-box; display: flex; flex-flow: row nowrap; overflow-wrap: break-word !important;\"><section style=\"max-width: 100%; box-sizing: border-box; display: inline-block; vertical-align: top; width: auto; flex: 0 0 0%; align-self: stretch; height: auto; background-position: 50% 50%; background-repeat: no-repeat; background-size: 100% 100%; background-attachment: scroll; background-image: url(\" https:=\"\" mmbiz.qpic.cn=\"\" mmbiz_png=\"\" ajrpkjxmwqcsl44nbnbg8myncctviaefca2sgmaebuk9ueovpkjul7oqxrosowlxfnx8mgfbts6qvbu305grtzw=\"\" 640?wx_fmt=\"png\" );\"=\"\" overflow-wrap:=\"\" break-word=\"\" !important;\"=\"\"><section powered-by=\"xiumi.us\" style=\"max-width: 100%; box-sizing: border-box; overflow-wrap: break-word !important;\"><section style=\"max-width: 100%; box-sizing: border-box; display: inline-block; width: 20px; height: 40px; vertical-align: top; overflow: hidden; line-height: 0; overflow-wrap: break-word !important;\"><br style=\"max-width: 100%; box-sizing: border-box !important; overflow-wrap: break-word !important;\"></section></section></section><section style=\"max-width: 100%; box-sizing: border-box; display: inline-block; vertical-align: top; width: auto; align-self: stretch; flex: 100 100 0%; background-position: 50% 50%; background-repeat: no-repeat; background-size: 100% 100%; background-attachment: scroll; background-image: url(\" https:=\"\" mmbiz.qpic.cn=\"\" mmbiz_png=\"\" ajrpkjxmwqcsl44nbnbg8myncctviaefcsoslnwaja4hkr89mreru0o03vib6aulhmz0gicjc9nhjggjbia4sytzzg=\"\" 640?wx_fmt=\"png\" );\"=\"\" overflow-wrap:=\"\" break-word=\"\" !important;\"=\"\"><section powered-by=\"xiumi.us\" style=\"margin-top: 10px; max-width: 100%; box-sizing: border-box; overflow-wrap: break-word !important;\"><section style=\"padding-right: 20px; padding-left: 20px; max-width: 100%; box-sizing: border-box; color: rgb(255, 60, 84); line-height: 1; letter-spacing: 2px; overflow-wrap: break-word !important;\"><p style=\"margin-bottom: 0px; max-width: 100%; box-sizing: border-box; clear: both; min-height: 1em; overflow-wrap: break-word !important;\"><strong style=\"max-width: 100%; box-sizing: border-box; overflow-wrap: break-word !important;\">确保民族宗教领域和谐稳定</strong></p></section></section></section><section style=\"max-width: 100%; box-sizing: border-box; display: inline-block; vertical-align: top; width: auto; align-self: stretch; flex: 0 0 0%; height: auto; background-position: 50% 50%; background-repeat: no-repeat; background-size: 100% 100%; background-attachment: scroll; background-image: url(\" https:=\"\" mmbiz.qpic.cn=\"\" mmbiz_png=\"\" ajrpkjxmwqcsl44nbnbg8myncctviaefcss0fv2rppgvspibbqrtizp3apl2c2v0gl3tnjliske5g3ohlhuia2dg=\"\" 640?wx_fmt=\"png\" );\"=\"\" overflow-wrap:=\"\" break-word=\"\" !important;\"=\"\"><section powered-by=\"xiumi.us\" style=\"max-width: 100%; box-sizing: border-box; overflow-wrap: break-word !important;\"><section style=\"max-width: 100%; box-sizing: border-box; display: inline-block; width: 20px; height: 40px; vertical-align: top; overflow: hidden; line-height: 0; overflow-wrap: break-word !important;\"><br style=\"max-width: 100%; box-sizing: border-box !important; overflow-wrap: break-word !important;\"></section></section></section></section></section></section></section><section powered-by=\"xiumi.us\" style=\"max-width: 100%; box-sizing: border-box; line-height: 2; overflow-wrap: break-word !important;\"><p style=\"margin-bottom: 0px; max-width: 100%; box-sizing: border-box; clear: both; min-height: 1em; text-indent: 2em; overflow-wrap: break-word !important;\">强化危机意识，及时研判宗教领域防控形势，耐心细致做好宗教界人士和信教群众宣传教育引导工作，严格执行暂停开放宗教活动场所、暂停一切集体宗教（民间信仰）活动，确保宗教领域不出现任何松懈和疏漏。要教育引导少数民族群众做好疫情防控工作，认真落实对被隔离少数民族群众的关爱措施，加强对内地少数民族务工人员等群体的关心关怀和服务管理，及时帮助解决实际因难。</p></section><section powered-by=\"xiumi.us\" style=\"margin-top: 10px; margin-bottom: 10px; max-width: 100%; box-sizing: border-box; color: rgb(51, 51, 51); font-size: 16px; letter-spacing: 0.544px; text-align: center; justify-content: center; overflow-wrap: break-word !important;\"><section style=\"max-width: 100%; box-sizing: border-box; display: inline-block; width: auto; vertical-align: top; min-width: 10%; height: auto; overflow-wrap: break-word !important;\"><section powered-by=\"xiumi.us\" style=\"max-width: 100%; box-sizing: border-box; overflow-wrap: break-word !important;\"><section style=\"max-width: 100%; box-sizing: border-box; display: flex; flex-flow: row nowrap; overflow-wrap: break-word !important;\"><section style=\"max-width: 100%; box-sizing: border-box; display: inline-block; vertical-align: top; width: auto; flex: 0 0 0%; align-self: stretch; height: auto; background-position: 50% 50%; background-repeat: no-repeat; background-size: 100% 100%; background-attachment: scroll; background-image: url(\" https:=\"\" mmbiz.qpic.cn=\"\" mmbiz_png=\"\" ajrpkjxmwqcsl44nbnbg8myncctviaefca2sgmaebuk9ueovpkjul7oqxrosowlxfnx8mgfbts6qvbu305grtzw=\"\" 640?wx_fmt=\"png\" );\"=\"\" overflow-wrap:=\"\" break-word=\"\" !important;\"=\"\"><section powered-by=\"xiumi.us\" style=\"max-width: 100%; box-sizing: border-box; overflow-wrap: break-word !important;\"><section style=\"max-width: 100%; box-sizing: border-box; display: inline-block; width: 20px; height: 40px; vertical-align: top; overflow: hidden; line-height: 0; overflow-wrap: break-word !important;\"><br style=\"max-width: 100%; box-sizing: border-box !important; overflow-wrap: break-word !important;\"></section></section></section><section style=\"max-width: 100%; box-sizing: border-box; display: inline-block; vertical-align: top; width: auto; align-self: stretch; flex: 100 100 0%; background-position: 50% 50%; background-repeat: no-repeat; background-size: 100% 100%; background-attachment: scroll; background-image: url(\" https:=\"\" mmbiz.qpic.cn=\"\" mmbiz_png=\"\" ajrpkjxmwqcsl44nbnbg8myncctviaefcsoslnwaja4hkr89mreru0o03vib6aulhmz0gicjc9nhjggjbia4sytzzg=\"\" 640?wx_fmt=\"png\" );\"=\"\" overflow-wrap:=\"\" break-word=\"\" !important;\"=\"\"><section powered-by=\"xiumi.us\" style=\"margin-top: 10px; max-width: 100%; box-sizing: border-box; overflow-wrap: break-word !important;\"><section style=\"padding-right: 20px; padding-left: 20px; max-width: 100%; box-sizing: border-box; color: rgb(255, 60, 84); line-height: 1; letter-spacing: 2px; overflow-wrap: break-word !important;\"><p style=\"margin-bottom: 0px; max-width: 100%; box-sizing: border-box; clear: both; min-height: 1em; overflow-wrap: break-word !important;\"><strong style=\"max-width: 100%; box-sizing: border-box; overflow-wrap: break-word !important;\">进一步提高侨务工作服务水平</strong></p></section></section></section><section style=\"max-width: 100%; box-sizing: border-box; display: inline-block; vertical-align: top; width: auto; align-self: stretch; flex: 0 0 0%; height: auto; background-position: 50% 50%; background-repeat: no-repeat; background-size: 100% 100%; background-attachment: scroll; background-image: url(\" https:=\"\" mmbiz.qpic.cn=\"\" mmbiz_png=\"\" ajrpkjxmwqcsl44nbnbg8myncctviaefcss0fv2rppgvspibbqrtizp3apl2c2v0gl3tnjliske5g3ohlhuia2dg=\"\" 640?wx_fmt=\"png\" );\"=\"\" overflow-wrap:=\"\" break-word=\"\" !important;\"=\"\"><section powered-by=\"xiumi.us\" style=\"max-width: 100%; box-sizing: border-box; overflow-wrap: break-word !important;\"><section style=\"max-width: 100%; box-sizing: border-box; display: inline-block; width: 20px; height: 40px; vertical-align: top; overflow: hidden; line-height: 0; overflow-wrap: break-word !important;\"><br style=\"max-width: 100%; box-sizing: border-box !important; overflow-wrap: break-word !important;\"></section></section></section></section></section></section></section><section powered-by=\"xiumi.us\" style=\"max-width: 100%; box-sizing: border-box; line-height: 2; overflow-wrap: break-word !important;\"><p style=\"margin-bottom: 0px; max-width: 100%; box-sizing: border-box; clear: both; min-height: 1em; text-indent: 2em; overflow-wrap: break-word !important;\">扎实推动“最多跑一次”事项“网上通办”，认真收集侨资企业复工复产情况、惠企政策兑现过程中的困难和诉求，会同相关职能部门协调解决侨资企业员工返岗、物流运输、防控物资、融资需求等问题。主动对接相关部门信息发布平台，掌握有效信息；通过相关国家和地区侨团、同乡社团微信群等向港澳台同胞、侨商（企）、留学人员发布有关国家和地区应对疫情采取的出入境管控等动态信息，方便港澳台同胞、海外侨胞工作生活。</p></section><section powered-by=\"xiumi.us\" style=\"margin-top: 10px; margin-bottom: 10px; max-width: 100%; box-sizing: border-box; color: rgb(51, 51, 51); font-size: 16px; letter-spacing: 0.544px; text-align: center; justify-content: center; overflow-wrap: break-word !important;\"><section style=\"max-width: 100%; box-sizing: border-box; display: inline-block; width: auto; vertical-align: top; min-width: 10%; height: auto; overflow-wrap: break-word !important;\"><section powered-by=\"xiumi.us\" style=\"max-width: 100%; box-sizing: border-box; overflow-wrap: break-word !important;\"><section style=\"max-width: 100%; box-sizing: border-box; display: flex; flex-flow: row nowrap; overflow-wrap: break-word !important;\"><section style=\"max-width: 100%; box-sizing: border-box; display: inline-block; vertical-align: top; width: auto; flex: 0 0 0%; align-self: stretch; height: auto; background-position: 50% 50%; background-repeat: no-repeat; background-size: 100% 100%; background-attachment: scroll; background-image: url(\" https:=\"\" mmbiz.qpic.cn=\"\" mmbiz_png=\"\" ajrpkjxmwqcsl44nbnbg8myncctviaefca2sgmaebuk9ueovpkjul7oqxrosowlxfnx8mgfbts6qvbu305grtzw=\"\" 640?wx_fmt=\"png\" );\"=\"\" overflow-wrap:=\"\" break-word=\"\" !important;\"=\"\"><section powered-by=\"xiumi.us\" style=\"max-width: 100%; box-sizing: border-box; overflow-wrap: break-word !important;\"><section style=\"max-width: 100%; box-sizing: border-box; display: inline-block; width: 20px; height: 40px; vertical-align: top; overflow: hidden; line-height: 0; overflow-wrap: break-word !important;\"><br style=\"max-width: 100%; box-sizing: border-box !important; overflow-wrap: break-word !important;\"></section></section></section><section style=\"max-width: 100%; box-sizing: border-box; display: inline-block; vertical-align: top; width: auto; align-self: stretch; flex: 100 100 0%; background-position: 50% 50%; background-repeat: no-repeat; background-size: 100% 100%; background-attachment: scroll; background-image: url(\" https:=\"\" mmbiz.qpic.cn=\"\" mmbiz_png=\"\" ajrpkjxmwqcsl44nbnbg8myncctviaefcsoslnwaja4hkr89mreru0o03vib6aulhmz0gicjc9nhjggjbia4sytzzg=\"\" 640?wx_fmt=\"png\" );\"=\"\" overflow-wrap:=\"\" break-word=\"\" !important;\"=\"\"><section powered-by=\"xiumi.us\" style=\"margin-top: 10px; max-width: 100%; box-sizing: border-box; overflow-wrap: break-word !important;\"><section style=\"padding-right: 20px; padding-left: 20px; max-width: 100%; box-sizing: border-box; color: rgb(255, 60, 84); line-height: 1; letter-spacing: 2px; overflow-wrap: break-word !important;\"><p style=\"margin-bottom: 0px; max-width: 100%; box-sizing: border-box; clear: both; min-height: 1em; overflow-wrap: break-word !important;\"><strong style=\"max-width: 100%; box-sizing: border-box; overflow-wrap: break-word !important;\">关心、激励统战成员和统战干部</strong></p></section></section></section><section style=\"max-width: 100%; box-sizing: border-box; display: inline-block; vertical-align: top; width: auto; align-self: stretch; flex: 0 0 0%; height: auto; background-position: 50% 50%; background-repeat: no-repeat; background-size: 100% 100%; background-attachment: scroll; background-image: url(\" https:=\"\" mmbiz.qpic.cn=\"\" mmbiz_png=\"\" ajrpkjxmwqcsl44nbnbg8myncctviaefcss0fv2rppgvspibbqrtizp3apl2c2v0gl3tnjliske5g3ohlhuia2dg=\"\" 640?wx_fmt=\"png\" );\"=\"\" overflow-wrap:=\"\" break-word=\"\" !important;\"=\"\"><section powered-by=\"xiumi.us\" style=\"max-width: 100%; box-sizing: border-box; overflow-wrap: break-word !important;\"><section style=\"max-width: 100%; box-sizing: border-box; display: inline-block; width: 20px; height: 40px; vertical-align: top; overflow: hidden; line-height: 0; overflow-wrap: break-word !important;\"><br style=\"max-width: 100%; box-sizing: border-box !important; overflow-wrap: break-word !important;\"></section></section></section></section></section></section></section><section powered-by=\"xiumi.us\" style=\"max-width: 100%; box-sizing: border-box; line-height: 2; overflow-wrap: break-word !important;\"><p style=\"margin-bottom: 0px; max-width: 100%; box-sizing: border-box; clear: both; min-height: 1em; text-indent: 2em; overflow-wrap: break-word !important;\">及时了解掌握、分析评价统一战线成员特别是党外代表人士在疫情防控一线的表现并录入党外代表人士信息库，及时了解掌握、分析评价统战系统干部在疫情防控工作中的表现，把在疫情防控工作的表现作为分析评价的重要内容。对表现突出、符合条件的，优先纳入学习培训、实践锻炼、政治安排、社会安排和实职安排推荐人选名单、作为年度培养选拔等的重要依据。关心关爱在疫情防控一线的统一战线成员和承担疫情防控工作的统战系统干部，进一步加强联系，适时开展走访慰问，认真听取意见建议，帮助解决实际困难。</p></section><section powered-by=\"xiumi.us\" style=\"margin-top: 10px; margin-bottom: 10px; max-width: 100%; box-sizing: border-box; color: rgb(51, 51, 51); font-size: 16px; letter-spacing: 0.544px; text-align: center; justify-content: center; overflow-wrap: break-word !important;\"><section style=\"max-width: 100%; box-sizing: border-box; display: inline-block; width: auto; vertical-align: top; min-width: 10%; height: auto; overflow-wrap: break-word !important;\"><section powered-by=\"xiumi.us\" style=\"max-width: 100%; box-sizing: border-box; overflow-wrap: break-word !important;\"><section style=\"max-width: 100%; box-sizing: border-box; display: flex; flex-flow: row nowrap; overflow-wrap: break-word !important;\"><section style=\"max-width: 100%; box-sizing: border-box; display: inline-block; vertical-align: top; width: auto; flex: 0 0 0%; align-self: stretch; height: auto; background-position: 50% 50%; background-repeat: no-repeat; background-size: 100% 100%; background-attachment: scroll; background-image: url(\" https:=\"\" mmbiz.qpic.cn=\"\" mmbiz_png=\"\" ajrpkjxmwqcsl44nbnbg8myncctviaefca2sgmaebuk9ueovpkjul7oqxrosowlxfnx8mgfbts6qvbu305grtzw=\"\" 640?wx_fmt=\"png\" );\"=\"\" overflow-wrap:=\"\" break-word=\"\" !important;\"=\"\"><section powered-by=\"xiumi.us\" style=\"max-width: 100%; box-sizing: border-box; overflow-wrap: break-word !important;\"><section style=\"max-width: 100%; box-sizing: border-box; display: inline-block; width: 20px; height: 40px; vertical-align: top; overflow: hidden; line-height: 0; overflow-wrap: break-word !important;\"><br style=\"max-width: 100%; box-sizing: border-box !important; overflow-wrap: break-word !important;\"></section></section></section><section style=\"max-width: 100%; box-sizing: border-box; display: inline-block; vertical-align: top; width: auto; align-self: stretch; flex: 100 100 0%; background-position: 50% 50%; background-repeat: no-repeat; background-size: 100% 100%; background-attachment: scroll; background-image: url(\" https:=\"\" mmbiz.qpic.cn=\"\" mmbiz_png=\"\" ajrpkjxmwqcsl44nbnbg8myncctviaefcsoslnwaja4hkr89mreru0o03vib6aulhmz0gicjc9nhjggjbia4sytzzg=\"\" 640?wx_fmt=\"png\" );\"=\"\" overflow-wrap:=\"\" break-word=\"\" !important;\"=\"\"><section powered-by=\"xiumi.us\" style=\"margin-top: 10px; max-width: 100%; box-sizing: border-box; overflow-wrap: break-word !important;\"><section style=\"padding-right: 20px; padding-left: 20px; max-width: 100%; box-sizing: border-box; color: rgb(255, 60, 84); line-height: 1; letter-spacing: 2px; overflow-wrap: break-word !important;\"><p style=\"margin-bottom: 0px; max-width: 100%; box-sizing: border-box; clear: both; min-height: 1em; overflow-wrap: break-word !important;\"><strong style=\"max-width: 100%; box-sizing: border-box; overflow-wrap: break-word !important;\">提升巩固统战干部和统战成员素质</strong></p></section></section></section><section style=\"max-width: 100%; box-sizing: border-box; display: inline-block; vertical-align: top; width: auto; align-self: stretch; flex: 0 0 0%; height: auto; background-position: 50% 50%; background-repeat: no-repeat; background-size: 100% 100%; background-attachment: scroll; background-image: url(\" https:=\"\" mmbiz.qpic.cn=\"\" mmbiz_png=\"\" ajrpkjxmwqcsl44nbnbg8myncctviaefcss0fv2rppgvspibbqrtizp3apl2c2v0gl3tnjliske5g3ohlhuia2dg=\"\" 640?wx_fmt=\"png\" );\"=\"\" overflow-wrap:=\"\" break-word=\"\" !important;\"=\"\"><section powered-by=\"xiumi.us\" style=\"max-width: 100%; box-sizing: border-box; overflow-wrap: break-word !important;\"><section style=\"max-width: 100%; box-sizing: border-box; display: inline-block; width: 20px; height: 40px; vertical-align: top; overflow: hidden; line-height: 0; overflow-wrap: break-word !important;\"><br style=\"max-width: 100%; box-sizing: border-box !important; overflow-wrap: break-word !important;\"></section></section></section></section></section></section></section><section powered-by=\"xiumi.us\" style=\"max-width: 100%; box-sizing: border-box; line-height: 2; overflow-wrap: break-word !important;\"><p style=\"margin-bottom: 0px; max-width: 100%; box-sizing: border-box; clear: both; min-height: 1em; text-indent: 2em; overflow-wrap: break-word !important;\">按要求做好统战系统各单位疫情防控工作，引导统战干部和统战成员提升卫生健康意识，积极参与环境卫生整治和全国文明城市创建工作，推进统战成员健身体系建设，促进养成良好生活工作习惯。引领统战干部和统战成员加强诚信建设，如实申报和使用“台州健康码”，积极配合做好防疫和复工复产相关工作。开展统战成员一辈子“保护野生动物、拒绝交易野生动物”承诺活动，关心关爱大自然，不断强化“绿水青山就是金山银山”理念。</p></section><section powered-by=\"xiumi.us\" style=\"margin-top: 10px; margin-bottom: 10px; max-width: 100%; box-sizing: border-box; color: rgb(51, 51, 51); font-size: 16px; letter-spacing: 0.544px; text-align: center; justify-content: center; overflow-wrap: break-word !important;\"><section style=\"max-width: 100%; box-sizing: border-box; display: inline-block; width: auto; vertical-align: top; min-width: 10%; height: auto; overflow-wrap: break-word !important;\"><section powered-by=\"xiumi.us\" style=\"max-width: 100%; box-sizing: border-box; overflow-wrap: break-word !important;\"><section style=\"max-width: 100%; box-sizing: border-box; display: flex; flex-flow: row nowrap; overflow-wrap: break-word !important;\"><section style=\"max-width: 100%; box-sizing: border-box; display: inline-block; vertical-align: top; width: auto; flex: 0 0 0%; align-self: stretch; height: auto; background-position: 50% 50%; background-repeat: no-repeat; background-size: 100% 100%; background-attachment: scroll; background-image: url(\" https:=\"\" mmbiz.qpic.cn=\"\" mmbiz_png=\"\" ajrpkjxmwqcsl44nbnbg8myncctviaefca2sgmaebuk9ueovpkjul7oqxrosowlxfnx8mgfbts6qvbu305grtzw=\"\" 640?wx_fmt=\"png\" );\"=\"\" overflow-wrap:=\"\" break-word=\"\" !important;\"=\"\"><section powered-by=\"xiumi.us\" style=\"max-width: 100%; box-sizing: border-box; overflow-wrap: break-word !important;\"><section style=\"max-width: 100%; box-sizing: border-box; display: inline-block; width: 20px; height: 40px; vertical-align: top; overflow: hidden; line-height: 0; overflow-wrap: break-word !important;\"><br style=\"max-width: 100%; box-sizing: border-box !important; overflow-wrap: break-word !important;\"></section></section></section><section style=\"max-width: 100%; box-sizing: border-box; display: inline-block; vertical-align: top; width: auto; align-self: stretch; flex: 100 100 0%; background-position: 50% 50%; background-repeat: no-repeat; background-size: 100% 100%; background-attachment: scroll; background-image: url(\" https:=\"\" mmbiz.qpic.cn=\"\" mmbiz_png=\"\" ajrpkjxmwqcsl44nbnbg8myncctviaefcsoslnwaja4hkr89mreru0o03vib6aulhmz0gicjc9nhjggjbia4sytzzg=\"\" 640?wx_fmt=\"png\" );\"=\"\" overflow-wrap:=\"\" break-word=\"\" !important;\"=\"\"><section powered-by=\"xiumi.us\" style=\"margin-top: 10px; max-width: 100%; box-sizing: border-box; overflow-wrap: break-word !important;\"><section style=\"padding-right: 20px; padding-left: 20px; max-width: 100%; box-sizing: border-box; color: rgb(255, 60, 84); line-height: 1; letter-spacing: 2px; overflow-wrap: break-word !important;\"><p style=\"margin-bottom: 0px; max-width: 100%; box-sizing: border-box; clear: both; min-height: 1em; overflow-wrap: break-word !important;\"><strong style=\"max-width: 100%; box-sizing: border-box; overflow-wrap: break-word !important;\">持续做好宣传信息引导工作</strong></p></section></section></section><section style=\"max-width: 100%; box-sizing: border-box; display: inline-block; vertical-align: top; width: auto; align-self: stretch; flex: 0 0 0%; height: auto; background-position: 50% 50%; background-repeat: no-repeat; background-size: 100% 100%; background-attachment: scroll; background-image: url(\" https:=\"\" mmbiz.qpic.cn=\"\" mmbiz_png=\"\" ajrpkjxmwqcsl44nbnbg8myncctviaefcss0fv2rppgvspibbqrtizp3apl2c2v0gl3tnjliske5g3ohlhuia2dg=\"\" 640?wx_fmt=\"png\" );\"=\"\" overflow-wrap:=\"\" break-word=\"\" !important;\"=\"\"><section powered-by=\"xiumi.us\" style=\"max-width: 100%; box-sizing: border-box; overflow-wrap: break-word !important;\"><section style=\"max-width: 100%; box-sizing: border-box; display: inline-block; width: 20px; height: 40px; vertical-align: top; overflow: hidden; line-height: 0; overflow-wrap: break-word !important;\"><br style=\"max-width: 100%; box-sizing: border-box !important; overflow-wrap: break-word !important;\"></section></section></section></section></section></section></section><section powered-by=\"xiumi.us\" style=\"max-width: 100%; box-sizing: border-box; line-height: 2; overflow-wrap: break-word !important;\"><p style=\"margin-bottom: 0px; max-width: 100%; box-sizing: border-box; clear: both; min-height: 1em; text-indent: 2em; overflow-wrap: break-word !important;\">强化思想引领，及时关注最新疫情、民营企业复工复产等热点，积极引导，准确发声，全面报道我市统一战线助力疫情防控的工作动态，全力宣传好在疫情防控工作中涌现的先进典型和感人事迹。强化舆情引导，及时转发权威信息，澄清网络谣言，配合做好涉疫舆情的防控和突发舆情的处置，做到不传谣、不信谣。强化信息收集，完善信息报送渠道，及时掌握各地、各领域工作动态，增强信息工作的实效和时效。</p></section></section>','','','/uploads/ya02wmsj_cecoe/pic/20200319/9276574273aad1cd220bbd83496a92ff.png','图文视频','67','上线','','','4d92a971360243b0bab91e2ffc6740e3','4d92a971360243b0bab91e2ffc6740e3','4d92a971360243b0bab91e2ffc6740e3','2020-03-19 02:07:04','2020-03-19 02:07:13','2020-03-19 02:07:23',99,'n','','pc','331082000000','n','0000-00-00 00:00:00','0000-00-00 00:00:00','内容',0),(55,'在餐厅排队、用餐，去商超购物如何做好个人防护？','!!!!!!','','','','相册','34','上线','/uploads/ya02wmsj_cecoe/pic/20200306/1583460588_648269159.jpg,/uploads/ya02wmsj_cecoe/pic/20200306/1583460591_695501846.jpg,/uploads/ya02wmsj_cecoe/pic/20200306/1583460593_322497828.jpg,/uploads/ya02wmsj_cecoe/pic/20200306/1583460595_78036299.jpg','','4d92a971360243b0bab91e2ffc6740e3','4d92a971360243b0bab91e2ffc6740e3','4d92a971360243b0bab91e2ffc6740e3','2020-03-05 18:09:56','2020-03-05 18:13:13','2020-03-05 18:15:33',99,'n','','pc','331082000000','n','0000-00-00 00:00:00','0000-00-00 00:00:00','内容',0),(56,'复工复产怎么做防控？',NULL,'','','','图文视频','34','待审核','','','4d92a971360243b0bab91e2ffc6740e3','','','2020-03-05 18:11:07','0000-00-00 00:00:00','0000-00-00 00:00:00',99,'y','/uploads/ya02wmsj_cecoe/pic/20200306/1583460665_856192405.jpg','pc','331082000000','n','0000-00-00 00:00:00','0000-00-00 00:00:00','内容',0),(57,'高考倒计时100天！你希望延迟还是不延迟呢？','<p>　　由于疫情突如其来，没有人能预料到开学时间会延迟，一开始听到延迟开学的消息，我相信大部分人的心情是惊喜和兴奋的，尤其是高三的老师和同学们。但是随着时间一天一天过去，开学时间也今日复明日，最初的惊喜兴奋变成了后来的焦虑急躁，同学们在家里坐不住了，尤其是高三生的家长们坐不住了，于是，这个假期，成了史上第一个都盼望着开学的假期，盼望着上学，盼望着上课，盼望着走出家门的少年。</p><section powered-by=\"xiumi.us\" style=\"margin-top: 0.5em; margin-bottom: 0.5em; max-width: 100%; box-sizing: border-box; color: rgb(51, 51, 51); font-family: -apple-system-font, BlinkMacSystemFont, \"Helvetica Neue\", \"PingFang SC\", \"Hiragino Sans GB\", \"Microsoft YaHei UI\", \"Microsoft YaHei\", Arial, sans-serif; font-size: 16px; letter-spacing: 0.544px; background-color: rgb(255, 255, 255); text-align: center; overflow-wrap: break-word !important;\"><section style=\"margin-top: 1.3em; max-width: 100%; box-sizing: border-box; display: inline-block; overflow-wrap: break-word !important;\"><section style=\"margin-top: -1.5em; padding: 1em; max-width: 100%; box-sizing: border-box; border-radius: 0.5em; border-width: 0.1em; border-style: solid; border-color: rgb(204, 204, 204); width: 677px; overflow-wrap: break-word !important; height: auto !important;\"><section powered-by=\"xiumi.us\" style=\"padding-right: 5px; padding-left: 5px; max-width: 100%; box-sizing: border-box; text-align: justify; font-size: 14px; line-height: 2; letter-spacing: 2px; overflow-wrap: break-word !important;\"><p style=\"margin-bottom: 0px; max-width: 100%; box-sizing: border-box; clear: both; min-height: 1em; text-indent: 2em; overflow-wrap: break-word !important;\">上午，国务院联防联控机制举办新闻发布会，介绍积极鼓励吸纳高校毕业生、农民工就业的相关政策。教育部副部长翁铁慧在回答“高考会不会延期”的问题时表示，教育部正在密切关注疫情发展变化的情况，综合研判各方面因素对考试组织工作的影响，稳妥审慎研究制定今年高考具体实施方案和相关工作安排。</p></section></section></section><section style=\"max-width: 100%; box-sizing: border-box; clear: both; line-height: 0; overflow-wrap: break-word !important;\"><section style=\"max-width: 100%; line-height: 0; width: 0px; box-sizing: border-box !important; overflow-wrap: break-word !important;\"><svg viewBox=\"0 0 1 1\" style=\"vertical-align:top;\"></svg></section></section></section><section powered-by=\"xiumi.us\" style=\"max-width: 100%; box-sizing: border-box; color: rgb(51, 51, 51); font-family: -apple-system-font, BlinkMacSystemFont, \"Helvetica Neue\", \"PingFang SC\", \"Hiragino Sans GB\", \"Microsoft YaHei UI\", \"Microsoft YaHei\", Arial, sans-serif; font-size: 16px; letter-spacing: 0.544px; text-align: justify; background-color: rgb(255, 255, 255); overflow-wrap: break-word !important;\"><p style=\"margin-bottom: 0px; max-width: 100%; box-sizing: border-box; clear: both; min-height: 1em; overflow-wrap: break-word !important;\"><br style=\"max-width: 100%; box-sizing: border-box; overflow-wrap: break-word !important;\"></p></section><section powered-by=\"xiumi.us\" style=\"max-width: 100%; box-sizing: border-box; color: rgb(51, 51, 51); font-family: -apple-system-font, BlinkMacSystemFont, \"Helvetica Neue\", \"PingFang SC\", \"Hiragino Sans GB\", \"Microsoft YaHei UI\", \"Microsoft YaHei\", Arial, sans-serif; font-size: 16px; letter-spacing: 0.544px; text-align: justify; background-color: rgb(255, 255, 255); overflow-wrap: break-word !important;\"><section style=\"max-width: 100%; box-sizing: border-box; overflow-wrap: break-word !important;\"><section style=\"max-width: 100%; box-sizing: border-box; display: inline-block; vertical-align: top; width: 135.391px; overflow-wrap: break-word !important;\"><section powered-by=\"xiumi.us\" style=\"max-width: 100%; box-sizing: border-box; font-size: 18px; text-align: center; overflow-wrap: break-word !important;\"><section style=\"margin: auto; max-width: 100%; box-sizing: border-box; display: inline-block; vertical-align: bottom; width: 3em; height: 3em; border-radius: 100%; overflow: hidden; background-position: 97.5238% 0%; background-repeat: no-repeat; background-size: 234.987%; background-image: url(\"https://mmbiz.qpic.cn/mmbiz_jpg/3oA1WOciaVqdXt9Bto8oaJmgia5EkfxF7mM2YpGYVzfU5Sa3wfNQSjrddkYN8IWlicLaw3sPxl9TibicWUs8WRyuZpg/640?wx_fmt=jpeg\"); overflow-wrap: break-word !important;\"><section style=\"max-width: 100%; box-sizing: border-box; height: 54px; overflow: hidden; line-height: 0; vertical-align: middle; overflow-wrap: break-word !important;\"><img data-ratio=\"0.4255556\" data-src=\"https://mmbiz.qpic.cn/mmbiz_jpg/3oA1WOciaVqdXt9Bto8oaJmgia5EkfxF7mM2YpGYVzfU5Sa3wfNQSjrddkYN8IWlicLaw3sPxl9TibicWUs8WRyuZpg/640?wx_fmt=jpeg\" data-type=\"jpeg\" data-w=\"900\" _width=\"100%\" src=\"https://mmbiz.qpic.cn/mmbiz_jpg/3oA1WOciaVqdXt9Bto8oaJmgia5EkfxF7mM2YpGYVzfU5Sa3wfNQSjrddkYN8IWlicLaw3sPxl9TibicWUs8WRyuZpg/640?wx_fmt=jpeg&tp=webp&wxfrom=5&wx_lazy=1&wx_co=1\" crossorigin=\"anonymous\" class=\"\" data-fail=\"0\" style=\"max-width: 100%; box-sizing: border-box; opacity: 0; width: 54px; overflow-wrap: break-word !important; height: auto !important; visibility: visible !important;\"></section></section></section></section><section style=\"max-width: 100%; box-sizing: border-box; display: inline-block; vertical-align: top; width: 541.594px; overflow-wrap: break-word !important;\"><section powered-by=\"xiumi.us\" style=\"max-width: 100%; box-sizing: border-box; overflow-wrap: break-word !important;\"><p style=\"margin-bottom: 0px; max-width: 100%; box-sizing: border-box; clear: both; min-height: 1em; overflow-wrap: break-word !important;\"><br style=\"max-width: 100%; box-sizing: border-box; overflow-wrap: break-word !important;\"></p></section><section powered-by=\"xiumi.us\" style=\"max-width: 100%; box-sizing: border-box; line-height: 2; letter-spacing: 2px; overflow-wrap: break-word !important;\"><p style=\"margin-bottom: 0px; max-width: 100%; box-sizing: border-box; clear: both; min-height: 1em; overflow-wrap: break-word !important;\">：<strong style=\"max-width: 100%; box-sizing: border-box; overflow-wrap: break-word !important;\">今年高考怎么安排？</strong></p><p style=\"margin-bottom: 0px; max-width: 100%; box-sizing: border-box; clear: both; min-height: 1em; overflow-wrap: break-word !important;\"><br style=\"max-width: 100%; box-sizing: border-box !important; overflow-wrap: break-word !important;\"></p></section></section></section></section><section powered-by=\"xiumi.us\" style=\"padding-right: 5px; padding-left: 5px; max-width: 100%; box-sizing: border-box; color: rgb(51, 51, 51); font-family: -apple-system-font, BlinkMacSystemFont, \"Helvetica Neue\", \"PingFang SC\", \"Hiragino Sans GB\", \"Microsoft YaHei UI\", \"Microsoft YaHei\", Arial, sans-serif; text-align: justify; background-color: rgb(255, 255, 255); line-height: 2; letter-spacing: 2px; overflow-wrap: break-word !important;\"><p style=\"margin-bottom: 0px; max-width: 100%; box-sizing: border-box; clear: both; min-height: 1em; text-indent: 2em; overflow-wrap: break-word !important;\">针对疫情对今年高考安排可能产生的影响，教育部副部长翁铁慧在今天的发布会上说，教育部目前正密切关注疫情发展变化的情况，综合研判各方面因素对考试组织工作的影响。<br style=\"max-width: 100%; box-sizing: border-box; overflow-wrap: break-word !important;\">翁铁慧表示，教育部将重点做好三项工作：</p><p style=\"margin-bottom: 0px; max-width: 100%; box-sizing: border-box; clear: both; min-height: 1em; text-indent: 2em; overflow-wrap: break-word !important;\">与有关部门及地区会商研判疫情发展情况，研判疫情走势；</p><p style=\"margin-bottom: 0px; max-width: 100%; box-sizing: border-box; clear: both; min-height: 1em; text-indent: 2em; overflow-wrap: break-word !important;\"><br></p></section><section powered-by=\"xiumi.us\" style=\"margin: 0.5em 0px; padding: 0px; max-width: 100%; box-sizing: border-box; word-wrap: break-word !important; color: rgb(51, 51, 51); font-family: -apple-system-font, BlinkMacSystemFont, \"Helvetica Neue\", \"PingFang SC\", \"Hiragino Sans GB\", \"Microsoft YaHei UI\", \"Microsoft YaHei\", Arial, sans-serif; font-size: 16px; font-style: normal; font-variant-ligatures: normal; font-variant-caps: normal; font-weight: normal; letter-spacing: 0.544px; orphans: 2; text-indent: 0px; text-transform: none; white-space: normal; widows: 2; word-spacing: 0px; -webkit-text-stroke-width: 0px; background-color: rgb(255, 255, 255); text-align: center;\"><section style=\"margin: 0px; padding: 0px; max-width: 100%; box-sizing: border-box; word-wrap: break-word !important; clear: both; line-height: 0;\"><section style=\"margin: 0px; padding: 0px; max-width: 100%; box-sizing: border-box !important; word-wrap: break-word !important; line-height: 0; width: 0px;\"><svg viewBox=\"0 0 1 1\" style=\"vertical-align:top;\"></svg></section></section></section>','','','/uploads/ya02wmsj_cecoe/pic/20200306/1583461191_38349486.jpg','图文视频','34','上线','','','4d92a971360243b0bab91e2ffc6740e3','4d92a971360243b0bab91e2ffc6740e3','4d92a971360243b0bab91e2ffc6740e3','2020-03-05 18:19:52','2020-03-05 18:20:05','2020-03-05 18:20:14',99,'n','','pc','331082000000','n','0000-00-00 00:00:00','0000-00-00 00:00:00','内容',0),(58,'致江南街道企业的倡议书','<div><br></div><div><section powered-by=\"xiumi.us\" style=\"max-width: 100%; box-sizing: border-box; overflow-wrap: break-word !important;\"><section style=\"margin-bottom: 10px; max-width: 100%; box-sizing: border-box; display: flex; flex-flow: row nowrap; justify-content: center; overflow-wrap: break-word !important;\"><section style=\"max-width: 100%; box-sizing: border-box; display: inline-block; vertical-align: bottom; width: auto; align-self: flex-end; flex: 0 0 auto; min-width: 10%; height: auto; border-bottom: 1px solid rgb(226, 12, 7); border-bottom-right-radius: 0px; overflow-wrap: break-word !important;\"><section powered-by=\"xiumi.us\" style=\"max-width: 100%; box-sizing: border-box; text-align: justify; font-size: 18px; color: rgb(221, 49, 49); letter-spacing: 1.8px; line-height: 1.5; overflow-wrap: break-word !important;\"><p style=\"margin-bottom: 0px; max-width: 100%; box-sizing: border-box; clear: both; min-height: 1em; overflow-wrap: break-word !important;\"><strong style=\"max-width: 100%; box-sizing: border-box; overflow-wrap: break-word !important;\">江南街道商会倡议书</strong></p></section></section><section style=\"max-width: 100%; box-sizing: border-box; display: inline-block; vertical-align: bottom; width: auto; min-width: 10%; flex: 0 0 auto; height: auto; align-self: flex-end; line-height: 0; letter-spacing: 0px; overflow-wrap: break-word !important;\"><section powered-by=\"xiumi.us\" style=\"margin-bottom: -3px; max-width: 100%; box-sizing: border-box; text-align: right; justify-content: flex-end; transform: translate3d(-2px, 0px, 0px); overflow-wrap: break-word !important;\"><section style=\"max-width: 100%; box-sizing: border-box; display: inline-block; width: auto; vertical-align: top; align-self: flex-start; min-width: 10%; height: auto; line-height: 0; overflow-wrap: break-word !important;\"><section powered-by=\"xiumi.us\" style=\"margin-bottom: 3px; max-width: 100%; box-sizing: border-box; justify-content: flex-end; transform: translate3d(-10px, 0px, 0px); overflow-wrap: break-word !important;\"><section style=\"max-width: 100%; box-sizing: border-box; display: inline-block; width: 8px; height: 8px; vertical-align: top; overflow: hidden; background-position: 50% 50%; background-repeat: no-repeat; background-size: contain; background-attachment: scroll; background-image: url(\"https://mmbiz.qpic.cn/mmbiz_png/icTeFreogTibnffb5nzK6VHbogkk9thguESkTiciaUiczLdX6MZicAdPbUExkYq5jicvJx5qDsPqPMqhpL2sWhTq6RVbQ/640?wx_fmt=png\"); line-height: 0; overflow-wrap: break-word !important;\"><br style=\"max-width: 100%; box-sizing: border-box !important; overflow-wrap: break-word !important;\"></section></section><section powered-by=\"xiumi.us\" style=\"max-width: 100%; box-sizing: border-box; text-align: center; overflow-wrap: break-word !important;\"><section style=\"max-width: 100%; box-sizing: border-box; display: inline-block; width: 35px; height: 12px; vertical-align: top; overflow: hidden; overflow-wrap: break-word !important;\"><section powered-by=\"xiumi.us\" style=\"max-width: 100%; box-sizing: border-box; transform: translate3d(0px, 0px, 1px) rotateY(180deg); overflow-wrap: break-word !important;\"><section style=\"max-width: 100%; box-sizing: border-box; vertical-align: middle; display: inline-block; line-height: 0; width: 35px; height: auto; overflow-wrap: break-word !important;\"><svg xmlns=\"http://www.w3.org/2000/svg\" x=\"0px\" y=\"0px\" viewBox=\"0 0 180.6 47.1\" style=\"vertical-align: middle;max-width: 100%;width: 100%;box-sizing: border-box;\" width=\"100%\"><g style=\"box-sizing: border-box;\"><path style=\"box-sizing: border-box;\" d=\"M84.7,25.6v-4c4.8,0,8.8-3.9,8.8-8.8S89.6,4,84.7,4H0V0h84.7c7,0,12.8,5.7,12.8,12.8   S91.8,25.6,84.7,25.6z\" fill=\"rgb(226, 12, 7)\"></path></g><g style=\"box-sizing: border-box;\"><path style=\"box-sizing: border-box;\" d=\"M180.6,47.1H33.7c-7,0-12.8-5.7-12.8-12.8s5.7-12.8,12.8-12.8h51v4h-51c-4.8,0-8.8,3.9-8.8,8.8   s3.9,8.8,8.8,8.8h146.9V47.1z\" fill=\"rgb(226, 12, 7)\"></path></g></svg></section></section></section></section></section></section></section></section></section><section powered-by=\"xiumi.us\" style=\"max-width: 100%; box-sizing: border-box; opacity: 0.99; overflow-wrap: break-word !important;\"><section style=\"padding-right: 10px; padding-left: 10px; max-width: 100%; box-sizing: border-box; text-align: justify; color: rgb(221, 49, 49); letter-spacing: 1.8px; line-height: 1.8; overflow-wrap: break-word !important;\"><p style=\"margin-bottom: 0px; max-width: 100%; box-sizing: border-box; clear: both; min-height: 1em; font-family: -apple-system-font, BlinkMacSystemFont, \"Helvetica Neue\", \"PingFang SC\", \"Hiragino Sans GB\", \"Microsoft YaHei UI\", \"Microsoft YaHei\", Arial, sans-serif; letter-spacing: 1.8px; background-color: rgb(255, 255, 255); overflow-wrap: break-word !important;\"><strong style=\"max-width: 100%; box-sizing: border-box; letter-spacing: 1.8px; font-size: 16px; overflow-wrap: break-word !important;\"><br style=\"max-width: 100%; box-sizing: border-box !important; overflow-wrap: break-word !important;\"></strong></p><p style=\"margin-bottom: 0px; max-width: 100%; box-sizing: border-box; clear: both; min-height: 1em; font-family: -apple-system-font, BlinkMacSystemFont, \"Helvetica Neue\", \"PingFang SC\", \"Hiragino Sans GB\", \"Microsoft YaHei UI\", \"Microsoft YaHei\", Arial, sans-serif; letter-spacing: 1.8px; background-color: rgb(255, 255, 255); overflow-wrap: break-word !important;\"><strong style=\"max-width: 100%; box-sizing: border-box; letter-spacing: 1.8px; font-size: 16px; overflow-wrap: break-word !important;\">江南街道各企业：</strong><br style=\"max-width: 100%; box-sizing: border-box !important; overflow-wrap: break-word !important;\"></p><p style=\"margin-bottom: 0px; max-width: 100%; box-sizing: border-box; clear: both; min-height: 1em; font-family: -apple-system-font, BlinkMacSystemFont, \"Helvetica Neue\", \"PingFang SC\", \"Hiragino Sans GB\", \"Microsoft YaHei UI\", \"Microsoft YaHei\", Arial, sans-serif; letter-spacing: 1.8px; background-color: rgb(255, 255, 255); overflow-wrap: break-word !important;\"><br style=\"max-width: 100%; box-sizing: border-box; overflow-wrap: break-word !important;\"></p><p style=\"margin-bottom: 0px; max-width: 100%; box-sizing: border-box; clear: both; min-height: 1em; font-family: -apple-system-font, BlinkMacSystemFont, \"Helvetica Neue\", \"PingFang SC\", \"Hiragino Sans GB\", \"Microsoft YaHei UI\", \"Microsoft YaHei\", Arial, sans-serif; letter-spacing: 1.8px; background-color: rgb(255, 255, 255); overflow-wrap: break-word !important;\"><strong style=\"max-width: 100%; box-sizing: border-box; overflow-wrap: break-word !important;\">&nbsp; &nbsp; &nbsp;近期，新型冠状病毒感染的肺炎疫情持续蔓延，一场关系到群众生命健康的疫情防控战已经打响。</strong>春节假期过后，各企业外来务工人员陆续返工，将增加疾病传播风险。街道企业家们要迅速行动起来，全力支持配合、联防联控，打赢这场疫情防控“人民战争”，为此，我们商会发出倡议如下：</p><p style=\"margin-bottom: 0px; max-width: 100%; box-sizing: border-box; clear: both; min-height: 1em; font-family: -apple-system-font, BlinkMacSystemFont, \"Helvetica Neue\", \"PingFang SC\", \"Hiragino Sans GB\", \"Microsoft YaHei UI\", \"Microsoft YaHei\", Arial, sans-serif; letter-spacing: 1.8px; background-color: rgb(255, 255, 255); overflow-wrap: break-word !important;\"><br style=\"max-width: 100%; box-sizing: border-box; overflow-wrap: break-word !important;\"></p><p style=\"margin-bottom: 0px; max-width: 100%; box-sizing: border-box; clear: both; min-height: 1em; font-family: -apple-system-font, BlinkMacSystemFont, \"Helvetica Neue\", \"PingFang SC\", \"Hiragino Sans GB\", \"Microsoft YaHei UI\", \"Microsoft YaHei\", Arial, sans-serif; letter-spacing: 1.8px; background-color: rgb(255, 255, 255); overflow-wrap: break-word !important;\"><strong style=\"max-width: 100%; box-sizing: border-box; overflow-wrap: break-word !important;\">&nbsp; &nbsp; &nbsp; 一、响应号召，延迟复工。</strong>积极响应省委、省政府号召，严格遵守“各类企业不早于2月9日24时前复工”的通知。依法保障职工合法权益，做到停工不停薪。特别是，请湖北籍员工放心，我们不会因疫情而解除与湖北籍员工的劳动关系，保障基本工资发放。</p><p style=\"margin-bottom: 0px; max-width: 100%; box-sizing: border-box; clear: both; min-height: 1em; font-family: -apple-system-font, BlinkMacSystemFont, \"Helvetica Neue\", \"PingFang SC\", \"Hiragino Sans GB\", \"Microsoft YaHei UI\", \"Microsoft YaHei\", Arial, sans-serif; letter-spacing: 1.8px; background-color: rgb(255, 255, 255); overflow-wrap: break-word !important;\"><br style=\"max-width: 100%; box-sizing: border-box; overflow-wrap: break-word !important;\"></p><p style=\"margin-bottom: 0px; max-width: 100%; box-sizing: border-box; clear: both; min-height: 1em; font-family: -apple-system-font, BlinkMacSystemFont, \"Helvetica Neue\", \"PingFang SC\", \"Hiragino Sans GB\", \"Microsoft YaHei UI\", \"Microsoft YaHei\", Arial, sans-serif; letter-spacing: 1.8px; background-color: rgb(255, 255, 255); overflow-wrap: break-word !important;\"><strong style=\"max-width: 100%; box-sizing: border-box; overflow-wrap: break-word !important;\">&nbsp; &nbsp; &nbsp; 二、全面排查，重点防控。</strong>全面排查企业员工情况，劝导湖北籍员工返回时间听指挥。关注湖北籍员工动态，如有返回做到第一时间报告街道经济发展办。做好企业内隔离点建设。关心关爱未返乡人员及家庭成员情况，动态关注途经疫区员工身体状况。江南街道经济发展办：85178958。</p><p style=\"margin-bottom: 0px; max-width: 100%; box-sizing: border-box; clear: both; min-height: 1em; font-family: -apple-system-font, BlinkMacSystemFont, \"Helvetica Neue\", \"PingFang SC\", \"Hiragino Sans GB\", \"Microsoft YaHei UI\", \"Microsoft YaHei\", Arial, sans-serif; letter-spacing: 1.8px; background-color: rgb(255, 255, 255); overflow-wrap: break-word !important;\"><br style=\"max-width: 100%; box-sizing: border-box; overflow-wrap: break-word !important;\"></p><p style=\"margin-bottom: 0px; max-width: 100%; box-sizing: border-box; clear: both; min-height: 1em; font-family: -apple-system-font, BlinkMacSystemFont, \"Helvetica Neue\", \"PingFang SC\", \"Hiragino Sans GB\", \"Microsoft YaHei UI\", \"Microsoft YaHei\", Arial, sans-serif; letter-spacing: 1.8px; background-color: rgb(255, 255, 255); overflow-wrap: break-word !important;\"><strong style=\"max-width: 100%; box-sizing: border-box; overflow-wrap: break-word !important;\">&nbsp; &nbsp; &nbsp; 三、提前准备，安全开工。</strong>加强疫情防治知识宣传普及，储备一定的防疫物资，提前安排好返工人员检测登记事宜，加强作业场所（含员工宿舍）环境卫生和室内通风。</p><p style=\"margin-bottom: 0px; max-width: 100%; box-sizing: border-box; clear: both; min-height: 1em; font-family: -apple-system-font, BlinkMacSystemFont, \"Helvetica Neue\", \"PingFang SC\", \"Hiragino Sans GB\", \"Microsoft YaHei UI\", \"Microsoft YaHei\", Arial, sans-serif; letter-spacing: 1.8px; background-color: rgb(255, 255, 255); overflow-wrap: break-word !important;\"><br style=\"max-width: 100%; box-sizing: border-box; overflow-wrap: break-word !important;\"></p><p style=\"margin-bottom: 0px; max-width: 100%; box-sizing: border-box; clear: both; min-height: 1em; font-family: -apple-system-font, BlinkMacSystemFont, \"Helvetica Neue\", \"PingFang SC\", \"Hiragino Sans GB\", \"Microsoft YaHei UI\", \"Microsoft YaHei\", Arial, sans-serif; letter-spacing: 1.8px; background-color: rgb(255, 255, 255); overflow-wrap: break-word !important;\"><strong style=\"max-width: 100%; box-sizing: border-box; overflow-wrap: break-word !important;\">&nbsp; &nbsp; &nbsp; 四、齐心协力、众志成城。</strong>不漏报，不瞒报，主动反映疑似病原，主动配合做好疫情防控工作。</p><p style=\"margin-bottom: 0px; max-width: 100%; box-sizing: border-box; clear: both; min-height: 1em; font-family: -apple-system-font, BlinkMacSystemFont, \"Helvetica Neue\", \"PingFang SC\", \"Hiragino Sans GB\", \"Microsoft YaHei UI\", \"Microsoft YaHei\", Arial, sans-serif; letter-spacing: 1.8px; background-color: rgb(255, 255, 255); overflow-wrap: break-word !important;\"><br style=\"max-width: 100%; box-sizing: border-box; overflow-wrap: break-word !important;\"></p><p style=\"margin-bottom: 0px; max-width: 100%; box-sizing: border-box; clear: both; min-height: 1em; font-family: -apple-system-font, BlinkMacSystemFont, \"Helvetica Neue\", \"PingFang SC\", \"Hiragino Sans GB\", \"Microsoft YaHei UI\", \"Microsoft YaHei\", Arial, sans-serif; letter-spacing: 1.8px; background-color: rgb(255, 255, 255); overflow-wrap: break-word !important;\"><strong style=\"max-width: 100%; box-sizing: border-box; overflow-wrap: break-word !important;\">&nbsp; &nbsp; &nbsp; 祝各企业家朋友新春吉祥、阖家安康！</strong></p><p style=\"margin-bottom: 0px; max-width: 100%; box-sizing: border-box; clear: both; min-height: 1em; font-family: -apple-system-font, BlinkMacSystemFont, \"Helvetica Neue\", \"PingFang SC\", \"Hiragino Sans GB\", \"Microsoft YaHei UI\", \"Microsoft YaHei\", Arial, sans-serif; letter-spacing: 1.8px; background-color: rgb(255, 255, 255); overflow-wrap: break-word !important;\"><br style=\"max-width: 100%; box-sizing: border-box; overflow-wrap: break-word !important;\"></p><p style=\"margin-bottom: 0px; max-width: 100%; box-sizing: border-box; clear: both; min-height: 1em; font-family: -apple-system-font, BlinkMacSystemFont, \"Helvetica Neue\", \"PingFang SC\", \"Hiragino Sans GB\", \"Microsoft YaHei UI\", \"Microsoft YaHei\", Arial, sans-serif; letter-spacing: 1.8px; background-color: rgb(255, 255, 255); overflow-wrap: break-word !important;\"><strong style=\"max-width: 100%; box-sizing: border-box; overflow-wrap: break-word !important;\">&nbsp; &nbsp; &nbsp; &nbsp; &nbsp; &nbsp; &nbsp; &nbsp; &nbsp; &nbsp; &nbsp; &nbsp; &nbsp; &nbsp; &nbsp; &nbsp; &nbsp; &nbsp; &nbsp; &nbsp; 江南街道商会</strong></p><p style=\"margin-bottom: 0px; max-width: 100%; box-sizing: border-box; clear: both; min-height: 1em; font-family: -apple-system-font, BlinkMacSystemFont, \"Helvetica Neue\", \"PingFang SC\", \"Hiragino Sans GB\", \"Microsoft YaHei UI\", \"Microsoft YaHei\", Arial, sans-serif; letter-spacing: 1.8px; background-color: rgb(255, 255, 255); overflow-wrap: break-word !important;\"><strong style=\"max-width: 100%; box-sizing: border-box; overflow-wrap: break-word !important;\">&nbsp; &nbsp; &nbsp; &nbsp; &nbsp; &nbsp; &nbsp; &nbsp; &nbsp; &nbsp; &nbsp; &nbsp; &nbsp; &nbsp; &nbsp; &nbsp; &nbsp; &nbsp; &nbsp; 2020年1月29日</strong></p><p style=\"margin-bottom: 0px; max-width: 100%; box-sizing: border-box; clear: both; min-height: 1em; font-family: -apple-system-font, BlinkMacSystemFont, \"Helvetica Neue\", \"PingFang SC\", \"Hiragino Sans GB\", \"Microsoft YaHei UI\", \"Microsoft YaHei\", Arial, sans-serif; letter-spacing: 1.8px; background-color: rgb(255, 255, 255); overflow-wrap: break-word !important;\"><strong style=\"max-width: 100%; box-sizing: border-box; overflow-wrap: break-word !important;\"><br></strong></p><div><strong style=\"max-width: 100%; box-sizing: border-box; overflow-wrap: break-word !important;\"><br></strong></div></section></section></div>','','','/uploads/ya02wmsj_cecoe/pic/20200306/1583461538_555913201.jpg','图文视频','23','上线','','','4d92a971360243b0bab91e2ffc6740e3','4d92a971360243b0bab91e2ffc6740e3','4d92a971360243b0bab91e2ffc6740e3','2020-03-05 18:25:40','2020-03-05 18:29:11','2020-03-05 18:29:38',99,'n','','pc','331082000000','n','0000-00-00 00:00:00','0000-00-00 00:00:00','内容',0),(59,'沿江镇团委喊你来参加“青年大学习”啦','<p style=\"margin-bottom: 0px; max-width: 100%; clear: both; min-height: 1em; color: rgb(51, 51, 51); font-family: -apple-system-font, BlinkMacSystemFont, \"Helvetica Neue\", \"PingFang SC\", \"Hiragino Sans GB\", \"Microsoft YaHei UI\", \"Microsoft YaHei\", Arial, sans-serif; font-size: 16px; letter-spacing: 0.544px; text-align: justify; background-color: rgb(255, 255, 255); text-indent: 2em; line-height: 1.75em; box-sizing: border-box !important; overflow-wrap: break-word !important;\">为深入学习贯彻落实习近平总书记重要指示和党中央、国务院决策部署，提高青年学习参与度和凝聚力，团中央大力实施“青年大学习”行动，在广大青年中持续兴起学习宣传贯彻习近平新时代中国特色社会主义思想的热潮，努力使党的创新理论在青年心中扎根筑牢。</p><p style=\"margin-bottom: 0px; max-width: 100%; clear: both; min-height: 1em; color: rgb(51, 51, 51); font-family: -apple-system-font, BlinkMacSystemFont, \"Helvetica Neue\", \"PingFang SC\", \"Hiragino Sans GB\", \"Microsoft YaHei UI\", \"Microsoft YaHei\", Arial, sans-serif; font-size: 16px; letter-spacing: 0.544px; text-align: justify; background-color: rgb(255, 255, 255); text-indent: 2em; line-height: 1.75em; box-sizing: border-box !important; overflow-wrap: break-word !important;\">&nbsp;这是团员青年学习习近平新时代中国特色社会主义思想的大学堂，也是最时尚的政治学习，<strong style=\"max-width: 100%; box-sizing: border-box !important; overflow-wrap: break-word !important;\">每周一上午</strong>与大家见面，风雨无阻！</p><p style=\"margin-bottom: 0px; max-width: 100%; clear: both; min-height: 1em; color: rgb(51, 51, 51); font-family: -apple-system-font, BlinkMacSystemFont, \"Helvetica Neue\", \"PingFang SC\", \"Hiragino Sans GB\", \"Microsoft YaHei UI\", \"Microsoft YaHei\", Arial, sans-serif; font-size: 16px; letter-spacing: 0.544px; text-align: justify; background-color: rgb(255, 255, 255); text-indent: 2em; line-height: 1.75em; box-sizing: border-box !important; overflow-wrap: break-word !important;\">&nbsp;接下来，就让我们走进新一期“青年大学习”，一起“充电”，共同进步！</p><p><br></p>','','','/uploads/ya02wmsj_cecoe/pic/20200306/1583461528_267624992.jpg','图文视频','22','上线','','','4d92a971360243b0bab91e2ffc6740e3','4d92a971360243b0bab91e2ffc6740e3','4d92a971360243b0bab91e2ffc6740e3','2020-03-05 18:25:29','2020-03-05 18:29:20','2020-03-05 18:29:43',99,'n','','pc','331082000000','n','0000-00-00 00:00:00','0000-00-00 00:00:00','内容',0),(60,'致敬！2020年临海所有A级景区对全国医护工作者免费开放！','<p style=\"margin-bottom: 0px; max-width: 100%; clear: both; min-height: 1em; color: rgb(51, 51, 51); font-family: -apple-system-font, BlinkMacSystemFont, \"Helvetica Neue\", \"PingFang SC\", \"Hiragino Sans GB\", \"Microsoft YaHei UI\", \"Microsoft YaHei\", Arial, sans-serif; font-size: 17px; background-color: rgb(255, 255, 255); text-align: center; line-height: 2em; letter-spacing: 1px; box-sizing: border-box !important; overflow-wrap: break-word !important;\"><strong style=\"max-width: 100%; box-sizing: border-box !important; overflow-wrap: break-word !important;\">为致敬奋斗在抗“疫”一线的医护工作者</strong><strong style=\"max-width: 100%; box-sizing: border-box !important; overflow-wrap: break-word !important;\"></strong></p><p style=\"margin-bottom: 0px; max-width: 100%; clear: both; min-height: 1em; color: rgb(51, 51, 51); font-family: -apple-system-font, BlinkMacSystemFont, \"Helvetica Neue\", \"PingFang SC\", \"Hiragino Sans GB\", \"Microsoft YaHei UI\", \"Microsoft YaHei\", Arial, sans-serif; font-size: 17px; background-color: rgb(255, 255, 255); text-align: center; line-height: 2em; letter-spacing: 1px; box-sizing: border-box !important; overflow-wrap: break-word !important;\"><strong style=\"max-width: 100%; box-sizing: border-box !important; overflow-wrap: break-word !important;\">台州市所有A级景区</strong><strong style=\"max-width: 100%; box-sizing: border-box !important; overflow-wrap: break-word !important;\">自恢复运营之日起</strong><strong style=\"max-width: 100%; box-sizing: border-box !important; overflow-wrap: break-word !important;\"></strong></p><p style=\"margin-bottom: 0px; max-width: 100%; clear: both; min-height: 1em; color: rgb(51, 51, 51); font-family: -apple-system-font, BlinkMacSystemFont, \"Helvetica Neue\", \"PingFang SC\", \"Hiragino Sans GB\", \"Microsoft YaHei UI\", \"Microsoft YaHei\", Arial, sans-serif; font-size: 17px; background-color: rgb(255, 255, 255); text-align: center; line-height: 2em; letter-spacing: 1px; box-sizing: border-box !important; overflow-wrap: break-word !important;\"><strong style=\"max-width: 100%; box-sizing: border-box !important; overflow-wrap: break-word !important;\">对全国医护工作者</strong><strong style=\"max-width: 100%; box-sizing: border-box !important; overflow-wrap: break-word !important;\"></strong></p><p style=\"margin-bottom: 0px; max-width: 100%; clear: both; min-height: 1em; color: rgb(51, 51, 51); font-family: -apple-system-font, BlinkMacSystemFont, \"Helvetica Neue\", \"PingFang SC\", \"Hiragino Sans GB\", \"Microsoft YaHei UI\", \"Microsoft YaHei\", Arial, sans-serif; font-size: 17px; background-color: rgb(255, 255, 255); text-align: center; line-height: 2em; letter-spacing: 1px; box-sizing: border-box !important; overflow-wrap: break-word !important;\"><strong style=\"max-width: 100%; box-sizing: border-box !important; overflow-wrap: break-word !important;\">实行免费开放优惠政策</strong></p><section style=\"padding-right: 10px; padding-left: 10px; max-width: 100%; box-sizing: border-box; overflow-wrap: break-word !important;\"><section data-tools=\"135编辑器\" data-id=\"96391\" style=\"max-width: 100%; box-sizing: border-box !important; overflow-wrap: break-word !important;\"><section style=\"margin: 15px auto; max-width: 100%; box-sizing: border-box !important; overflow-wrap: break-word !important;\"><section style=\"margin-top: -7px; margin-left: 4px; max-width: 100%; box-sizing: border-box; text-align: center; font-size: 25px; letter-spacing: 2px; line-height: 1; color: rgb(255, 255, 255); overflow-wrap: break-word !important;\"><p style=\"margin-bottom: 0px; max-width: 100%; clear: both; min-height: 1em; box-sizing: border-box !important; overflow-wrap: break-word !important;\"><strong style=\"max-width: 100%; box-sizing: border-box !important; overflow-wrap: break-word !important;\">活 动 时 间</strong></p></section></section></section><section data-id=\"us2339254\" style=\"max-width: 100%; box-sizing: border-box; border-width: 0px; border-style: none; border-color: initial; overflow-wrap: break-word !important;\"><p style=\"margin-bottom: 0px; max-width: 100%; clear: both; min-height: 1em; text-align: center; box-sizing: border-box !important; overflow-wrap: break-word !important;\"><img data-ratio=\"0.04375\" data-src=\"https://mmbiz.qpic.cn/mmbiz_gif/ldFaBNSkvHiabnMbF0p1DYicLcRBFB6lhGqt2kYwohlzcLgIty8jAubjPA4pmLHCZICmejNPAMP94B6GT4rShZqg/640\" data-w=\"640\" _width=\"640px\" src=\"https://mmbiz.qpic.cn/mmbiz_gif/ldFaBNSkvHiabnMbF0p1DYicLcRBFB6lhGqt2kYwohlzcLgIty8jAubjPA4pmLHCZICmejNPAMP94B6GT4rShZqg/640?tp=webp&wxfrom=5&wx_lazy=1\" class=\" __bg_gif\" data-order=\"1\" data-fail=\"0\" style=\"max-width: 100%; box-sizing: border-box !important; overflow-wrap: break-word !important; height: auto !important; width: 640px !important; visibility: visible !important;\"></p><p style=\"text-align: left; margin-bottom: 0px; max-width: 100%; clear: both; min-height: 1em; box-sizing: border-box !important; overflow-wrap: break-word !important;\"><br></p></section><section data-tools=\"135编辑器\" data-id=\"96391\" style=\"max-width: 100%; box-sizing: border-box !important; overflow-wrap: break-word !important;\"><section style=\"margin: 15px auto; max-width: 100%; box-sizing: border-box !important; overflow-wrap: break-word !important;\"><section style=\"margin-top: -7px; margin-left: 4px; max-width: 100%; box-sizing: border-box; text-align: center; font-size: 25px; letter-spacing: 2px; line-height: 1; color: rgb(255, 255, 255); overflow-wrap: break-word !important;\"><p style=\"margin-bottom: 0px; max-width: 100%; clear: both; min-height: 1em; box-sizing: border-box !important; overflow-wrap: break-word !important;\"><br></p><section style=\"padding: 10px 5px; max-width: 100%; box-sizing: border-box; color: rgb(51, 51, 51); font-family: -apple-system-font, BlinkMacSystemFont, \"Helvetica Neue\", \"PingFang SC\", \"Hiragino Sans GB\", \"Microsoft YaHei UI\", \"Microsoft YaHei\", Arial, sans-serif; font-size: 17px; letter-spacing: 0.544px; text-align: justify; background-color: rgb(255, 255, 255); display: flex; justify-content: space-between; align-items: center; overflow-wrap: break-word !important;\"><section style=\"max-width: 100%; display: inline-block; width: 25px; box-sizing: border-box !important; overflow-wrap: break-word !important;\"><section style=\"margin-right: auto; margin-left: auto; max-width: 100%; overflow: hidden; width: 5px; height: 1.4em; background: rgb(169, 207, 213); border-radius: 6px; box-sizing: border-box !important; overflow-wrap: break-word !important;\"><br style=\"max-width: 100%; box-sizing: border-box !important; overflow-wrap: break-word !important;\"></section></section></section><section style=\"padding: 0.2em 1em; max-width: 100%; box-sizing: border-box; color: rgb(51, 51, 51); font-family: -apple-system-font, BlinkMacSystemFont, \"Helvetica Neue\", \"PingFang SC\", \"Hiragino Sans GB\", \"Microsoft YaHei UI\", \"Microsoft YaHei\", Arial, sans-serif; font-size: 17px; letter-spacing: 0.544px; text-align: justify; background-color: rgb(255, 255, 255); overflow-wrap: break-word !important;\"><section data-autoskip=\"1\" style=\"padding: 0em 1em; max-width: 100%; box-sizing: border-box; font-size: 14px; letter-spacing: 1.5px; line-height: 1.75em; color: rgb(77, 144, 154); overflow-wrap: break-word !important;\"><p style=\"margin-bottom: 0px; max-width: 100%; clear: both; min-height: 1em; max-inline-size: 100%; cursor: text; color: rgb(0, 0, 0); font-size: 16px; line-height: 2em; letter-spacing: 1px; font-family: 微软雅黑, Arial, sans-serif; box-sizing: border-box !important; overflow-wrap: break-word !important; outline: none 0px !important;\">临海，东海之滨的古城新市，浙江中部沿海的璀璨明珠。这里是国家历史文化名城，人文底蕴深厚，被誉为“小邹鲁”，南宋五宰辅，文武五状元，兄弟四进士，父子三巡抚，传诵千年。</p><p style=\"margin-bottom: 0px; max-width: 100%; clear: both; min-height: 1em; max-inline-size: 100%; cursor: text; color: rgb(0, 0, 0); font-size: 16px; line-height: 2em; letter-spacing: 1px; font-family: 微软雅黑, Arial, sans-serif; box-sizing: border-box !important; overflow-wrap: break-word !important; outline: none 0px !important;\"><br style=\"max-width: 100%; box-sizing: border-box !important; overflow-wrap: break-word !important;\"></p><p style=\"margin-bottom: 0px; max-width: 100%; clear: both; min-height: 1em; max-inline-size: 100%; cursor: text; color: rgb(0, 0, 0); font-size: 16px; line-height: 2em; letter-spacing: 1px; font-family: 微软雅黑, Arial, sans-serif; box-sizing: border-box !important; overflow-wrap: break-word !important; outline: none 0px !important;\">这里也是中国优秀旅游城市、中国宜居城市，青山妩媚，四时好景不断。春暖时刻，玉兰花、樱花、桃花纷繁十里。江南长城、括苍山、灵湖景区、羊岩山茶文化园、江南大峡谷...处处好风光</p><p><img data-index=\"1583461597270-0\" src=\"/uploads/ya02wmsj_cecoe/pic/20200306/1583461691_774071894.jpg\" alt=\"\"> </p><p>这是临海古城最为古老的一座“地标式建筑”，与青山相依，有江水在侧。</p><p><img data-index=\"1583461626177-0\" src=\"/uploads/ya02wmsj_cecoe/pic/20200306/1583461720_627495949.jpg\" alt=\"\"> </p><p>灵湖是台州最大的人工生态湖，水波潋滟，光景如画。</p><p><br></p></section></section></section></section></section></section>','','','/uploads/ya02wmsj_cecoe/pic/20200306/1583461735_236097861.jpg','图文视频','21','上线','','','4d92a971360243b0bab91e2ffc6740e3','4d92a971360243b0bab91e2ffc6740e3','4d92a971360243b0bab91e2ffc6740e3','2020-03-05 18:28:58','2020-03-05 18:29:26','2020-03-05 18:29:48',99,'n','','pc','331082000000','n','0000-00-00 00:00:00','0000-00-00 00:00:00','内容',0),(61,'直播测试','','','','','直播','30','下线','','','4d92a971360243b0bab91e2ffc6740e3','4d92a971360243b0bab91e2ffc6740e3','4d92a971360243b0bab91e2ffc6740e3','2020-03-05 23:09:46','2020-03-05 23:47:50','2020-03-05 23:53:37',99,'n','','pc','331082000000','n','0000-00-00 00:00:00','0000-00-00 00:00:00','内容',1),(63,'万鹿同行·温暖府城 | 括苍镇战狼志愿服务队开展绿道清扫活动','<p>　　“小年到，喜气绕，家家户户乐陶陶”，小年是春节的序曲，小年过后人们就开始准备年货，打扫屋子，直到除夕迎来红红火火的中国年。</p><p>所以，你大扫除了吗？</p><p>我们都会认真打扫自己的房子，但是在括苍镇，有这么一群人，他们还惦记着马横溪大坝的整洁。他们就是括苍镇的战狼志愿服务队。</p><p><img data-index=\"1584497680894-0\" src=\"/uploads/ya02wmsj_cecoe/pic/20200318/a36025665aa154f8e5d58109a3cafb61.jpg\" alt=\"\"> </p><p>　　<font face=\"宋体\">战狼志愿服务队，是由</font>108<font face=\"宋体\">位热爱公益事业的市民、各类户外运动爱好者，退休人员及其它技能型人才组成，他们经常开展敬老院理发、节日送温暖等志愿服务活动，得到了括苍群众的一致好评。趁小年之际，他们组织了清扫马横溪大坝的志愿活动——清扫绿道志愿活动</font></p><p><img data-index=\"1584497738640-0\" src=\"/uploads/ya02wmsj_cecoe/pic/20200318/ddf5637d2b56986f34b23c885eb77c02.jpg\" alt=\"\"> </p><p style=\"text-align: center; text-indent: 21pt;\"><font face=\"宋体\">他们从昨天早上</font>8<font face=\"宋体\">点开始，扫到昨天中午</font><font face=\"Calibri\">12</font><font face=\"宋体\">点。</font></p><p style=\"text-align: center; text-indent: 21pt;\"></p><p><img data-index=\"1584497863694-0\" src=\"/uploads/ya02wmsj_cecoe/pic/20200318/a23f3396f16302fb821e8505ac32d8ec.jpg\" alt=\"\"> </p><p style=\"text-indent:21.0000pt;\">12:00<font face=\"宋体\">，“扫完啦！”</font></p><p style=\"text-indent:21.0000pt;\">挥一挥衣袖，带走的是垃圾，留下的是美景。</p>','','','/uploads/ya02wmsj_cecoe/pic/20200318/600ff1b71c9191a939411423da27427f.jpg','图文视频','30','上线','','','4d92a971360243b0bab91e2ffc6740e3','4d92a971360243b0bab91e2ffc6740e3','4d92a971360243b0bab91e2ffc6740e3','2020-04-09 00:45:52','2020-04-09 00:46:03','2020-04-09 00:46:21',99,'y','/uploads/ya02wmsj_cecoe/pic/20200409/35dcd3558f1038383ad8b230b2a53940.jpg','pc','331082000000','n','0000-00-00 00:00:00','0000-00-00 00:00:00','内容',0),(64,'追梦鹿带你解读十九届四中全会','<p style=\"margin-bottom: 0px; max-width: 100%; box-sizing: border-box; clear: both; min-height: 1em; color: rgb(121, 139, 119); font-family: -apple-system-font, BlinkMacSystemFont, \"Helvetica Neue\", \"PingFang SC\", \"Hiragino Sans GB\", \"Microsoft YaHei UI\", \"Microsoft YaHei\", Arial, sans-serif; font-size: 12px; letter-spacing: 2px; background-color: rgb(255, 255, 255); text-align: justify; text-indent: 2em; overflow-wrap: break-word !important;\">为帮助广大党员、干部、群众深入学习贯彻党的十九届四中全会精神，更好地理解《中共中央关于坚持和完善中国特色社会主义制度、推进国家治理体系和治理能力现代化若干重大问题的决定》全文。</p><p style=\"margin-bottom: 0px; max-width: 100%; box-sizing: border-box; clear: both; min-height: 1em; color: rgb(121, 139, 119); font-family: -apple-system-font, BlinkMacSystemFont, \"Helvetica Neue\", \"PingFang SC\", \"Hiragino Sans GB\", \"Microsoft YaHei UI\", \"Microsoft YaHei\", Arial, sans-serif; font-size: 12px; letter-spacing: 2px; background-color: rgb(255, 255, 255); text-align: justify; text-indent: 2em; overflow-wrap: break-word !important;\">咱们可爱的追梦鹿，将为我们解读3个判断、13方面的显著优势、总体目标、坚持和完善13个制度体系，速速收藏哦！</p><p style=\"margin-bottom: 0px; max-width: 100%; box-sizing: border-box; clear: both; min-height: 1em; color: rgb(121, 139, 119); font-family: -apple-system-font, BlinkMacSystemFont, \"Helvetica Neue\", \"PingFang SC\", \"Hiragino Sans GB\", \"Microsoft YaHei UI\", \"Microsoft YaHei\", Arial, sans-serif; font-size: 12px; letter-spacing: 2px; background-color: rgb(255, 255, 255); text-align: justify; text-indent: 2em; overflow-wrap: break-word !important;\"><img src=\"https://mmbiz.qpic.cn/mmbiz_png/KYMmCr938fMjyqosbaNeGZGONrMCOTZFAqF2Z3Z4vzuAu3UibLbjSziarWrxKTBl7tmpibemgPkVmn2ofZX3dqlyg/640?wx_fmt=png&tp=webp&wxfrom=5&wx_lazy=1&wx_co=1\"></p>','','','/uploads/ya02wmsj_cecoe/pic/20200318/1e4bb5429c11bd2de2d6c6ef22c46123.jpg','图文视频','42','上线','','','4d92a971360243b0bab91e2ffc6740e3','4d92a971360243b0bab91e2ffc6740e3','4d92a971360243b0bab91e2ffc6740e3','2020-03-18 02:18:33','2020-03-18 02:20:11','2020-03-18 02:20:32',99,'n','','pc','331082000000','n','0000-00-00 00:00:00','0000-00-00 00:00:00','内容',0),(65,'志愿者 罗鸣','<p><br></p><p><img data-index=\"1584498319111-0\" src=\"/uploads/ya02wmsj_cecoe/pic/20200318/a4993476456a53ffab295fe1daa51c66.jpg\" alt=\"\"> </p><p style=\"text-align: center;\">罗鸣慰问台州恩泽医院援鄂医疗队</p><p>&nbsp; &nbsp; 罗鸣，女，白水洋罗渡人，湖北临海商会常务副会长，常年在武汉经商。在这场新型冠状病毒防疫战中，她积极参与火神山医院物资运送，成立白水洋互助群帮助在鄂白水洋人，免费向公众发放酒精、口罩、消毒水等物资，体现了白水洋人的责任与担当，被当地人亲切的称为“白水洋囡囡”。</p><p style=\"text-align: center; text-indent: 21pt;\">以下是罗鸣的志愿服务时间轴</p><p style=\"text-indent:21.0000pt;\">1<font face=\"宋体\">月</font><font face=\"Calibri\">22</font><font face=\"宋体\">日</font></p><p style=\"text-indent:21.0000pt;\">&nbsp;&nbsp;&nbsp;&nbsp;<font face=\"宋体\">罗鸣成为一名志愿者，主动参与火神山医院物资运送。</font></p><p style=\"text-indent:21.0000pt;\"></p><p><img data-index=\"1584498441440-0\" src=\"/uploads/ya02wmsj_cecoe/pic/20200318/8864297fe81cb88f2544aff69ff74a59.jpg\" alt=\"\"> </p><p style=\"text-indent:21.0000pt;\">1<font face=\"宋体\">月</font><font face=\"Calibri\">24</font><font face=\"宋体\">日</font></p><p style=\"text-indent:21.0000pt;\">&nbsp;&nbsp;&nbsp;&nbsp;<font face=\"宋体\">个人出资购买酒精、口罩、消毒水等物资，免费向附近派出所、城管部门、街道、社区、附近商户、商会会员等发放；在其店铺门口张贴免费领取字样，面向公众免费发放消毒物资。</font></p><p style=\"text-indent:21.0000pt;\"></p><p><img data-index=\"1584498514482-0\" src=\"/uploads/ya02wmsj_cecoe/pic/20200318/9c3d5afd2be9a7e3e4c69b137baf3141.jpg\" alt=\"\"> </p><p style=\"text-indent:21.0000pt;\">1<font face=\"宋体\">月</font><font face=\"Calibri\">26</font><font face=\"宋体\">日</font></p><p style=\"text-indent:21.0000pt;\">&nbsp;&nbsp;&nbsp;&nbsp;<font face=\"宋体\">武汉封城后，罗鸣接到一对因找工作滞留武汉的河南母子求助。罗鸣家是两室一厅布局，尽管居住空间紧张，在得知消息后，罗鸣毅然连夜将无处可去的这对母子接回家居住。罗鸣说，</font>“现在宾馆都封了，总不能眼看着人家流落街头，能帮一个是一个。”</p><p><img data-index=\"1584498572301-0\" src=\"/uploads/ya02wmsj_cecoe/pic/20200318/c87359f57ea296ce6ccc6093409f25fb.jpg\" alt=\"\"> </p><p style=\"text-indent:21.0000pt;\"><font face=\"宋体\">罗鸣收留这对河南母子至今近</font>50<font face=\"宋体\">天，帮助其申领到</font><font face=\"Calibri\">3000</font><font face=\"宋体\">元补助金</font></p><p style=\"text-indent:21.0000pt;\">1<font face=\"宋体\">月</font><font face=\"Calibri\">29</font><font face=\"宋体\">日</font></p><p style=\"text-indent:21.0000pt;\">&nbsp;&nbsp;&nbsp;&nbsp;<font face=\"宋体\">一位母亲向罗鸣求助，其在咸宁的四岁儿子发烧了，希望罗鸣出车送她去探望她儿子。面对这位满眼焦急的母亲，罗鸣一口答应，晚上</font>7:00<font face=\"宋体\">出发赶去咸宁。由于封城路难走，加上当晚下雨，天气很冷，原本来回只需</font><font face=\"Calibri\">4</font><font face=\"宋体\">个小时的路程罗鸣整整开了</font><font face=\"Calibri\">12</font><font face=\"宋体\">个小时，第二天早上</font><font face=\"Calibri\">7:00</font><font face=\"宋体\">才赶回武汉，并将车上仅有的</font><font face=\"Calibri\">60</font><font face=\"宋体\">瓶消毒液赠与当地卫生院。</font></p><p style=\"text-indent:21.0000pt;\"></p><p><img data-index=\"1584498760438-0\" src=\"/uploads/ya02wmsj_cecoe/pic/20200318/9a8074b45acb10e0d053dfb79efccb7e.jpg\" alt=\"\"> </p><p style=\"text-indent:21.0000pt;\">1<font face=\"宋体\">月</font><font face=\"Calibri\">31</font><font face=\"宋体\">日</font></p><p style=\"text-indent:21.0000pt;\">&nbsp;&nbsp;&nbsp;&nbsp;<font face=\"宋体\">组织对接两个医药公司向黄陂公安局捐赠消毒液</font>100<font face=\"宋体\">份。</font></p><p style=\"text-indent:21.0000pt;\"></p><p><img data-index=\"1584498855893-0\" src=\"/uploads/ya02wmsj_cecoe/pic/20200318/aaab79f0d43f12a9863a88aa08d5d778.jpg\" alt=\"\"> </p><p style=\"text-indent:21.0000pt;\">2<font face=\"宋体\">月</font><font face=\"Calibri\">13</font><font face=\"宋体\">日</font></p><p style=\"text-indent:21.0000pt;\">&nbsp;&nbsp;&nbsp;&nbsp;<font face=\"宋体\">组织对接农夫山泉集团向方舱医院建设单位捐赠矿泉水</font>600<font face=\"宋体\">箱。</font></p><p style=\"text-indent:21.0000pt;\">	2<font face=\"宋体\">月</font><font face=\"Calibri\">15</font><font face=\"宋体\">日</font></p><p style=\"text-indent:21.0000pt;\">&nbsp;&nbsp;&nbsp;&nbsp;&nbsp;<font face=\"宋体\">按照临海市工商联要求，商会组建了</font>5<font face=\"宋体\">个微信交流群，罗鸣和成员们一起积极组织发放防护用品、等生活用品等物资，帮助在鄂临海人。</font></p><p style=\"text-indent:21.0000pt;\">2<font face=\"宋体\">月</font><font face=\"Calibri\">19</font><font face=\"宋体\">日</font></p><p style=\"text-indent:21.0000pt;\">&nbsp;&nbsp;&nbsp;&nbsp;<font face=\"宋体\">罗鸣牵头成立白水洋互助群，帮助在鄂白水洋人。</font></p><p style=\"text-indent:21.0000pt;\">2<font face=\"宋体\">月</font><font face=\"Calibri\">23</font><font face=\"宋体\">日</font></p><p style=\"text-indent:21.0000pt;\">&nbsp;&nbsp;&nbsp;&nbsp;<font face=\"宋体\">组织商会工作人员看望滞留武汉一家四口和因冠状病毒感染被隔离的会员，去隔离点看望两个孩子，向他们送去买水果、慰问金等物资。</font></p><p style=\"text-indent:21.0000pt;\">	<font face=\"宋体\">由于连日在外奔波，没有时间吃饭，在外喝不到热水</font>...<font face=\"宋体\">罗鸣克服了种种困难，在志愿服务的道路上始终坚守，往往早上</font><font face=\"Calibri\">7</font><font face=\"宋体\">点出去，晚上</font><font face=\"Calibri\">7</font><font face=\"宋体\">点都回不了家，“非常时期，大家都很艰难，我要为在外的白水洋人树立榜样。”罗鸣说。由于连日在外奔波，没有时间吃饭，在外喝不到热水</font><font face=\"Calibri\">...</font><font face=\"宋体\">罗鸣克服了种种困难，在志愿服务的道路上始终坚守，往往早上</font><font face=\"Calibri\">7</font><font face=\"宋体\">点出去，晚上</font><font face=\"Calibri\">7</font><font face=\"宋体\">点都回不了家，“非常时期，大家都很艰难，我要为在外的白水洋人树立榜样。”罗鸣说。</font></p>','','','/uploads/ya02wmsj_cecoe/pic/20200413/9f699a3c78d5fc3762ef356b43814857.jpg','图文视频','30','上线','','','4d92a971360243b0bab91e2ffc6740e3','4d92a971360243b0bab91e2ffc6740e3','4d92a971360243b0bab91e2ffc6740e3','2020-04-13 05:17:20','2020-04-13 05:17:34','2020-04-13 05:17:46',99,'n','','pc','331082000000','n','0000-00-00 00:00:00','0000-00-00 00:00:00','内容',0),(66,'万鹿同行·温暖府城丨邵家渡街道“青春志愿行 温暖回家路”主题志愿服务活动掠影','<div style=\"text-align: center;\"><p style=\"text-indent:21.0000pt;\"><font face=\"宋体\" style=\"text-indent: 21pt;\">青春志愿行</font> <font face=\"宋体\" style=\"text-indent: 21pt;\">温暖回家路</font></p><p style=\"text-indent:21.0000pt;\"><font face=\"宋体\">邵家渡街道</font>2020<font face=\"宋体\">青年志愿者服务春运</font></p><p style=\"text-indent:21.0000pt;\">“暖冬行动”启动</p><p><img data-index=\"1584500013314-0\" src=\"/uploads/ya02wmsj_cecoe/pic/20200318/b17186d54eddddfd8db597a475b8075c.jpg\" alt=\"\"> </p><p style=\"text-align: left; text-indent: 21pt;\">1<font face=\"宋体\" style=\"text-indent: 21pt;\">月</font><font face=\"Calibri\" style=\"text-indent: 21pt;\">17</font><font face=\"宋体\" style=\"text-indent: 21pt;\">日上午，连日来淅淅沥沥的小雨终于停歇，临海火车站人头攒动，随处可见邵家渡志愿者红色的身影。</font><font face=\"Calibri\" style=\"text-indent: 21pt;\">100</font><font face=\"宋体\" style=\"text-indent: 21pt;\">余名志愿者提供引导咨询、环境卫生、文明督导等文明志愿服务，并向旅客赠送春联、提供针线包借用、医疗服务、热水姜汤、扶老携幼、特殊困难旅客接送等特色服务，营造温馨有爱的服务氛围。</font></p><p style=\"text-indent:21.0000pt;\"><font face=\"宋体\">此次活动从</font>1<font face=\"宋体\">月</font><font face=\"Calibri\">17</font><font face=\"宋体\">日起，至</font><font face=\"Calibri\">2</font><font face=\"宋体\">月</font><font face=\"Calibri\">10</font><font face=\"宋体\">日止，合计</font><font face=\"Calibri\">25</font><font face=\"宋体\">天。</font></p><p style=\"text-indent:21.0000pt;\"></p><p><img data-index=\"1584500081473-0\" src=\"/uploads/ya02wmsj_cecoe/pic/20200318/dd4f26fc44ea13c539ea72c6821a9f91.jpg\" alt=\"\">市文联组织书法家为过往游客现场书写春联 </p><p><img data-index=\"1584500224625-0\" src=\"/uploads/ya02wmsj_cecoe/pic/20200318/4b2a9c7e786d0cc0ba25d7a4b0084236.jpg\" alt=\"\"> </p><p style=\"text-indent:21.0000pt;\">市、街道两级红十字会志愿者为旅客们送上温暖的红糖姜茶。</p><p><img data-index=\"1584500241509-0\" src=\"/uploads/ya02wmsj_cecoe/pic/20200318/92d0c7a3570e5375302be462c68e9a0b.jpg\" alt=\"\"> </p><p style=\"text-indent:21.0000pt;\">街道卫生院党员志愿者设立爱心服务站，有旅客免费量血压、测血糖。</p><p><img data-index=\"1584500307055-0\" src=\"/uploads/ya02wmsj_cecoe/pic/20200318/481bde8d40ac82dc1a2d6d7b165ba9ba.jpg\" alt=\"\"> </p><p style=\"text-indent:21.0000pt;\">引导旅客顺利进站</p><p><img data-index=\"1584500373558-0\" src=\"/uploads/ya02wmsj_cecoe/pic/20200318/a8e0e25934d318244d3db380f3c6cc2f.jpg\" alt=\"\"> </p><p>一张回家的票寄托着思乡心切</p><p>志愿者们热情洋溢的笑容</p><p>让归途更加有爱</p><p>“青春志愿行 温暖回家路”</p><p>匆匆赶路的途中也别忘了</p><p>为志愿者们点个赞哦</p><p style=\"text-indent:21.0000pt;\"></p></div>','','','/uploads/ya02wmsj_cecoe/pic/20200318/2e8cbc99f1817f37a2bdc5d6becd6fff.jpg','图文视频','30','上线','','','4d92a971360243b0bab91e2ffc6740e3','4d92a971360243b0bab91e2ffc6740e3','4d92a971360243b0bab91e2ffc6740e3','2020-03-18 03:00:08','2020-03-18 06:18:51','2020-03-18 06:20:44',99,'n','','pc','331082000000','n','0000-00-00 00:00:00','0000-00-00 00:00:00','内容',0),(68,'2019中国临海 • 古城文化节系列活动之古城天使演出预告（11月10日）','<p style=\"text-indent:21.0000pt;\"><font face=\"宋体\">天使合唱团成立于</font>2016<font face=\"宋体\">年</font><font face=\"Calibri\">2</font><font face=\"宋体\">月，是由中共临海市委宣传部、临海市文化和广电旅游体育局、临海市文化馆牵头组建的公益性少儿合唱团。由临海市文化馆音乐干部胡灵敏出任团长及常任指挥，另有数十名文化志愿者任艺术指导及家委会成员参与管理团部日常工作。</font></p><p style=\"text-indent:21.0000pt;\"></p><p><img data-index=\"1584502224647-0\" src=\"/uploads/ya02wmsj_cecoe/pic/20200318/32cee327ffe71fc93bca5c7d2d8996cf.jpg\" alt=\"\"></p><p style=\"text-indent:21.0000pt;\"><font face=\"宋体\">团部于每年春季面向社会开放招考，秋季进行常规团员考核，以合唱能力进行阶梯式分团，采取日常排练与集训相结合的模式。以创新的教育理念、严格的教学管理、优秀的师资力量、独特的表演方式带领孩子们排练各类风格的合唱作品，学习多样的舞台表演技巧，旨在通过专业的培训，进一步提升团员的专业水准。定期开展</font>“春之声”、“秋之约”团队户外音乐会和周年专场汇报演出。</p><p><img data-index=\"1584502309480-0\" src=\"/uploads/ya02wmsj_cecoe/pic/20200318/5b114cecb3a138042e807dd76a863ffa.jpg\" alt=\"\"> </p><p>&nbsp; 自成立以来，在领导的大力支持下，在家长的紧密配合下，在团部的尽心努力下，在团员的积极学习下，团员们多次参演了不忘初心 牢记使命——建设“活力品质幸福临海”主题晚会、古城文化节开幕式文艺晚会、纪念红军长征80周年大型文艺晚会、桃花节开幕式大型演出、世界读书日等各类大型文艺演出。</p><p><img data-index=\"1584502383903-0\" src=\"/uploads/ya02wmsj_cecoe/pic/20200318/f917fcfcedb660b6652098807389203b.jpg\" alt=\"\"> </p><p style=\"text-indent:21.0000pt;\">2017<font face=\"宋体\">年</font><font face=\"Calibri\">5</font><font face=\"宋体\">月下旬受邀参加浙江电视台少儿六一晚会</font><font face=\"Calibri\">; 2017</font><font face=\"宋体\">年</font><font face=\"Calibri\">7</font><font face=\"宋体\">月，赴广东参加中国第六届童声合唱节上荣获银奖；</font><font face=\"Calibri\">2017</font><font face=\"宋体\">年</font><font face=\"Calibri\">8</font><font face=\"宋体\">月，排演原创表演唱《磨针》赴北京获第六届国际青少年交流活动创作表演双金奖</font><font face=\"Calibri\">;2018</font><font face=\"宋体\">年</font><font face=\"Calibri\">7</font><font face=\"宋体\">月，赴北京参加第十四届中国国际合唱节获“</font><font face=\"Calibri\">B</font><font face=\"宋体\">级合唱团”称号</font><font face=\"Calibri\">;2019</font><font face=\"宋体\">年</font><font face=\"Calibri\">8</font><font face=\"宋体\">月，编排原创表演唱《平安》赴新加坡参加第二十六届中新文化交流活动获创编表演双金奖。</font></p><p style=\"text-indent:21.0000pt;\"></p><p><img data-index=\"1584502444235-0\" src=\"/uploads/ya02wmsj_cecoe/pic/20200318/f9ebfe42b4ae157b6609cfa25470f77b.jpg\" alt=\"\"> </p><p style=\"text-indent:21.0000pt;\">&nbsp;<font face=\"宋体\">天使合唱团给广大热爱歌唱表演的小朋友们一个展示自我的平台，旨在通过多元的舞台实践来提高团员音乐综合素养。始终把</font>“快乐歌唱，快乐成长”的追求贯穿在全团的一切工作中。今后，合唱团将继续努力为大家服务并带领大家一起向前走，还将不定期组织团员参与国际性赛事与出访活动，开拓视野，与国际性接轨，将合唱团打造成最专业，最具活力的少儿合唱团。</p><p><img data-index=\"1584502567852-0\" src=\"/uploads/ya02wmsj_cecoe/pic/20200318/056c5b43981adaecdc469b79c2038dc3.jpg\" alt=\"\"> </p>','','','/uploads/ya02wmsj_cecoe/pic/20200318/81c4c6c3cd054980780982686fe65490.jpg','图文视频','38','上线','','','4d92a971360243b0bab91e2ffc6740e3','4d92a971360243b0bab91e2ffc6740e3','4d92a971360243b0bab91e2ffc6740e3','2020-03-18 03:48:02','2020-03-18 06:19:02','2020-03-18 06:21:00',99,'n','','pc','331082000000','n','0000-00-00 00:00:00','0000-00-00 00:00:00','内容',0),(69,'2019中国临海 • 古城文化节系列活动之古城之舞演出预告（11月11日）','<p style=\"text-align: center; \">		&nbsp; &nbsp;<font face=\"宋体\">临海市文化馆青年舞蹈社团</font></p><p>&nbsp;&nbsp;&nbsp;&nbsp;<font face=\"宋体\">临海市文化馆青年舞蹈社团（前身灵江艺术团舞蹈队）成立于</font>2014<font face=\"宋体\">年，现有</font><font face=\"Calibri\">40</font><font face=\"宋体\">多名团员，平均年龄</font><font face=\"Calibri\">25</font><font face=\"宋体\">岁，所有团员都是来自各行各业的舞蹈爱好者。在张君君团长的带领下，团员们坚持每周一次的常规基本功训练，风雨无阻，从不间断。舞蹈社团多年来，一直用各种方试为舞蹈事业作着应有的奉献。每年承接市里各大小型文艺晚会的舞蹈任务，参加省级、台州市级、市级的舞蹈比赛，骨干团员到各乡镇文化礼堂辅导各类舞蹈等等。</font><font face=\"Calibri\">2008</font><font face=\"宋体\">年荣获台州市文联颁发的“文艺创新优秀团队”称号。舞蹈社团获奖节目有《花鼓情》《纺》《嬉荷》《美国摇滚乐》《城墙下》《塞西利亚》《竹林话语》《绣·秀》等，表演节目有《美人吟》《草原牧歌》《女人花》《花儿》《卖酒酿》《傲然挺立红梅开》《幸福花开》《文明在这里》等等。</font></p><p><img data-index=\"1584503133061-0\" src=\"/uploads/ya02wmsj_cecoe/pic/20200318/3e65cb9f0b6a6770db07ae74d3e948b0.jpg\" alt=\"\"> </p><p style=\"text-align: center; text-indent: 21pt;\">	节目单</p><p style=\"text-indent:21.0000pt;\">1<font face=\"宋体\">、 开场舞蹈《幸福花开》</font></p><p style=\"text-indent:21.0000pt;\">2<font face=\"宋体\">、 少儿街舞《中国星力量》表演：东方艺术舞蹈学校</font></p><p style=\"text-indent:21.0000pt;\">3<font face=\"宋体\">、 维族群舞《花儿》</font></p><p style=\"text-indent:21.0000pt;\">4<font face=\"宋体\">、 蒙族群舞《草原牧歌》</font></p><p style=\"text-indent:21.0000pt;\">5<font face=\"宋体\">、 女声独唱《临海美》演唱：夏 &nbsp;卉</font></p><p style=\"text-indent:21.0000pt;\">6<font face=\"宋体\">、 排舞《塞西利亚》</font></p><p style=\"text-indent:21.0000pt;\">7<font face=\"宋体\">、 大提琴芭蕾《天鹅湖》 &nbsp;演奏：尤 &nbsp;燚 &nbsp;芭蕾：王佳璐</font></p><p style=\"text-indent:21.0000pt;\">8<font face=\"宋体\">、 古典群舞《美人吟》</font></p><p style=\"text-indent:21.0000pt;\">9<font face=\"宋体\">、 瑜珈表演《鸿雁》</font></p><p style=\"text-indent:21.0000pt;\">表演：临海市欧姆瑜珈工作室</p><p style=\"text-indent:21.0000pt;\">10<font face=\"宋体\">、 原创舞蹈《竹林话语》</font></p><p style=\"text-indent:21.0000pt;\">11<font face=\"宋体\">、 时装表演《天使之吻》表演：临海市女人会倾城模特队</font></p><p style=\"text-indent:21.0000pt;\">12<font face=\"宋体\">、 尾声•身韵组合《我和我的祖国》&nbsp;</font></p><p style=\"text-indent:21.0000pt;\">参演演员：</p><p style=\"text-indent:21.0000pt;\"><font face=\"宋体\">沈</font> &nbsp;<font face=\"宋体\">阳、毕</font> &nbsp;<font face=\"宋体\">奕、金</font> &nbsp;<font face=\"宋体\">伟、范林瑶、王英、</font> <font face=\"宋体\">叶思思、柳儒雅、上官丽莎、王静丹、金婉璐、金姝妤、程子宸、王依妮、单方圆、梁佳琪、谢珊珊、陈鸿瑾、孙乐燕、梁丹琪、余羽静、李萍娟、虞倩倩、李玉吉、吴梦影、吴佳怡、许馨匀、阮小丫、马</font> &nbsp;<font face=\"宋体\">琳、汤南燕</font></p><p style=\"text-indent:21.0000pt;\"><p><img data-index=\"1584503247105-0\" src=\"/uploads/ya02wmsj_cecoe/pic/20200318/666201734bfb6d14f8e98ed8d9d798dd.jpg\" alt=\"\"> </p></p>','','','/uploads/ya02wmsj_cecoe/pic/20200318/55a735d4c06530fb3e733e2a229c5122.jpg','图文视频','38','上线','','','4d92a971360243b0bab91e2ffc6740e3','4d92a971360243b0bab91e2ffc6740e3','4d92a971360243b0bab91e2ffc6740e3','2020-03-18 03:47:38','2020-03-18 06:19:13','2020-03-18 06:21:11',99,'n','','pc','331082000000','n','0000-00-00 00:00:00','0000-00-00 00:00:00','内容',0),(70,'理论课程第一节',NULL,'2924446720','','/uploads/ya02wmsj_cecoe/pic/20200318/e0f8ab6f72e669bf616d9c4d25d37aca.jpg','图文视频','41','下线','','','4d92a971360243b0bab91e2ffc6740e3','4d92a971360243b0bab91e2ffc6740e3','4d92a971360243b0bab91e2ffc6740e3','2020-03-18 03:55:03','2020-03-18 05:52:36','2020-03-18 05:52:48',99,'n','','pc','331082000000','n','0000-00-00 00:00:00','0000-00-00 00:00:00','内容',0),(71,'2019中国临海 • 古城文化节系列活动之古城之舞演出预告(11月15日）','<p style=\"text-indent:21.0000pt;\"><font face=\"宋体\">临海市崇和合唱团是由临海市委宣传部、临海市文化和广电旅游体育局主管、临海市文化馆牵头组建的公益性群众合唱（成人混声）团队，成立于</font>2014<font face=\"宋体\">年</font><font face=\"Calibri\">9</font><font face=\"宋体\">月。由市文化馆研究馆员、声乐指导金晓霞出任团长、常任指挥。合唱团团员来自全市各机关部门、企事业单位的歌唱爱好者，通过自愿报名、测试选拔、择优录取组成，并于每年春季面向全市招收新学员</font></p><p style=\"text-align: center; text-indent: 21pt;\"><font face=\"宋体\">文艺演出</font> <font face=\"宋体\">声动府城</font></p><p style=\"text-align: center; text-indent: 21pt;\"></p><p><img data-index=\"1584503572277-0\" src=\"/uploads/ya02wmsj_cecoe/pic/20200318/149a88c79c53064948b834e1263cfe5d.jpg\" alt=\"\"> </p><p style=\"text-indent:21.0000pt;\"><font face=\"宋体\">合唱团秉承</font>“快乐歌唱 健康生活 崇尚和谐 引领发展”的理念，通过常规训练、参加演出、比赛和采风活动、不定期聘请专家指导、观摩等多种形式，改变群众对合唱的认知，使团员的合唱能力得到提升。</p><p><img data-index=\"1584503626505-0\" src=\"/uploads/ya02wmsj_cecoe/pic/20200318/3ca4e1e2335a12a64eec9d8853925bd5.jpg\" alt=\"\"> </p><p style=\"text-indent:21.0000pt;\"><font face=\"宋体\">合唱团自成立以来，坚持每周一次的常规训练，已完成《美丽的草原我的家》、《传奇》、《再别康桥》、《沁园春雪》、《雪花的快乐》等</font>20<font face=\"宋体\">余首作品的演唱，参加了《幸福临海》——古城文化节开幕式晚会、《不忘初心 牢记使命》主题晚会、</font><font face=\"Calibri\">2016-2019</font><font face=\"宋体\">临海市新春团拜会、台州电视台首届商晚、文化下乡、文化走亲等政府性公益演出活动</font><font face=\"Calibri\">50</font><font face=\"宋体\">余场次。</font></p><p><img data-index=\"1584503693203-0\" src=\"/uploads/ya02wmsj_cecoe/pic/20200318/49f20e671b9f869727123a7d86539375.jpg\" alt=\"\"> </p><p><font face=\"宋体\">&nbsp; 曾获</font>2017<font face=\"宋体\">第十二届世界大舞台中国文艺交流走进港澳暨庆祝香港回归祖国</font><font face=\"Calibri\">20</font><font face=\"宋体\">周年文艺汇演金奖，《我和我的祖国》——台州市合唱比赛银奖、《中国梦 劳动美》——浙江省职工合唱比赛台州赛区铜奖、浙江省第四届合唱节</font><font face=\"Calibri\">B</font><font face=\"宋体\">级第一。并成功举办“崇和之声”——崇和合唱团成立三周年汇报演出。</font></p><p><p><img data-index=\"1584503828581-0\" src=\"/uploads/ya02wmsj_cecoe/pic/20200318/9caa4c5f09c139a13abca5886b0e1050.jpg\" alt=\"\"> </p></p><p><font face=\"宋体\"><br></font></p>','','','/uploads/ya02wmsj_cecoe/pic/20200318/4b494a36a892075e1aeba72d67011d38.jpg','图文视频','38','上线','','','4d92a971360243b0bab91e2ffc6740e3','4d92a971360243b0bab91e2ffc6740e3','4d92a971360243b0bab91e2ffc6740e3','2020-03-18 03:57:35','2020-03-18 06:19:23','2020-03-18 06:21:21',99,'n','','pc','331082000000','n','0000-00-00 00:00:00','0000-00-00 00:00:00','内容',0),(72,'一场疫情，体现了一支责任、务实、担当的科技铁军','<p style=\"text-indent:21.0000pt;\">一场疫情，体现了一支责任、务实、担当的科技铁军。新型冠状病毒肺炎疫情爆发后，党组书记、局长王平高度重视，积极响应市委市政府号召，当天召开了新型冠状病毒感染肺炎疫情防控工作部署会议，传达了习近平总书记关于做好新型冠状病毒感染的肺炎疫情防控工作重要指示精神和省市县疫情防控工作会议等精神，成立防控领导小组，部署全局联防联控工作。</p><p style=\"text-align: center; text-indent: 21pt;\">严密部署，迅速行动</p><p style=\"text-indent:21.0000pt;\"><font face=\"宋体\">全局从正月初一起，取消所有休假，全员在岗，确保</font>24<font face=\"宋体\">小时信息畅通，按照市委市政府安排部署，开展一系列防控政策宣传、志愿服务、科研项目申报、企业复工复产等疫情防控工作。</font></p><p style=\"text-indent:21.0000pt;\"></p><p><img data-index=\"1584504171842-0\" src=\"/uploads/ya02wmsj_cecoe/pic/20200318/9ff5c72cc71b108fb95d6b8ef71cd8f8.jpg\" alt=\"\"> </p><p style=\"text-align: center; text-indent: 21pt;\"><font face=\"宋体\">火线驰援，下沉</font>“一线”</p><p style=\"text-indent:21.0000pt;\"><font face=\"宋体\">党组成员、副局长周智勇带着</font>4<font face=\"宋体\">名同行志愿者，穿上志愿者的红马甲，连续</font><font face=\"Calibri\">20</font><font face=\"宋体\">多天到括苍镇开展点位管控、检测、登记、服务、返临人员信息整理等工作。引导群众科学防控疫情，让疫情防控入耳、入脑、入心，落实到群众行动上。</font></p><p style=\"text-indent:21.0000pt;\"></p><p><img data-index=\"1584504304482-0\" src=\"/uploads/ya02wmsj_cecoe/pic/20200318/f69f70ea81e4956942fd652650ed8649.jpg\" alt=\"\"> <img data-index=\"1584504309491-0\" src=\"/uploads/ya02wmsj_cecoe/pic/20200318/545050fd9c71ba53e1f793093e67b94e.jpg\" alt=\"\"> <img data-index=\"1584504314829-0\" src=\"/uploads/ya02wmsj_cecoe/pic/20200318/7d49513f34b5cd7a423d7ebd3330c6e7.jpg\" alt=\"\"> </p><p style=\"text-align: center; text-indent: 21pt;\">及时助企，复工复产</p><p style=\"text-indent:21.0000pt;\"><font face=\"宋体\">根据市委市政府部署，由</font>3<font face=\"宋体\">位副局长带队，通过走访、微信、电话等方式向</font><font face=\"Calibri\">21</font><font face=\"宋体\">家联系企业、孵化器、众创空间宣传、解读复工复产相关文件内容和要求，了解企业口罩、消毒液、体温计等防疫物品准备情况，并对企业的防疫宣传，厂区消毒，食堂分隔就餐等相关工作提出明确要求，对企业复工准备工作进行全面指导。</font></p><p style=\"text-indent:21.0000pt;\"></p><p><img data-index=\"1584504390299-0\" src=\"/uploads/ya02wmsj_cecoe/pic/20200318/817edca51090cd00866a759837a98745.jpg\" alt=\"\"> <img data-index=\"1584504393957-0\" src=\"/uploads/ya02wmsj_cecoe/pic/20200318/338e819f323e19e57bb22974bb12a8f3.jpg\" alt=\"\"> </p><p style=\"text-align: center; text-indent: 21pt;\"><font face=\"宋体\">坚定信念，</font>“疫”战到底</p><p style=\"text-indent:21.0000pt;\"><font face=\"宋体\">为给新型冠状病毒感染肺炎防控提供有力的科技支撑，市科技局紧急启动新型冠状病毒感染的肺炎防治技术科研攻关项目，第一时间发动有实力的医药企业开展研发活动，撰写项目申报材料，及时沟通解决项目申报过程中的各类问题、困难。目前，华海药业、永太科技等</font>4<font face=\"宋体\">家企业的项目已列入</font><font face=\"Calibri\">2020</font><font face=\"宋体\">年度第一批台州市级科技计划项目（新型冠状病毒感染的肺炎防治技术科研攻关专项）</font><font face=\"Calibri\">,</font><font face=\"宋体\">立项数台州市第一。其中华海药业、永太科技、奥翔药业还被台州市科技局作为重点项目上报到省科技厅。</font></p>','','','/uploads/ya02wmsj_cecoe/pic/20200318/7b389223357efb807eefee5d310fbb26.jpg','图文视频','39','下线','','','4d92a971360243b0bab91e2ffc6740e3','4d92a971360243b0bab91e2ffc6740e3','4d92a971360243b0bab91e2ffc6740e3','2020-03-18 04:07:26','2020-03-18 06:19:33','2020-03-18 06:21:30',99,'n','','pc','331082000000','n','0000-00-00 00:00:00','0000-00-00 00:00:00','内容',0),(73,'转发：省科技厅组织开展应急科技攻关，做疫情防控的坚强科技后盾','<p style=\"text-indent:21.0000pt;\">当前，新型冠状病毒感染的肺炎疫情防控形势严峻，省科技厅紧急组织全省优势科研力量，围绕传染病流行病学、发病机制和疾病防治等疫情防控亟需解决的技术难题，开展联合应急攻关，为打赢疫情防控阻击战提供坚强科技支撑。</p><p><img data-index=\"1584510097091-0\" src=\"/uploads/ya02wmsj_cecoe/pic/20200318/d60877aa4619d9a97bae5bce9b672c98.jpg\" alt=\"\"> </p><p style=\"text-indent:21.0000pt;\"><font face=\"宋体\">省科技厅先行启动由国家卫健委高级别专家组成员、中国工程院院士李兰娟领衔，分别由浙江大学、省疾控中心作为牵头单位开展的</font>“新型冠状病毒病原变异与防控关键技术研究”和“新型冠状病毒肺炎的应急防控及诊治技术研究”<font face=\"Calibri\">2</font><font face=\"宋体\">个重大科技专项。</font></p><p style=\"text-indent:21.0000pt;\">同时，启动新型冠状病毒感染防治省自然科学基金基础研究专项，通过基础研究、临床应用到产品开发的全链布局，增强防控能力。</p><p><img data-index=\"1584510218811-0\" src=\"/uploads/ya02wmsj_cecoe/pic/20200318/5c01d15a282f371248d2874d2958e2e2.jpg\" alt=\"\"> </p><p>1<font face=\"宋体\">月</font><font face=\"Calibri\">28</font><font face=\"宋体\">日，李兰娟所在的浙江大学医学院附属第一医院传染病诊治国家重点实验室传来好消息，实验室已经分离到三株新型冠状病毒。李兰娟说，实验室接下来要对病毒的变异、病毒的致病力进行研究，以及通过病毒来研究新型的疫苗。</font></p><p style=\"text-indent:21.0000pt;\"><font face=\"宋体\">疫情发生以来，省疾控中心</font>“浙江省公共卫生应急检测关键技术重点实验室”成员建立完善检测方法，迅速开展本省首例疑似患者的确诊检测和全基因组测序工作，为浙江省病例的早诊早治和传染源的控制提供了技术保障。同时，省疾控中心紧急启用生物安全三级实验室，于<font face=\"Calibri\">1</font><font face=\"宋体\">月</font><font face=\"Calibri\">22</font><font face=\"宋体\">日首批获得国家资质。</font><font face=\"Calibri\">1</font><font face=\"宋体\">月</font><font face=\"Calibri\">24</font><font face=\"宋体\">日，省疾控中心成功分离了首株新型冠状病毒毒株，是全国首家进行成功分离的省级疾控单位。</font></p><p style=\"text-indent:21.0000pt;\">目前已取得的这些科研成果，将加快推动疫苗研制、抗病毒药物筛选和发病机制研究。</p>','','','/uploads/ya02wmsj_cecoe/pic/20200318/52c230d4a397246e736578a7ed4598bc.jpg','图文视频','39','下线','','','4d92a971360243b0bab91e2ffc6740e3','4d92a971360243b0bab91e2ffc6740e3','4d92a971360243b0bab91e2ffc6740e3','2020-03-18 05:47:13','2020-03-18 06:19:43','2020-03-18 06:21:41',99,'n','','pc','331082000000','n','0000-00-00 00:00:00','0000-00-00 00:00:00','内容',0),(74,'未来50年前沿科技趋势与22个预测','<p style=\"text-indent:21.0000pt;\"><font face=\"宋体\">任何理论研究，必须具有符合未来发展趋势的预测，才能体现其可能的价值。近</font>15<font face=\"宋体\">年来，我们深入研究互联网结构的变化，提出在过去</font><font face=\"Calibri\">50</font><font face=\"宋体\">年里，互联网从网状结构进化成为大脑模型是</font><font face=\"Calibri\">21</font><font face=\"宋体\">世纪前沿科技爆发的根源，包括物联网，云计算，大数据，边缘计算，区块链，云机器人，城市大脑，人工智能等</font><font face=\"Calibri\">50</font><font face=\"宋体\">多个科技概念的产生和兴起都与互联网大脑的发育有关。</font></p><p style=\"text-indent:21.0000pt;\">2019<font face=\"宋体\">年出版的《崛起的超级智能》绘制了一幅互联网大脑的发育与前沿科技兴起的关系图，是对过去</font><font face=\"Calibri\">15</font><font face=\"宋体\">年来持续对互联网大脑进化的跟踪和研究总结，也是对未来的预测。</font></p><p style=\"text-indent:21.0000pt;\"></p><p><img data-index=\"1584510729722-0\" src=\"/uploads/ya02wmsj_cecoe/pic/20200318/b7d97834a801a4166e56bcdc1173b900.jpg\" alt=\"\"> </p><p style=\"text-align: center; text-indent: 21pt;\"><font face=\"宋体\">发生在</font>2008<font face=\"宋体\">年到</font><font face=\"Calibri\">2012</font><font face=\"宋体\">年的未来科技预言</font></p><p style=\"text-indent:21.0000pt;\"><font face=\"宋体\">应该说在</font>2008<font face=\"宋体\">年我们发表的第一篇论文《互联网进化的</font><font face=\"Calibri\">7</font><font face=\"宋体\">条规律》本身就是一次对未来的预言（后在</font><font face=\"Calibri\">2012</font><font face=\"宋体\">年《互联网进化论》一书中又提出了</font><font face=\"Calibri\">2</font><font face=\"宋体\">条规律）。它们分别是：</font></p><p style=\"text-indent:21.0000pt;\">1<font face=\"宋体\">）连接规律：互联网接驳设备的进化不断延长大脑与互联网的连接时间，同时互联网使用者的心理也会对这种连接产生依赖性；连接设备从服务器到台式机到笔记本到智能手机，到智能眼镜，最后是脑机接口。</font></p><p style=\"text-indent:21.0000pt;\">2<font face=\"宋体\">）信用规律：为了保证互联网虚拟世界有序和安全的运转，互联网用户在互联网虚拟空间中的身份验证将会越来越严格，互联网的信用体系将会越来越完善；</font></p><p style=\"text-indent:21.0000pt;\">3<font face=\"宋体\">）统一规律：互联网将会从软件基础、硬件基础、商业应用等各个层面从分裂走向统一，互联网将会进化成一个唯一的虚拟大脑结构；</font></p><p style=\"text-indent:21.0000pt;\">4<font face=\"宋体\">）维度规律：互联网信息的输入</font><font face=\"Calibri\">/</font><font face=\"宋体\">输出形式不断丰富，它将从一维内容表现为主的初级阶段进化到三维内容表现为主的高级阶段；</font></p><p style=\"text-indent:21.0000pt;\">5<font face=\"宋体\">）加速规律：互联网在进化过程中，其硬件设备和连接的人脑都会不断增加其运算速度；</font></p><p style=\"text-indent:21.0000pt;\">6<font face=\"宋体\">）膨胀规律：互联网中的数据、硬件设备和连接的人脑数量在高速膨胀，其中数据增速最快，硬件设备次之，互联网使用人数增速最慢；</font></p><p style=\"text-indent:21.0000pt;\">7<font face=\"宋体\">）消融规律：因为互联网的进化，虚拟世界与真实世界的边界逐步消失，人们越来越无法分辨身处虚拟环境中还是真实世界中；</font></p><p style=\"text-indent:21.0000pt;\">8<font face=\"宋体\">）映射规律：互联网进化过程中现实世界的情景、规律、关系正在被映射到互联网的虚拟空间中，同时人脑的功能被逐步映射到互联网中形成以个人空间为代表的大脑映射，用这种形式实现人脑与互联网的间接联网；</font></p><p style=\"text-indent:21.0000pt;\">9<font face=\"宋体\">）方向规律的主要内容包括：互联网的发展它将遵循前面八条规律从一个原始的、不完善、相对分裂的网络进化成一个统一的，与人类大脑结构高度相似的大脑模型，互联网用户将以更加紧密的方式连接到这个互联网大脑结构中。</font></p><p style=\"text-indent:21.0000pt;\">10<font face=\"宋体\">）</font><font face=\"Calibri\">Big SNS</font><font face=\"宋体\">（大社交）：除了上述</font><font face=\"Calibri\">9</font><font face=\"宋体\">条规律，在</font><font face=\"Calibri\">2012</font><font face=\"宋体\">年发表的《</font><font face=\"Calibri\">Big SNS</font><font face=\"宋体\">（大社交）的诞生，物联网与社交网络的结合》，从类脑神经元发育的角度，对社交网络的未来发展进行了预测，提出社交网络作为互联网大脑的核心结构与神经元网络雏形，其将会从人与人的链接发展成为人与人，人与物，物与物的链接，从社交网络发展成为大社交网络。</font></p><p style=\"text-indent:21.0000pt;\"><p><img data-index=\"1584510854197-0\" src=\"/uploads/ya02wmsj_cecoe/pic/20200318/6917d48404cc428de84b3d175be0cb1f.jpg\" alt=\"\"> </p></p><p style=\"text-align: center; text-indent: 21pt;\">2019<font face=\"宋体\">年面向未来的科技预言</font></p><p style=\"text-indent:21.0000pt;\"><font face=\"宋体\">时间到达</font>2019<font face=\"宋体\">年。互联网大脑的进化依然没有完成。一方面新的科技趋势会不断出现。但另一方面已经产生的前沿科技，会在互联网大脑的架构下继续走向成熟。</font></p><p style=\"text-indent:21.0000pt;\">11<font face=\"宋体\">）混合智能、云反射弧与梦境世界： 从互联网大脑的发育与前沿科技兴起的关系图中可以看到人的智慧与机器智能形成的混合智能正等待爆发。因为互联网各神经系统不断成熟后与产业结合的云反射弧机制还没有萌芽。互联网大数据在</font><font face=\"Calibri\">VR/AR</font><font face=\"宋体\">支撑下的三维化所导致的互联网梦境世界还没有真正到来。</font></p><p style=\"text-indent:21.0000pt;\">12<font face=\"宋体\">）云计算与中台技术：除此之外，已经萌芽的的中枢神经系统云计算还在发育过程中，与</font><font face=\"Calibri\">AI</font><font face=\"宋体\">的结合更为紧密，与企业的核心业务结合形成的中台技术依然是互联网中枢神经系统发育的继续。</font></p><p style=\"text-indent:21.0000pt;\">&nbsp;</p><p style=\"text-indent:21.0000pt;\">13<font face=\"宋体\">）</font><font face=\"Calibri\">5G </font><font face=\"宋体\">、光纤技术、卫星互联网：互联网的神经纤维技术持续升级优化，已经完成了从</font><font face=\"Calibri\">1G</font><font face=\"宋体\">到</font><font face=\"Calibri\">4G</font><font face=\"宋体\">的进化，</font><font face=\"Calibri\">5G</font><font face=\"宋体\">，</font><font face=\"Calibri\">6G</font><font face=\"宋体\">技术还等待成熟，光纤技术，卫星互联网技术的发展不断开拓互联网神经纤维的领域。让人类无时无刻，随时随地更快速的链接到互联网大脑中。</font></p><p style=\"text-indent:21.0000pt;\">14<font face=\"宋体\">）大社交的进化：社交网络依然没有完成向大社交网络进化的任务，一个统一的，遍布全球的，可以同时链接人与人，人与物，物与物的超级智能系统还没有建立。</font></p><p style=\"text-indent:21.0000pt;\">15<font face=\"宋体\">）梦境世界、数字孪生与互联网大脑数字思维空间：现实世界变成数据向互联网大脑映射的进程还在继续，数字孪生技术的兴起推动的这一进程，数字孪生与互联网梦境世界（</font><font face=\"Calibri\">VR/AR</font><font face=\"宋体\">）技术的结合，将是互联网大脑数字思维空间建立的基础</font></p><p style=\"text-indent:21.0000pt;\">16<font face=\"宋体\">）云机器人，自动驾驶技术，无人机：互联网大脑的运动神经系统仅仅刚刚发育，与互联网结合的云机器人，自动驾驶技术，无人机技术，智能生产设备，智能办公设备，智能家庭设备的远没有成熟，还在不断发育中，互联网大脑的运动神经系统的发育会使得互联网大脑架构对人类社会的影响越来越大，病毒，黑客，</font><font face=\"Calibri\">BUG</font><font face=\"宋体\">等安全问题将日益突出。互联网安全将成为热点。</font></p><p style=\"text-indent:21.0000pt;\">17<font face=\"宋体\">）传感器与感知世界：互联网感觉神经系统继续发育，更多摄像头，传感器将安装在人类社会的各个角落，让世界更快速的映射到互联网中，也让人类更全面的感知世界。</font></p><p style=\"text-indent:21.0000pt;\">18<font face=\"宋体\">）大数据与金矿：互联网大数据将进一步膨胀。作为互联网大脑发育产生的金矿。对互联网大数据的利用和挖掘，将成为未来人类最重要的创业和创新机会所在。</font></p><p style=\"text-indent:21.0000pt;\">19<font face=\"宋体\">）人工智能与马太效应：基于互联网大数据和互联网神经系统向人类社会蔓延的深入，人工智能持续获得数据，算力和应用场景的支持。互联网巨头依托在互联网神经系统中的优势地位，在 人工智能领域的马太效应将越来越强。</font></p><p style=\"text-indent:21.0000pt;\">20<font face=\"宋体\">）科技大脑的兴起：互联网大脑架构的日益清晰，其与城市建设，企业发展，行业增长结合。更多城市大脑，企业大脑，产业大脑应用会不断涌现。脑与互联网，人工智能等前沿科技终将走在一起</font></p><p style=\"text-indent:21.0000pt;\">22<font face=\"宋体\">）崛起的超级智能：经济学里看不见的手动态调整人类的经济活动，同样在互联网过去</font><font face=\"Calibri\">50</font><font face=\"宋体\">年的时间里，前沿科技也出现了一只看不见的手，推动互联网从网状进化成为大脑模型。人类智慧与机器智能通过互联网大脑架构形成自然界前所未有的超级智能形式。这背后的原因对智能科学，科技哲学应产生相应的重要影响和创新成果。</font></p>','','','/uploads/ya02wmsj_cecoe/pic/20200318/98bf547952f43a5416d5a223eb704ae4.jpg','图文视频','39','下线','','','4d92a971360243b0bab91e2ffc6740e3','4d92a971360243b0bab91e2ffc6740e3','4d92a971360243b0bab91e2ffc6740e3','2020-03-18 05:54:23','2020-03-18 06:19:52','2020-03-18 06:21:51',99,'n','','pc','331082000000','n','0000-00-00 00:00:00','0000-00-00 00:00:00','内容',0),(75,'理论云课堂直播','','','','/uploads/ya02wmsj_cecoe/pic/20200318/0b2b19f9f78e80fddc88feb935fe885e.jpg','直播','42','下线','','','4d92a971360243b0bab91e2ffc6740e3','4d92a971360243b0bab91e2ffc6740e3','4d92a971360243b0bab91e2ffc6740e3','2020-03-18 05:56:16','2020-03-18 05:56:26','2020-03-18 05:57:53',99,'n','','pc','331082000000','n','0000-00-00 00:00:00','0000-00-00 00:00:00','内容',2),(76,'科普 | 24小时防疫攻略','<section style=\"max-width: 100%; color: rgb(91, 85, 85); font-size: 16px; letter-spacing: 0.544px; background-color: rgb(255, 255, 255); min-height: 1em; font-family: -apple-system-font, BlinkMacSystemFont, \"Helvetica Neue\", \"PingFang SC\", \"Hiragino Sans GB\", \"Microsoft YaHei UI\", \"Microsoft YaHei\", Arial, sans-serif; text-align: center; line-height: 2em; box-sizing: border-box !important; overflow-wrap: break-word !important;\"><p style=\"text-indent:21.0000pt;\">特殊时期的一天</p><p style=\"text-indent:21.0000pt;\">该怎样安全度过</p><p style=\"text-indent:21.0000pt;\">24<font face=\"宋体\">小时防疫攻略</font></p><p style=\"text-indent:21.0000pt;\">看图照着做</p><p style=\"text-indent:21.0000pt;\">病毒躲着你</p><p><img data-index=\"1584511441008-0\" src=\"/uploads/ya02wmsj_cecoe/pic/20200318/69c0e166fee7e2facd127b05567d2a9d.jpg\" alt=\"\"> <img data-index=\"1584511444360-0\" src=\"/uploads/ya02wmsj_cecoe/pic/20200318/8388d0e6fc71f69d9c7b7f464fba7dac.jpg\" alt=\"\"> <img data-index=\"1584511449580-0\" src=\"/uploads/ya02wmsj_cecoe/pic/20200318/f83bdcb6e9b430393d171c1429ffc721.jpg\" alt=\"\"> <img data-index=\"1584511452747-0\" src=\"/uploads/ya02wmsj_cecoe/pic/20200318/035872aceea28e2ba9cd3fa3173e5cc9.jpg\" alt=\"\"> <img data-index=\"1584511455968-0\" src=\"/uploads/ya02wmsj_cecoe/pic/20200318/f35723cd152831b3382a525d4f383e93.jpg\" alt=\"\"> <img data-index=\"1584511458758-0\" src=\"/uploads/ya02wmsj_cecoe/pic/20200318/805d115b7d283981535879208554ac3e.jpg\" alt=\"\"> <img data-index=\"1584511461453-0\" src=\"/uploads/ya02wmsj_cecoe/pic/20200318/856adb693b069e08b9b6122c2286bf2a.jpg\" alt=\"\"> <img data-index=\"1584511465010-0\" src=\"/uploads/ya02wmsj_cecoe/pic/20200318/0fd775055e503b1b9e176d5f6d193b66.jpg\" alt=\"\"> </p></section>','','','/uploads/ya02wmsj_cecoe/pic/20200318/6e56ea3513dde75138796067d0d25d61.jpg','图文视频','40','上线','','','4d92a971360243b0bab91e2ffc6740e3','4d92a971360243b0bab91e2ffc6740e3','4d92a971360243b0bab91e2ffc6740e3','2020-03-18 06:04:45','2020-03-18 06:20:11','2020-03-18 06:22:02',99,'n','','pc','331082000000','n','0000-00-00 00:00:00','0000-00-00 00:00:00','内容',0),(77,'科普 |在阻断新冠病毒传播的措施中，除了戴口罩、勤洗手、做好消毒外，开窗通风也是极为重要的防控措施。','<p style=\"text-indent:21.0000pt;\">在阻断新冠病毒传播的措施中，除了戴口罩、勤洗手、做好消毒外，开窗通风也是极为重要的防控措施。</p><p style=\"text-indent:21.0000pt;\">“这个病大家记住一点，把所有的窗户都打开，拼命的通风，就是很好的预防。”近日，华山医院感染科主任张文宏在接受媒体采访时重点强调，“开窗通风是极为重要的一件事情。”</p><p style=\"text-indent:21.0000pt;\">不过，不少小伙伴对此就有疑问了：万一空气中有病毒，开窗通风不是让病毒跑到家里了？尤其是，小区里还有隔离的疑似病例的情况下。那么，到底还能不能开窗通风？</p><p style=\"text-align: center; text-indent: 21pt;\">01</p><p style=\"text-align: center; text-indent: 21pt;\">开窗通风会让新冠病毒跑进来？</p><p style=\"text-indent:21.0000pt;\">并不会。</p><p style=\"text-indent:21.0000pt;\">首先，我们要解决一个问题：空气中有新冠病毒吗？</p><p style=\"text-indent:21.0000pt;\"><font face=\"宋体\">国家卫生健康委专家组成员蒋荣猛在</font>2<font face=\"宋体\">月</font><font face=\"Calibri\">3</font><font face=\"宋体\">日的发布会上，早已表示了，病毒从人体出来后会很快沉降，不会在空气中飘移。从这个意义讲，空气中不会有病毒。</font></p><p style=\"text-indent:21.0000pt;\">而开窗通风，却会促进空气流通，稀释室内可能存在的病毒剂量，降低传染性。</p><p style=\"text-indent:21.0000pt;\">至于大家可能觉得气溶胶传播，会让病毒在空气中漂浮更长时间、流动更远距离，开窗通风会增加感染的风险，这点其实也无需担心，因为：</p><p style=\"text-indent:21.0000pt;\">根据《新型冠状病毒感染的肺炎诊疗方案（实行第六版）》的通知：在相对封闭的环境中长时间暴露于高浓度气溶胶情况下，才存在经气溶胶传播的可能。</p><p style=\"text-indent:21.0000pt;\">而我们日常的生活环境，基本形成不了如此高浓度的气溶胶。</p><p style=\"text-indent:21.0000pt;\">即便真形成了气溶胶，通过开窗通风，让空气流动起来，反而还能使气溶胶中的病毒剂量迅速减少，不足以引起感染。</p><p style=\"text-indent:21.0000pt;\">因此，开窗通风、让空气流动，依旧还是阻断新冠病毒传播的有效措施之一。</p><p><img data-index=\"1584511930617-0\" src=\"/uploads/ya02wmsj_cecoe/pic/20200318/4f46a23887d96aed15f072c3428a74a0.jpg\" alt=\"\"> </p><p style=\"text-align: center; text-indent: 21pt;\">02</p><p style=\"text-align: center; text-indent: 21pt;\">邻居在家隔离，还能开窗通风吗？</p><p style=\"text-indent:21.0000pt;\">可以。中日友好医院疾病预防控制处副处长郭丽萍表示：患者排放的病毒气溶胶在开放环境中快速稀释，浓度显著降低，活性受到影响，被吸入的几率与剂量都大幅度减少。</p><p><img data-index=\"1584512032680-0\" src=\"/uploads/ya02wmsj_cecoe/pic/20200318/86db413ff1d4382f3ab3f6c893901782.jpg\" alt=\"\"> </p><p style=\"text-indent:21.0000pt;\">在附近没有近距离患者飞沫时，健康人感染的几率比发生交通事故的几率都低。</p><p style=\"text-indent:21.0000pt;\">如果说你的小区不是一个聚集性发病的小区，作为小区一般居民，无需过度恐慌，在家中只需要做好个人防护，开窗通风并不会有感染的风险。</p><p style=\"text-align: center; text-indent: 21pt;\">03</p><p style=\"text-align: center; text-indent: 21pt;\">4<font face=\"宋体\">个时刻最该开窗通风</font></p><p style=\"text-indent:21.0000pt;\">即使不在疫情期间，如果不及时通风换气，甲醛、霉菌、二氧化碳、尘埃、皮屑等空气中漂浮的有害物质也会增多。</p><p style=\"text-indent:21.0000pt;\"><font face=\"宋体\">日常生活中</font>4<font face=\"宋体\">个时刻最该开窗：</font></p><p style=\"text-indent:21.0000pt;\">1.<font face=\"宋体\">早起后</font></p><p style=\"text-indent:21.0000pt;\">睡觉时室内比较封闭，经过一整夜的呼吸吐纳，卧室中积累了很多二氧化碳，氧气变得十分稀薄。</p><p style=\"text-indent:21.0000pt;\">整理被褥时，尘螨、皮屑等细小的污染物还会漂浮在空中。此时，开窗通风尤为重要。让被子也透透气，促进被子中的水汽蒸发，避免螨虫和霉菌滋生。</p><p style=\"text-indent:21.0000pt;\">2.<font face=\"宋体\">做饭时</font></p><p style=\"text-indent:21.0000pt;\">煎炒烹炸等中式烹调方法会产生大量油烟，食材在高温下挥发出很多有害物质，对鼻、眼、咽喉黏膜有强烈的刺激性。</p><p style=\"text-indent:21.0000pt;\">因此，做饭时不仅要打开抽油烟机，还要开窗通风，最好让空气产生对流。</p><p style=\"text-indent:21.0000pt;\"><font face=\"宋体\">做饭后也要继续开窗通风至少</font>10<font face=\"宋体\">分钟，避免油烟沉积在家中。</font></p><p style=\"text-indent:21.0000pt;\">3.<font face=\"宋体\">扫除时</font></p><p style=\"text-indent:21.0000pt;\">打扫房间时，是室内空气中污染物最密集的时刻。大量细菌、尘螨、皮屑便会漂浮在空中。此时最好戴上口罩，并保证开窗通风，以免吸入细小颗粒物。</p><p style=\"text-indent:21.0000pt;\">扫除时最好先进行湿法清洁，比如先用湿抹布擦拭桌面、柜面，以减少空气中的漂浮物。</p><p style=\"text-indent:21.0000pt;\">4.<font face=\"宋体\">睡觉前</font></p><p style=\"text-indent:21.0000pt;\"><font face=\"宋体\">每天晚上睡前半小时，可以开窗通风</font>15<font face=\"宋体\">分钟。</font></p><p style=\"text-indent:21.0000pt;\">最好能保持空气对流，增加空气中的氧气，利于睡眠。开窗时，老人小孩尽量少在窗边活动。</p>','','','/uploads/ya02wmsj_cecoe/pic/20200408/b2a87c43ec3170e0c2843616133ff9a7.jpg','图文视频','40','已审核','','','4d92a971360243b0bab91e2ffc6740e3','4d92a971360243b0bab91e2ffc6740e3','','2020-04-08 10:10:36','2020-04-08 10:11:08','2020-03-18 06:17:30',99,'n','/uploads/ya02wmsj_cecoe/pic/20200318/3a6a90c95a5a15b16f0d4ff79ba523c5.jpg','pc','331082000000','n','0000-00-00 00:00:00','0000-00-00 00:00:00','内容',0),(78,'市教育局召开义务教育招生改革通气会','<p style=\"text-indent:21.0000pt;\"><span style=\"text-indent: 21pt;\">3</span><font face=\"宋体\" style=\"text-indent: 21pt;\">月</font><font face=\"Calibri\" style=\"text-indent: 21pt;\">11</font><font face=\"宋体\" style=\"text-indent: 21pt;\">日下午，我市义务教育招生改革通气会在教育局一楼会议室召开，各镇（街道）中心校校长、民办小学校长及全体机关干部参加会议。市教育局党委书记、局长蒋友辉出席会议，会议由市教育局党委委员、专职督学陈凌晨主持。</font></p><p style=\"text-indent:21.0000pt;\"><p><img data-index=\"1584513505636-0\" src=\"/uploads/ya02wmsj_cecoe/pic/20200318/f230b74b3f91b5bb1a80ddc897ed4a50.jpg\" alt=\"\"> </p></p><p style=\"text-indent:21.0000pt;\"><font face=\"宋体\">陈凌晨督学详细解读了《浙江省教育厅办公室关于做好</font>2020<font face=\"宋体\">年义务教育阶段学校招生入学工作的通知》，要依法保障适龄儿童少年接受义务教育，切实落实义务教育免试就近入学全覆盖，优化招生工作流程和服务，保障特殊群体接受义务教育，严肃执纪问责，营造良好氛围。</font></p><p style=\"text-indent:21.0000pt;\"><p><img data-index=\"1584513536811-0\" src=\"/uploads/ya02wmsj_cecoe/pic/20200318/0b40cd6372f4de262278dc2ba46219d9.jpg\" alt=\"\"> </p></p><p style=\"text-indent:21.0000pt;\">市教育局还同时召开了全市义务教育民办学校校长会议，市委宣传部副部长李建兵应邀出席会议。陈凌晨督学就民办学校在此次招生改革中需要注意的有关事项进行细致解读。</p><p><img data-index=\"1584513556859-0\" src=\"/uploads/ya02wmsj_cecoe/pic/20200318/87d90db986b2aef7e99668361691f38b.jpg\" alt=\"\"> </p><p style=\"text-indent:21.0000pt;\">最后，蒋友辉局长强调，要高度统一思想，把握招生改革政策，加强合理引导，强化工作纪律，平稳、有序地推进我市义务教育招生改革工作。</p><p><img data-index=\"1584513577102-0\" src=\"/uploads/ya02wmsj_cecoe/pic/20200318/ddbdce7bae54f352ddd796dcb201a4d3.jpg\" alt=\"\"> </p>','','','/uploads/ya02wmsj_cecoe/pic/20200318/a3f08817a58decded12114fb26d86b77.jpg','图文视频','36','下线','','','4d92a971360243b0bab91e2ffc6740e3','4d92a971360243b0bab91e2ffc6740e3','4d92a971360243b0bab91e2ffc6740e3','2020-03-18 06:39:49','2020-03-18 07:55:39','2020-03-18 07:59:40',99,'n','','pc','331082000000','n','0000-00-00 00:00:00','0000-00-00 00:00:00','内容',0),(79,'力争万无一失 | 市教育局开展复学准备工作专项督查','<p style=\"text-indent:21.0000pt;\"><font face=\"宋体\">为切实做好全市教育系统疫情防控和复学准备工作，根据临海市教育局《关于开展复学准备工作专项督查的通知》要求，连日来，市教育局组成</font>11<font face=\"宋体\">个复学准备工作督查组，由局班子成员带领联系科室奔赴全市各中小学、幼儿园开展检查。</font></p><p style=\"text-indent:21.0000pt;\"></p><p><img data-index=\"1584514074646-0\" src=\"/uploads/ya02wmsj_cecoe/pic/20200318/8d01ca6fb78da0e3b6f5aa9ea39c12e6.jpg\" alt=\"\"> <img data-index=\"1584514085099-0\" src=\"/uploads/ya02wmsj_cecoe/pic/20200318/ba1ac204497ff77f6724dc24f9e9c5e3.jpg\" alt=\"\"> </p><p style=\"text-indent:21.0000pt;\"><font face=\"宋体\">此次重点检查各学校复学工作组织体系落实情况、</font>“六个一”以及市防指的“两个文件”落实情况、在外师生返台情况、学校管理情况、物资保障情况、防疫知识及复学工作要求的培训情况、在线教育教学开展情况等。各督查组对检查发现的问题及时纠正，精准指导各学校做好各项复学准备工作，为下阶段全市学校平稳复学奠定坚实的基础。</p><p><img data-index=\"1584514135003-0\" src=\"/uploads/ya02wmsj_cecoe/pic/20200318/4328e7ffdf52f6108be5db3a0940c1e8.jpg\" alt=\"\"> <img data-index=\"1584514139617-0\" src=\"/uploads/ya02wmsj_cecoe/pic/20200318/40828813bd756b97449fa2107c4aa184.jpg\" alt=\"\"> </p>','','','/uploads/ya02wmsj_cecoe/pic/20200318/9920fe60cecb7f5af94bd53d307698ec.jpg','图文视频','36','下线','','','4d92a971360243b0bab91e2ffc6740e3','4d92a971360243b0bab91e2ffc6740e3','4d92a971360243b0bab91e2ffc6740e3','2020-03-18 06:49:11','2020-03-18 07:55:48','2020-03-18 07:59:50',99,'n','','pc','331082000000','n','0000-00-00 00:00:00','0000-00-00 00:00:00','内容',0),(80,'开学过渡期，给全省中小学家长和学生的12条建议','<p style=\"text-indent:21.0000pt;\">2020<font face=\"宋体\">年新春伊始，新冠肺炎疫情蔓延，全国人民响应党中央号召，“众志成城，同心抗疫”，共同度过了一个不平凡的春节假期。当前随着疫情逐渐稳定，各地开始复工复产，居民生活逐步走向正常，但复学返校可能还将延迟一段时间。为帮助中小学家长和同学们在这个特殊的阶段继续做好疫情防护，更好地度过开学过渡期，顺利适应新学期的学习生活，浙江省中小学心理健康教育指导中心办公室特向全省中小学家长和学生提出如下建议：</font></p><p style=\"text-indent:21.0000pt;\">1<font face=\"宋体\">在当前阶段，继续做好个人防护，助力疫情防控。目前疫情蔓延势头得到初步遏制，但请家长们一定不能掉以轻心，要继续引导并和孩子一起，继续做好个人防护，做到“少出门、不聚集、戴口罩、勤洗手”等防护措施，助力疫情防控。</font></p><p style=\"text-indent:21.0000pt;\">2<font face=\"宋体\">在当前阶段，积极配合排查，如有异常，及时报告。请家长和同学们积极配合社区与学校排查，密切关注自身身体情况。家长们如发现自身或孩子们身体不适，如发烧、干咳、咽痛、乏力等，要及时告诉社区和学校，积极就医。</font></p><p style=\"text-indent:21.0000pt;\">3<font face=\"宋体\">在当前阶段，适当增加体育锻炼，提高自身免疫力。长时间居家，需要家长和同学们“动”起来，在家中每日保证至少半小时的室内运动时间。小学生可与父母亲一起做亲子类或游戏类运动，初高中同学可进行俯卧撑、仰卧起坐、平板支撑等多种运动。当前，除疫情特别严重的地区外，家长和同学们在做好自身防护的条件下，可适当开展室外运动，增强体质，提高身体免疫力。</font></p><p style=\"text-indent:21.0000pt;\">4<font face=\"宋体\">在当前阶段，关注感人事迹，提升孩子的道德情操。家长们要继续当好疫情防控知识的积极宣传者、网络正能量的践行者和传播者。此次疫情中既有谣言，更多的是逆行抗疫者非常感人的高尚表现。家长要引导孩子分辨信息真伪，多关注抗疫者的感人事迹和全国上下同心的努力，为孩子注入积极正向的心理能量，提高孩子的感恩、责任、助人的道德品质。</font></p><p style=\"text-indent:21.0000pt;\">5<font face=\"宋体\">在当前阶段，共同参与居家学习，培养良好学习习惯。学生学业成绩的高低在很大程度上与自身的学习习惯和时间管理能力相关。家长们要鼓励并和孩子一起在延期开学期间利用网上丰富的教学资源和微课，开展自学、研学、探究活动，帮助孩子们树立“停课不停学”意识，养成良好的学习习惯，提高自学能力。</font></p><p style=\"text-indent:21.0000pt;\">6<font face=\"宋体\">在当前阶段，做好示范督促，关注用眼健康。长时间的居家生活，孩子们长时间地上网或观看电视，视力普遍下降。家长们要发挥榜样示范作用，避免长时间使用手机或网络，要定期督促孩子们按计划完成居家学习任务的前提下，控制自己和孩子在线和观看电视的时间，注意用眼健康。</font></p><p style=\"text-indent:21.0000pt;\">7<font face=\"宋体\">在当前阶段，用好“亲子时光”，保持积极乐观心态。在这段特殊而难得的“亲子时光”里，家长们要合理规划家庭活动，做好亲子陪伴，引导孩子共同参与家务劳动、学习生活技能。同时，家长们要注意并引导孩子们科学认识疫情的发展，保持积极乐观的心态，不要过度担心和焦虑，调整心态，做好开学前的心理准备。</font></p><p style=\"text-indent:21.0000pt;\">8<font face=\"宋体\">开学前一周，调整生活节奏，向学校生活靠拢。如果确定了开学时间，开学前一周，家长和同学们要调整家庭生活节奏，向学校生活节奏靠拢。为更好地适应校园生活，家长们可以在开学前一周参照学校作息时间和课程表，模拟学校生活场景，安排孩子起床、运动、学习、就餐、休闲和睡眠的时间。</font></p><p style=\"text-indent:21.0000pt;\">9<font face=\"宋体\">开学前一周，罗列返校清单，做好细节准备。开学前一周，家长和同学们要及时与老师联系，明确返校要求。家长们要和孩子们一起罗列返校清单，包括作业清单、学习用品清单、学习目标清单和问题障碍清单等，共同做好返校学习需要的各种细节准备，为可能出现的各种情况做好计划和方案。</font></p><p style=\"text-indent:21.0000pt;\">10<font face=\"宋体\">开学后，继续做好个人防护，注意环境和个人卫生。开学后，家长和同学们要继续注意往返学校途中的个人防护，尽量避免参加聚会等集体活动，加强饮食营养，多喝开水。在学校里，要注意环境和个人卫生，保持住所等通风良好，勤洗手，不要随地吐痰。</font></p><p style=\"text-indent:21.0000pt;\">11<font face=\"宋体\">开学后，遵守学校相关规定，消除过度焦虑。学校作为一个人员密集、交流频繁的场所，在开学之前已做好充分的消毒和卫生，有足够的安全保障，家长和同学们不必过于恐慌和紧张。同学们要做的是：遵守学校相关规定，科学防护，重视而不过度。家长一方面要教育孩子科学防护，比如洗手方法和体温测量方法、教室寝室常通风等；另一方面，家长也要提醒孩子们相信学校，避免反复洗手测体温和无必要消毒等过度防护行为，尽快进入正常的学习生活。</font></p><p style=\"text-indent:21.0000pt;\">12<font face=\"宋体\">开学后，消除偏见，善待周边同学。开学后，家长和同学们普遍担心学校或班级是否有重点疫区来的同学，是否有发烧的同学。这种担心可以理解，甚至有助于防控疫情，增强大家的防护意识。但是，请家长和同学们不排挤和歧视来自重点疫区的同学，要以合适的方式关心爱护身边的同学，形成良好的人际交往</font></p><p style=\"text-indent:21.0000pt;\">“莫道浮云终蔽日，严冬过尽绽春蕾”。家长和同学们，无论前路还有多少挑战，我们都心向阳光，严寒的日子终将过去，春暖花开的日子就在不远处。</p>','','','/uploads/ya02wmsj_cecoe/pic/20200318/fe454481f3c6ebbbe842dde4d2448b14.jpg','图文视频','36','上线','','','4d92a971360243b0bab91e2ffc6740e3','4d92a971360243b0bab91e2ffc6740e3','4d92a971360243b0bab91e2ffc6740e3','2020-03-18 07:02:50','2020-03-18 07:55:59','2020-03-18 08:00:01',99,'n','','pc','331082000000','n','0000-00-00 00:00:00','0000-00-00 00:00:00','内容',0),(81,'唐诗之路游艺会 串起昨日和今朝','<p style=\"text-indent:21.0000pt;\">&nbsp;<span style=\"text-indent: 21pt;\">12</span><font face=\"宋体\" style=\"text-indent: 21pt;\">月</font><font face=\"Calibri\" style=\"text-indent: 21pt;\">15</font><font face=\"宋体\" style=\"text-indent: 21pt;\">日，如果您走在西门街，可能会被阵阵唐诗吟诵声所吸引，这里正在举办一场主题为“杖藜行歌 诗路台州”的唐诗之路系列活动。</font></p><p style=\"text-indent:21.0000pt;\"><p><img data-index=\"1584515630014-0\" src=\"/uploads/ya02wmsj_cecoe/pic/20200318/97330ac90d90548ac8440bfdc03f3d8f.jpg\" alt=\"\"> </p></p><p style=\"text-indent:21.0000pt;\"><font face=\"宋体\">投壶、活字印刷、诗词歌赋，一个个精彩别致的文化活动，在西门街迎春里客栈轮番上演，吸引了众人的眼球。为了积极探索台州唐诗之路渊源历史，弘扬传统文化，助推打造唐诗之路旅游目的地，提高文化软实力。这场由台州市文化和广电旅游体育局和临海市人民政府联合主办，临海市文化和广电旅游体育局和临海市文化旅游集团有限公司承办的</font>“杖藜行歌 诗路台州”唐诗之路系列活动在当天晚上正式与大家见面。</p><p><img data-index=\"1584515656108-0\" src=\"/uploads/ya02wmsj_cecoe/pic/20200318/9400583a0c5e3524dfc02aac3e15105b.jpg\" alt=\"\"> </p><p style=\"text-indent:21.0000pt;\"><font face=\"宋体\">活动参与者何薇薇说：</font>“我觉得这是一个非常有意义的活动，因为我们台州古诗宝库是非常丰富的，我还看到今天有很多的小朋友一起参与，我觉得挺感动的，这样子能体现我们临海老百姓对于文化的重视和喜爱。”其实临海也有很多的历史传承，我觉得能够这样子让老百姓、小朋友、各界人士参与进来，了解更多我们临海自己的文化，是很有意义的。</p><p><img data-index=\"1584515737647-0\" src=\"/uploads/ya02wmsj_cecoe/pic/20200318/2db4b4c33e43a6b51bfa0bfc1915d63d.jpg\" alt=\"\"> </p><p style=\"text-indent:21.0000pt;\">&nbsp;“一台山水半唐诗”，浙东唐诗之路将无数文人墨客送到了江南，送到了台州，送到了临海。作为浙东唐诗之路上的重要一环，台州以开放的胸怀、共享的理念，变一处美为处处美，邂逅最美“唐诗之路”。</p><p><img data-index=\"1584515747096-0\" src=\"/uploads/ya02wmsj_cecoe/pic/20200318/c9c55809605855a6fc74490d8becb046.jpg\" alt=\"\"> </p><p style=\"text-indent:21.0000pt;\">&nbsp;“杖藜行歌 诗路台州”唐诗之路游艺会用投壶、活字印刷、做香囊等活动，深度感官体验传统文化；吟诵会邀请专家讲述诗路台州的渊源历史，吟诵台州唐诗，演绎唐诗之路的台州故事，用童声合唱、朗诵、器乐等多种艺术形式展现诗路台州。</p>','','','/uploads/ya02wmsj_cecoe/pic/20200318/0521fba1aa34a4deedb73ae5bc71f08d.jpg','图文视频','42','上线','','','4d92a971360243b0bab91e2ffc6740e3','4d92a971360243b0bab91e2ffc6740e3','4d92a971360243b0bab91e2ffc6740e3','2020-03-18 07:16:40','2020-03-18 07:55:24','2020-03-18 07:59:29',99,'n','','pc','331082000000','n','0000-00-00 00:00:00','0000-00-00 00:00:00','内容',0),(82,'我市首个公共设施覆盖免费WIFI','<p style=\"text-indent:21.0000pt;\">&nbsp;<font face=\"宋体\">近日，记者从市广电部门了解到，我市首个公共场所无线局域网工程</font>——市政广场免费<font face=\"Calibri\">WIFI</font><font face=\"宋体\">已全面向市民开放。</font></p><p style=\"text-indent:21.0000pt;\">&nbsp;&nbsp;&nbsp;&nbsp;<font face=\"宋体\">市民只要在市政广场区域范围内，用手机搜索</font>“<font face=\"Calibri\">i-zhejiang-wasu</font><font face=\"宋体\">”热点，点击后输入手机号码登陆，即可享受到免费的</font><font face=\"Calibri\">WIFI</font><font face=\"宋体\">服务。据了解，该工程由市广播电视台承建，于去年年底完工，经过几个月的调试和试运行后在近日全面开放。同时，在本月中旬左右，市图书馆的免费</font><font face=\"Calibri\">WIFI</font><font face=\"宋体\">也将开始面向市民开放。</font></p><p style=\"text-indent:21.0000pt;\">&nbsp;&nbsp;&nbsp;&nbsp;<font face=\"宋体\">接下来，市广电部门还将继续在灵湖景区、城市绿道以及灵湖体育场进行无线局域网建设。</font></p>','','','/uploads/ya02wmsj_cecoe/pic/20200318/09b2a14cc85943e218fb294b9f52a391.jpg','图文视频','67','上线','','','4d92a971360243b0bab91e2ffc6740e3','4d92a971360243b0bab91e2ffc6740e3','4d92a971360243b0bab91e2ffc6740e3','2020-03-18 07:45:44','2020-03-18 07:56:12','2020-03-18 08:00:13',99,'n','','pc','331082000000','n','0000-00-00 00:00:00','0000-00-00 00:00:00','内容',0),(83,'我市调整被征地农民基本生活保障缴费和待遇标准','<p style=\"text-indent:21.0000pt;\">昨日，记者从市社保部门了解到，目前我市被征地农民基本生活保障缴费和待遇标准已进行了调整。</p><p style=\"text-indent:21.0000pt;\">&nbsp;&nbsp;&nbsp;&nbsp;<font face=\"宋体\">据了解，被征地农民基本生活保障缴费和待遇标准是根据《临海市人民政府办公室关于调整被征地农民基本生活保障缴费和待遇标准等有关问题的通知》而调整的。部分土地被征用的行政村，一档待遇由原来的</font>500<font face=\"宋体\">元</font><font face=\"Calibri\">/</font><font face=\"宋体\">月调整为</font><font face=\"Calibri\">600</font><font face=\"宋体\">元</font><font face=\"Calibri\">/</font><font face=\"宋体\">月，二档待遇由原来的</font><font face=\"Calibri\">400</font><font face=\"宋体\">元</font><font face=\"Calibri\">/</font><font face=\"宋体\">月调整为</font><font face=\"Calibri\">480</font><font face=\"宋体\">元</font><font face=\"Calibri\">/</font><font face=\"宋体\">月，三档待遇由原来的</font><font face=\"Calibri\">330</font><font face=\"宋体\">元</font><font face=\"Calibri\">/</font><font face=\"宋体\">月调整为</font><font face=\"Calibri\">380</font><font face=\"宋体\">元</font><font face=\"Calibri\">/</font><font face=\"宋体\">月；过渡期参保人员待遇由原来的</font><font face=\"Calibri\">280</font><font face=\"宋体\">元</font><font face=\"Calibri\">/</font><font face=\"宋体\">月调整为</font><font face=\"Calibri\">300</font><font face=\"宋体\">元</font><font face=\"Calibri\">/</font><font face=\"宋体\">月；撤村改居人员，根据缴费档次，今后待遇按照我市企业职工基本养老保险“统一制度”缴费</font><font face=\"Calibri\">15</font><font face=\"宋体\">年待遇领取人员调整额的</font><font face=\"Calibri\">75%</font><font face=\"宋体\">、</font><font face=\"Calibri\">65%</font><font face=\"宋体\">比例同步调整（不包括特殊调整额）。</font></p><p style=\"text-indent:21.0000pt;\">&nbsp;&nbsp;&nbsp;&nbsp;“此次缴费和待遇调整自<font face=\"Calibri\">2016</font><font face=\"宋体\">年</font><font face=\"Calibri\">1</font><font face=\"宋体\">月</font><font face=\"Calibri\">1</font><font face=\"宋体\">日起执行，相应待遇也将补发到位。撤村改居人员的基本生活保障待遇将在企业养老金调整文件出台后再行调整。”市社保部门相关负责人介绍。</font></p>','','','/uploads/ya02wmsj_cecoe/pic/20200318/c3c33e67fbe784456a98b98e407c4425.jpg','图文视频','67','上线','','','4d92a971360243b0bab91e2ffc6740e3','4d92a971360243b0bab91e2ffc6740e3','4d92a971360243b0bab91e2ffc6740e3','2020-03-18 07:53:24','2020-03-18 07:56:23','2020-03-18 08:00:22',99,'n','','pc','331082000000','n','0000-00-00 00:00:00','0000-00-00 00:00:00','内容',0),(84,'林伟军常委调研新时代文明实践与文化礼堂建设工作','<p style=\"text-indent:21.0000pt;\">3<font face=\"宋体\">月</font><font face=\"Calibri\">17</font><font face=\"宋体\">日（星期二）下午，市委常委林伟军一行先后调研了临海市新时代文明实践中心（市农村文化礼堂总部）、东塍镇新时代文明实践所（文化礼堂分部）、东塍镇东溪单村文化礼堂、大田街道大田刘村文化礼堂。市委宣传部副部长、市新闻出版局局长单益波，市文广旅体局局长王荣杰，市精神文明建设指导中心主任方匡安等陪同调研。</font></p><p style=\"text-indent:21.0000pt;\"><p><img data-index=\"1584519827790-0\" src=\"/uploads/ya02wmsj_cecoe/pic/20200318/439d06935222e3516f5cdfdb66b555a5.jpg\" alt=\"\"> </p></p><p style=\"text-align: center; text-indent: 21pt;\">1<font face=\"宋体\">调研临海市新时代文明实践中心（市农村文化礼堂总部）</font></p><p style=\"text-align: center; text-indent: 21pt;\"><p><img data-index=\"1584519854602-0\" src=\"/uploads/ya02wmsj_cecoe/pic/20200318/1499ea28991f9913dc3f7eeb7189892c.jpg\" alt=\"\"> </p></p><p style=\"text-indent:21.0000pt;\">新时代文明实践中心</p><p style=\"text-indent:21.0000pt;\"><font face=\"宋体\">市新时代文明实践中心（市农村文化礼堂总部），位于临海体育中心内，于</font>2019<font face=\"宋体\">年</font><font face=\"Calibri\">6</font><font face=\"宋体\">月</font><font face=\"Calibri\">12</font><font face=\"宋体\">日正式揭牌启用。中心统筹各方资源，积极发挥思想引导、文化引育、价值引领、网络为民功能，成为我市精神文明建设新地标、台州市新时代文明实践中心建设新样板、人民群众美好生活新家园。</font></p><p style=\"text-indent:21.0000pt;\"><p><img data-index=\"1584519909659-0\" src=\"/uploads/ya02wmsj_cecoe/pic/20200318/82833efc733ab36be0d5f5f28ee0c299.jpg\" alt=\"\"> </p></p><p style=\"text-indent:21.0000pt;\">市新时代文明实践中心六大平台相关部门负责人、市委宣传部相关科室负责人分别介绍了新时代文明实践中心各功能厅的提升改造方案。</p><p style=\"text-align: center; text-indent: 21pt;\">2<font face=\"宋体\">调研东塍镇新时代文明实践所（农村文化礼堂分部）</font></p><p style=\"text-align: center; text-indent: 21pt;\"><p><img data-index=\"1584519951713-0\" src=\"/uploads/ya02wmsj_cecoe/pic/20200318/06724a8dfecd3bc23e3e944559bac9bf.jpg\" alt=\"\"> </p></p><p style=\"text-indent:21.0000pt;\"><font face=\"宋体\">东塍镇新时代文明实践所（农村文化礼堂分部）位于东塍镇上街村，由原粮仓旧址改造，高度契合全省</font>“文化礼堂，精神家园”理念，礼堂分部作用发挥明显。实践所积极融入“彩灯小镇”元素，设置学习强国闯关式训练、非物质文化遗产布展等内容，利用多媒体技术和投影技术，以历史画卷为形式展现东塍发展概况。</p><p style=\"text-align: center; text-indent: 21pt;\">3<font face=\"宋体\">调研东塍镇东溪单村文化礼堂、乡贤馆。</font></p><p style=\"text-align: center; text-indent: 21pt;\"><p><img data-index=\"1584520015855-0\" src=\"/uploads/ya02wmsj_cecoe/pic/20200318/7c223f4daf91d17f9ea4a14f86fa6c48.jpg\" alt=\"\"> </p></p><p style=\"text-indent:21.0000pt;\"><font face=\"宋体\">东溪单村慈孝文化源远流长。外有慈孝广场、慈孝公园，内设慈孝墙、慈孝长廊、慈孝讲堂、实践评议站，首创慈孝基金会、乡贤评议会，激发乡村发展活力，打造</font>“和美”东溪单村。</p><p style=\"text-align: center; text-indent: 21pt;\">4<font face=\"宋体\">调研大田街道大田刘村文化礼堂</font></p><p style=\"text-align: center; text-indent: 21pt;\"><p><img data-index=\"1584520037827-0\" src=\"/uploads/ya02wmsj_cecoe/pic/20200318/824a01aa68e96c9564f040a8192aa287.jpg\" alt=\"\"> </p></p><p style=\"text-indent:21.0000pt;\"><font face=\"宋体\">大田刘村文化礼堂是临海首批省级五星级礼堂和首批建成新时代文明实践站。是我市宗祠改建礼堂的典范，既传承弘扬了悠久的传统文化，又融入了时代精神内涵。先后组建了板龙队、舞狮队、锣鼓队、排舞队、乒乓球队等</font>18<font face=\"宋体\">支各具特色的文体组织，文艺爱好者队伍达到</font><font face=\"Calibri\">2000</font><font face=\"宋体\">多人。大田板凳龙、大田山歌《杜鹃鸟》、大田刘骨牌锣鼓、大田金狮等富有特色的非物质文化遗产得到了完整的保存和发扬。</font></p><p style=\"text-indent:21.0000pt;\">林伟军对过去一年的全市新时代文明实践和文化礼堂工作给予充分肯定。他强调，大家要提高政治站位，抢抓筹备全省文化礼堂和新时代文明实践中心建设工作现场会的机遇，继续在丰富活动项目、完善运行机制、科学统筹资源等方面下功夫；要针对群众实践需求，在实践载体上大胆创新，广泛开展群众乐于参与的各类文明实践活动；要进一步紧扣时间节点破解难题，加快各项软硬件提升改造工程进度，全力以赴打造新时代文明实践全国样板。</p>','','','/uploads/ya02wmsj_cecoe/pic/20200318/9fce790560e21dfb8fdd3d171e15af3e.jpg','图文视频','34','上线','','','4d92a971360243b0bab91e2ffc6740e3','4d92a971360243b0bab91e2ffc6740e3','4d92a971360243b0bab91e2ffc6740e3','2020-03-18 08:27:46','2020-03-18 08:59:28','2020-03-19 07:19:56',99,'n','','pc','331082000000','n','0000-00-00 00:00:00','0000-00-00 00:00:00','内容',0),(85,'万鹿同行·温暖府城 | 古城街道推广健康码，走量更走心','<div><p style=\"text-indent:21.0000pt;\">2<font face=\"宋体\">月</font><font face=\"Calibri\">19</font><font face=\"宋体\">日零时，台州市全面启动实施“健康码”管理机制。“健康码”分“红码、黄码、绿码”三色，实施动态管理，作为在本地区出入通行的有效电子凭证。为进一步落实精准智控要求，保障居民群众出行需求，古城街道充分发动村（社区）干部、工作人员、党员、网格员、志愿者力量，全力保障健康码申领工作快速、有序开展。</font></p><p style=\"text-align: center; text-indent: 21pt;\">整合力量，做好推广工作</p><p style=\"text-indent:21.0000pt;\">党员包干上门</p><p style=\"text-indent:21.0000pt;\"><font face=\"宋体\">通过党员干部宣传通知和上门包干落实全员健康码申领，挨家挨户保障健康码</font>“人人都有、人人会用”</p><p><img data-index=\"1584520817854-0\" src=\"/uploads/ya02wmsj_cecoe/pic/20200318/7fba7de46380eb6fea0b86beb5f275e6.jpg\" alt=\"\"> </p><p style=\"text-indent:21.0000pt;\">社区干部定点服务</p><p style=\"text-indent:21.0000pt;\">&nbsp; 各社区在办公场所设置健康码申领服务台，帮助居民申领健康码，普及健康码的使用方法</p><p><img data-index=\"1584520854661-0\" src=\"/uploads/ya02wmsj_cecoe/pic/20200318/451da68f97462c29519f39fea9a14c93.jpg\" alt=\"\"> </p><p><img data-index=\"1584520888835-0\" src=\"/uploads/ya02wmsj_cecoe/pic/20200318/fe65b31f06b5831b3406b125bf6648a2.jpg\" alt=\"\"> </p><p style=\"text-indent:21.0000pt;\">群团力量助力</p><p style=\"text-indent:21.0000pt;\">街道妇联积极发动妇女志愿者们参与到健康码的推广工作中来</p><p style=\"text-indent:21.0000pt;\">志愿者爱心助力</p><p style=\"text-indent:21.0000pt;\"><font face=\"宋体\">志愿者在商店、超市、农贸市场等场所，帮助群众完成健康码申领，确保</font>“零死角”、“全覆盖”</p><p><img data-index=\"1584521041655-0\" src=\"/uploads/ya02wmsj_cecoe/pic/20200318/7cc93fae4f1be214939b6238025f4c6c.jpg\" alt=\"\"> <img data-index=\"1584521048616-0\" src=\"/uploads/ya02wmsj_cecoe/pic/20200318/cb7992bb721d98a488e2d15f01bb4842.jpg\" alt=\"\"> </p><p style=\"text-align: center; text-indent: 21pt;\">创新方式，做好宣传工作</p><p style=\"text-indent:21.0000pt;\">小喇叭走街串巷宣传健康码</p><p><img data-index=\"1584521102266-0\" src=\"/uploads/ya02wmsj_cecoe/pic/20200318/00840011744010bc80a25928111a1d40.jpg\" alt=\"\"> </p><p style=\"text-indent:21.0000pt;\">张贴健康码公告和申领方法</p><p><img data-index=\"1584521122233-0\" src=\"/uploads/ya02wmsj_cecoe/pic/20200318/26040279daddcfffbc4aa984ed1bba0c.jpg\" alt=\"\"> </p></div>','','','/uploads/ya02wmsj_cecoe/pic/20200318/50633f3604802cbe9f82b3597e78f2c3.jpg','图文视频','34','上线','','','4d92a971360243b0bab91e2ffc6740e3','4d92a971360243b0bab91e2ffc6740e3','4d92a971360243b0bab91e2ffc6740e3','2020-03-18 08:45:47','2020-03-18 08:59:47','2020-03-19 07:20:09',99,'n','','pc','331082000000','n','0000-00-00 00:00:00','0000-00-00 00:00:00','内容',0),(86,'台州全城亮屏向最美战“疫”人致敬！','<p style=\"text-align: center; text-indent: 21pt;\">暖心祝辞致英雄</p><p style=\"text-align: center; text-indent: 21pt;\">大屏点亮寂然的三月夜空</p><p style=\"text-align: center; text-indent: 21pt;\">昨日</p><p style=\"text-indent:21.0000pt;\"><font face=\"宋体\">昨日（</font>3<font face=\"宋体\">月</font><font face=\"Calibri\">5</font><font face=\"宋体\">日）</font><font face=\"Calibri\">17</font><font face=\"宋体\">时</font><font face=\"Calibri\">30</font><font face=\"宋体\">分，椒江、黄岩、路桥各个主要地标建筑户外</font><font face=\"Calibri\">LED</font><font face=\"宋体\">屏和市区媒体墙集体亮屏，致敬每一位白衣战士，致敬每一位最美战“疫”人。</font></p><p style=\"text-indent:21.0000pt;\">他们是守护人世安康的可敬可爱之人！</p><p style=\"text-align: center; text-indent: 21pt;\">市区媒体墙</p><p style=\"text-indent:21.0000pt;\">初春的台州，夜间仍有微凉，熠熠闪耀的致敬大屏温暖着人心，成为深沉夜色中最靓丽的一道风景线。</p><p><img data-index=\"1584522914705-0\" src=\"/uploads/ya02wmsj_cecoe/pic/20200318/41a79ef1c0544d3c907d8b2e9878d77f.jpg\" alt=\"\"> </p><p style=\"text-indent:21.0000pt;\"><font face=\"宋体\">中央商务区、解放南路、方远大饭店等市区媒体墙滚动播放着</font>“致敬白衣战士：敬佑生命 救死扶伤 甘于奉献 大爱无疆”、“待到春暖花开疫散时 迎接白衣战士平安凯旋”、“白衣战士——最美逆行者”等巨幅字幕，引人驻足观望。</p><p><img data-index=\"1584522934252-0\" src=\"/uploads/ya02wmsj_cecoe/pic/20200318/ad3851deedc2302618778a515c08289d.jpg\" alt=\"\"> </p><p style=\"text-align: center; text-indent: 21pt;\"><font face=\"宋体\">台州户外</font>LED<font face=\"宋体\">屏</font></p><p style=\"text-indent:21.0000pt;\"><font face=\"宋体\">夜色微澜，位于椒江、黄岩、路桥的各个主要地标建筑户外</font>LED<font face=\"宋体\">屏，滚动播放着奋战于一线战“疫”人的辛勤点滴。此刻，发生在他们身上的每个不为人知的瞬间被定格——出征前庄严宣誓的医疗队成员、辗转于各个病房的医护人员、寒风中坚守排查卡口的志愿者、助力企业复工复产的义工……他们的无声之举诠释了人间大爱的真谛。</font></p><p style=\"text-indent:21.0000pt;\"></p><p><img data-index=\"1584522959921-0\" src=\"/uploads/ya02wmsj_cecoe/pic/20200318/1c281182dfb29d07b6022cb80b43bc5b.jpg\" alt=\"\"> </p><p style=\"text-indent:21.0000pt;\"><font face=\"宋体\">今夜，台州向他们</font>“表白”，向所有战“疫”人员说一句，你们辛苦了，请平安凯旋。</p><p><img data-index=\"1584522984556-0\" src=\"/uploads/ya02wmsj_cecoe/pic/20200318/f56cf90c6a4de23ed5084699baf32bab.jpg\" alt=\"\"> </p><p style=\"text-align: center; text-indent: 21pt;\"><font face=\"宋体\">以平凡之躯</font> <font face=\"宋体\">行非凡之事</font></p><p style=\"text-align: center; text-indent: 21pt;\"><font face=\"宋体\">新冠肺炎疫情发生以来，作为抗击疫情的主力军，医护人员、志愿者等群体舍小家、为大家，全力投入抗疫斗争一线。无论是在发热门诊、隔离病房，还是在</font>ICU<font face=\"宋体\">、抢救室；无论是在检测防控、病毒消杀岗位，还是在关口管控、社区排查一线，都能看到他们夜以继日、轮番作战的身影。他们本是这个世间平凡的存在，面对这场艰难的战斗，他们却勇敢地将自己化为一柄利斧，劈开疫情的阴霾，为千千万万个同样的平凡之人保驾护航。</font></p><p style=\"text-align: center; text-indent: 21pt;\">我宣誓</p><p style=\"text-align: center; text-indent: 21pt;\">我将全力以赴</p><p style=\"text-align: center; text-indent: 21pt;\">抗击疫情，敬佑生命</p><p style=\"text-align: center; text-indent: 21pt;\">救死扶伤，不辱使命</p><p style=\"text-align: center; text-indent: 21pt;\">敢打必胜，坚决完成任务</p><p style=\"text-indent:21.0000pt;\"><font face=\"宋体\">铮铮誓言，体现了全市医务工作者坚决打赢这场疫情防控阻击战的坚定信心和决心。危难之际，他们伸出援手。至今，台州已派出</font>176<font face=\"宋体\">名医务工作者奔赴湖北，同全国各路医疗大军一道并肩作战。</font></p><p style=\"text-align: center; text-indent: 21pt;\">世上从来没有从天而降的英雄</p><p style=\"text-align: center; text-indent: 21pt;\">只有挺身而立的凡人</p><p style=\"text-align: center; text-indent: 21pt;\">正因有了这些愿以一己之力</p><p style=\"text-align: center; text-indent: 21pt;\">承受众人之担的人</p><p style=\"text-align: center; text-indent: 21pt;\">我们的黑夜才被照亮</p><p style=\"text-indent:21.0000pt;\"><font face=\"宋体\">由台州市委宣传部、台州市文明办、台州市同创办联合主办的</font>“台州全城亮屏向最美战‘疫’人致敬”公益宣传活动，通过集体亮屏的方式向全市奋战在抗疫一线的白衣战士致敬。让我们将光芒与温暖回馈给最美战“疫”人！</p>','','','/uploads/ya02wmsj_cecoe/pic/20200318/370856090e74556bf2eb6e6fc0227f37.jpg','图文视频','21','上线','','','4d92a971360243b0bab91e2ffc6740e3','4d92a971360243b0bab91e2ffc6740e3','4d92a971360243b0bab91e2ffc6740e3','2020-03-18 09:18:39','2020-03-18 09:33:05','2020-03-18 09:33:34',99,'n','','pc','331082000000','n','0000-00-00 00:00:00','0000-00-00 00:00:00','内容',0),(87,'临海 “驻点招工” 频传捷报！','<p style=\"text-indent:21.0000pt;\">2<font face=\"宋体\">月</font><font face=\"Calibri\">25</font><font face=\"宋体\">日起，临海市组成的</font><font face=\"Calibri\">4</font><font face=\"宋体\">个工作专班，陆续从临海出发，前往四川达州、河南南阳、贵州六盘水、江西上饶“驻点招工”。</font></p><p style=\"text-indent:21.0000pt;\"><font face=\"宋体\">截至</font>3<font face=\"宋体\">月</font><font face=\"Calibri\">1</font><font face=\"宋体\">日——</font></p><p style=\"text-indent:21.0000pt;\"><font face=\"宋体\">临海市</font>4<font face=\"宋体\">个“驻点招工”工作专班已全部到达驻点城市并开展工作。</font></p><p style=\"text-indent:21.0000pt;\">临海市与河南南阳市镇签订劳务协作协议。</p><p style=\"text-indent:21.0000pt;\"><font face=\"宋体\">江西上饶共发车</font>5<font face=\"宋体\">辆，输送员工</font><font face=\"Calibri\">108</font><font face=\"宋体\">名。</font></p><p style=\"text-indent:21.0000pt;\"><font face=\"宋体\">贵州六盘水共发车</font>3<font face=\"宋体\">辆，输送员工</font><font face=\"Calibri\">64</font><font face=\"宋体\">名。</font></p><p style=\"text-indent:21.0000pt;\"><font face=\"宋体\">四川达州共发车</font>3 <font face=\"宋体\">辆，输送员工</font><font face=\"Calibri\">80</font><font face=\"宋体\">名。</font></p><p style=\"text-indent:21.0000pt;\"><font face=\"宋体\">河南南阳共发车</font>2 <font face=\"宋体\">辆，输送员工</font><font face=\"Calibri\">33</font><font face=\"宋体\">名。</font></p><p style=\"text-align: center; text-indent: 21pt;\">河南南阳</p><p style=\"text-indent:21.0000pt;\">组长：陈先东（市人民政府党组成员、副市长）</p><p><img data-index=\"1584523714648-0\" src=\"/uploads/ya02wmsj_cecoe/pic/20200318/dea6c968fe3a092295fb7134966b1b1d.jpg\" alt=\"\"> </p><p style=\"text-align: center; text-indent: 21pt;\">2<font face=\"宋体\">月</font><font face=\"Calibri\">29</font><font face=\"宋体\">日，临海市与镇平县签订劳务协作框架协议</font></p><p style=\"text-align: center; text-indent: 21pt;\"><p><img data-index=\"1584523753867-0\" src=\"/uploads/ya02wmsj_cecoe/pic/20200318/8c5c2e8e64f3c8ae67d8a908646f46d6.jpg\" alt=\"\"> </p></p><p style=\"text-align: center; text-indent: 21pt;\">3<font face=\"宋体\">月</font><font face=\"Calibri\">1</font><font face=\"宋体\">日，临海发车奔赴河南省南阳市</font></p><p style=\"text-align: center; text-indent: 21pt;\">江西上饶</p><p style=\"text-align: center; text-indent: 21pt;\">组长：方德助（市人大常委会副主任）</p><p><img data-index=\"1584523799794-0\" src=\"/uploads/ya02wmsj_cecoe/pic/20200318/e0655722592129d6d18f5ce8db6f9ee3.jpg\" alt=\"\"> </p><p style=\"text-align: center; text-indent: 21pt;\"><font face=\"宋体\">江西上饶驻点今天共发车</font>5<font face=\"宋体\">辆，输送员工</font><font face=\"Calibri\">108</font><font face=\"宋体\">名。</font></p><p style=\"text-align: center; text-indent: 21pt;\">贵州六盘水</p><p style=\"text-align: center; text-indent: 21pt;\"><font face=\"宋体\">组长：卢才超（市委常委、统战部长</font> <font face=\"宋体\">）</font></p><p style=\"text-align: center; text-indent: 21pt;\"><p><img data-index=\"1584523849261-0\" src=\"/uploads/ya02wmsj_cecoe/pic/20200318/ded120cb8db99ab19cd6184db3ddceec.jpg\" alt=\"\"> </p></p><p style=\"text-align: center; text-indent: 21pt;\">&nbsp;&nbsp;&nbsp;&nbsp;&nbsp;&nbsp;<font face=\"宋体\">贵州六盘水截止今日已发车</font>3<font face=\"宋体\">辆，输送员工</font><font face=\"Calibri\">80</font><font face=\"宋体\">名。</font></p><p style=\"text-align: center; text-indent: 21pt;\">四川达州</p><p style=\"text-align: center; text-indent: 21pt;\"><font face=\"宋体\">组长：刘国志（政协副主席人选</font> <font face=\"宋体\">）</font></p><p style=\"text-align: center; text-indent: 21pt;\"><p><img data-index=\"1584523893736-0\" src=\"/uploads/ya02wmsj_cecoe/pic/20200318/cf083adaa9d5e63d479f450396d2cd32.jpg\" alt=\"\"> </p></p><p style=\"text-indent:21.0000pt;\">&nbsp;&nbsp;2<font face=\"宋体\">月</font><font face=\"Calibri\">29</font><font face=\"宋体\">日， </font><font face=\"Calibri\">8</font><font face=\"宋体\">家赴达州招聘企业收到求职信息</font><font face=\"Calibri\">140</font><font face=\"宋体\">余条。</font><font face=\"Calibri\">3</font><font face=\"宋体\">月</font><font face=\"Calibri\">1</font><font face=\"宋体\">日，达州共发车</font><font face=\"Calibri\">3 </font><font face=\"宋体\">辆，输送员工</font><font face=\"Calibri\">80</font><font face=\"宋体\">名。</font></p><p style=\"text-align: center; text-indent: 21pt;\">延伸阅读</p><p style=\"text-indent:21.0000pt;\"><font face=\"宋体\">此次我市开展</font>“驻点招工”的目的地，都是台州企业用工比较集中，且疫情风险较低的城市。<font face=\"Calibri\">41</font><font face=\"宋体\">座城市中，不仅有台州对口援建的地区，且各个城市在台州务工人数均超过万人。</font></p><p style=\"text-indent:21.0000pt;\"><font face=\"宋体\">为吸引更多的人来台州创业就业，台州推出了</font>“一岗、一票、一码、一险、一助”的“五个一”制度，加码招工力度。</p><p style=\"text-indent:21.0000pt;\">“一岗”就是提供一个就业岗位，招工干部要宣传台州经济社会发展成就，介绍台州产业特色、前景和企业用工需求信息；</p><p style=\"text-indent:21.0000pt;\">“一票”就是提供一张车票，员工来台州除能享受包车包机包专列政策外，自行来台州的务工人员，交通费用也由政府全额补助；</p><p style=\"text-indent:21.0000pt;\">“一码”就是一个健康码，要大力宣传台州疫情防控所取得的成效，引导员工凭健康码通行；</p><p style=\"text-indent:21.0000pt;\">“一险”就是提供一份保险，对外来务工人员，我们都提供每人最高<font face=\"Calibri\">50</font><font face=\"宋体\">万元的防疫风险保障，免除其后顾之忧；</font></p><p style=\"text-indent:21.0000pt;\">“一助”就是政策补助，要将台州人才引进优惠政策、防疫期间人力资源激励政策宣传到位，尤其是首次来台州就业的新员工，给予一次性补助<font face=\"Calibri\">2000</font><font face=\"宋体\">元。</font></p>','','','/uploads/ya02wmsj_cecoe/pic/20200318/0bd19b4b162c2afb6c76fd1c29040552.jpg','图文视频','21','上线','','','4d92a971360243b0bab91e2ffc6740e3','4d92a971360243b0bab91e2ffc6740e3','4d92a971360243b0bab91e2ffc6740e3','2020-03-18 09:31:58','2020-03-18 09:33:18','2020-03-18 09:33:43',99,'n','','pc','331082000000','n','0000-00-00 00:00:00','0000-00-00 00:00:00','内容',0),(88,'【重磅】临海企业社保费减免，答案都在这里！','<p style=\"text-indent:21.0000pt;\">为减轻疫情对企业特别是中小微企业的影响，帮助企业尽快恢复生产，近日，我省出台阶段性减免企业社保费政策。</p><p style=\"text-indent:21.0000pt;\"><font face=\"宋体\">据测算，临海减征三项社保费（企业职工养老保险费、失业保险费、工伤保险费）政策可为我市企业减轻负担约</font>4<font face=\"宋体\">亿元。</font></p><p style=\"text-align: center; text-indent: 21pt;\">那么，哪些企业可享社保费减免？</p><p style=\"text-align: center; text-indent: 21pt;\">个人权益会受影响吗？</p><p style=\"text-align: center; text-indent: 21pt;\">会影响养老金等待遇的享受吗？</p><p style=\"text-align: center; text-indent: 21pt;\">......</p><p style=\"text-align: center; text-indent: 21pt;\">权威解读来了！</p><p style=\"text-indent:21.0000pt;\">哪些企业可以享受社保费减免？</p><p style=\"text-indent:21.0000pt;\">&nbsp;&nbsp;&nbsp;&nbsp;&nbsp;<font face=\"宋体\">中小微企业和以单位方式参保的个体工商户，免收</font>2020<font face=\"宋体\">年</font><font face=\"Calibri\">2</font><font face=\"宋体\">月份至</font><font face=\"Calibri\">6</font><font face=\"宋体\">月份（所属期，下同）的养老、失业、工伤保险的单位缴费。 &nbsp;&nbsp;&nbsp;</font></p><p style=\"text-indent:21.0000pt;\">&nbsp;&nbsp;&nbsp;&nbsp;&nbsp;<font face=\"宋体\">大型企业、参加企业职工养老保险的民办非企业单位和社会团体等各类社会组织，减半征收</font>2020<font face=\"宋体\">年</font><font face=\"Calibri\">2</font><font face=\"宋体\">月份至</font><font face=\"Calibri\">4</font><font face=\"宋体\">月份的养老、失业、工伤保险的单位缴费。</font></p><p style=\"text-indent:21.0000pt;\">个体工商户是否也可以减免社保费？</p><p style=\"text-indent:21.0000pt;\">&nbsp;&nbsp;&nbsp;&nbsp;<font face=\"宋体\">以单位方式参保的个体工商户参照执行中小微企业减免社保费的政策。以个人身份参保的个体工商户不属减免对象。</font></p><p style=\"text-indent:21.0000pt;\">&nbsp;&nbsp;&nbsp;&nbsp;<font face=\"宋体\">根据社保法规定，无雇工的个体工商户等灵活就业人员可以参加基本养老保险，由个人缴纳基本养老保险费，因此不属减免对象。</font></p><p style=\"text-indent:21.0000pt;\">企业如何享受阶段性减免社保费政策？是否需要向税务机关申请减免？</p><p style=\"text-indent:21.0000pt;\">&nbsp;&nbsp;&nbsp;&nbsp;<font face=\"宋体\">为最大程度方便企业，我市享受阶段性减免社保费政策实行</font>“免填单、免申请”措施，企业无需向税务机关申请减免。</p><p style=\"text-indent:21.0000pt;\">&nbsp;&nbsp;&nbsp;&nbsp;<font face=\"宋体\">企业按照正常申报程序正常申报，在缴费环节直接享受政策减免优惠。其中</font>3<font face=\"宋体\">月份社保费申报期调整至</font><font face=\"Calibri\">3</font><font face=\"宋体\">月</font><font face=\"Calibri\">16</font><font face=\"宋体\">日至</font><font face=\"Calibri\">3</font><font face=\"宋体\">月</font><font face=\"Calibri\">31</font><font face=\"宋体\">日。</font></p><p style=\"text-indent:21.0000pt;\">&nbsp;&nbsp;&nbsp;&nbsp;&nbsp;&nbsp;<font face=\"宋体\">企业个人缴费部分仍需如常缴费，由企业在职工工资中代扣代缴。</font></p><p style=\"text-indent:21.0000pt;\"><font face=\"宋体\">严重困难企业如何缓缴？</font> <font face=\"宋体\">　　对受疫情影响生产经营严重困难的中小微企业，在免收政策结束后年内缴费仍有困难的，还可申请缓缴三项社保费；对受疫情影响生产经营严重困难的大型企业，在减半征收同时缴费仍有困难的，或减半征收政策结束后年内缴费仍有困难的，还可申请缓缴三项社保费。以上缓缴截止期均为</font>2020<font face=\"宋体\">年</font><font face=\"Calibri\">12</font><font face=\"宋体\">月底，缓缴期限最长不超过</font><font face=\"Calibri\">6</font><font face=\"宋体\">个月，缓缴期间免收滞纳金。</font></p><p style=\"text-indent:21.0000pt;\">这段时间企业减免社保费，职工将来领取养老金会受到影响吗？会影响失业、工伤等待遇的享受吗？</p><p style=\"text-indent:21.0000pt;\">&nbsp;&nbsp;&nbsp;&nbsp;<font face=\"宋体\">实施阶段性减免社保费政策不会减损个人权益，对养老、失业和工伤的相关社保待遇均没有影响哦。</font></p><p style=\"text-indent:21.0000pt;\">缓缴期间如有职工退休，他们领取的养老金受影响吗？</p><p style=\"text-indent:21.0000pt;\">&nbsp;&nbsp;&nbsp;&nbsp;<font face=\"宋体\">职工在缓缴期间申领养老、失业保险待遇的，单位及职工个人应先补齐缓缴的社保费。补齐缓缴的社保费后，职工的各项社保权益不受影响。</font></p>','','','/uploads/ya02wmsj_cecoe/pic/20200318/03acd323933b64c97ece0b6f9091758e.jpg','图文视频','21','上线','','','4d92a971360243b0bab91e2ffc6740e3','4d92a971360243b0bab91e2ffc6740e3','4d92a971360243b0bab91e2ffc6740e3','2020-03-18 09:40:00','2020-03-18 09:40:13','2020-03-18 09:40:22',99,'n','','pc','331082000000','n','0000-00-00 00:00:00','0000-00-00 00:00:00','内容',0),(90,'开学第一课','','2943931742','','/uploads/ya02wmsj_cecoe/pic/20200319/5cfd93fa100a271443ee9915435393b0.png','图文视频','37','上线','','','4d92a971360243b0bab91e2ffc6740e3','4d92a971360243b0bab91e2ffc6740e3','4d92a971360243b0bab91e2ffc6740e3','2020-03-19 06:05:06','2020-03-19 06:05:32','2020-03-19 06:05:43',99,'n','','pc','331082000000','n','0000-00-00 00:00:00','0000-00-00 00:00:00','内容',0),(91,'临海校园','','2943932843','','/uploads/ya02wmsj_cecoe/pic/20200319/c079a4818058299ed91452ce3632dc22.png','图文视频','37','上线','','','4d92a971360243b0bab91e2ffc6740e3','4d92a971360243b0bab91e2ffc6740e3','4d92a971360243b0bab91e2ffc6740e3','2020-03-19 06:00:00','2020-03-19 06:00:15','2020-03-19 06:00:24',99,'n','','pc','331082000000','n','0000-00-00 00:00:00','0000-00-00 00:00:00','内容',0),(92,'临海人才网继续提供免费招聘服务的通告','<p>各用人单位：</p><p><font face=\"宋体\">助力企业顺利复工，临海人才网于</font>2020<font face=\"宋体\">年</font><font face=\"Calibri\">1</font><font face=\"宋体\">月</font><font face=\"Calibri\">28</font><font face=\"宋体\">日至</font><font face=\"Calibri\">3</font><font face=\"宋体\">月</font><font face=\"Calibri\">3</font><font face=\"宋体\">日免费提供招聘服务，</font><font face=\"Calibri\">928</font><font face=\"宋体\">家用人单位发布岗位</font><font face=\"Calibri\">3561</font><font face=\"宋体\">个。为加速推进用人单位招聘人才，临海人才网继续提供免费服务。现就有关事项通告如下：</font></p><p>&nbsp;&nbsp;&nbsp;&nbsp;&nbsp;&nbsp;<font face=\"宋体\">一、服务对象：在临各用人单位。</font></p><p>&nbsp;&nbsp;&nbsp;&nbsp;&nbsp;&nbsp;<font face=\"宋体\">二、服务内容：临海人才网岗位发布、简历搜寻。</font></p><p>&nbsp;&nbsp;&nbsp;&nbsp;&nbsp;&nbsp;<font face=\"宋体\">三、服务期限：</font>2020<font face=\"宋体\">年</font><font face=\"Calibri\">3</font><font face=\"宋体\">月</font><font face=\"Calibri\">4</font><font face=\"宋体\">日 </font><font face=\"Calibri\">- 4</font><font face=\"宋体\">月</font><font face=\"Calibri\">4</font><font face=\"宋体\">日。</font></p><p>&nbsp;&nbsp;&nbsp;&nbsp;&nbsp;<font face=\"宋体\">四、办理流程：用人单位首次开通账号需上临海人才网（</font>www.lhrc.com.cn<font face=\"宋体\">）进行企业注册，提供有效营业执照、联系人、联系电话等信息，发送至邮箱</font><font face=\"Calibri\">1662093211@qq.com</font><font face=\"宋体\">由我们工作人员审核材料后再开通。</font></p><p>&nbsp;&nbsp;&nbsp;&nbsp;&nbsp;&nbsp;&nbsp;&nbsp;&nbsp;&nbsp;&nbsp;<font face=\"宋体\">联系电话：</font>85159089<font face=\"宋体\">、</font><font face=\"Calibri\">85159028</font></p><p>&nbsp;</p><p>&nbsp;&nbsp;&nbsp;&nbsp;&nbsp;&nbsp;&nbsp;&nbsp;&nbsp;&nbsp;&nbsp;&nbsp;&nbsp;&nbsp;&nbsp;&nbsp;&nbsp;&nbsp;&nbsp;&nbsp;&nbsp;&nbsp;&nbsp;&nbsp;&nbsp;&nbsp;&nbsp;&nbsp;&nbsp;&nbsp;&nbsp;&nbsp;&nbsp;&nbsp;&nbsp;&nbsp;&nbsp;&nbsp;&nbsp;&nbsp;&nbsp;&nbsp;&nbsp;&nbsp;&nbsp;&nbsp;&nbsp;&nbsp;&nbsp;&nbsp;&nbsp;&nbsp;&nbsp;&nbsp;&nbsp;<font face=\"宋体\">临海市人才市场</font></p><p>&nbsp;&nbsp;&nbsp;&nbsp;&nbsp;&nbsp;&nbsp;&nbsp;&nbsp;&nbsp;&nbsp;&nbsp;&nbsp;&nbsp;&nbsp;&nbsp;&nbsp;&nbsp;&nbsp;&nbsp;&nbsp;&nbsp;&nbsp;&nbsp;&nbsp;&nbsp;&nbsp;&nbsp;&nbsp;&nbsp;&nbsp;&nbsp;&nbsp;&nbsp;&nbsp;&nbsp;&nbsp;&nbsp;&nbsp;&nbsp;&nbsp;&nbsp;&nbsp;&nbsp;&nbsp;&nbsp;&nbsp;&nbsp;&nbsp;&nbsp;&nbsp;&nbsp;&nbsp;&nbsp;&nbsp;&nbsp;2020<font face=\"宋体\">年</font><font face=\"Calibri\">3</font><font face=\"宋体\">月</font><font face=\"Calibri\">4</font><font face=\"宋体\">日</font></p>','','','/uploads/ya02wmsj_cecoe/pic/20200319/9b9223c0714d81684d4dceb1d4799650.jpg','图文视频','22','上线','','','4d92a971360243b0bab91e2ffc6740e3','4d92a971360243b0bab91e2ffc6740e3','4d92a971360243b0bab91e2ffc6740e3','2020-03-19 05:29:45','2020-03-19 09:29:50','2020-03-19 09:41:35',99,'n','','pc','331082000000','n','0000-00-00 00:00:00','0000-00-00 00:00:00','内容',0),(94,'临海局开展科普进乡村“文明新实践”主题活动','<p style=\"text-indent:21.0000pt;mso-char-indent-count:2.0000;\"><font face=\"宋体\">为深入推进学习型城市建设，提升农村劳动力科技文化素质，根据临海市委宣传部第十七届学习周系列活动部署，</font>9<font face=\"宋体\">月</font><font face=\"Calibri\">26</font><font face=\"宋体\">日，临海市气象局深入汇溪镇山安村新时代文明实践站，为当地村民送去科普文化大餐。</font></p><p style=\"text-indent:21.0000pt;mso-char-indent-count:2.0000;\"><font face=\"宋体\">活动以电影《超强台风》精彩片断拉开序幕，临海市气象台郭巧慧台长结合今年</font>“利奇马”台风对我市的影响，详细介绍了临海气候与气象灾害特点、气象灾害防御知识、气象预警信号的种类和含义、气象信息获取及实用技巧等，为村民们上了一堂通俗易懂的科普讲座。</p><p style=\"text-indent:21.0000pt;mso-char-indent-count:2.0000;\"><font face=\"宋体\">气象科普展板前，村民们纷纷驻足观看，气象志愿者积极宣传、耐心讲解，让村民们了解学习气象知识、掌握防灾减灾技能的重要性和必要性。此次活动还邀请了台州市农科院专家何贤彪为村民授课，讲解甘薯产业发展与高产高效栽培技术。活动现场气氛热烈，气象志愿者与村民们手持国旗，共同迎接新中国</font>70<font face=\"宋体\">周年华诞。</font></p><p style=\"text-indent:21.0000pt;mso-char-indent-count:2.0000;\"><p><img data-index=\"1584597079202-0\" src=\"/uploads/ya02wmsj_cecoe/pic/20200319/3be46296a9080a34ab9f46a2f75a1840.jpg\" alt=\"\"> </p></p>','','','/uploads/ya02wmsj_cecoe/pic/20200319/5c69d3fec785eaf3612384ad600db221.jpg','图文视频','40','上线','','','4d92a971360243b0bab91e2ffc6740e3','4d92a971360243b0bab91e2ffc6740e3','4d92a971360243b0bab91e2ffc6740e3','2020-03-19 05:51:22','2020-03-19 07:16:14','2020-03-19 07:18:58',99,'n','','pc','331082000000','n','0000-00-00 00:00:00','0000-00-00 00:00:00','内容',0),(95,'临海市委理论学习中心组召开专题学习会 ','<p style=\"text-indent:21.0000pt;mso-char-indent-count:2.0000;\">12<font face=\"宋体\">月</font><font face=\"Calibri\">3</font><font face=\"宋体\">日上午，临海市委书记梅式苗主持召开市委理论学习中心组专题学习会。临海市领导朱坚国、张招金、蔡建军等出席。</font></p><p style=\"text-indent:21.0000pt;mso-char-indent-count:2.0000;\"><p><img data-index=\"1584598329106-0\" src=\"/uploads/ya02wmsj_cecoe/pic/20200319/958766d9ca7eb2b41dbb8ca366753a94.jpeg\" alt=\"\"> </p></p><p style=\"text-indent:21.0000pt;mso-char-indent-count:2.0000;\"><font face=\"宋体\">会议传达了中央政治局第十九次集体学习会议精神。会议指出，习近平总书记的重要讲话，为我们应急管理体系和能力建设提供了遵循、指明了方向，要把学习贯彻习近平总书记的重要讲话精神作为当前一项重要任务，结合党的十九届四中全会精神进行深入学习，准确把握讲话精神实质，紧密结合临海实际，将应急管理作为临海市域治理体系和治理能力现代化的重要组成部分，不折不扣地把习总书记提出的各项新要求高标准落实好、高质量完成好。要理顺应急管理体系，全面压实安全责任，强化安全生产督导和考核工作，确保全市应急管理形势稳定可控；要聚焦危险化学品、生态环境、道路交通、渔业船舶、城市安全、建筑施工、城乡危旧房等应急重点领域，健全风险防范机制，建成</font>“一个平台”，建立健全“四个项目库”，充分发挥“三支应急救援队伍”作用，着力提升应急和事故处置能力；要严格落实风险管控，按照“管行业必须管安全”的要求，细化各部门职责分工，完善举一反三制度，强化源头把控，确保人民群众生命财产安全和社会稳定。</p><p style=\"text-indent:21.0000pt;mso-char-indent-count:2.0000;\"><font face=\"宋体\">与会人员集中观看了警示教育专题片《叩问初心》。会议强调，要对照反面典型，结合</font>“不忘初心、牢记使命”主题教育，立足临海实际和岗位职责，深入对照检视，深刻汲取教训，自觉从思想上和行动上守初心、担使命，知敬畏、存戒惧，以永不懈怠的精神状态和一往无前的奋斗姿态，为高质量建设活力品质幸福临海贡献更大力量。</p><p style=\"text-indent:21.0000pt;mso-char-indent-count:2.0000;\"><font face=\"宋体\">会议要求，要严防</font>“信仰之失”，把对党忠诚作为立身之本，以理论清醒坚定政治立场，以思想定力锻炼政治品格，以大局意识指引政治方向，做政治坚定的明白人。要常思“贪欲之害”，把干净干事作为护身之盾，在坚守法纪底线中防止被“腐化”，在管住小节中防止被“湿鞋”，在守住名节中防止被“污染”，做廉洁自律的规矩人。要远离“围猎之祸”，把担当尽责作为履职之要，做到善学善思，做到善谋善断，做到善作善成，做勇挑重担的实干人。</p>','','','/uploads/ya02wmsj_cecoe/pic/20200319/e11249cc7317eb1109643bb8f14f6647.jpeg','图文视频','42','上线','','','4d92a971360243b0bab91e2ffc6740e3','4d92a971360243b0bab91e2ffc6740e3','4d92a971360243b0bab91e2ffc6740e3','2020-03-19 06:12:12','2020-03-19 07:16:35','2020-03-19 07:19:10',99,'n','','pc','331082000000','n','0000-00-00 00:00:00','0000-00-00 00:00:00','内容',0),(96,'临海市委理论学习中心组举行“不忘初心、牢记使命”主题教育第一次专题学习会','<p><img data-index=\"1584598819888-0\" src=\"/uploads/ya02wmsj_cecoe/pic/20200319/4516f6ec6cb24522ad00c1769752eff0.jpg\" alt=\"\"> </p><p style=\"text-indent:21.0000pt;mso-char-indent-count:2.0000;\">9<font face=\"宋体\">月</font><font face=\"Calibri\">23</font><font face=\"宋体\">日至</font><font face=\"Calibri\">24</font><font face=\"宋体\">日，市委理论学习中心组举行“不忘初心、牢记使命”主题教育第一次专题学习会。台州市委主题教育第二巡回指导组组长郑荐平，市委书记梅式苗出席会议并讲话。王丹、朱坚国、张招金等市四套班子领导出席会议。</font></p><p style=\"text-indent:21.0000pt;mso-char-indent-count:2.0000;\"><p><img data-index=\"1584598831388-0\" src=\"/uploads/ya02wmsj_cecoe/pic/20200319/8d0b4dfc08dfc99d7b79d55a5534d7e1.jpg\" alt=\"\"> </p></p><p style=\"text-indent:21.0000pt;mso-char-indent-count:2.0000;\"><font face=\"宋体\">　　两天的学习会中，与会人员紧扣</font>“不忘初心、牢记使命”主题，聚焦深入学习贯彻习近平新时代中国特色社会主义思想，“学原文·悟初心”，集体赴郭凤韶烈士纪念馆，瞻仰革命烈士，重温入党誓词，接受红色洗礼。专门邀请了台州市委党史研究室副主任许宏志作《重温党史，不忘初心》辅导报告，学习党史、新中国史，听取临海革命历史介绍。</p><p><img data-index=\"1584598848251-0\" src=\"/uploads/ya02wmsj_cecoe/pic/20200319/78c180f7e3774af52ad4f3ba9ef291de.jpg\" alt=\"\"> </p><p style=\"text-indent:21.0000pt;mso-char-indent-count:2.0000;\"><font face=\"宋体\">　　与会人员还进行了集中自学，通读精读《党章》《习近平关于</font>“不忘初心、牢记使命”重要论述选编》《习近平新时代中国特色社会主义思想学习纲要》等书目。在昨日上午的学习会上，市委常委、市人大常委会主任、市政协主席结合所学所思所悟，围绕党的政治建设、全面从严治党、理想信念、宗旨性质、担当作为、政治纪律和政治规矩、党性修养、廉洁自律等<font face=\"Calibri\">8</font><font face=\"宋体\">个方面作了交流发言。</font></p><p style=\"text-indent:21.0000pt;mso-char-indent-count:2.0000;\"><p><img data-index=\"1584598966231-0\" src=\"/uploads/ya02wmsj_cecoe/pic/20200319/4974808c4fb309a304d7274654df909b.jpg\" alt=\"\"> </p></p><p style=\"text-indent:21.0000pt;mso-char-indent-count:2.0000;\"><font face=\"宋体\">　　郑荐平对我市主题教育前期工作给予充分肯定。他强调，自</font>“不忘初心、牢记使命”主题教育工作会议召开以来，临海市委高度重视、领导有力、部署到位，全市上下主题教育氛围浓厚，展现了干部群众学思践悟的生动局面。下一步要深刻理解中央、省委、台州市委精神，把准工作方向和节奏；深入了解面上情况，加大工作推动力度；坚持从严从实标准，抓好重点工作落实；结合实际优化制度，形成有效工作机制；注重工作方式方法，确保高质量推进主题教育。</p><p style=\"text-indent:21.0000pt;mso-char-indent-count:2.0000;\"><font face=\"宋体\">　　梅式苗在讲话中指出，各级领导干部要充分发挥</font>“头雁效应”，把政治建设贯穿到实际工作中去，当好讲政治的示范和表率，牢牢把握党的绝对领导的要求，始终确保沿着正确的政治方向前进；牢牢把握开展伟大斗争的要求，始终确保执政本领全面增强；牢牢把握履行新时代使命任务的要求，始终确保与群众鱼水情深；牢牢把握改革创新的要求，始终确保新时代工作后劲更强；牢牢把握管党治党的要求，始终确保队伍整体素质过硬。</p><p style=\"text-indent:21.0000pt;mso-char-indent-count:2.0000;\"><font face=\"宋体\">　　就市委常委会下阶段开展主题教育，梅式苗要求，要坚定不移高举思想旗帜，带头深化理论武装。领导干部首先要把自己的思想摆进去，更加自觉地学深悟透习近平新时代中国特色社会主义思想，更好以理论滋养初心、引领使命，更加主动地深查细照，洗涤思想上的尘埃，促进自我净化、自我完善、自我革新、自我提高。要坚定不移担当履职尽责，带头践行为民初心。通过主题教育，进一步增强履职尽责的使命感，认真查找履职能力和实践方面存在的差距和不足，更好提升履职能力水平，使自己的政治本领与岗位职责相匹配，更好扛起对党忠诚、为党尽职、为民造福的政治担当。要坚定不移围绕中心工作，带头推动高质量发展。当前正是我市攻坚冲刺</font>“全年红”的关键时候，务必要把主题教育与中心工作更紧密地结合起来，把主题教育的成效充分体现在重点工作有效突破和经济稳中求进上，确保各项指标争先进位。</p><p style=\"text-indent:21.0000pt;mso-char-indent-count:2.0000;\"><font face=\"宋体\">　　梅式苗强调，要按照中央、省委和台州市委部署，把主题教育与迎接新中国成立</font>70<font face=\"宋体\">周年紧密结合起来，提高站位防风险，以最高政治站位、最严安全标准、最佳工作状态、最强责任担当，坚决打好维稳安保攻坚战；全力防控保平安，确保任何地方都不能有短板，任何领域都不能留隐患，任何环节都不能掉链子；强化责任严纪律，确保每项责任落实到位，每项工作落实到位。</font></p>','','','/uploads/ya02wmsj_cecoe/pic/20200319/db905c66d047b65083c458666e12bcb5.jpg','图文视频','42','上线','','','4d92a971360243b0bab91e2ffc6740e3','4d92a971360243b0bab91e2ffc6740e3','4d92a971360243b0bab91e2ffc6740e3','2020-03-19 06:23:03','2020-03-19 07:16:52','2020-03-19 07:19:24',99,'n','','pc','331082000000','n','0000-00-00 00:00:00','0000-00-00 00:00:00','内容',0),(97,'临海市委理论学习中心组学习会召开 ','<p style=\"text-indent:21.0000pt;mso-char-indent-count:2.0000;\">3<font face=\"宋体\">月</font><font face=\"Calibri\">27</font><font face=\"宋体\">日下午，临海市委书记梅式苗主持召开市委理论学习中心组学习会，深入学习领会习近平总书记在中央政治局民主生活会上的重要讲话精神和在省部级主要领导干部专题研讨班上的重要讲话精神，进一步提高政治站位，增强“四个意识”，提升风险防范意识，紧密结合临海实际抓好贯彻落实。市领导王丹、朱坚国、蔡建军等出席会议。</font></p><p style=\"text-indent:21.0000pt;mso-char-indent-count:2.0000;\"><font face=\"宋体\">梅式苗指出，要准确把握习近平总书记在中央政治局民主生活会上的重要讲话精神实质。习近平总书记在中央政治局民主生活会上的重要讲话，总揽全局，立意高远，思想深刻，对加强和维护党中央权威和集中统一领导，坚定不移贯彻执行民主集中制、严格执行中央八项规定精神，保持斗争精神、增强斗争本领提出了明确要求，是新时代全面加强党的建设的重要遵循，是党员领导干部加强自身建设的思想引领，具有很强的指导意义。要坚决做到</font>“两个维护”不动摇，以最鲜明的政治立场、最自觉的责任担当、最坚决的实际行动，把中央、省委和台州市委决策部署落到实处，确保令行禁止、一贯到底。要坚决做实习近平新时代中国特色社会主义思想不松劲，结合开展“不忘初心、牢记使命”主题教育，常态化推进“大学习大调研大抓落实”活动，带动全市上下常学常新、常悟常进。要坚决贯彻执行民主集中制不懈怠，用好用活民主集中制这一“法宝”，真正把民主集中制的优势变成政治优势、组织优势、制度优势、工作优势，不断提高市委领导班子发现和解决自身问题的能力。要坚决强化作风建设不停歇，以优良党风政风凝聚人心、汇聚力量，把时间和精力集中起来抓重点、抓具体、抓大事，结合“两抓年”和“三服务”活动，在联系群众、服务企业、破解项目难题上出实招、见实效。</p><p style=\"text-indent:21.0000pt;mso-char-indent-count:2.0000;\"><font face=\"宋体\">梅式苗强调，要切实把学习习近平总书记在省部级主要领导干部专题研讨班上的重要讲话精神转化为推动临海高质量发展的强大动力。习近平总书记在省部级主要领导干部专题研讨班开班式上发表的重要讲话，是在关键之年的关键时点，为全党同志上了居安思危、未雨绸缪的关键一课，为我们切实做好防范化解重大风险各项工作提供了遵循。要明大势，进一步增强忧患意识，树牢发展的底线思维，时刻绷紧思想之弦，努力下好除隐患的先手棋，坚决打好防风险的主动仗。要强责任，进一步加强风险防范，严格落实风险防范责任机制，提出系统方案、列出任务清单，组织协调各方面力量，构筑起钢铁防线；各级领导干部要扛起责任担当，提高决策民主化科学化水平；各镇</font>(<font face=\"宋体\">街道</font><font face=\"Calibri\">)</font><font face=\"宋体\">、各部门要种好责任田，把辖区内、分管领域内的风险防范到位、处置到位，确保矛盾不上行、问题不上交。要善作为，进一步提升风险化解能力，本着“源头要防、眼睛要亮、行动要快、措施要准”的工作要求，加快推进风险管理体系和管理能力现代化。要重担当，进一步磨砺“冬泳”心志，时刻做好打大仗、打硬仗的准备，拿出充沛顽强的斗争精神，敢于“冬泳”，不畏严寒，强意志、练本领，在应对困难中保持临海经济持续健康发展和社会大局稳定，高质量建设活力品质幸福临海。</font></p><p style=\"text-indent:21.0000pt;mso-char-indent-count:2.0000;\">会上，市委副书记蔡建军传达了习近平总书记在中央政治局民主生活会上的重要讲话精神和在省部级主要领导干部专题研讨班上的重要讲话精神。市领导卢小春、李萍、卢如平、施伟军紧紧围绕习近平总书记的重要讲话精神，结合自身思想和工作实际作中心发言。</p>','','','/uploads/ya02wmsj_cecoe/pic/20200319/9c4c37775d6c7ad4fa546bcc80f922ad.jpg','图文视频','42','上线','','','4d92a971360243b0bab91e2ffc6740e3','4d92a971360243b0bab91e2ffc6740e3','4d92a971360243b0bab91e2ffc6740e3','2020-03-19 06:30:38','2020-03-19 07:17:04','2020-03-19 07:19:35',99,'n','','pc','331082000000','n','0000-00-00 00:00:00','0000-00-00 00:00:00','内容',0),(98,'临海小学','','2944218844','','/uploads/ya02wmsj_cecoe/pic/20200319/34bd204aef33bd64ef17db1b49ffbf09.png','图文视频','37','上线','','','4d92a971360243b0bab91e2ffc6740e3','4d92a971360243b0bab91e2ffc6740e3','4d92a971360243b0bab91e2ffc6740e3','2020-03-19 07:55:44','2020-03-19 09:28:54','2020-03-19 09:30:13',99,'n','','pc','331082000000','n','0000-00-00 00:00:00','0000-00-00 00:00:00','内容',0),(99,'开展督导检查 助力园区整治提升','<p style=\"text-indent:21.0000pt;mso-char-indent-count:2.0000;\">为深入推进我市医化园区产业绿色发展，台州市生态环境局临海分局近日集中督查固废废物产生单位，重点检查固体废物管理情况，指导企业做好规范化整治提升工作。</p><p style=\"text-indent:21.0000pt;mso-char-indent-count:2.0000;\">3<font face=\"宋体\">月</font><font face=\"Calibri\">5</font><font face=\"宋体\">日，台州市生态环境局临海分局固废中心先后对浙江华海天诚药业有限公司和浙江华海致诚药业有限公司进行了现场检查，查看了企业固体废物特别是危险废物的产生、贮存、处置及全过程管理记录情况，要求企业务必按照危险废物规范标准进行管理和落实。</font></p><p style=\"text-indent:21.0000pt;mso-char-indent-count:2.0000;\"><p><img data-index=\"1584605188494-0\" src=\"/uploads/ya02wmsj_cecoe/pic/20200319/30747b4767fd245d598d978fd980b21c.jpg\" alt=\"\"> </p></p><p style=\"text-indent:21.0000pt;mso-char-indent-count:2.0000;\">整治提升，道阻且长，行则将至。下一阶段，我局将继续加强督导检查，列出问题清单，认真分析评估整治工作成效，提炼产业提升经验，树立表彰整治提升典型企业，坚决打赢医化园区产业整治攻坚战。</p>','','','/uploads/ya02wmsj_cecoe/pic/20200319/76960f64793ba7cb0e31eb7eab47eab1.jpg','图文视频','34','上线','','','4d92a971360243b0bab91e2ffc6740e3','4d92a971360243b0bab91e2ffc6740e3','4d92a971360243b0bab91e2ffc6740e3','2020-03-19 08:06:31','2020-03-19 09:29:10','2020-03-19 09:32:11',99,'n','','pc','331082000000','n','0000-00-00 00:00:00','0000-00-00 00:00:00','内容',0),(100,'临海居民到本地企业工作优惠政策火热出台！！！','<p style=\"text-indent:21.0000pt;mso-char-indent-count:2.0000;\">市民朋友们，我市复工复产有序推进，现在，本地居民到临海企业工作优惠政策火热出台，赶紧对照起来！</p><p style=\"text-align: center; text-indent: 21pt;\">1</p><p style=\"text-indent:21.0000pt;mso-char-indent-count:2.0000;\"><font face=\"宋体\">我市户籍的居民初次在本市企业上岗就业（上年度未在我市参加工伤保险的法定劳动年龄段人员；实习见习人员并只参加工伤保险的除外），依法参加社会保险并连续履行劳动合同</font><font face=\"Calibri\">3</font><font face=\"宋体\">个月以上的，给予一次性补助</font><font face=\"Calibri\">2000</font><font face=\"宋体\">元。</font></p><p style=\"text-align: center; text-indent: 21pt;\">2</p><p style=\"text-indent:21.0000pt;mso-char-indent-count:2.0000;\"><font face=\"宋体\">职业技术学校本年度应届毕业生（不限户籍）在我市企业就业，依法参加社会保险并连续履行劳动合同</font><font face=\"Calibri\">3</font><font face=\"宋体\">个月以上的，给予一次性补助</font><font face=\"Calibri\">2000</font><font face=\"宋体\">元。</font></p><p style=\"text-align: center; text-indent: 21pt;\">3</p><p style=\"text-indent:21.0000pt;mso-char-indent-count:2.0000;\"><font face=\"宋体\">列入我市最低生活保障对象的居民且符合招聘条件的，企业应优先录用，依法参加社会保险并连续履行劳动合同</font><font face=\"Calibri\">3</font><font face=\"宋体\">个月以上的，给予一次性补助</font><font face=\"Calibri\">2500</font><font face=\"宋体\">元。</font></p><p style=\"text-align: center; text-indent: 21pt;\">4</p><p style=\"text-indent:21.0000pt;mso-char-indent-count:2.0000;\"><font face=\"宋体\">各镇（街道）、村（居）要组织做好宣传发动工作，对介绍录用到企业的，且符合上述条件，给予介绍人劳务介绍补贴，每介绍</font><font face=\"Calibri\">1</font><font face=\"宋体\">人补贴</font><font face=\"Calibri\">500</font><font face=\"宋体\">元。</font></p><p style=\"text-align: center; text-indent: 21pt;\">5</p><p style=\"text-indent:21.0000pt;mso-char-indent-count:2.0000;\"><font face=\"宋体\">鼓励介绍引进外地职工，介绍人劳务介绍补贴参照本地居民录用标准执行。</font></p><p style=\"text-align: center; text-indent: 21pt;\">6</p><p style=\"text-indent:21.0000pt;mso-char-indent-count:2.0000;\"><font face=\"宋体\">本规定执行期从发布之日起到重大公共突发卫生事件一级响应解除后三个月内。</font></p><p style=\"text-indent:21.0000pt;mso-char-indent-count:2.0000;\">临海市复工复产工作领导小组</p><p style=\"text-indent:21.0000pt;mso-char-indent-count:2.0000;\">2020<font face=\"宋体\">年</font><font face=\"Calibri\">2</font><font face=\"宋体\">月</font><font face=\"Calibri\">24</font><font face=\"宋体\">日</font></p>','','','/uploads/ya02wmsj_cecoe/pic/20200319/0bfd71bb1a6873d9d155838b75713ca9.jpg','图文视频','23','上线','','','4d92a971360243b0bab91e2ffc6740e3','4d92a971360243b0bab91e2ffc6740e3','4d92a971360243b0bab91e2ffc6740e3','2020-03-19 09:10:30','2020-03-19 09:29:17','2020-03-19 09:32:20',99,'n','','pc','331082000000','n','0000-00-00 00:00:00','0000-00-00 00:00:00','内容',0),(101,'杜桥镇通报三起违反疫情防控工作纪律的问题','<p style=\"text-indent:21.0000pt;mso-char-indent-count:2.0000;\"><font face=\"宋体\">自疫情发生以来，在镇党委的坚强领导下，全镇各级党组织和广大党员干部认真贯彻落实党中央和省委、市委的决策部署，冲锋在前、战斗在前，筑起了一道道疫情防控的</font>“铜墙铁壁”。但也有少数党员干部政治站位不高、责任意识不强、工作作风不实，给疫情防控工作带来了隐患和漏洞。为严肃疫情防控期间工作纪律，确保我镇坚决打赢疫情防控阻击战，镇纪委现将<font face=\"Calibri\">3</font><font face=\"宋体\">起违反疫情防控工作纪律典型问题通报如下。</font></p><p style=\"text-align: center; text-indent: 21pt;\">1</p><p style=\"text-indent:21.0000pt;mso-char-indent-count:2.0000;\"><font face=\"宋体\">马岙村党员苏元国不如实报告疫情的问题。苏元国未将儿子等四人自驾返乡途经湖北的情况及时上报，直到被排查发现，给镇村防疫工作带来不良影响。</font>2<font face=\"宋体\">月</font><font face=\"Calibri\">3</font><font face=\"宋体\">日，给予苏元国党内严重警告处分。</font></p><p style=\"text-align: center; text-indent: 21pt;\">2</p><p style=\"text-indent:21.0000pt;mso-char-indent-count:2.0000;\">张万村党员吴永平瞒报五位湖北籍亲戚返乡信息的问题。在疫情防控期间，吴永平将五位湖北籍亲戚隐藏家中故意隐瞒不报，给全镇疫情防控工作造成严重隐患，给予吴永平留党察看一年处分。</p><p style=\"text-align: center; text-indent: 21pt;\">3</p><p style=\"text-indent:21.0000pt;mso-char-indent-count:2.0000;\"><font face=\"宋体\">璜溪村党支部委员王秩足防疫期间赌博问题。在疫情防控期间，王秩足在他人家中聚集搓麻将，且他们均未戴口罩，存在较大的交叉感染风险。王秩足的行为严重违反了疫情防控工作相关规定，造成不良影响。</font>2<font face=\"宋体\">月</font><font face=\"Calibri\">5</font><font face=\"宋体\">日，给予王秩足撤销党内职务处分。</font></p><p style=\"text-indent:21.0000pt;mso-char-indent-count:2.0000;\">以上三起问题，说明我镇部分党员干部在疫情防控工作中，存在对疫情防控的严峻形势认识不到位，思想上有麻痹、侥幸，工作履责不到位，群众观念不强等问题。</p>','','','/uploads/ya02wmsj_cecoe/pic/20200319/0b3cba068a4f3c07b3b693e70ad287f8.png','图文视频','23','上线','','','4d92a971360243b0bab91e2ffc6740e3','4d92a971360243b0bab91e2ffc6740e3','4d92a971360243b0bab91e2ffc6740e3','2020-03-19 09:15:42','2020-03-19 09:29:29','2020-03-19 09:32:27',99,'n','','pc','331082000000','n','0000-00-00 00:00:00','0000-00-00 00:00:00','内容',0),(102,'（方言版）杜桥镇村自为战人自为战全民防疫“七条禁令”','<p style=\"text-align: center; text-indent: 21pt;\">杜桥镇</p><p style=\"text-align: center; text-indent: 21pt;\">村自为战人自为战全民防疫</p><p style=\"text-align: center; text-indent: 21pt;\">“七条禁令”</p><p style=\"text-indent:21.0000pt;mso-char-indent-count:2.0000;\">来自杜桥微发布</p><p style=\"text-indent:21.0000pt;mso-char-indent-count:2.0000;\">一：村口严防守。禁止非本村无关人员进出村庄。</p><p style=\"text-indent:21.0000pt;mso-char-indent-count:2.0000;\">二：居家不外出。禁止一切不必要的户外活动。</p><p style=\"text-indent:21.0000pt;mso-char-indent-count:2.0000;\">三：出门戴口罩。禁止不佩戴口罩出入公共场所。</p><p style=\"text-indent:21.0000pt;mso-char-indent-count:2.0000;\">四：疫病早报告。禁止瞒报、漏报疫病信息。</p><p style=\"text-indent:21.0000pt;mso-char-indent-count:2.0000;\">五：隔离须规范。禁止隔离人员同居同室同餐。</p><p style=\"text-indent:21.0000pt;mso-char-indent-count:2.0000;\">六：垃圾慎处理。禁止未经处理乱倒污染垃圾。</p><p style=\"text-indent:21.0000pt;mso-char-indent-count:2.0000;\">七：谣言勿乱传。禁止编造、传播不实信息。</p>','','','/uploads/ya02wmsj_cecoe/pic/20200319/594196f68805dcc22c790e45821fc5ee.jpg','图文视频','23','上线','','','4d92a971360243b0bab91e2ffc6740e3','4d92a971360243b0bab91e2ffc6740e3','4d92a971360243b0bab91e2ffc6740e3','2020-03-19 09:28:28','2020-03-19 09:29:39','2020-03-19 09:32:33',99,'n','','pc','331082000000','n','0000-00-00 00:00:00','0000-00-00 00:00:00','内容',0),(103,'【重磅】临海企业社保费减免，答案都在这里！','<p style=\"text-indent:21.0000pt;mso-char-indent-count:2.0000;\">为减轻疫情对企业特别是中小微企业的影响，帮助企业尽快恢复生产，近日，我省出台阶段性减免企业社保费政策。<font face=\"宋体\" style=\"text-indent: 21pt;\">据测算，临海减征三项社保费（企业职工养老保险费、失业保险费、工伤保险费）政策可为我市企业减轻负担约</font><span style=\"text-indent: 21pt;\">4</span><font face=\"宋体\" style=\"text-indent: 21pt;\">亿元。</font></p><p style=\"text-align: center; text-indent: 21pt;\">那么，哪些企业可享社保费减免？</p><p style=\"text-align: center; text-indent: 21pt;\">个人权益会受影响吗？</p><p style=\"text-align: center; text-indent: 21pt;\">会影响养老金等待遇的享受吗？</p><p style=\"text-align: center; text-indent: 21pt;\">......</p><p style=\"text-align: center; text-indent: 21pt;\">权威解读来了！</p><p style=\"text-indent:21.0000pt;mso-char-indent-count:2.0000;\">哪些企业可以享受社保费减免？</p><p style=\"text-indent:21.0000pt;mso-char-indent-count:2.0000;\">&nbsp;&nbsp;&nbsp;&nbsp;&nbsp;<font face=\"宋体\">中小微企业和以单位方式参保的个体工商户，免收</font>2020<font face=\"宋体\">年</font><font face=\"Calibri\">2</font><font face=\"宋体\">月份至</font><font face=\"Calibri\">6</font><font face=\"宋体\">月份（所属期，下同）的养老、失业、工伤保险的单位缴费。 &nbsp;&nbsp;&nbsp;</font></p><p style=\"text-indent:21.0000pt;mso-char-indent-count:2.0000;\">&nbsp;&nbsp;&nbsp;&nbsp;&nbsp;<font face=\"宋体\">大型企业、参加企业职工养老保险的民办非企业单位和社会团体等各类社会组织，减半征收</font>2020<font face=\"宋体\">年</font><font face=\"Calibri\">2</font><font face=\"宋体\">月份至</font><font face=\"Calibri\">4</font><font face=\"宋体\">月份的养老、失业、工伤保险的单位缴费。</font></p><p style=\"text-indent:21.0000pt;mso-char-indent-count:2.0000;\">个体工商户是否也可以减免社保费？</p><p style=\"text-indent:21.0000pt;mso-char-indent-count:2.0000;\">&nbsp;&nbsp;&nbsp;&nbsp;<font face=\"宋体\">以单位方式参保的个体工商户参照执行中小微企业减免社保费的政策。以个人身份参保的个体工商户不属减免对象。</font></p><p style=\"text-indent:21.0000pt;mso-char-indent-count:2.0000;\">&nbsp;&nbsp;&nbsp;&nbsp;<font face=\"宋体\">根据社保法规定，无雇工的个体工商户等灵活就业人员可以参加基本养老保险，由个人缴纳基本养老保险费，因此不属减免对象。</font></p><p>企业如何享受阶段性减免社保费政策？是否需要向税务机关申请减免？</p>','','','/uploads/ya02wmsj_cecoe/pic/20200319/c4217839ecbf9c37786edcca44ef0c43.jpg','图文视频','22','上线','','','4d92a971360243b0bab91e2ffc6740e3','4d92a971360243b0bab91e2ffc6740e3','4d92a971360243b0bab91e2ffc6740e3','2020-03-19 09:36:45','2020-03-19 09:41:15','2020-03-19 09:41:42',99,'n','','pc','331082000000','n','0000-00-00 00:00:00','0000-00-00 00:00:00','内容',0),